[INFO] cloning repository https://github.com/GabrielMartinezRodriguez/frontier-template-with-validator-controller
[INFO] running `Command { std: "git" "-c" "credential.helper=" "-c" "credential.helper=/workspace/cargo-home/bin/git-credential-null" "clone" "--bare" "https://github.com/GabrielMartinezRodriguez/frontier-template-with-validator-controller" "/workspace/cache/git-repos/https%3A%2F%2Fgithub.com%2FGabrielMartinezRodriguez%2Ffrontier-template-with-validator-controller", kill_on_drop: false }`
[INFO] [stderr] Cloning into bare repository '/workspace/cache/git-repos/https%3A%2F%2Fgithub.com%2FGabrielMartinezRodriguez%2Ffrontier-template-with-validator-controller'...
[INFO] running `Command { std: "git" "rev-parse" "HEAD", kill_on_drop: false }`
[INFO] [stdout] 613cecc6f6fd6e1b7dec7f10573f2821c686b731
[INFO] documenting GabrielMartinezRodriguez/frontier-template-with-validator-controller against 1.75.0 for beta-1.76-rustdoc-1
[INFO] running `Command { std: "git" "clone" "/workspace/cache/git-repos/https%3A%2F%2Fgithub.com%2FGabrielMartinezRodriguez%2Ffrontier-template-with-validator-controller" "/workspace/builds/worker-2-tc1/source", kill_on_drop: false }`
[INFO] [stderr] Cloning into '/workspace/builds/worker-2-tc1/source'...
[INFO] [stderr] done.
[INFO] validating manifest of git repo https://github.com/GabrielMartinezRodriguez/frontier-template-with-validator-controller on toolchain 1.75.0
[INFO] running `Command { std: CARGO_HOME="/workspace/cargo-home" RUSTUP_HOME="/workspace/rustup-home" "/workspace/cargo-home/bin/cargo" "+1.75.0" "metadata" "--manifest-path" "Cargo.toml" "--no-deps", kill_on_drop: false }`
[INFO] started tweaking git repo https://github.com/GabrielMartinezRodriguez/frontier-template-with-validator-controller
[INFO] finished tweaking git repo https://github.com/GabrielMartinezRodriguez/frontier-template-with-validator-controller
[INFO] tweaked toml for git repo https://github.com/GabrielMartinezRodriguez/frontier-template-with-validator-controller written to /workspace/builds/worker-2-tc1/source/Cargo.toml
[INFO] crate git repo https://github.com/GabrielMartinezRodriguez/frontier-template-with-validator-controller already has a lockfile, it will not be regenerated
[INFO] running `Command { std: CARGO_HOME="/workspace/cargo-home" RUSTUP_HOME="/workspace/rustup-home" "/workspace/cargo-home/bin/cargo" "+1.75.0" "fetch" "--manifest-path" "Cargo.toml", kill_on_drop: false }`
[INFO] [stderr] warning: /workspace/builds/worker-2-tc1/source/client/db/Cargo.toml: unused manifest key: dependencies.scale-codec.package
[INFO] [stderr] warning: /workspace/builds/worker-2-tc1/source/primitives/self-contained/Cargo.toml: unused manifest key: dependencies.scale-codec.package
[INFO] [stderr] warning: /workspace/builds/worker-2-tc1/source/frame/ethereum/Cargo.toml: unused manifest key: dependencies.scale-codec.package
[INFO] [stderr] warning: /workspace/builds/worker-2-tc1/source/client/cli/Cargo.toml: unused manifest key: dev-dependencies.scale-codec.package
[INFO] [stderr] warning: /workspace/builds/worker-2-tc1/source/frame/base-fee/Cargo.toml: unused manifest key: dependencies.scale-codec.package
[INFO] [stderr] warning: /workspace/builds/worker-2-tc1/source/primitives/ethereum/Cargo.toml: unused manifest key: dependencies.scale-codec.package
[INFO] [stderr] warning: /workspace/builds/worker-2-tc1/source/frame/dynamic-fee/Cargo.toml: unused manifest key: dependencies.scale-codec.package
[INFO] [stderr] warning: /workspace/builds/worker-2-tc1/source/primitives/storage/Cargo.toml: unused manifest key: dependencies.scale-codec.package
[INFO] [stderr] warning: /workspace/builds/worker-2-tc1/source/client/rpc/Cargo.toml: unused manifest key: dependencies.scale-codec.package
[INFO] [stderr] warning: /workspace/builds/worker-2-tc1/source/frame/evm/Cargo.toml: unused manifest key: dependencies.scale-codec.package
[INFO] [stderr] warning: /workspace/builds/worker-2-tc1/source/frame/evm-chain-id/Cargo.toml: unused manifest key: dependencies.scale-codec.package
[INFO] [stderr] warning: /workspace/builds/worker-2-tc1/source/frame/hotfix-sufficients/Cargo.toml: unused manifest key: dependencies.scale-codec.package
[INFO] [stderr] warning: /workspace/builds/worker-2-tc1/source/primitives/rpc/Cargo.toml: unused manifest key: dependencies.scale-codec.package
[INFO] [stderr] warning: /workspace/builds/worker-2-tc1/source/frame/evm/precompile/dispatch/Cargo.toml: unused manifest key: dev-dependencies.scale-codec.package
[INFO] [stderr] warning: /workspace/builds/worker-2-tc1/source/frame/validator-controller/Cargo.toml: unused manifest key: dependencies.scale-codec.package
[INFO] [stderr] warning: /workspace/builds/worker-2-tc1/source/primitives/evm/Cargo.toml: unused manifest key: dependencies.scale-codec.package
[INFO] [stderr] warning: /workspace/builds/worker-2-tc1/source/template/node/Cargo.toml: unused manifest key: dependencies.prometheus-endpoint.package
[INFO] [stderr] warning: /workspace/builds/worker-2-tc1/source/template/node/Cargo.toml: unused manifest key: dependencies.scale-codec.package
[INFO] [stderr] warning: /workspace/builds/worker-2-tc1/source/template/runtime/Cargo.toml: unused manifest key: dependencies.scale-codec.package
[INFO] [stderr] warning: /workspace/builds/worker-2-tc1/source/primitives/consensus/Cargo.toml: unused manifest key: dependencies.scale-codec.package
[INFO] [stderr]  Downloading crates ...
[INFO] [stderr]   Downloaded wasmtime-jit-debug v1.0.1
[INFO] [stderr]   Downloaded aead v0.4.2
[INFO] [stderr]   Downloaded polyval v0.5.2
[INFO] [stderr]   Downloaded target-lexicon v0.12.4
[INFO] [stderr]   Downloaded wasmtime-asm-macros v1.0.1
[INFO] [stderr]   Downloaded futures-rustls v0.22.1
[INFO] [stderr]   Downloaded cranelift-native v0.88.1
[INFO] [stderr]   Downloaded cranelift-codegen-shared v0.88.1
[INFO] [stderr]   Downloaded multistream-select v0.12.0
[INFO] [stderr]   Downloaded ghash v0.4.3
[INFO] [stderr]   Downloaded memfd v0.6.1
[INFO] [stderr]   Downloaded dtoa v1.0.2
[INFO] [stderr]   Downloaded multihash v0.16.2
[INFO] [stderr]   Downloaded comfy-table v6.0.0
[INFO] [stderr]   Downloaded cranelift-wasm v0.88.1
[INFO] [stderr]   Downloaded cranelift-codegen v0.88.1
[INFO] [stderr]   Downloaded secp256k1-sys v0.6.0
[INFO] [stderr]   Downloaded wasmtime v1.0.1
[INFO] [stderr]   Downloaded wasmtime-runtime v1.0.1
[INFO] [stderr]   Downloaded wasmtime-cranelift v1.0.1
[INFO] [stderr]   Downloaded handlebars v4.3.0
[INFO] [stderr]   Downloaded aes-gcm v0.9.3
[INFO] [stderr]   Downloaded cranelift-codegen-meta v0.88.1
[INFO] [stderr]   Downloaded wasmtime-environ v1.0.1
[INFO] [stderr]   Downloaded aes v0.7.4
[INFO] [stderr]   Downloaded cranelift-frontend v0.88.1
[INFO] [stderr]   Downloaded cranelift-isle v0.88.1
[INFO] [stderr]   Downloaded cranelift-bforest v0.88.1
[INFO] [stderr]   Downloaded wasmtime-cache v1.0.1
[INFO] [stderr]   Downloaded poly1305 v0.7.1
[INFO] [stderr]   Downloaded cranelift-entity v0.88.1
[INFO] [stderr]   Downloaded prost-types v0.11.1
[INFO] [stderr]   Downloaded prost-build v0.11.1
[INFO] [stderr]   Downloaded rpassword v7.0.0
[INFO] [stderr]   Downloaded array-bytes v4.1.0
[INFO] [stderr]   Downloaded psm v0.1.18
[INFO] [stderr]   Downloaded beef v0.5.1
[INFO] [stderr]   Downloaded wasmtime-jit v1.0.1
[INFO] [stderr]   Downloaded wasmtime-types v1.0.1
[INFO] running `Command { std: "docker" "create" "-v" "/var/lib/crater-agent-workspace/builds/worker-2-tc1/target:/opt/rustwide/target:rw,Z" "-v" "/var/lib/crater-agent-workspace/builds/worker-2-tc1/source:/opt/rustwide/workdir:ro,Z" "-v" "/var/lib/crater-agent-workspace/cargo-home:/opt/rustwide/cargo-home:ro,Z" "-v" "/var/lib/crater-agent-workspace/rustup-home:/opt/rustwide/rustup-home:ro,Z" "-e" "SOURCE_DIR=/opt/rustwide/workdir" "-e" "CARGO_TARGET_DIR=/opt/rustwide/target" "-e" "CARGO_HOME=/opt/rustwide/cargo-home" "-e" "RUSTUP_HOME=/opt/rustwide/rustup-home" "-w" "/opt/rustwide/workdir" "-m" "1610612736" "--user" "0:0" "--network" "none" "ghcr.io/rust-lang/crates-build-env/linux@sha256:2788e3201cd34a07e3172128adcd8b3090168a8e3bcc40d7c032b9dda1df7d1c" "/opt/rustwide/cargo-home/bin/cargo" "+1.75.0" "metadata" "--no-deps" "--format-version=1", kill_on_drop: false }`
[INFO] [stdout] 02960f4e329e447c4b0429e9100c1ea7775fce2909eeb63e6000f9d1dd577a41
[INFO] running `Command { std: "docker" "start" "-a" "02960f4e329e447c4b0429e9100c1ea7775fce2909eeb63e6000f9d1dd577a41", kill_on_drop: false }`
[INFO] running `Command { std: "docker" "inspect" "02960f4e329e447c4b0429e9100c1ea7775fce2909eeb63e6000f9d1dd577a41", kill_on_drop: false }`
[INFO] running `Command { std: "docker" "rm" "-f" "02960f4e329e447c4b0429e9100c1ea7775fce2909eeb63e6000f9d1dd577a41", kill_on_drop: false }`
[INFO] [stdout] 02960f4e329e447c4b0429e9100c1ea7775fce2909eeb63e6000f9d1dd577a41
[INFO] running `Command { std: "docker" "create" "-v" "/var/lib/crater-agent-workspace/builds/worker-2-tc1/target:/opt/rustwide/target:rw,Z" "-v" "/var/lib/crater-agent-workspace/builds/worker-2-tc1/source:/opt/rustwide/workdir:ro,Z" "-v" "/var/lib/crater-agent-workspace/cargo-home:/opt/rustwide/cargo-home:ro,Z" "-v" "/var/lib/crater-agent-workspace/rustup-home:/opt/rustwide/rustup-home:ro,Z" "-e" "SOURCE_DIR=/opt/rustwide/workdir" "-e" "CARGO_TARGET_DIR=/opt/rustwide/target" "-e" "CARGO_INCREMENTAL=0" "-e" "RUST_BACKTRACE=full" "-e" "RUSTFLAGS=--cap-lints=warn" "-e" "RUSTDOCFLAGS=--cap-lints=warn" "-e" "CARGO_HOME=/opt/rustwide/cargo-home" "-e" "RUSTUP_HOME=/opt/rustwide/rustup-home" "-w" "/opt/rustwide/workdir" "-m" "1610612736" "--user" "0:0" "--network" "none" "ghcr.io/rust-lang/crates-build-env/linux@sha256:2788e3201cd34a07e3172128adcd8b3090168a8e3bcc40d7c032b9dda1df7d1c" "/opt/rustwide/cargo-home/bin/cargo" "+1.75.0" "doc" "--frozen" "--no-deps" "--document-private-items" "--message-format=json", kill_on_drop: false }`
[INFO] [stdout] 0a10ea86363b887284c51d0b3d3a7e71f64677f6ecc0b784be943c00459935ba
[INFO] running `Command { std: "docker" "start" "-a" "0a10ea86363b887284c51d0b3d3a7e71f64677f6ecc0b784be943c00459935ba", kill_on_drop: false }`
[INFO] [stderr] warning: /opt/rustwide/workdir/frame/ethereum/Cargo.toml: unused manifest key: dependencies.scale-codec.package
[INFO] [stderr] warning: /opt/rustwide/workdir/template/runtime/Cargo.toml: unused manifest key: dependencies.scale-codec.package
[INFO] [stderr] warning: /opt/rustwide/workdir/frame/dynamic-fee/Cargo.toml: unused manifest key: dependencies.scale-codec.package
[INFO] [stderr] warning: /opt/rustwide/workdir/client/cli/Cargo.toml: unused manifest key: dev-dependencies.scale-codec.package
[INFO] [stderr] warning: /opt/rustwide/workdir/frame/evm/Cargo.toml: unused manifest key: dependencies.scale-codec.package
[INFO] [stderr] warning: /opt/rustwide/workdir/frame/evm-chain-id/Cargo.toml: unused manifest key: dependencies.scale-codec.package
[INFO] [stderr] warning: /opt/rustwide/workdir/frame/hotfix-sufficients/Cargo.toml: unused manifest key: dependencies.scale-codec.package
[INFO] [stderr] warning: /opt/rustwide/workdir/primitives/ethereum/Cargo.toml: unused manifest key: dependencies.scale-codec.package
[INFO] [stderr] warning: /opt/rustwide/workdir/frame/evm/precompile/dispatch/Cargo.toml: unused manifest key: dev-dependencies.scale-codec.package
[INFO] [stderr] warning: /opt/rustwide/workdir/primitives/evm/Cargo.toml: unused manifest key: dependencies.scale-codec.package
[INFO] [stderr] warning: /opt/rustwide/workdir/primitives/storage/Cargo.toml: unused manifest key: dependencies.scale-codec.package
[INFO] [stderr] warning: /opt/rustwide/workdir/frame/validator-controller/Cargo.toml: unused manifest key: dependencies.scale-codec.package
[INFO] [stderr] warning: /opt/rustwide/workdir/client/db/Cargo.toml: unused manifest key: dependencies.scale-codec.package
[INFO] [stderr] warning: /opt/rustwide/workdir/template/node/Cargo.toml: unused manifest key: dependencies.prometheus-endpoint.package
[INFO] [stderr] warning: /opt/rustwide/workdir/template/node/Cargo.toml: unused manifest key: dependencies.scale-codec.package
[INFO] [stderr] warning: /opt/rustwide/workdir/client/rpc/Cargo.toml: unused manifest key: dependencies.scale-codec.package
[INFO] [stderr] warning: /opt/rustwide/workdir/primitives/rpc/Cargo.toml: unused manifest key: dependencies.scale-codec.package
[INFO] [stderr] warning: /opt/rustwide/workdir/primitives/consensus/Cargo.toml: unused manifest key: dependencies.scale-codec.package
[INFO] [stderr] warning: /opt/rustwide/workdir/frame/base-fee/Cargo.toml: unused manifest key: dependencies.scale-codec.package
[INFO] [stderr] warning: /opt/rustwide/workdir/primitives/self-contained/Cargo.toml: unused manifest key: dependencies.scale-codec.package
[INFO] [stderr]    Compiling proc-macro2 v1.0.47
[INFO] [stderr]    Compiling unicode-ident v1.0.0
[INFO] [stderr]    Compiling syn v1.0.104
[INFO] [stderr]    Compiling libc v0.2.135
[INFO] [stderr]    Compiling version_check v0.9.3
[INFO] [stderr]    Compiling memchr v2.4.1
[INFO] [stderr]    Compiling serde_derive v1.0.152
[INFO] [stderr]    Compiling thiserror v1.0.38
[INFO] [stderr]    Compiling generic-array v0.14.4
[INFO] [stderr]    Compiling serde v1.0.152
[INFO] [stderr]     Checking once_cell v1.13.0
[INFO] [stderr]    Compiling anyhow v1.0.66
[INFO] [stderr]     Checking smallvec v1.10.0
[INFO] [stderr]    Compiling futures-core v0.3.25
[INFO] [stderr]    Compiling quote v1.0.15
[INFO] [stderr]     Checking byteorder v1.4.3
[INFO] [stderr]    Compiling jobserver v0.1.24
[INFO] [stderr]     Checking arrayvec v0.7.2
[INFO] [stderr]     Checking futures-io v0.3.25
[INFO] [stderr]    Compiling aho-corasick v0.7.18
[INFO] [stderr]    Compiling cc v1.0.77
[INFO] [stderr]     Checking futures-sink v0.3.25
[INFO] [stderr]    Compiling regex-syntax v0.6.28
[INFO] [stderr]     Checking slab v0.4.4
[INFO] [stderr]    Compiling futures-task v0.3.25
[INFO] [stderr]    Compiling futures-channel v0.3.25
[INFO] [stderr]    Compiling futures-util v0.3.25
[INFO] [stderr]     Checking getrandom v0.2.3
[INFO] [stderr]     Checking num_cpus v1.13.0
[INFO] [stderr]     Checking rand_core v0.6.3
[INFO] [stderr]     Checking lock_api v0.4.6
[INFO] [stderr]    Compiling parking_lot_core v0.9.5
[INFO] [stderr]     Checking rand_chacha v0.3.1
[INFO] [stderr]    Compiling unicode-xid v0.2.2
[INFO] [stderr]     Checking lazy_static v1.4.0
[INFO] [stderr]     Checking crypto-common v0.1.3
[INFO] [stderr]     Checking digest v0.9.0
[INFO] [stderr]     Checking rand v0.8.5
[INFO] [stderr]     Checking block-buffer v0.10.2
[INFO] [stderr]    Compiling ahash v0.7.6
[INFO] [stderr]     Checking digest v0.10.6
[INFO] [stderr]     Checking parking_lot v0.12.1
[INFO] [stderr]     Checking block-buffer v0.9.0
[INFO] [stderr]     Checking cpufeatures v0.1.5
[INFO] [stderr]    Compiling indexmap v1.9.1
[INFO] [stderr]     Checking getrandom v0.1.16
[INFO] [stderr]    Compiling libm v0.2.1
[INFO] [stderr]    Compiling num-traits v0.2.14
[INFO] [stderr]     Checking rand_core v0.5.1
[INFO] [stderr]     Checking hashbrown v0.12.3
[INFO] [stderr]     Checking sha3 v0.10.1
[INFO] [stderr]     Checking tracing-core v0.1.29
[INFO] [stderr]     Checking either v1.6.1
[INFO] [stderr]     Checking sha2 v0.9.5
[INFO] [stderr]     Checking itoa v1.0.4
[INFO] [stderr]     Checking tinyvec v1.3.1
[INFO] [stderr]     Checking byte-slice-cast v1.2.2
[INFO] [stderr]     Checking instant v0.1.12
[INFO] [stderr]    Compiling crunchy v0.2.2
[INFO] [stderr]     Checking cpufeatures v0.2.1
[INFO] [stderr]     Checking rand_pcg v0.2.1
[INFO] [stderr]     Checking sha2 v0.10.2
[INFO] [stderr]     Checking rand_chacha v0.2.2
[INFO] [stderr]    Compiling regex v1.7.0
[INFO] [stderr]     Checking rand v0.7.3
[INFO] [stderr]     Checking unicode-normalization v0.1.19
[INFO] [stderr]    Compiling paste v1.0.5
[INFO] [stderr]     Checking base64 v0.13.0
[INFO] [stderr]    Compiling typenum v1.15.0
[INFO] [stderr]    Compiling zstd-sys v2.0.1+zstd.1.5.2
[INFO] [stderr]    Compiling num-integer v0.1.44
[INFO] [stderr]     Checking rustc-hex v2.1.0
[INFO] [stderr]     Checking fallible-iterator v0.2.0
[INFO] [stderr]     Checking stable_deref_trait v1.2.0
[INFO] [stderr]     Checking uint v0.9.1
[INFO] [stderr]    Compiling subtle v2.4.1
[INFO] [stderr]    Compiling serde_json v1.0.91
[INFO] [stderr]    Compiling zstd-safe v5.0.2+zstd.1.5.2
[INFO] [stderr]    Compiling target-lexicon v0.12.4
[INFO] [stderr]    Compiling cranelift-isle v0.88.1
[INFO] [stderr]     Checking fixed-hash v0.8.0
[INFO] [stderr]     Checking signature v1.6.4
[INFO] [stderr]    Compiling memoffset v0.6.4
[INFO] [stderr]    Compiling synstructure v0.12.5
[INFO] [stderr]    Compiling io-lifetimes v0.7.5
[INFO] [stderr]    Compiling cranelift-codegen-shared v0.88.1
[INFO] [stderr]    Compiling cranelift-codegen-meta v0.88.1
[INFO] [stderr]    Compiling num-rational v0.4.1
[INFO] [stderr]    Compiling crossbeam-utils v0.8.8
[INFO] [stderr]    Compiling rustix v0.35.13
[INFO] [stderr]     Checking num-bigint v0.4.3
[INFO] [stderr]     Checking errno v0.2.8
[INFO] [stderr]     Checking fxhash v0.2.1
[INFO] [stderr]    Compiling parking_lot_core v0.8.5
[INFO] [stderr]     Checking slice-group-by v0.3.0
[INFO] [stderr]     Checking linux-raw-sys v0.0.46
[INFO] [stderr]     Checking regalloc2 v0.3.2
[INFO] [stderr]     Checking ed25519 v1.2.0
[INFO] [stderr]    Compiling ryu v1.0.5
[INFO] [stderr]    Compiling crossbeam-epoch v0.9.8
[INFO] [stderr]     Checking bumpalo v3.7.0
[INFO] [stderr]     Checking hash-db v0.15.2
[INFO] [stderr]     Checking itertools v0.10.3
[INFO] [stderr]     Checking sp-std v5.0.0 (https://github.com/paritytech/substrate?branch=master#cb4f2491)
[INFO] [stderr]    Compiling rayon-core v1.9.3
[INFO] [stderr]     Checking parking_lot v0.11.2
[INFO] [stderr]    Compiling Inflector v0.11.4
[INFO] [stderr]    Compiling wasmtime-runtime v1.0.1
[INFO] [stderr]     Checking atty v0.2.14
[INFO] [stderr]     Checking generic-array v0.12.4
[INFO] [stderr]    Compiling cpp_demangle v0.3.5
[INFO] [stderr]     Checking rustc-demangle v0.1.20
[INFO] [stderr]    Compiling async-trait v0.1.61
[INFO] [stderr]     Checking env_logger v0.9.0
[INFO] [stderr]     Checking memfd v0.6.1
[INFO] [stderr]     Checking crossbeam-deque v0.8.1
[INFO] [stderr]    Compiling libsecp256k1-core v0.3.0
[INFO] [stderr]     Checking crossbeam-channel v0.5.4
[INFO] [stderr]    Compiling psm v0.1.18
[INFO] [stderr]    Compiling thiserror-impl v1.0.38
[INFO] [stderr]    Compiling futures-macro v0.3.25
[INFO] [stderr]    Compiling zeroize_derive v1.3.1
[INFO] [stderr]    Compiling impl-trait-for-tuples v0.2.2
[INFO] [stderr]    Compiling tracing-attributes v0.1.22
[INFO] [stderr]    Compiling derive_more v0.99.16
[INFO] [stderr]     Checking zeroize v1.5.7
[INFO] [stderr]    Compiling rlp-derive v0.1.0
[INFO] [stderr]     Checking curve25519-dalek v3.2.0
[INFO] [stderr]    Compiling cranelift-codegen v0.88.1
[INFO] [stderr]     Checking rlp v0.5.2
[INFO] [stderr]     Checking time v0.1.44
[INFO] [stderr]     Checking impl-rlp v0.3.0
[INFO] [stderr]     Checking dirs-sys-next v0.1.2
[INFO] [stderr]     Checking crypto-mac v0.8.0
[INFO] [stderr]    Compiling rayon v1.5.3
[INFO] [stderr]     Checking wasmtime-asm-macros v1.0.1
[INFO] [stderr]     Checking parity-wasm v0.45.0
[INFO] [stderr]     Checking tracing v0.1.36
[INFO] [stderr]    Compiling wasmtime-cache v1.0.1
[INFO] [stderr]     Checking environmental v1.1.4
[INFO] [stderr]     Checking chrono v0.4.19
[INFO] [stderr]     Checking directories-next v2.0.0
[INFO] [stderr]     Checking file-per-thread-logger v0.1.5
[INFO] [stderr]    Compiling ref-cast-impl v1.0.6
[INFO] [stderr]    Compiling sp-debug-derive v5.0.0 (https://github.com/paritytech/substrate?branch=master#cb4f2491)
[INFO] [stderr]     Checking futures-executor v0.3.25
[INFO] [stderr]     Checking digest v0.8.1
[INFO] [stderr]     Checking futures v0.3.25
[INFO] [stderr]     Checking regex-automata v0.1.10
[INFO] [stderr]     Checking hash256-std-hasher v0.15.2
[INFO] [stderr]     Checking memory_units v0.4.0
[INFO] [stderr]    Compiling wasmtime v1.0.1
[INFO] [stderr]     Checking wasmi_core v0.2.1
[INFO] [stderr]     Checking ref-cast v1.0.6
[INFO] [stderr]     Checking wasmi-validation v0.5.0
[INFO] [stderr]     Checking block-buffer v0.7.3
[INFO] [stderr]     Checking hmac v0.8.1
[INFO] [stderr]     Checking matchers v0.0.1
[INFO] [stderr]    Compiling libsecp256k1-gen-ecmult v0.3.0
[INFO] [stderr]    Compiling libsecp256k1-gen-genmult v0.3.0
[INFO] [stderr]     Checking tracing-log v0.1.3
[INFO] [stderr]    Compiling secp256k1-sys v0.6.0
[INFO] [stderr]     Checking sharded-slab v0.1.3
[INFO] [stderr]     Checking crypto-mac v0.11.1
[INFO] [stderr]     Checking thread_local v1.1.4
[INFO] [stderr]     Checking sha2 v0.8.2
[INFO] [stderr]    Compiling libsecp256k1 v0.7.1
[INFO] [stderr]     Checking wasmi v0.13.2
[INFO] [stderr]     Checking curve25519-dalek v2.1.3
[INFO] [stderr]     Checking merlin v2.0.1
[INFO] [stderr]     Checking blake2 v0.10.4
[INFO] [stderr]     Checking pbkdf2 v0.8.0
[INFO] [stderr]     Checking hmac v0.11.0
[INFO] [stderr]     Checking schnorrkel v0.9.1
[INFO] [stderr]     Checking hmac-drbg v0.3.0
[INFO] [stderr]     Checking pbkdf2 v0.4.0
[INFO] [stderr]    Compiling dyn-clonable-impl v0.9.0
[INFO] [stderr]     Checking num-format v0.4.3
[INFO] [stderr]     Checking twox-hash v1.6.3
[INFO] [stderr]     Checking sp-core-hashing v5.0.0 (https://github.com/paritytech/substrate?branch=master#cb4f2491)
[INFO] [stderr]     Checking dyn-clonable v0.9.0
[INFO] [stderr]     Checking substrate-bip39 v0.4.4
[INFO] [stderr]     Checking tiny-bip39 v0.8.2
[INFO] [stderr]     Checking ed25519-zebra v3.1.0
[INFO] [stderr]     Checking secrecy v0.8.0
[INFO] [stderr]     Checking array-bytes v4.1.0
[INFO] [stderr]     Checking base58 v0.2.0
[INFO] [stderr]     Checking nohash-hasher v0.2.0
[INFO] [stderr]     Checking lru v0.8.1
[INFO] [stderr]    Compiling miniz_oxide v0.4.4
[INFO] [stderr]    Compiling backtrace v0.3.64
[INFO] [stderr]     Checking object v0.27.1
[INFO] [stderr]     Checking trie-db v0.24.0
[INFO] [stderr]     Checking memory-db v0.31.0
[INFO] [stderr]     Checking trie-root v0.17.0
[INFO] [stderr]     Checking integer-sqrt v0.1.5
[INFO] [stderr]     Checking impl-serde v0.4.0
[INFO] [stderr]     Checking cranelift-entity v0.88.1
[INFO] [stderr]     Checking ed25519-dalek v1.0.1
[INFO] [stderr]     Checking cranelift-bforest v0.88.1
[INFO] [stderr]     Checking bincode v1.3.3
[INFO] [stderr]    Compiling toml v0.5.8
[INFO] [stderr]     Checking gimli v0.26.1
[INFO] [stderr]     Checking wasmparser v0.89.1
[INFO] [stderr]     Checking object v0.29.0
[INFO] [stderr]     Checking tracing-serde v0.1.2
[INFO] [stderr]     Checking tracing-subscriber v0.2.25
[INFO] [stderr]    Compiling proc-macro-crate v1.1.3
[INFO] [stderr]    Compiling ss58-registry v1.35.0
[INFO] [stderr]    Compiling parity-scale-codec-derive v3.1.3
[INFO] [stderr]    Compiling scale-info-derive v2.3.1
[INFO] [stderr]     Checking wasmtime-types v1.0.1
[INFO] [stderr]    Compiling sp-runtime-interface-proc-macro v6.0.0 (https://github.com/paritytech/substrate?branch=master#cb4f2491)
[INFO] [stderr]     Checking addr2line v0.17.0
[INFO] [stderr]     Checking wasmtime-environ v1.0.1
[INFO] [stderr]     Checking wasmtime-jit-debug v1.0.1
[INFO] [stderr]     Checking sp-panic-handler v5.0.0 (https://github.com/paritytech/substrate?branch=master#cb4f2491)
[INFO] [stderr]    Compiling keccak v0.1.0
[INFO] [stderr]    Compiling static_assertions v1.1.0
[INFO] [stderr]     Checking parity-scale-codec v3.2.1
[INFO] [stderr]    Compiling sp-api-proc-macro v4.0.0-dev (https://github.com/paritytech/substrate?branch=master#cb4f2491)
[INFO] [stderr]    Compiling proc-macro-error-attr v1.0.4
[INFO] [stderr]    Compiling sp-core-hashing-proc-macro v5.0.0 (https://github.com/paritytech/substrate?branch=master#cb4f2491)
[INFO] [stderr]    Compiling proc-macro-error v1.0.4
[INFO] [stderr]     Checking scale-info v2.3.1
[INFO] [stderr]     Checking impl-codec v0.6.0
[INFO] [stderr]     Checking sp-storage v7.0.0 (https://github.com/paritytech/substrate?branch=master#cb4f2491)
[INFO] [stderr]     Checking sp-tracing v6.0.0 (https://github.com/paritytech/substrate?branch=master#cb4f2491)
[INFO] [stderr]     Checking sp-externalities v0.13.0 (https://github.com/paritytech/substrate?branch=master#cb4f2491)
[INFO] [stderr]    Compiling sp-version-proc-macro v4.0.0-dev (https://github.com/paritytech/substrate?branch=master#cb4f2491)
[INFO] [stderr]     Checking futures-timer v3.0.2
[INFO] [stderr]     Checking primitive-types v0.12.1
[INFO] [stderr]     Checking sp-arithmetic v6.0.0 (https://github.com/paritytech/substrate?branch=master#cb4f2491)
[INFO] [stderr]     Checking socket2 v0.4.4
[INFO] [stderr]    Compiling fastrand v1.7.0
[INFO] [stderr]    Compiling tempfile v3.3.0
[INFO] [stderr]    Compiling tokio v1.24.1
[INFO] [stderr]    Compiling tokio-macros v1.7.0
[INFO] [stderr]     Checking mio v0.8.5
[INFO] [stderr]     Checking signal-hook-registry v1.4.0
[INFO] [stderr]    Compiling prost-derive v0.11.0
[INFO] [stderr]     Checking const-oid v0.9.1
[INFO] [stderr]    Compiling bytes v1.1.0
[INFO] [stderr]     Checking der v0.6.0
[INFO] [stderr]     Checking base64ct v1.5.2
[INFO] [stderr]    Compiling fixedbitset v0.4.1
[INFO] [stderr]    Compiling which v4.2.2
[INFO] [stderr]     Checking crypto-bigint v0.4.9
[INFO] [stderr]    Compiling petgraph v0.6.0
[INFO] [stderr]     Checking ff v0.12.1
[INFO] [stderr]     Checking spki v0.6.0
[INFO] [stderr]     Checking base16ct v0.1.1
[INFO] [stderr]     Checking pkcs8 v0.9.0
[INFO] [stderr]    Compiling multimap v0.8.3
[INFO] [stderr]     Checking sec1 v0.3.0
[INFO] [stderr]     Checking group v0.12.1
[INFO] [stderr]     Checking hmac v0.12.1
[INFO] [stderr]    Compiling frame-support-procedural-tools-derive v3.0.0 (https://github.com/paritytech/substrate?branch=master#cb4f2491)
[INFO] [stderr]    Compiling cfg-expr v0.10.3
[INFO] [stderr]     Checking rfc6979 v0.3.1
[INFO] [stderr]     Checking elliptic-curve v0.12.3
[INFO] [stderr]     Checking ecdsa v0.14.8
[INFO] [stderr]     Checking http v0.2.8
[INFO] [stderr]     Checking k256 v0.11.6
[INFO] [stderr]    Compiling frame-support-procedural-tools v4.0.0-dev (https://github.com/paritytech/substrate?branch=master#cb4f2491)
[INFO] [stderr]     Checking frame-metadata v15.0.0
[INFO] [stderr]    Compiling prost v0.11.0
[INFO] [stderr]    Compiling frame-support-procedural v4.0.0-dev (https://github.com/paritytech/substrate?branch=master#cb4f2491)
[INFO] [stderr]    Compiling httparse v1.6.0
[INFO] [stderr]     Checking tt-call v1.0.8
[INFO] [stderr]    Compiling prost-types v0.11.1
[INFO] [stderr]     Checking asynchronous-codec v0.6.0
[INFO] [stderr]     Checking data-encoding v2.3.2
[INFO] [stderr]     Checking matches v0.1.9
[INFO] [stderr]     Checking unsigned-varint v0.7.1
[INFO] [stderr]    Compiling blake3 v1.3.1
[INFO] [stderr]     Checking unicode-bidi v0.3.6
[INFO] [stderr]     Checking tower-service v0.3.1
[INFO] [stderr]     Checking percent-encoding v2.1.0
[INFO] [stderr]     Checking idna v0.2.3
[INFO] [stderr]     Checking form_urlencoded v1.0.1
[INFO] [stderr]     Checking http-body v0.4.5
[INFO] [stderr]    Compiling pin-project-internal v1.0.12
[INFO] [stderr]     Checking url v2.2.2
[INFO] [stderr]     Checking cranelift-frontend v0.88.1
[INFO] [stderr]     Checking cranelift-native v0.88.1
[INFO] [stderr]     Checking cranelift-wasm v0.88.1
[INFO] [stderr]    Compiling prost-build v0.11.1
[INFO] [stderr]     Checking tokio-util v0.7.2
[INFO] [stderr]     Checking blake2b_simd v1.0.0
[INFO] [stderr]     Checking blake2s_simd v1.0.0
[INFO] [stderr]     Checking h2 v0.3.13
[INFO] [stderr]     Checking wasmtime-cranelift v1.0.1
[INFO] [stderr]    Compiling multihash-derive v0.8.0
[INFO] [stderr]     Checking core2 v0.4.0
[INFO] [stderr]     Checking httpdate v1.0.1
[INFO] [stderr]     Checking pin-project v1.0.12
[INFO] [stderr]     Checking bs58 v0.4.0
[INFO] [stderr]     Checking rw-stream-sink v0.3.0
[INFO] [stderr]    Compiling libp2p-core v0.37.0
[INFO] [stderr]     Checking multistream-select v0.12.0
[INFO] [stderr]    Compiling ring v0.16.20
[INFO] [stderr]     Checking void v1.0.2
[INFO] [stderr]    Compiling tiny-keccak v2.0.2
[INFO] [stderr]    Compiling pkg-config v0.3.19
[INFO] [stderr]     Checking asn1_der v0.7.4
[INFO] [stderr]    Compiling prometheus v0.13.3
[INFO] [stderr]    Compiling semver v1.0.5
[INFO] [stderr]    Compiling libz-sys v1.1.3
[INFO] [stderr]     Checking kvdb v0.13.0
[INFO] [stderr]     Checking cache-padded v1.1.1
[INFO] [stderr]     Checking concurrent-queue v1.2.2
[INFO] [stderr]     Checking ethbloom v0.13.0
[INFO] [stderr]     Checking parking v2.0.0
[INFO] [stderr]     Checking flate2 v1.0.20
[INFO] [stderr]     Checking ethereum-types v0.14.1
[INFO] [stderr]     Checking futures-lite v1.12.0
[INFO] [stderr]     Checking wasm-instrument v0.3.0
[INFO] [stderr]     Checking triehash v0.8.4
[INFO] [stderr]     Checking sha-1 v0.9.7
[INFO] [stderr]     Checking linked-hash-map v0.5.4
[INFO] [stderr]     Checking sp-database v4.0.0-dev (https://github.com/paritytech/substrate?branch=master#cb4f2491)
[INFO] [stderr]     Checking soketto v0.7.1
[INFO] [stderr]     Checking ethereum v0.14.0
[INFO] [stderr]    Compiling sc-executor-wasmtime v0.10.0-dev (https://github.com/paritytech/substrate?branch=master#cb4f2491)
[INFO] [stderr]    Compiling wasm-bindgen-shared v0.2.75
[INFO] [stderr]     Checking polling v2.1.0
[INFO] [stderr]     Checking event-listener v2.5.1
[INFO] [stderr]     Checking async-io v1.6.0
[INFO] [stderr]     Checking sc-utils v4.0.0-dev (https://github.com/paritytech/substrate?branch=master#cb4f2491)
[INFO] [stderr]     Checking evm-core v0.37.0
[INFO] [stderr]    Compiling auto_impl v1.0.1
[INFO] [stderr]     Checking netlink-packet-utils v0.5.1
[INFO] [stderr]     Checking async-task v4.0.3
[INFO] [stderr]     Checking hyper v0.14.17
[INFO] [stderr]    Compiling wasm-bindgen-backend v0.2.75
[INFO] [stderr]     Checking netlink-packet-core v0.4.2
[INFO] [stderr]     Checking async-channel v1.6.1
[INFO] [stderr]    Compiling rustls v0.20.6
[INFO] [stderr]     Checking ipnet v2.3.1
[INFO] [stderr]     Checking atomic-waker v1.0.0
[INFO] [stderr]     Checking blocking v1.0.2
[INFO] [stderr]     Checking async-executor v1.4.1
[INFO] [stderr]     Checking netlink-sys v0.8.3
[INFO] [stderr]     Checking async-mutex v1.4.0
[INFO] [stderr]    Compiling wasm-bindgen v0.2.75
[INFO] [stderr]     Checking quick-error v1.2.3
[INFO] [stderr]     Checking netlink-proto v0.10.0
[INFO] [stderr]     Checking async-global-executor v2.0.2
[INFO] [stderr]     Checking netlink-packet-route v0.12.0
[INFO] [stderr]    Compiling rustc_version v0.4.0
[INFO] [stderr]     Checking nix v0.24.2
[INFO] [stderr]     Checking webpki v0.22.0
[INFO] [stderr]     Checking sct v0.7.0
[INFO] [stderr]     Checking evm-runtime v0.37.0
[INFO] [stderr]    Compiling wasm-bindgen-macro-support v0.2.75
[INFO] [stderr]     Checking evm-gasometer v0.37.0
[INFO] [stderr]     Checking evm v0.37.0
[INFO] [stderr]     Checking match_cfg v0.1.0
[INFO] [stderr]     Checking hostname v0.3.1
[INFO] [stderr]    Compiling snow v0.9.0
[INFO] [stderr]    Compiling enum-as-inner v0.5.1
[INFO] [stderr]     Checking resolv-conf v0.7.0
[INFO] [stderr]     Checking lru-cache v0.1.2
[INFO] [stderr]    Compiling libp2p-noise v0.40.0
[INFO] [stderr]    Compiling libp2p-kad v0.41.0
[INFO] [stderr]    Compiling wasm-bindgen-macro v0.2.75
[INFO] [stderr]     Checking rtnetlink v0.10.1
[INFO] [stderr]     Checking trust-dns-proto v0.22.0
[INFO] [stderr]     Checking if-watch v2.0.0
[INFO] [stderr]    Compiling libp2p-identify v0.40.0
[INFO] [stderr]     Checking quicksink v0.1.2
[INFO] [stderr]     Checking futures-rustls v0.22.1
[INFO] [stderr]     Checking webpki-roots v0.22.3
[INFO] [stderr]     Checking dns-parser v0.8.0
[INFO] [stderr]     Checking prost-codec v0.2.0
[INFO] [stderr]     Checking substrate-prometheus-endpoint v0.10.0-dev (https://github.com/paritytech/substrate?branch=master#cb4f2491)
[INFO] [stderr]     Checking yamux v0.10.2
[INFO] [stderr]     Checking x25519-dalek v1.1.1
[INFO] [stderr]     Checking js-sys v0.3.52
[INFO] [stderr]     Checking parity-send-wrapper v0.1.0
[INFO] [stderr]    Compiling libp2p-swarm-derive v0.30.1
[INFO] [stderr]     Checking predicates-core v1.0.5
[INFO] [stderr]     Checking float-cmp v0.9.0
[INFO] [stderr]     Checking difflib v0.4.0
[INFO] [stderr]     Checking normalize-line-endings v0.3.0
[INFO] [stderr]     Checking termtree v0.4.0
[INFO] [stderr]    Compiling mockall_derive v0.11.3
[INFO] [stderr]     Checking downcast v0.11.0
[INFO] [stderr]     Checking predicates v2.1.3
[INFO] [stderr]     Checking predicates-tree v1.0.7
[INFO] [stderr]     Checking fragile v2.0.0
[INFO] [stderr]     Checking wasm-timer v0.2.5
[INFO] [stderr]     Checking finality-grandpa v0.16.0
[INFO] [stderr]    Compiling glob v0.3.0
[INFO] [stderr]     Checking linked_hash_set v0.1.4
[INFO] [stderr]    Compiling minimal-lexical v0.2.1
[INFO] [stderr]    Compiling clang-sys v1.2.0
[INFO] [stderr]    Compiling nom v7.1.1
[INFO] [stderr]     Checking trust-dns-resolver v0.22.0
[INFO] [stderr]     Checking beef v0.5.1
[INFO] [stderr]    Compiling libloading v0.7.0
[INFO] [stderr]     Checking memmap2 v0.5.3
[INFO] [stderr]     Checking bstr v0.2.16
[INFO] [stderr]    Compiling fs_extra v1.2.0
[INFO] [stderr]    Compiling bindgen v0.60.1
[INFO] [stderr]    Compiling tikv-jemalloc-sys v0.5.2+5.3.0-patched
[INFO] [stderr]     Checking wasm-bindgen-futures v0.4.25
[INFO] [stderr]     Checking globset v0.4.8
[INFO] [stderr]     Checking jsonrpsee-types v0.16.2
[INFO] [stderr]    Compiling peeking_take_while v0.1.2
[INFO] [stderr]    Compiling lazycell v1.3.0
[INFO] [stderr]    Compiling shlex v1.0.0
[INFO] [stderr]    Compiling rustc-hash v1.1.0
[INFO] [stderr]     Checking tower v0.4.13
[INFO] [stderr]     Checking jsonrpsee-core v0.16.2
[INFO] [stderr]     Checking tokio-stream v0.1.9
[INFO] [stderr]     Checking num-complex v0.4.0
[INFO] [stderr]    Compiling jsonrpsee-proc-macros v0.16.2
[INFO] [stderr]    Compiling lz4-sys v1.9.4
[INFO] [stderr]    Compiling snap v1.0.5
[INFO] [stderr]    Compiling cexpr v0.6.0
[INFO] [stderr]     Checking approx v0.5.0
[INFO] [stderr]    Compiling rustversion v1.0.6
[INFO] [stderr]     Checking jsonrpsee-server v0.16.2
[INFO] [stderr]    Compiling scratch v1.0.2
[INFO] [stderr]     Checking rawpointer v0.2.1
[INFO] [stderr]     Checking matrixmultiply v0.3.1
[INFO] [stderr]     Checking simba v0.5.1
[INFO] [stderr]     Checking fp-storage v2.0.0 (/opt/rustwide/workdir/primitives/storage)
[INFO] [stderr]    Compiling nalgebra-macros v0.1.0
[INFO] [stderr]     Checking rand_distr v0.4.1
[INFO] [stderr]    Compiling link-cplusplus v1.0.7
[INFO] [stderr]     Checking fs2 v0.4.3
[INFO] [stderr]     Checking mockall v0.11.3
[INFO] [stderr]    Compiling unicode-width v0.1.9
[INFO] [stderr]     Checking jsonrpsee v0.16.2
[INFO] [stderr]    Compiling termcolor v1.1.3
[INFO] [stderr]    Compiling codespan-reporting v0.11.1
[INFO] [stderr]     Checking kvdb-memorydb v0.13.0
[INFO] [stderr]    Compiling cxxbridge-flags v1.0.82
[INFO] [stderr]     Checking wasmtime-jit v1.0.1
[INFO] [stderr]    Compiling cxx v1.0.82
[INFO] [stderr]    Compiling strum_macros v0.24.3
[INFO] [stderr]    Compiling cxx-build v1.0.82
[INFO] [stderr]    Compiling data-encoding-macro-internal v0.1.10
[INFO] [stderr]     Checking fork-tree v3.0.0 (https://github.com/paritytech/substrate?branch=master#cb4f2491)
[INFO] [stderr]    Compiling sc-chain-spec-derive v4.0.0-dev (https://github.com/paritytech/substrate?branch=master#cb4f2491)
[INFO] [stderr]    Compiling cfg_aliases v0.1.1
[INFO] [stderr]     Checking base-x v0.2.8
[INFO] [stderr]     Checking data-encoding-macro v0.1.12
[INFO] [stderr]     Checking tower-http v0.3.5
[INFO] [stderr]     Checking multibase v0.9.1
[INFO] [stderr]    Compiling static_init_macro v1.0.2
[INFO] [stderr]    Compiling num_enum_derive v0.5.7
[INFO] [stderr]    Compiling cxxbridge-macro v1.0.82
[INFO] [stderr]     Checking rustls-pemfile v1.0.0
[INFO] [stderr]     Checking openssl-probe v0.1.4
[INFO] [stderr]     Checking rustls-native-certs v0.6.2
[INFO] [stderr]     Checking sc-rpc-server v4.0.0-dev (https://github.com/paritytech/substrate?branch=master#cb4f2491)
[INFO] [stderr]    Compiling static_init v1.0.3
[INFO] [stderr]     Checking tokio-rustls v0.23.4
[INFO] [stderr]     Checking num_enum v0.5.7
[INFO] [stderr]    Compiling sc-network-sync v0.10.0-dev (https://github.com/paritytech/substrate?branch=master#cb4f2491)
[INFO] [stderr]    Compiling sc-network-light v0.10.0-dev (https://github.com/paritytech/substrate?branch=master#cb4f2491)
[INFO] [stderr]    Compiling sc-network-bitswap v0.10.0-dev (https://github.com/paritytech/substrate?branch=master#cb4f2491)
[INFO] [stderr]     Checking nalgebra v0.27.1
[INFO] [stderr]    Compiling sc-tracing-proc-macro v4.0.0-dev (https://github.com/paritytech/substrate?branch=master#cb4f2491)
[INFO] [stderr]    Compiling wasm-opt-sys v0.110.2
[INFO] [stderr]    Compiling wasm-opt-cxx-sys v0.110.2
[INFO] [stderr]    Compiling librocksdb-sys v0.8.0+7.4.4
[INFO] [stderr]    Compiling camino v1.0.5
[INFO] [stderr]    Compiling sc-sysinfo v6.0.0-dev (https://github.com/paritytech/substrate?branch=master#cb4f2491)
[INFO] [stderr]     Checking ip_network v0.4.1
[INFO] [stderr]    Compiling io-lifetimes v1.0.3
[INFO] [stderr]     Checking hyper-rustls v0.23.0
[INFO] [stderr]     Checking threadpool v1.8.1
[INFO] [stderr]     Checking dirs-sys v0.3.6
[INFO] [stderr]    Compiling num-iter v0.1.42
[INFO] [stderr]    Compiling rustix v0.36.5
[INFO] [stderr]     Checking remove_dir_all v0.5.3
[INFO] [stderr]    Compiling semver v0.6.0
[INFO] [stderr]     Checking directories v4.0.1
[INFO] [stderr]    Compiling strum v0.24.1
[INFO] [stderr]     Checking tracing-futures v0.2.5
[INFO] [stderr]    Compiling cargo-platform v0.1.2
[INFO] [stderr]     Checking exit-future v0.2.0
[INFO] [stderr]    Compiling same-file v1.0.6
[INFO] [stderr]     Checking linux-raw-sys v0.1.3
[INFO] [stderr]    Compiling walkdir v2.3.2
[INFO] [stderr]    Compiling cargo_metadata v0.14.2
[INFO] [stderr]    Compiling build-helper v0.1.1
[INFO] [stderr]    Compiling filetime v0.2.16
[INFO] [stderr]    Compiling ansi_term v0.12.1
[INFO] [stderr]    Compiling sc-consensus-slots v0.10.0-dev (https://github.com/paritytech/substrate?branch=master#cb4f2491)
[INFO] [stderr]    Compiling platforms v2.0.0
[INFO] [stderr]     Checking os_str_bytes v6.1.0
[INFO] [stderr]    Compiling names v0.13.0
[INFO] [stderr]     Checking clap_lex v0.3.0
[INFO] [stderr]     Checking num v0.4.0
[INFO] [stderr]    Compiling clap_derive v4.1.0
[INFO] [stderr]     Checking ripemd v0.1.3
[INFO] [stderr]     Checking rpassword v7.0.0
[INFO] [stderr]     Checking is-terminal v0.4.1
[INFO] [stderr]     Checking fdlimit v0.2.1
[INFO] [stderr]    Compiling substrate-build-script-utils v3.0.0 (https://github.com/paritytech/substrate?branch=master#cb4f2491)
[INFO] [stderr]     Checking fc-rpc-core v1.1.0-dev (/opt/rustwide/workdir/client/rpc-core)
[INFO] [stderr]     Checking sc-proposer-metrics v0.10.0-dev (https://github.com/paritytech/substrate?branch=master#cb4f2491)
[INFO] [stderr]     Checking assert_matches v1.5.0
[INFO] [stderr]     Checking curve25519-dalek v4.0.0-pre.1
[INFO] [stderr]     Checking substrate-bn v0.6.0
[INFO] [stderr]  Documenting fc-rpc-core v1.1.0-dev (/opt/rustwide/workdir/client/rpc-core)
[INFO] [stderr]    Compiling frontier-template-node v0.0.0 (/opt/rustwide/workdir/template/node)
[INFO] [stderr]  Documenting fp-storage v2.0.0 (/opt/rustwide/workdir/primitives/storage)
[INFO] [stdout] warning: unresolved link to `B,C`
[INFO] [stdout]   --> client/rpc-core/src/types/filter.rs:70:69
[INFO] [stdout]    |
[INFO] [stdout] 70 | /// Topic, supports `A` | `null` | `[A,B,C]` | `[A,[B,C]]` | [null,[B,C]] | [null,[null,C]]
[INFO] [stdout]    |                                                                     ^^^ no item named `B,C` in scope
[INFO] [stdout]    |
[INFO] [stdout]    = help: to escape `[` and `]` characters, add '\' before them like `\[` or `\]`
[INFO] [stdout]    = note: `#[warn(rustdoc::broken_intra_doc_links)]` on by default
[INFO] [stdout] 
[INFO] [stdout] 
[INFO] [stdout] warning: unresolved link to `null,C`
[INFO] [stdout]   --> client/rpc-core/src/types/filter.rs:70:84
[INFO] [stdout]    |
[INFO] [stdout] 70 | /// Topic, supports `A` | `null` | `[A,B,C]` | `[A,[B,C]]` | [null,[B,C]] | [null,[null,C]]
[INFO] [stdout]    |                                                                                    ^^^^^^ no item named `null,C` in scope
[INFO] [stdout]    |
[INFO] [stdout]    = help: to escape `[` and `]` characters, add '\' before them like `\[` or `\]`
[INFO] [stdout] 
[INFO] [stdout] 
[INFO] [stdout] warning: 2 warnings emitted
[INFO] [stdout] 
[INFO] [stdout] 
[INFO] [stderr]     Checking clap v4.1.1
[INFO] [stderr]     Checking multihash v0.16.2
[INFO] [stderr]     Checking multiaddr v0.14.0
[INFO] [stderr]     Checking cid v0.8.6
[INFO] [stderr]     Checking secp256k1 v0.24.2
[INFO] [stderr]     Checking statrs v0.15.0
[INFO] [stderr]     Checking libp2p-swarm v0.40.1
[INFO] [stderr]     Checking libp2p-websocket v0.39.0
[INFO] [stderr]     Checking libp2p-dns v0.37.0
[INFO] [stderr]     Checking libp2p-request-response v0.22.1
[INFO] [stderr]     Checking libp2p-mdns v0.41.0
[INFO] [stderr]     Checking libp2p-ping v0.40.1
[INFO] [stderr]     Checking libp2p-mplex v0.37.0
[INFO] [stderr]     Checking libp2p-yamux v0.41.1
[INFO] [stderr]     Checking libp2p-tcp v0.37.0
[INFO] [stderr]     Checking libp2p-wasm-ext v0.37.0
[INFO] [stderr]     Checking linregress v0.4.4
[INFO] [stderr]     Checking libp2p v0.49.0
[INFO] [stderr]     Checking sc-peerset v4.0.0-dev (https://github.com/paritytech/substrate?branch=master#cb4f2491)
[INFO] [stderr]     Checking sc-telemetry v4.0.0-dev (https://github.com/paritytech/substrate?branch=master#cb4f2491)
[INFO] [stderr]     Checking lz4 v1.24.0
[INFO] [stderr]     Checking parity-db v0.4.2
[INFO] [stderr]    Compiling zstd v0.11.2+zstd.1.5.2
[INFO] [stderr]     Checking sp-maybe-compressed-blob v4.1.0-dev (https://github.com/paritytech/substrate?branch=master#cb4f2491)
[INFO] [stderr] The following warnings were emitted during compilation:
[INFO] [stderr] 
[INFO] [stderr] warning: wasm-opt-sys@0.110.2: c++: fatal error: Killed signal terminated program cc1plus
[INFO] [stderr] warning: wasm-opt-sys@0.110.2: compilation terminated.
[INFO] [stderr] warning: wasm-opt-sys@0.110.2: c++: fatal error: Killed signal terminated program cc1plus
[INFO] [stderr] warning: wasm-opt-sys@0.110.2: compilation terminated.
[INFO] [stderr] 
[INFO] [stderr] error: failed to run custom build command for `wasm-opt-sys v0.110.2`
[INFO] [stderr] note: To improve backtraces for build dependencies, set the CARGO_PROFILE_DEV_BUILD_OVERRIDE_DEBUG=true environment variable to enable debug information generation.
[INFO] [stderr] 
[INFO] [stderr] Caused by:
[INFO] [stderr]   process didn't exit successfully: `/opt/rustwide/target/debug/build/wasm-opt-sys-7ec23cd51b95e779/build-script-build` (exit status: 1)
[INFO] [stderr]   --- stdout
[INFO] [stderr]   TARGET = Some("x86_64-unknown-linux-gnu")
[INFO] [stderr]   HOST = Some("x86_64-unknown-linux-gnu")
[INFO] [stderr]   cargo:rerun-if-env-changed=CXX_x86_64-unknown-linux-gnu
[INFO] [stderr]   CXX_x86_64-unknown-linux-gnu = None
[INFO] [stderr]   cargo:rerun-if-env-changed=CXX_x86_64_unknown_linux_gnu
[INFO] [stderr]   CXX_x86_64_unknown_linux_gnu = None
[INFO] [stderr]   cargo:rerun-if-env-changed=HOST_CXX
[INFO] [stderr]   HOST_CXX = None
[INFO] [stderr]   cargo:rerun-if-env-changed=CXX
[INFO] [stderr]   CXX = None
[INFO] [stderr]   cargo:rerun-if-env-changed=CXXFLAGS_x86_64-unknown-linux-gnu
[INFO] [stderr]   CXXFLAGS_x86_64-unknown-linux-gnu = None
[INFO] [stderr]   cargo:rerun-if-env-changed=CXXFLAGS_x86_64_unknown_linux_gnu
[INFO] [stderr]   CXXFLAGS_x86_64_unknown_linux_gnu = None
[INFO] [stderr]   cargo:rerun-if-env-changed=HOST_CXXFLAGS
[INFO] [stderr]   HOST_CXXFLAGS = None
[INFO] [stderr]   cargo:rerun-if-env-changed=CXXFLAGS
[INFO] [stderr]   CXXFLAGS = None
[INFO] [stderr]   cargo:rerun-if-env-changed=CRATE_CC_NO_DEFAULTS
[INFO] [stderr]   CRATE_CC_NO_DEFAULTS = None
[INFO] [stderr]   CARGO_CFG_TARGET_FEATURE = Some("fxsr,sse,sse2")
[INFO] [stderr]   cargo:CXXBRIDGE_PREFIX=wasm-opt-sys
[INFO] [stderr]   cargo:CXXBRIDGE_LINKS=binaryen
[INFO] [stderr]   cargo:CXXBRIDGE_DIR0=/opt/rustwide/target/debug/build/wasm-opt-sys-6fde5d2af4f90e31/out/cxxbridge/include
[INFO] [stderr]   cargo:CXXBRIDGE_DIR1=/opt/rustwide/target/debug/build/wasm-opt-sys-6fde5d2af4f90e31/out/cxxbridge/crate
[INFO] [stderr]   cargo:CXXBRIDGE_DIR2=/opt/rustwide/cargo-home/registry/src/index.crates.io-6f17d22bba15001f/wasm-opt-sys-0.110.2/binaryen/src
[INFO] [stderr]   cargo:CXXBRIDGE_DIR3=/opt/rustwide/cargo-home/registry/src/index.crates.io-6f17d22bba15001f/wasm-opt-sys-0.110.2/binaryen/src/tools
[INFO] [stderr]   cargo:CXXBRIDGE_DIR4=/opt/rustwide/target/debug/build/wasm-opt-sys-6fde5d2af4f90e31/out
[INFO] [stderr]   TARGET = Some("x86_64-unknown-linux-gnu")
[INFO] [stderr]   OPT_LEVEL = Some("0")
[INFO] [stderr]   HOST = Some("x86_64-unknown-linux-gnu")
[INFO] [stderr]   cargo:rerun-if-env-changed=CXX_x86_64-unknown-linux-gnu
[INFO] [stderr]   CXX_x86_64-unknown-linux-gnu = None
[INFO] [stderr]   cargo:rerun-if-env-changed=CXX_x86_64_unknown_linux_gnu
[INFO] [stderr]   CXX_x86_64_unknown_linux_gnu = None
[INFO] [stderr]   cargo:rerun-if-env-changed=HOST_CXX
[INFO] [stderr]   HOST_CXX = None
[INFO] [stderr]   cargo:rerun-if-env-changed=CXX
[INFO] [stderr]   CXX = None
[INFO] [stderr]   cargo:rerun-if-env-changed=CXXFLAGS_x86_64-unknown-linux-gnu
[INFO] [stderr]   CXXFLAGS_x86_64-unknown-linux-gnu = None
[INFO] [stderr]   cargo:rerun-if-env-changed=CXXFLAGS_x86_64_unknown_linux_gnu
[INFO] [stderr]   CXXFLAGS_x86_64_unknown_linux_gnu = None
[INFO] [stderr]   cargo:rerun-if-env-changed=HOST_CXXFLAGS
[INFO] [stderr]   HOST_CXXFLAGS = None
[INFO] [stderr]   cargo:rerun-if-env-changed=CXXFLAGS
[INFO] [stderr]   CXXFLAGS = None
[INFO] [stderr]   cargo:rerun-if-env-changed=CRATE_CC_NO_DEFAULTS
[INFO] [stderr]   CRATE_CC_NO_DEFAULTS = None
[INFO] [stderr]   DEBUG = Some("false")
[INFO] [stderr]   CARGO_CFG_TARGET_FEATURE = Some("fxsr,sse,sse2")
[INFO] [stderr]   running: "c++" "-O0" "-ffunction-sections" "-fdata-sections" "-fPIC" "-m64" "-I" "/opt/rustwide/target/debug/build/wasm-opt-sys-6fde5d2af4f90e31/out/cxxbridge/include" "-I" "/opt/rustwide/target/debug/build/wasm-opt-sys-6fde5d2af4f90e31/out/cxxbridge/crate" "-I" "/opt/rustwide/cargo-home/registry/src/index.crates.io-6f17d22bba15001f/wasm-opt-sys-0.110.2/binaryen/src" "-I" "/opt/rustwide/cargo-home/registry/src/index.crates.io-6f17d22bba15001f/wasm-opt-sys-0.110.2/binaryen/src/tools" "-I" "/opt/rustwide/target/debug/build/wasm-opt-sys-6fde5d2af4f90e31/out" "-Wall" "-Wextra" "-std=c++17" "-Wno-unused-parameter" "-DTHROW_ON_FATAL" "-o" "/opt/rustwide/target/debug/build/wasm-opt-sys-6fde5d2af4f90e31/out/cxxbridge/sources/wasm-opt-sys/src/lib.rs.o" "-c" "/opt/rustwide/target/debug/build/wasm-opt-sys-6fde5d2af4f90e31/out/cxxbridge/sources/wasm-opt-sys/src/lib.rs.cc"
[INFO] [stderr]   exit status: 0
[INFO] [stderr]   running: "c++" "-O0" "-ffunction-sections" "-fdata-sections" "-fPIC" "-m64" "-I" "/opt/rustwide/target/debug/build/wasm-opt-sys-6fde5d2af4f90e31/out/cxxbridge/include" "-I" "/opt/rustwide/target/debug/build/wasm-opt-sys-6fde5d2af4f90e31/out/cxxbridge/crate" "-I" "/opt/rustwide/cargo-home/registry/src/index.crates.io-6f17d22bba15001f/wasm-opt-sys-0.110.2/binaryen/src" "-I" "/opt/rustwide/cargo-home/registry/src/index.crates.io-6f17d22bba15001f/wasm-opt-sys-0.110.2/binaryen/src/tools" "-I" "/opt/rustwide/target/debug/build/wasm-opt-sys-6fde5d2af4f90e31/out" "-Wall" "-Wextra" "-std=c++17" "-Wno-unused-parameter" "-DTHROW_ON_FATAL" "-o" "/opt/rustwide/target/debug/build/wasm-opt-sys-6fde5d2af4f90e31/out/wasm-opt-main-shim.o" "-c" "/opt/rustwide/cargo-home/registry/src/index.crates.io-6f17d22bba15001f/wasm-opt-sys-0.110.2/src/wasm-opt-main-shim.cpp"
[INFO] [stderr]   exit status: 0
[INFO] [stderr]   running: "c++" "-O0" "-ffunction-sections" "-fdata-sections" "-fPIC" "-m64" "-I" "/opt/rustwide/target/debug/build/wasm-opt-sys-6fde5d2af4f90e31/out/cxxbridge/include" "-I" "/opt/rustwide/target/debug/build/wasm-opt-sys-6fde5d2af4f90e31/out/cxxbridge/crate" "-I" "/opt/rustwide/cargo-home/registry/src/index.crates.io-6f17d22bba15001f/wasm-opt-sys-0.110.2/binaryen/src" "-I" "/opt/rustwide/cargo-home/registry/src/index.crates.io-6f17d22bba15001f/wasm-opt-sys-0.110.2/binaryen/src/tools" "-I" "/opt/rustwide/target/debug/build/wasm-opt-sys-6fde5d2af4f90e31/out" "-Wall" "-Wextra" "-std=c++17" "-Wno-unused-parameter" "-DTHROW_ON_FATAL" "-o" "/opt/rustwide/target/debug/build/wasm-opt-sys-6fde5d2af4f90e31/out/literal.o" "-c" "/opt/rustwide/cargo-home/registry/src/index.crates.io-6f17d22bba15001f/wasm-opt-sys-0.110.2/binaryen/src/wasm/literal.cpp"
[INFO] [stderr]   running: "c++" "-O0" "-ffunction-sections" "-fdata-sections" "-fPIC" "-m64" "-I" "/opt/rustwide/target/debug/build/wasm-opt-sys-6fde5d2af4f90e31/out/cxxbridge/include" "-I" "/opt/rustwide/target/debug/build/wasm-opt-sys-6fde5d2af4f90e31/out/cxxbridge/crate" "-I" "/opt/rustwide/cargo-home/registry/src/index.crates.io-6f17d22bba15001f/wasm-opt-sys-0.110.2/binaryen/src" "-I" "/opt/rustwide/cargo-home/registry/src/index.crates.io-6f17d22bba15001f/wasm-opt-sys-0.110.2/binaryen/src/tools" "-I" "/opt/rustwide/target/debug/build/wasm-opt-sys-6fde5d2af4f90e31/out" "-Wall" "-Wextra" "-std=c++17" "-Wno-unused-parameter" "-DTHROW_ON_FATAL" "-o" "/opt/rustwide/target/debug/build/wasm-opt-sys-6fde5d2af4f90e31/out/parsing.o" "-c" "/opt/rustwide/cargo-home/registry/src/index.crates.io-6f17d22bba15001f/wasm-opt-sys-0.110.2/binaryen/src/wasm/parsing.cpp"
[INFO] [stderr]   running: "c++" "-O0" "-ffunction-sections" "-fdata-sections" "-fPIC" "-m64" "-I" "/opt/rustwide/target/debug/build/wasm-opt-sys-6fde5d2af4f90e31/out/cxxbridge/include" "-I" "/opt/rustwide/target/debug/build/wasm-opt-sys-6fde5d2af4f90e31/out/cxxbridge/crate" "-I" "/opt/rustwide/cargo-home/registry/src/index.crates.io-6f17d22bba15001f/wasm-opt-sys-0.110.2/binaryen/src" "-I" "/opt/rustwide/cargo-home/registry/src/index.crates.io-6f17d22bba15001f/wasm-opt-sys-0.110.2/binaryen/src/tools" "-I" "/opt/rustwide/target/debug/build/wasm-opt-sys-6fde5d2af4f90e31/out" "-Wall" "-Wextra" "-std=c++17" "-Wno-unused-parameter" "-DTHROW_ON_FATAL" "-o" "/opt/rustwide/target/debug/build/wasm-opt-sys-6fde5d2af4f90e31/out/wasm-binary.o" "-c" "/opt/rustwide/cargo-home/registry/src/index.crates.io-6f17d22bba15001f/wasm-opt-sys-0.110.2/binaryen/src/wasm/wasm-binary.cpp"
[INFO] [stderr]   running: "c++" "-O0" "-ffunction-sections" "-fdata-sections" "-fPIC" "-m64" "-I" "/opt/rustwide/target/debug/build/wasm-opt-sys-6fde5d2af4f90e31/out/cxxbridge/include" "-I" "/opt/rustwide/target/debug/build/wasm-opt-sys-6fde5d2af4f90e31/out/cxxbridge/crate" "-I" "/opt/rustwide/cargo-home/registry/src/index.crates.io-6f17d22bba15001f/wasm-opt-sys-0.110.2/binaryen/src" "-I" "/opt/rustwide/cargo-home/registry/src/index.crates.io-6f17d22bba15001f/wasm-opt-sys-0.110.2/binaryen/src/tools" "-I" "/opt/rustwide/target/debug/build/wasm-opt-sys-6fde5d2af4f90e31/out" "-Wall" "-Wextra" "-std=c++17" "-Wno-unused-parameter" "-DTHROW_ON_FATAL" "-o" "/opt/rustwide/target/debug/build/wasm-opt-sys-6fde5d2af4f90e31/out/wasm-debug.o" "-c" "/opt/rustwide/cargo-home/registry/src/index.crates.io-6f17d22bba15001f/wasm-opt-sys-0.110.2/binaryen/src/wasm/wasm-debug.cpp"
[INFO] [stderr]   exit status: 0
[INFO] [stderr]   running: "c++" "-O0" "-ffunction-sections" "-fdata-sections" "-fPIC" "-m64" "-I" "/opt/rustwide/target/debug/build/wasm-opt-sys-6fde5d2af4f90e31/out/cxxbridge/include" "-I" "/opt/rustwide/target/debug/build/wasm-opt-sys-6fde5d2af4f90e31/out/cxxbridge/crate" "-I" "/opt/rustwide/cargo-home/registry/src/index.crates.io-6f17d22bba15001f/wasm-opt-sys-0.110.2/binaryen/src" "-I" "/opt/rustwide/cargo-home/registry/src/index.crates.io-6f17d22bba15001f/wasm-opt-sys-0.110.2/binaryen/src/tools" "-I" "/opt/rustwide/target/debug/build/wasm-opt-sys-6fde5d2af4f90e31/out" "-Wall" "-Wextra" "-std=c++17" "-Wno-unused-parameter" "-DTHROW_ON_FATAL" "-o" "/opt/rustwide/target/debug/build/wasm-opt-sys-6fde5d2af4f90e31/out/wasm-emscripten.o" "-c" "/opt/rustwide/cargo-home/registry/src/index.crates.io-6f17d22bba15001f/wasm-opt-sys-0.110.2/binaryen/src/wasm/wasm-emscripten.cpp"
[INFO] [stderr]   exit status: 0
[INFO] [stderr]   running: "c++" "-O0" "-ffunction-sections" "-fdata-sections" "-fPIC" "-m64" "-I" "/opt/rustwide/target/debug/build/wasm-opt-sys-6fde5d2af4f90e31/out/cxxbridge/include" "-I" "/opt/rustwide/target/debug/build/wasm-opt-sys-6fde5d2af4f90e31/out/cxxbridge/crate" "-I" "/opt/rustwide/cargo-home/registry/src/index.crates.io-6f17d22bba15001f/wasm-opt-sys-0.110.2/binaryen/src" "-I" "/opt/rustwide/cargo-home/registry/src/index.crates.io-6f17d22bba15001f/wasm-opt-sys-0.110.2/binaryen/src/tools" "-I" "/opt/rustwide/target/debug/build/wasm-opt-sys-6fde5d2af4f90e31/out" "-Wall" "-Wextra" "-std=c++17" "-Wno-unused-parameter" "-DTHROW_ON_FATAL" "-o" "/opt/rustwide/target/debug/build/wasm-opt-sys-6fde5d2af4f90e31/out/wasm-interpreter.o" "-c" "/opt/rustwide/cargo-home/registry/src/index.crates.io-6f17d22bba15001f/wasm-opt-sys-0.110.2/binaryen/src/wasm/wasm-interpreter.cpp"
[INFO] [stderr]   exit status: 0
[INFO] [stderr]   running: "c++" "-O0" "-ffunction-sections" "-fdata-sections" "-fPIC" "-m64" "-I" "/opt/rustwide/target/debug/build/wasm-opt-sys-6fde5d2af4f90e31/out/cxxbridge/include" "-I" "/opt/rustwide/target/debug/build/wasm-opt-sys-6fde5d2af4f90e31/out/cxxbridge/crate" "-I" "/opt/rustwide/cargo-home/registry/src/index.crates.io-6f17d22bba15001f/wasm-opt-sys-0.110.2/binaryen/src" "-I" "/opt/rustwide/cargo-home/registry/src/index.crates.io-6f17d22bba15001f/wasm-opt-sys-0.110.2/binaryen/src/tools" "-I" "/opt/rustwide/target/debug/build/wasm-opt-sys-6fde5d2af4f90e31/out" "-Wall" "-Wextra" "-std=c++17" "-Wno-unused-parameter" "-DTHROW_ON_FATAL" "-o" "/opt/rustwide/target/debug/build/wasm-opt-sys-6fde5d2af4f90e31/out/wasm-io.o" "-c" "/opt/rustwide/cargo-home/registry/src/index.crates.io-6f17d22bba15001f/wasm-opt-sys-0.110.2/binaryen/src/wasm/wasm-io.cpp"
[INFO] [stderr]   running: "c++" "-O0" "-ffunction-sections" "-fdata-sections" "-fPIC" "-m64" "-I" "/opt/rustwide/target/debug/build/wasm-opt-sys-6fde5d2af4f90e31/out/cxxbridge/include" "-I" "/opt/rustwide/target/debug/build/wasm-opt-sys-6fde5d2af4f90e31/out/cxxbridge/crate" "-I" "/opt/rustwide/cargo-home/registry/src/index.crates.io-6f17d22bba15001f/wasm-opt-sys-0.110.2/binaryen/src" "-I" "/opt/rustwide/cargo-home/registry/src/index.crates.io-6f17d22bba15001f/wasm-opt-sys-0.110.2/binaryen/src/tools" "-I" "/opt/rustwide/target/debug/build/wasm-opt-sys-6fde5d2af4f90e31/out" "-Wall" "-Wextra" "-std=c++17" "-Wno-unused-parameter" "-DTHROW_ON_FATAL" "-o" "/opt/rustwide/target/debug/build/wasm-opt-sys-6fde5d2af4f90e31/out/wasm-stack.o" "-c" "/opt/rustwide/cargo-home/registry/src/index.crates.io-6f17d22bba15001f/wasm-opt-sys-0.110.2/binaryen/src/wasm/wasm-stack.cpp"
[INFO] [stderr]   cargo:warning=c++: fatal error: Killed signal terminated program cc1plus
[INFO] [stderr]   cargo:warning=compilation terminated.
[INFO] [stderr]   exit status: 1
[INFO] [stderr]   running: "c++" "-O0" "-ffunction-sections" "-fdata-sections" "-fPIC" "-m64" "-I" "/opt/rustwide/target/debug/build/wasm-opt-sys-6fde5d2af4f90e31/out/cxxbridge/include" "-I" "/opt/rustwide/target/debug/build/wasm-opt-sys-6fde5d2af4f90e31/out/cxxbridge/crate" "-I" "/opt/rustwide/cargo-home/registry/src/index.crates.io-6f17d22bba15001f/wasm-opt-sys-0.110.2/binaryen/src" "-I" "/opt/rustwide/cargo-home/registry/src/index.crates.io-6f17d22bba15001f/wasm-opt-sys-0.110.2/binaryen/src/tools" "-I" "/opt/rustwide/target/debug/build/wasm-opt-sys-6fde5d2af4f90e31/out" "-Wall" "-Wextra" "-std=c++17" "-Wno-unused-parameter" "-DTHROW_ON_FATAL" "-o" "/opt/rustwide/target/debug/build/wasm-opt-sys-6fde5d2af4f90e31/out/wasm-s-parser.o" "-c" "/opt/rustwide/cargo-home/registry/src/index.crates.io-6f17d22bba15001f/wasm-opt-sys-0.110.2/binaryen/src/wasm/wasm-s-parser.cpp"
[INFO] [stderr]   exit status: 0
[INFO] [stderr]   exit status: 0
[INFO] [stderr]   cargo:warning=c++: fatal error: Killed signal terminated program cc1plus
[INFO] [stderr]   cargo:warning=compilation terminated.
[INFO] [stderr]   exit status: 1
[INFO] [stderr]   exit status: 0
[INFO] [stderr]   exit status: 0
[INFO] [stderr] 
[INFO] [stderr]   --- stderr
[INFO] [stderr] 
[INFO] [stderr]   CXX include path:
[INFO] [stderr]     /opt/rustwide/target/debug/build/wasm-opt-sys-6fde5d2af4f90e31/out/cxxbridge/include
[INFO] [stderr]     /opt/rustwide/target/debug/build/wasm-opt-sys-6fde5d2af4f90e31/out/cxxbridge/crate
[INFO] [stderr]     /opt/rustwide/cargo-home/registry/src/index.crates.io-6f17d22bba15001f/wasm-opt-sys-0.110.2/binaryen/src
[INFO] [stderr]     /opt/rustwide/cargo-home/registry/src/index.crates.io-6f17d22bba15001f/wasm-opt-sys-0.110.2/binaryen/src/tools
[INFO] [stderr]     /opt/rustwide/target/debug/build/wasm-opt-sys-6fde5d2af4f90e31/out
[INFO] [stderr] 
[INFO] [stderr] 
[INFO] [stderr]   error occurred: Command "c++" "-O0" "-ffunction-sections" "-fdata-sections" "-fPIC" "-m64" "-I" "/opt/rustwide/target/debug/build/wasm-opt-sys-6fde5d2af4f90e31/out/cxxbridge/include" "-I" "/opt/rustwide/target/debug/build/wasm-opt-sys-6fde5d2af4f90e31/out/cxxbridge/crate" "-I" "/opt/rustwide/cargo-home/registry/src/index.crates.io-6f17d22bba15001f/wasm-opt-sys-0.110.2/binaryen/src" "-I" "/opt/rustwide/cargo-home/registry/src/index.crates.io-6f17d22bba15001f/wasm-opt-sys-0.110.2/binaryen/src/tools" "-I" "/opt/rustwide/target/debug/build/wasm-opt-sys-6fde5d2af4f90e31/out" "-Wall" "-Wextra" "-std=c++17" "-Wno-unused-parameter" "-DTHROW_ON_FATAL" "-o" "/opt/rustwide/target/debug/build/wasm-opt-sys-6fde5d2af4f90e31/out/wasm-binary.o" "-c" "/opt/rustwide/cargo-home/registry/src/index.crates.io-6f17d22bba15001f/wasm-opt-sys-0.110.2/binaryen/src/wasm/wasm-binary.cpp" with args "c++" did not execute successfully (status code exit status: 1).
[INFO] [stderr] 
[INFO] [stderr] 
[INFO] [stderr] warning: build failed, waiting for other jobs to finish...
[INFO] running `Command { std: "docker" "inspect" "0a10ea86363b887284c51d0b3d3a7e71f64677f6ecc0b784be943c00459935ba", kill_on_drop: false }`
[INFO] running `Command { std: "docker" "rm" "-f" "0a10ea86363b887284c51d0b3d3a7e71f64677f6ecc0b784be943c00459935ba", kill_on_drop: false }`
[INFO] [stdout] 0a10ea86363b887284c51d0b3d3a7e71f64677f6ecc0b784be943c00459935ba
