[INFO] cloning repository https://github.com/GDonoghue0/Rustwitter
[INFO] running `Command { std: "git" "-c" "credential.helper=" "-c" "credential.helper=/workspace/cargo-home/bin/git-credential-null" "clone" "--bare" "https://github.com/GDonoghue0/Rustwitter" "/workspace/cache/git-repos/https%3A%2F%2Fgithub.com%2FGDonoghue0%2FRustwitter", kill_on_drop: false }`
[INFO] [stderr] Cloning into bare repository '/workspace/cache/git-repos/https%3A%2F%2Fgithub.com%2FGDonoghue0%2FRustwitter'...
[INFO] running `Command { std: "git" "rev-parse" "HEAD", kill_on_drop: false }`
[INFO] [stdout] cc0d2e16cb6f1e932ba6886c3f57d8d46e3b7e43
[INFO] documenting GDonoghue0/Rustwitter against 1.75.0 for beta-1.76-rustdoc-1
[INFO] running `Command { std: "git" "clone" "/workspace/cache/git-repos/https%3A%2F%2Fgithub.com%2FGDonoghue0%2FRustwitter" "/workspace/builds/worker-7-tc1/source", kill_on_drop: false }`
[INFO] [stderr] Cloning into '/workspace/builds/worker-7-tc1/source'...
[INFO] [stderr] done.
[INFO] validating manifest of git repo https://github.com/GDonoghue0/Rustwitter on toolchain 1.75.0
[INFO] running `Command { std: CARGO_HOME="/workspace/cargo-home" RUSTUP_HOME="/workspace/rustup-home" "/workspace/cargo-home/bin/cargo" "+1.75.0" "metadata" "--manifest-path" "Cargo.toml" "--no-deps", kill_on_drop: false }`
[INFO] started tweaking git repo https://github.com/GDonoghue0/Rustwitter
[INFO] finished tweaking git repo https://github.com/GDonoghue0/Rustwitter
[INFO] tweaked toml for git repo https://github.com/GDonoghue0/Rustwitter written to /workspace/builds/worker-7-tc1/source/Cargo.toml
[INFO] crate git repo https://github.com/GDonoghue0/Rustwitter already has a lockfile, it will not be regenerated
[INFO] running `Command { std: CARGO_HOME="/workspace/cargo-home" RUSTUP_HOME="/workspace/rustup-home" "/workspace/cargo-home/bin/cargo" "+1.75.0" "fetch" "--manifest-path" "Cargo.toml", kill_on_drop: false }`
[INFO] [stderr]     Updating crates.io index
[INFO] [stderr]  Downloading crates ...
[INFO] [stderr]   Downloaded sha-1 v0.9.6
[INFO] [stderr]   Downloaded tide-testing v0.1.3
[INFO] [stderr]   Downloaded value-bag v1.0.0-alpha.7
[INFO] [stderr]   Downloaded async-process v1.1.0
[INFO] [stderr]   Downloaded wasm-bindgen-test-macro v0.3.24
[INFO] [stderr]   Downloaded dbg v1.0.4
[INFO] [stderr]   Downloaded enclose v1.1.8
[INFO] [stderr]   Downloaded ethbloom v0.11.0
[INFO] [stderr]   Downloaded addr2line v0.15.1
[INFO] [stderr]   Downloaded sqlx-rt v0.5.2
[INFO] [stderr]   Downloaded byte-pool v0.2.3
[INFO] [stderr]   Downloaded rustc-demangle v0.1.19
[INFO] [stderr]   Downloaded sqlx-macros v0.5.2
[INFO] [stderr]   Downloaded wasm-bindgen-test v0.3.24
[INFO] [stderr]   Downloaded async-h1 v2.3.2
[INFO] [stderr]   Downloaded sqlx v0.5.2
[INFO] [stderr]   Downloaded seed v0.8.0
[INFO] [stderr]   Downloaded femme v2.1.1
[INFO] [stderr]   Downloaded argonautica v0.2.0
[INFO] [stderr]   Downloaded http-types v2.11.1
[INFO] [stderr]   Downloaded sqlx-core v0.5.2
[INFO] [stderr]   Downloaded bindgen v0.48.1
[INFO] [stderr]   Downloaded rlp v0.5.0
[INFO] [stderr]   Downloaded signal-hook v0.3.8
[INFO] [stderr]   Downloaded parity-scale-codec v2.1.3
[INFO] [stderr]   Downloaded ethabi v14.0.0
[INFO] [stderr]   Downloaded async-rustls v0.2.0
[INFO] [stderr]   Downloaded http-client v6.4.1
[INFO] running `Command { std: "docker" "create" "-v" "/var/lib/crater-agent-workspace/builds/worker-7-tc1/target:/opt/rustwide/target:rw,Z" "-v" "/var/lib/crater-agent-workspace/builds/worker-7-tc1/source:/opt/rustwide/workdir:ro,Z" "-v" "/var/lib/crater-agent-workspace/cargo-home:/opt/rustwide/cargo-home:ro,Z" "-v" "/var/lib/crater-agent-workspace/rustup-home:/opt/rustwide/rustup-home:ro,Z" "-e" "SOURCE_DIR=/opt/rustwide/workdir" "-e" "CARGO_TARGET_DIR=/opt/rustwide/target" "-e" "CARGO_HOME=/opt/rustwide/cargo-home" "-e" "RUSTUP_HOME=/opt/rustwide/rustup-home" "-w" "/opt/rustwide/workdir" "-m" "1610612736" "--user" "0:0" "--network" "none" "ghcr.io/rust-lang/crates-build-env/linux@sha256:2788e3201cd34a07e3172128adcd8b3090168a8e3bcc40d7c032b9dda1df7d1c" "/opt/rustwide/cargo-home/bin/cargo" "+1.75.0" "metadata" "--no-deps" "--format-version=1", kill_on_drop: false }`
[INFO] [stdout] 3859bd8b1f894ddd6c43f9c222c77015a9b3f4ddfeb870755ed8228f296c221d
[INFO] running `Command { std: "docker" "start" "-a" "3859bd8b1f894ddd6c43f9c222c77015a9b3f4ddfeb870755ed8228f296c221d", kill_on_drop: false }`
[INFO] running `Command { std: "docker" "inspect" "3859bd8b1f894ddd6c43f9c222c77015a9b3f4ddfeb870755ed8228f296c221d", kill_on_drop: false }`
[INFO] running `Command { std: "docker" "rm" "-f" "3859bd8b1f894ddd6c43f9c222c77015a9b3f4ddfeb870755ed8228f296c221d", kill_on_drop: false }`
[INFO] [stdout] 3859bd8b1f894ddd6c43f9c222c77015a9b3f4ddfeb870755ed8228f296c221d
[INFO] running `Command { std: "docker" "create" "-v" "/var/lib/crater-agent-workspace/builds/worker-7-tc1/target:/opt/rustwide/target:rw,Z" "-v" "/var/lib/crater-agent-workspace/builds/worker-7-tc1/source:/opt/rustwide/workdir:ro,Z" "-v" "/var/lib/crater-agent-workspace/cargo-home:/opt/rustwide/cargo-home:ro,Z" "-v" "/var/lib/crater-agent-workspace/rustup-home:/opt/rustwide/rustup-home:ro,Z" "-e" "SOURCE_DIR=/opt/rustwide/workdir" "-e" "CARGO_TARGET_DIR=/opt/rustwide/target" "-e" "CARGO_INCREMENTAL=0" "-e" "RUST_BACKTRACE=full" "-e" "RUSTFLAGS=--cap-lints=warn" "-e" "RUSTDOCFLAGS=--cap-lints=warn" "-e" "CARGO_HOME=/opt/rustwide/cargo-home" "-e" "RUSTUP_HOME=/opt/rustwide/rustup-home" "-w" "/opt/rustwide/workdir" "-m" "1610612736" "--user" "0:0" "--network" "none" "ghcr.io/rust-lang/crates-build-env/linux@sha256:2788e3201cd34a07e3172128adcd8b3090168a8e3bcc40d7c032b9dda1df7d1c" "/opt/rustwide/cargo-home/bin/cargo" "+1.75.0" "doc" "--frozen" "--no-deps" "--document-private-items" "--message-format=json", kill_on_drop: false }`
[INFO] [stdout] 24670b340be3b39de499ffd32d4bc60dc8f1bc202c1a979ffe6d7dcbfbb34e66
[INFO] running `Command { std: "docker" "start" "-a" "24670b340be3b39de499ffd32d4bc60dc8f1bc202c1a979ffe6d7dcbfbb34e66", kill_on_drop: false }`
[INFO] [stderr]    Compiling libc v0.2.97
[INFO] [stderr]    Compiling syn v1.0.72
[INFO] [stderr]    Compiling log v0.4.14
[INFO] [stderr]    Compiling futures-core v0.3.15
[INFO] [stderr]    Compiling typenum v1.13.0
[INFO] [stderr]    Compiling serde v1.0.126
[INFO] [stderr]     Checking sval v1.0.0-alpha.5
[INFO] [stderr]    Compiling value-bag v1.0.0-alpha.7
[INFO] [stderr]    Compiling generic-array v0.14.4
[INFO] [stderr]     Checking pin-project-lite v0.2.6
[INFO] [stderr]     Checking once_cell v1.7.2
[INFO] [stderr]    Compiling indexmap v1.6.2
[INFO] [stderr]     Checking itoa v0.4.7
[INFO] [stderr]    Compiling proc-macro-hack v0.5.19
[INFO] [stderr]     Checking ahash v0.4.7
[INFO] [stderr]     Checking futures-io v0.3.15
[INFO] [stderr]    Compiling serde_json v1.0.64
[INFO] [stderr]     Checking slab v0.4.3
[INFO] [stderr]    Compiling memchr v2.4.0
[INFO] [stderr]     Checking hashbrown v0.9.1
[INFO] [stderr]     Checking opaque-debug v0.3.0
[INFO] [stderr]    Compiling crossbeam-utils v0.8.4
[INFO] [stderr]    Compiling futures-channel v0.3.15
[INFO] [stderr]    Compiling futures-task v0.3.15
[INFO] [stderr]    Compiling proc-macro-nested v0.1.7
[INFO] [stderr]     Checking subtle v2.4.0
[INFO] [stderr]    Compiling futures-macro v0.3.15
[INFO] [stderr]     Checking bytes v1.0.1
[INFO] [stderr]    Compiling signal-hook v0.3.8
[INFO] [stderr]     Checking block-padding v0.2.1
[INFO] [stderr]    Compiling futures-util v0.3.15
[INFO] [stderr]     Checking event-listener v2.5.1
[INFO] [stderr]     Checking waker-fn v1.1.0
[INFO] [stderr]     Checking cache-padded v1.1.1
[INFO] [stderr]     Checking fastrand v1.4.1
[INFO] [stderr]     Checking parking v2.0.0
[INFO] [stderr]     Checking concurrent-queue v1.2.2
[INFO] [stderr]     Checking futures-sink v0.3.15
[INFO] [stderr]     Checking matches v0.1.8
[INFO] [stderr]    Compiling getrandom v0.1.16
[INFO] [stderr]     Checking base64 v0.13.0
[INFO] [stderr]     Checking tinyvec_macros v0.1.0
[INFO] [stderr]     Checking futures-lite v1.11.3
[INFO] [stderr]     Checking cpufeatures v0.1.4
[INFO] [stderr]     Checking tinyvec v1.2.0
[INFO] [stderr]     Checking futures v0.1.31
[INFO] [stderr]     Checking unicode-bidi v0.3.5
[INFO] [stderr]    Compiling standback v0.2.17
[INFO] [stderr]     Checking async-task v4.0.3
[INFO] [stderr]     Checking async-channel v1.6.1
[INFO] [stderr]     Checking form_urlencoded v1.0.1
[INFO] [stderr]    Compiling jobserver v0.1.22
[INFO] [stderr]     Checking num_cpus v1.13.0
[INFO] [stderr]     Checking signal-hook-registry v1.3.0
[INFO] [stderr]     Checking getrandom v0.2.3
[INFO] [stderr]     Checking socket2 v0.4.0
[INFO] [stderr]     Checking scopeguard v1.1.0
[INFO] [stderr]     Checking atomic-waker v1.0.0
[INFO] [stderr]     Checking rand_core v0.6.2
[INFO] [stderr]     Checking async-mutex v1.4.0
[INFO] [stderr]    Compiling num-integer v0.1.44
[INFO] [stderr]    Compiling cc v1.0.67
[INFO] [stderr]     Checking instant v0.1.9
[INFO] [stderr]    Compiling wasm-bindgen-shared v0.2.74
[INFO] [stderr]     Checking rand_core v0.5.1
[INFO] [stderr]    Compiling version_check v0.1.5
[INFO] [stderr]     Checking smallvec v1.6.1
[INFO] [stderr]     Checking lock_api v0.4.4
[INFO] [stderr]     Checking rand_chacha v0.3.0
[INFO] [stderr]     Checking async-lock v2.4.0
[INFO] [stderr]     Checking parking_lot_core v0.8.3
[INFO] [stderr]     Checking cpuid-bool v0.2.0
[INFO] [stderr]     Checking rand_pcg v0.2.1
[INFO] [stderr]     Checking unicode-normalization v0.1.17
[INFO] [stderr]     Checking blocking v1.0.2
[INFO] [stderr]     Checking async-executor v1.4.1
[INFO] [stderr]     Checking rand_chacha v0.2.2
[INFO] [stderr]     Checking rand v0.8.3
[INFO] [stderr]    Compiling const_fn v0.4.8
[INFO] [stderr]    Compiling anyhow v1.0.40
[INFO] [stderr]    Compiling radium v0.5.3
[INFO] [stderr]    Compiling time v0.2.26
[INFO] [stderr]    Compiling miniz_oxide v0.4.4
[INFO] [stderr]     Checking rand v0.7.3
[INFO] [stderr]     Checking digest v0.9.0
[INFO] [stderr]     Checking block-buffer v0.9.0
[INFO] [stderr]     Checking cipher v0.2.5
[INFO] [stderr]     Checking crypto-mac v0.10.0
[INFO] [stderr]     Checking universal-hash v0.4.0
[INFO] [stderr]     Checking parking_lot v0.11.1
[INFO] [stderr]     Checking sha2 v0.9.5
[INFO] [stderr]     Checking hmac v0.10.1
[INFO] [stderr]     Checking aes-soft v0.6.4
[INFO] [stderr]     Checking polyval v0.4.5
[INFO] [stderr]    Compiling bumpalo v3.6.1
[INFO] [stderr]     Checking funty v1.1.0
[INFO] [stderr]     Checking wyz v0.2.0
[INFO] [stderr]     Checking ghash v0.3.1
[INFO] [stderr]     Checking ctr v0.6.0
[INFO] [stderr]     Checking aes v0.6.0
[INFO] [stderr]     Checking aead v0.3.2
[INFO] [stderr]    Compiling bitflags v1.2.1
[INFO] [stderr]    Compiling cookie v0.14.4
[INFO] [stderr]    Compiling tokio v1.7.1
[INFO] [stderr]     Checking hkdf v0.10.0
[INFO] [stderr]     Checking time v0.1.44
[INFO] [stderr]    Compiling aho-corasick v0.7.18
[INFO] [stderr]     Checking aes-gcm v0.8.0
[INFO] [stderr]     Checking idna v0.2.3
[INFO] [stderr]     Checking rand_core v0.4.2
[INFO] [stderr]    Compiling autocfg v0.1.7
[INFO] [stderr]    Compiling regex-syntax v0.6.25
[INFO] [stderr]    Compiling wasm-bindgen v0.2.74
[INFO] [stderr]    Compiling untrusted v0.7.1
[INFO] [stderr]    Compiling spin v0.5.2
[INFO] [stderr]    Compiling ring v0.16.20
[INFO] [stderr]    Compiling openssl-sys v0.9.65
[INFO] [stderr]    Compiling backtrace v0.3.59
[INFO] [stderr]    Compiling nom v6.1.2
[INFO] [stderr]     Checking data-encoding v2.3.2
[INFO] [stderr]     Checking arrayvec v0.5.2
[INFO] [stderr]    Compiling radium v0.6.2
[INFO] [stderr]    Compiling http-types v2.11.1
[INFO] [stderr]    Compiling failure_derive v0.1.8
[INFO] [stderr]    Compiling crunchy v0.2.2
[INFO] [stderr]    Compiling httparse v1.4.1
[INFO] [stderr]     Checking http v0.2.4
[INFO] [stderr]    Compiling nom v4.2.3
[INFO] [stderr]    Compiling pin-utils v0.1.0
[INFO] [stderr]    Compiling gimli v0.24.0
[INFO] [stderr]     Checking rustc-hex v2.1.0
[INFO] [stderr]    Compiling build_const v0.2.2
[INFO] [stderr]    Compiling openssl v0.10.35
[INFO] [stderr]    Compiling glob v0.2.11
[INFO] [stderr]     Checking infer v0.2.3
[INFO] [stderr]    Compiling crc v1.8.1
[INFO] [stderr]    Compiling libloading v0.5.2
[INFO] [stderr]    Compiling ryu v1.0.5
[INFO] [stderr]    Compiling ahash v0.7.2
[INFO] [stderr]    Compiling rustc-demangle v0.1.19
[INFO] [stderr]    Compiling clang-sys v0.26.4
[INFO] [stderr]    Compiling proc-macro2 v0.4.30
[INFO] [stderr]    Compiling object v0.24.0
[INFO] [stderr]    Compiling native-tls v0.2.7
[INFO] [stderr]    Compiling whoami v1.1.2
[INFO] [stderr]    Compiling regex v1.5.4
[INFO] [stderr]     Checking bitvec v0.20.4
[INFO] [stderr]     Checking rlp v0.5.0
[INFO] [stderr]     Checking rand_core v0.3.1
[INFO] [stderr]    Compiling synstructure v0.12.4
[INFO] [stderr]    Compiling atty v0.2.14
[INFO] [stderr]    Compiling num-traits v0.2.14
[INFO] [stderr]     Checking tracing-core v0.1.18
[INFO] [stderr]    Compiling unicode-width v0.1.8
[INFO] [stderr]     Checking arrayvec v0.7.1
[INFO] [stderr]    Compiling static_assertions v1.1.0
[INFO] [stderr]     Checking byte-slice-cast v1.0.0
[INFO] [stderr]    Compiling quick-error v1.2.3
[INFO] [stderr]    Compiling tap v1.0.1
[INFO] [stderr]     Checking openssl-probe v0.1.4
[INFO] [stderr]    Compiling tiny-keccak v2.0.2
[INFO] [stderr]    Compiling addr2line v0.15.1
[INFO] [stderr]    Compiling bitvec v0.19.5
[INFO] [stderr]    Compiling humantime v1.3.0
[INFO] [stderr]     Checking tracing v0.1.26
[INFO] [stderr]    Compiling textwrap v0.11.0
[INFO] [stderr]    Compiling lexical-core v0.7.6
[INFO] [stderr]     Checking impl-rlp v0.3.0
[INFO] [stderr]     Checking fixed-hash v0.7.0
[INFO] [stderr]     Checking sha-1 v0.9.6
[INFO] [stderr]     Checking crossbeam-queue v0.3.1
[INFO] [stderr]    Compiling percent-encoding v2.1.0
[INFO] [stderr]    Compiling ansi_term v0.11.0
[INFO] [stderr]    Compiling strsim v0.8.0
[INFO] [stderr]    Compiling ppv-lite86 v0.2.10
[INFO] [stderr]    Compiling vec_map v0.8.2
[INFO] [stderr]    Compiling bindgen v0.48.1
[INFO] [stderr]    Compiling termcolor v1.1.2
[INFO] [stderr]     Checking try-lock v0.2.3
[INFO] [stderr]    Compiling async-trait v0.1.50
[INFO] [stderr]    Compiling scopeguard v0.3.3
[INFO] [stderr]    Compiling hashbrown v0.1.8
[INFO] [stderr]    Compiling cexpr v0.3.6
[INFO] [stderr]    Compiling clap v2.33.3
[INFO] [stderr]    Compiling quote v0.6.13
[INFO] [stderr]     Checking http-body v0.4.2
[INFO] [stderr]     Checking uint v0.9.0
[INFO] [stderr]     Checking webpki v0.21.4
[INFO] [stderr]    Compiling sct v0.6.1
[INFO] [stderr]    Compiling rand_pcg v0.1.2
[INFO] [stderr]    Compiling rand_chacha v0.1.1
[INFO] [stderr]    Compiling blake3 v0.3.7
[INFO] [stderr]    Compiling secp256k1-sys v0.4.1
[INFO] [stderr]     Checking crypto-mac v0.8.0
[INFO] [stderr]    Compiling rand v0.4.6
[INFO] [stderr]    Compiling dirs-sys v0.3.6
[INFO] [stderr]    Compiling unicase v2.6.0
[INFO] [stderr]    Compiling remove_dir_all v0.5.3
[INFO] [stderr]     Checking base64 v0.12.3
[INFO] [stderr]    Compiling unicode_categories v0.1.1
[INFO] [stderr]    Compiling encoding_rs v0.8.28
[INFO] [stderr]     Checking tower-service v0.3.1
[INFO] [stderr]     Checking httpdate v1.0.1
[INFO] [stderr]    Compiling maplit v1.0.2
[INFO] [stderr]    Compiling dirs v3.0.2
[INFO] [stderr]    Compiling webpki-roots v0.21.1
[INFO] [stderr]    Compiling tempdir v0.3.7
[INFO] [stderr]    Compiling atoi v0.4.0
[INFO] [stderr]    Compiling ctor v0.1.20
[INFO] [stderr]    Compiling serde_derive v1.0.126
[INFO] [stderr]    Compiling thiserror-impl v1.0.24
[INFO] [stderr]    Compiling async-attributes v1.1.2
[INFO] [stderr]    Compiling time-macros-impl v0.1.1
[INFO] [stderr]    Compiling tokio-macros v1.2.0
[INFO] [stderr]    Compiling pin-project-internal v1.0.7
[INFO] [stderr]    Compiling md-5 v0.9.1
[INFO] [stderr]    Compiling stringprep v0.1.2
[INFO] [stderr]    Compiling hashlink v0.6.0
[INFO] [stderr]     Checking time-macros v0.1.1
[INFO] [stderr]    Compiling failure v0.1.8
[INFO] [stderr]    Compiling crossbeam-channel v0.5.1
[INFO] [stderr]     Checking polling v2.0.3
[INFO] [stderr]     Checking kv-log-macro v1.0.7
[INFO] [stderr]    Compiling wasm-bindgen-backend v0.2.74
[INFO] [stderr]     Checking mio v0.7.13
[INFO] [stderr]     Checking async-io v1.4.1
[INFO] [stderr]    Compiling rustls v0.19.1
[INFO] [stderr]     Checking thiserror v1.0.24
[INFO] [stderr]    Compiling which v2.0.1
[INFO] [stderr]    Compiling env_logger v0.6.2
[INFO] [stderr]     Checking async-global-executor v2.0.2
[INFO] [stderr]     Checking async-process v1.1.0
[INFO] [stderr]     Checking want v0.3.0
[INFO] [stderr]     Checking async-std v1.9.0
[INFO] [stderr]    Compiling sqlformat v0.1.6
[INFO] [stderr]     Checking pin-project v1.0.7
[INFO] [stderr]    Compiling rand v0.6.5
[INFO] [stderr]    Compiling wasm-bindgen-macro-support v0.2.74
[INFO] [stderr]    Compiling dbg v1.0.4
[INFO] [stderr]     Checking simple-mutex v1.1.5
[INFO] [stderr]     Checking keccak v0.1.0
[INFO] [stderr]    Compiling either v1.6.1
[INFO] [stderr]     Checking stable_deref_trait v1.2.0
[INFO] [stderr]     Checking mime v0.3.16
[INFO] [stderr]    Compiling unicode-segmentation v1.7.1
[INFO] [stderr]    Compiling hex v0.4.3
[INFO] [stderr]     Checking arrayref v0.3.6
[INFO] [stderr]     Checking constant_time_eq v0.1.5
[INFO] [stderr]    Compiling pulldown-cmark v0.8.0
[INFO] [stderr]    Compiling async-rustls v0.2.0
[INFO] [stderr]    Compiling heck v0.3.2
[INFO] [stderr]     Checking sha3 v0.9.1
[INFO] [stderr]     Checking byte-pool v0.2.3
[INFO] [stderr]     Checking getopts v0.2.21
[INFO] [stderr]    Compiling wasm-bindgen-macro v0.2.74
[INFO] [stderr]     Checking async-dup v1.2.2
[INFO] [stderr]     Checking hmac v0.8.1
[INFO] [stderr]     Checking rand_hc v0.1.0
[INFO] [stderr]     Checking rand_isaac v0.1.1
[INFO] [stderr]     Checking rand_xorshift v0.1.1
[INFO] [stderr]     Checking headers-core v0.2.0
[INFO] [stderr]     Checking rand_os v0.1.3
[INFO] [stderr]     Checking futures-executor v0.3.15
[INFO] [stderr]     Checking rand_jitter v0.1.4
[INFO] [stderr]     Checking futures v0.3.15
[INFO] [stderr]     Checking dashmap v4.0.2
[INFO] [stderr]    Compiling seed v0.8.0
[INFO] [stderr]     Checking bytes v0.5.6
[INFO] [stderr]    Compiling convert_case v0.4.0
[INFO] [stderr]     Checking pin-project-lite v0.1.12
[INFO] [stderr]    Compiling dotenv v0.15.0
[INFO] [stderr]     Checking ipnet v2.3.1
[INFO] [stderr]     Checking headers v0.3.4
[INFO] [stderr]     Checking soketto v0.4.2
[INFO] [stderr]     Checking env_logger v0.7.1
[INFO] [stderr]    Compiling derive_more v0.99.14
[INFO] [stderr]     Checking base64 v0.10.1
[INFO] [stderr]     Checking futures-cpupool v0.1.8
[INFO] [stderr]     Checking futures-timer v3.0.2
[INFO] [stderr]     Checking enclose v1.1.8
[INFO] [stderr]     Checking route-recognizer v0.2.0
[INFO] [stderr]     Checking pretty_env_logger v0.4.0
[INFO] [stderr]     Checking sqlx-rt v0.5.2
[INFO] [stderr]     Checking tokio-util v0.6.7
[INFO] [stderr]     Checking tokio-native-tls v0.3.0
[INFO] [stderr]     Checking tokio-stream v0.1.6
[INFO] [stderr]     Checking h2 v0.3.3
[INFO] [stderr]     Checking secp256k1 v0.20.3
[INFO] [stderr]     Checking url v2.2.2
[INFO] [stderr]     Checking serde_urlencoded v0.7.0
[INFO] [stderr]     Checking serde_qs v0.7.2
[INFO] [stderr]     Checking chrono v0.4.19
[INFO] [stderr]     Checking uuid v0.8.2
[INFO] [stderr]     Checking impl-serde v0.3.1
[INFO] [stderr]     Checking parity-scale-codec v2.1.3
[INFO] [stderr]     Checking bincode v1.3.3
[INFO] [stderr]     Checking ethbloom v0.11.0
[INFO] [stderr]     Checking hyper v0.14.9
[INFO] [stderr]     Checking web3-async-native-tls v0.4.0
[INFO] [stderr]     Checking impl-codec v0.5.0
[INFO] [stderr]     Checking primitive-types v0.9.0
[INFO] [stderr]     Checking femme v2.1.1
[INFO] [stderr]     Checking sqlx-core v0.5.2
[INFO] [stderr]     Checking async-session v2.0.1
[INFO] [stderr]     Checking jsonrpc-core v17.1.0
[INFO] [stderr]     Checking assert-json-diff v2.0.1
[INFO] [stderr]     Checking ethereum-types v0.11.0
[INFO] [stderr]     Checking js-sys v0.3.51
[INFO] [stderr]     Checking console_error_panic_hook v0.1.6
[INFO] [stderr]     Checking hyper-tls v0.5.0
[INFO] [stderr]     Checking ethabi v14.0.0
[INFO] [stderr]     Checking reqwest v0.11.4
[INFO] [stderr]     Checking http-client v6.4.1
[INFO] [stderr]     Checking async-h1 v2.3.2
[INFO] [stderr]     Checking async-sse v4.1.0
[INFO] [stderr]     Checking shared v0.1.0 (/opt/rustwide/workdir/shared)
[INFO] [stderr]  Documenting shared v0.1.0 (/opt/rustwide/workdir/shared)
[INFO] [stderr]     Checking tide v0.16.0
[INFO] [stderr]     Checking web3 v0.16.0
[INFO] [stderr]     Checking web-sys v0.3.51
[INFO] [stderr]     Checking wasm-bindgen-futures v0.4.24
[INFO] [stderr]    Compiling argonautica v0.2.0
[INFO] [stderr]    Compiling sqlx-macros v0.5.2
[INFO] [stderr]     Checking gloo-events v0.1.1
[INFO] [stderr]     Checking gloo-timers v0.2.1
[INFO] [stderr]     Checking gloo-file v0.1.0
[INFO] [stderr]     Checking sqlx v0.5.2
[INFO] [stderr]  Documenting backend v0.1.0 (/opt/rustwide/workdir/backend)
[INFO] [stdout] error: error communicating with the server: Cannot assign requested address (os error 99)
[INFO] [stdout]   --> backend/src/endpoints/me.rs:40:22
[INFO] [stdout]    |
[INFO] [stdout] 40 |           let events = query!(
[INFO] [stdout]    |  ______________________^
[INFO] [stdout] 41 | |             r#"
[INFO] [stdout] 42 | |             select
[INFO] [stdout] 43 | |                 events.id as event_id
[INFO] [stdout] ...  |
[INFO] [stdout] 68 | |             offset,
[INFO] [stdout] 69 | |         )
[INFO] [stdout]    | |_________^
[INFO] [stdout]    |
[INFO] [stdout]    = note: this error originates in the macro `$crate::sqlx_macros::expand_query` which comes from the expansion of the macro `query` (in Nightly builds, run with -Z macro-backtrace for more info)
[INFO] [stdout] 
[INFO] [stdout] 
[INFO] [stdout] error: error communicating with the server: Cannot assign requested address (os error 99)
[INFO] [stdout]   --> backend/src/endpoints/users.rs:30:22
[INFO] [stdout]    |
[INFO] [stdout] 30 |         let result = query!("select 1 as one from users where username = $1", create_user.username)
[INFO] [stdout]    |                      ^^^^^^^^^^^^^^^^^^^^^^^^^^^^^^^^^^^^^^^^^^^^^^^^^^^^^^^^^^^^^^^^^^^^^^^^^^^^^^
[INFO] [stdout]    |
[INFO] [stdout]    = note: this error originates in the macro `$crate::sqlx_macros::expand_query` which comes from the expansion of the macro `query` (in Nightly builds, run with -Z macro-backtrace for more info)
[INFO] [stdout] 
[INFO] [stdout] 
[INFO] [stdout] error: error communicating with the server: Cannot assign requested address (os error 99)
[INFO] [stdout]   --> backend/src/endpoints/users.rs:55:19
[INFO] [stdout]    |
[INFO] [stdout] 55 |           let row = query!(
[INFO] [stdout]    |  ___________________^
[INFO] [stdout] 56 | |             r#"
[INFO] [stdout] 57 | |                 insert into users (id, username, hashed_password, created_at, updated_at)
[INFO] [stdout] 58 | |                 values ($1, $2, $3, $4, $5) returning id
[INFO] [stdout] ...  |
[INFO] [stdout] 64 | |             now,
[INFO] [stdout] 65 | |         ).fetch_one(db_pool).await?;
[INFO] [stdout]    | |_________^
[INFO] [stdout]    |
[INFO] [stdout]    = note: this error originates in the macro `$crate::sqlx_macros::expand_query` which comes from the expansion of the macro `query` (in Nightly builds, run with -Z macro-backtrace for more info)
[INFO] [stdout] 
[INFO] [stdout] 
[INFO] [stdout] error: error communicating with the server: Cannot assign requested address (os error 99)
[INFO] [stdout]   --> backend/src/endpoints/users.rs:69:21
[INFO] [stdout]    |
[INFO] [stdout] 69 |           let token = query!(
[INFO] [stdout]    |  _____________________^
[INFO] [stdout] 70 | |             r#"
[INFO] [stdout] 71 | |                 insert into auth_tokens (id, user_id, token, created_at, updated_at)
[INFO] [stdout] 72 | |                 values ($1, $2, $3, $4, $5) returning token
[INFO] [stdout] ...  |
[INFO] [stdout] 78 | |             now,
[INFO] [stdout] 79 | |         ).fetch_one(db_pool).await?;
[INFO] [stdout]    | |_________^
[INFO] [stdout]    |
[INFO] [stdout]    = note: this error originates in the macro `$crate::sqlx_macros::expand_query` which comes from the expansion of the macro `query` (in Nightly builds, run with -Z macro-backtrace for more info)
[INFO] [stdout] 
[INFO] [stdout] 
[INFO] [stdout] error: error communicating with the server: Cannot assign requested address (os error 99)
[INFO] [stdout]   --> backend/src/endpoints/users.rs:92:20
[INFO] [stdout]    |
[INFO] [stdout] 92 |           let user = query!(
[INFO] [stdout]    |  ____________________^
[INFO] [stdout] 93 | |             r#"
[INFO] [stdout] 94 | |                 select id, hashed_password
[INFO] [stdout] 95 | |                 from users
[INFO] [stdout] ...  |
[INFO] [stdout] 98 | |             username
[INFO] [stdout] 99 | |         )
[INFO] [stdout]    | |_________^
[INFO] [stdout]    |
[INFO] [stdout]    = note: this error originates in the macro `$crate::sqlx_macros::expand_query` which comes from the expansion of the macro `query` (in Nightly builds, run with -Z macro-backtrace for more info)
[INFO] [stdout] 
[INFO] [stdout] 
[INFO] [stdout] error: error communicating with the server: Cannot assign requested address (os error 99)
[INFO] [stdout]    --> backend/src/endpoints/users.rs:122:29
[INFO] [stdout]     |
[INFO] [stdout] 122 |               let token_row = query!(
[INFO] [stdout]     |  _____________________________^
[INFO] [stdout] 123 | |                 r#"
[INFO] [stdout] 124 | |                     select token
[INFO] [stdout] 125 | |                     from auth_tokens
[INFO] [stdout] ...   |
[INFO] [stdout] 128 | |                 user.id
[INFO] [stdout] 129 | |             ).fetch_one(&db_pool).await?;
[INFO] [stdout]     | |_____________^
[INFO] [stdout]     |
[INFO] [stdout]     = note: this error originates in the macro `$crate::sqlx_macros::expand_query` which comes from the expansion of the macro `query` (in Nightly builds, run with -Z macro-backtrace for more info)
[INFO] [stdout] 
[INFO] [stdout] 
[INFO] [stdout] error: error communicating with the server: Cannot assign requested address (os error 99)
[INFO] [stdout]    --> backend/src/endpoints/users.rs:143:15
[INFO] [stdout]     |
[INFO] [stdout] 143 |     let row = query!("select id from users where username = $1", username).fetch_optional(&db_pool).await?;
[INFO] [stdout]     |               ^^^^^^^^^^^^^^^^^^^^^^^^^^^^^^^^^^^^^^^^^^^^^^^^^^^^^^^^^^^^
[INFO] [stdout]     |
[INFO] [stdout]     = note: this error originates in the macro `$crate::sqlx_macros::expand_query` which comes from the expansion of the macro `query` (in Nightly builds, run with -Z macro-backtrace for more info)
[INFO] [stdout] 
[INFO] [stdout] 
[INFO] [stdout] error: error communicating with the server: Cannot assign requested address (os error 99)
[INFO] [stdout]    --> backend/src/endpoints/users.rs:160:18
[INFO] [stdout]     |
[INFO] [stdout] 160 |       let pg_res = query!(
[INFO] [stdout]     |  __________________^
[INFO] [stdout] 161 | |         r#"
[INFO] [stdout] 162 | |             insert into follows (id, follower_id, followed_id, created_at, updated_at)
[INFO] [stdout] 163 | |             values ($1, $2, $3, $4, $5)
[INFO] [stdout] ...   |
[INFO] [stdout] 169 | |         now,
[INFO] [stdout] 170 | |     ).execute(&db_pool).await?;
[INFO] [stdout]     | |_____^
[INFO] [stdout]     |
[INFO] [stdout]     = note: this error originates in the macro `$crate::sqlx_macros::expand_query` which comes from the expansion of the macro `query` (in Nightly builds, run with -Z macro-backtrace for more info)
[INFO] [stdout] 
[INFO] [stdout] 
[INFO] [stdout] error: error communicating with the server: Cannot assign requested address (os error 99)
[INFO] [stdout]    --> backend/src/endpoints/users.rs:184:15
[INFO] [stdout]     |
[INFO] [stdout] 184 |     let row = query!("select id from users where username = $1", username).fetch_optional(&db_pool).await?;
[INFO] [stdout]     |               ^^^^^^^^^^^^^^^^^^^^^^^^^^^^^^^^^^^^^^^^^^^^^^^^^^^^^^^^^^^^
[INFO] [stdout]     |
[INFO] [stdout]     = note: this error originates in the macro `$crate::sqlx_macros::expand_query` which comes from the expansion of the macro `query` (in Nightly builds, run with -Z macro-backtrace for more info)
[INFO] [stdout] 
[INFO] [stdout] 
[INFO] [stdout] error: error communicating with the server: Cannot assign requested address (os error 99)
[INFO] [stdout]    --> backend/src/endpoints/users.rs:192:16
[INFO] [stdout]     |
[INFO] [stdout] 192 |       let rows = query_as!(UserResponse,
[INFO] [stdout]     |  ________________^
[INFO] [stdout] 193 | |         r#"
[INFO] [stdout] 194 | |             select users.id, users.username
[INFO] [stdout] 195 | |             from users
[INFO] [stdout] 196 | |             inner join follows on follows.follower_id = $1
[INFO] [stdout] 197 | |             and follows.followed_id = users.id
[INFO] [stdout] 198 | |         "#, user_id).fetch_all(&db_pool).await?;
[INFO] [stdout]     | |____________________^
[INFO] [stdout]     |
[INFO] [stdout]     = note: this error originates in the macro `$crate::sqlx_macros::expand_query` which comes from the expansion of the macro `query_as` (in Nightly builds, run with -Z macro-backtrace for more info)
[INFO] [stdout] 
[INFO] [stdout] 
[INFO] [stdout] error: error communicating with the server: Cannot assign requested address (os error 99)
[INFO] [stdout]    --> backend/src/endpoints/users.rs:207:15
[INFO] [stdout]     |
[INFO] [stdout] 207 |     let row = query!("select id from users where username = $1", username).fetch_optional(&db_pool).await?;
[INFO] [stdout]     |               ^^^^^^^^^^^^^^^^^^^^^^^^^^^^^^^^^^^^^^^^^^^^^^^^^^^^^^^^^^^^
[INFO] [stdout]     |
[INFO] [stdout]     = note: this error originates in the macro `$crate::sqlx_macros::expand_query` which comes from the expansion of the macro `query` (in Nightly builds, run with -Z macro-backtrace for more info)
[INFO] [stdout] 
[INFO] [stdout] 
[INFO] [stdout] error: error communicating with the server: Cannot assign requested address (os error 99)
[INFO] [stdout]    --> backend/src/endpoints/users.rs:215:16
[INFO] [stdout]     |
[INFO] [stdout] 215 |       let rows = query_as!(UserResponse,
[INFO] [stdout]     |  ________________^
[INFO] [stdout] 216 | |         r#"
[INFO] [stdout] 217 | |             select users.id, users.username
[INFO] [stdout] 218 | |             from users
[INFO] [stdout] 219 | |             inner join follows on follows.followed_id = $1
[INFO] [stdout] 220 | |             and follows.follower_id = users.id
[INFO] [stdout] 221 | |         "#, user_id).fetch_all(&db_pool).await?;
[INFO] [stdout]     | |____________________^
[INFO] [stdout]     |
[INFO] [stdout]     = note: this error originates in the macro `$crate::sqlx_macros::expand_query` which comes from the expansion of the macro `query_as` (in Nightly builds, run with -Z macro-backtrace for more info)
[INFO] [stdout] 
[INFO] [stdout] 
[INFO] [stdout] error: error communicating with the server: Cannot assign requested address (os error 99)
[INFO] [stdout]    --> backend/src/endpoints/users.rs:227:15
[INFO] [stdout]     |
[INFO] [stdout] 227 |       let row = query!(
[INFO] [stdout]     |  _______________^
[INFO] [stdout] 228 | |     r#"
[INFO] [stdout] 229 | |         select 1 as one from follows
[INFO] [stdout] 230 | |         where follower_id = $1 and followed_id = $2
[INFO] [stdout] ...   |
[INFO] [stdout] 233 | |         followee_id
[INFO] [stdout] 234 | |     )
[INFO] [stdout]     | |_____^
[INFO] [stdout]     |
[INFO] [stdout]     = note: this error originates in the macro `$crate::sqlx_macros::expand_query` which comes from the expansion of the macro `query` (in Nightly builds, run with -Z macro-backtrace for more info)
[INFO] [stdout] 
[INFO] [stdout] 
[INFO] [stdout] error: error communicating with the server: Cannot assign requested address (os error 99)
[INFO] [stdout]    --> backend/src/endpoints/users.rs:248:20
[INFO] [stdout]     |
[INFO] [stdout] 248 |           let user = query_as!(UserResponse,
[INFO] [stdout]     |  ____________________^
[INFO] [stdout] 249 | |             r#"
[INFO] [stdout] 250 | |                 select id, username
[INFO] [stdout] 251 | |                 from users
[INFO] [stdout] ...   |
[INFO] [stdout] 254 | |             username
[INFO] [stdout] 255 | |         )
[INFO] [stdout]     | |_________^
[INFO] [stdout]     |
[INFO] [stdout]     = note: this error originates in the macro `$crate::sqlx_macros::expand_query` which comes from the expansion of the macro `query_as` (in Nightly builds, run with -Z macro-backtrace for more info)
[INFO] [stdout] 
[INFO] [stdout] 
[INFO] [stdout] error: error communicating with the server: Cannot assign requested address (os error 99)
[INFO] [stdout]    --> backend/src/endpoints/users.rs:270:5
[INFO] [stdout]     |
[INFO] [stdout] 270 |     query!("delete from auth_tokens where token = $1", auth_token)
[INFO] [stdout]     |     ^^^^^^^^^^^^^^^^^^^^^^^^^^^^^^^^^^^^^^^^^^^^^^^^^^^^^^^^^^^^^^
[INFO] [stdout]     |
[INFO] [stdout]     = note: this error originates in the macro `$crate::sqlx_macros::expand_query` which comes from the expansion of the macro `query` (in Nightly builds, run with -Z macro-backtrace for more info)
[INFO] [stdout] 
[INFO] [stdout] 
[INFO] [stdout] error: error communicating with the server: Cannot assign requested address (os error 99)
[INFO] [stdout]   --> backend/src/endpoints/events.rs:29:19
[INFO] [stdout]    |
[INFO] [stdout] 29 |           let row = query!(
[INFO] [stdout]    |  ___________________^
[INFO] [stdout] 30 | |             r#"
[INFO] [stdout] 31 | |                 insert into events (id, user_id, content, created_at, updated_at)
[INFO] [stdout] 32 | |                 values ($1, $2, $3, $4, $5) returning id, content 
[INFO] [stdout] ...  |
[INFO] [stdout] 38 | |             now,
[INFO] [stdout] 39 | |         ).fetch_one(db_pool).await?;
[INFO] [stdout]    | |_________^
[INFO] [stdout]    |
[INFO] [stdout]    = note: this error originates in the macro `$crate::sqlx_macros::expand_query` which comes from the expansion of the macro `query` (in Nightly builds, run with -Z macro-backtrace for more info)
[INFO] [stdout] 
[INFO] [stdout] 
[INFO] [stdout] error: error communicating with the server: Cannot assign requested address (os error 99)
[INFO] [stdout]   --> backend/src/endpoints/mod.rs:38:16
[INFO] [stdout]    |
[INFO] [stdout] 38 |       let user = query_as!(UserResponse, r#"
[INFO] [stdout]    |  ________________^
[INFO] [stdout] 39 | |         select users.id, users.username
[INFO] [stdout] 40 | |         from users
[INFO] [stdout] 41 | |         inner join auth_tokens 
[INFO] [stdout] ...  |
[INFO] [stdout] 44 | |         "#,
[INFO] [stdout] 45 | |         auth_token)
[INFO] [stdout]    | |___________________^
[INFO] [stdout]    |
[INFO] [stdout]    = note: this error originates in the macro `$crate::sqlx_macros::expand_query` which comes from the expansion of the macro `query_as` (in Nightly builds, run with -Z macro-backtrace for more info)
[INFO] [stdout] 
[INFO] [stdout] 
[INFO] [stdout] error: aborting due to 17 previous errors
[INFO] [stdout] 
[INFO] [stdout] 
[INFO] [stderr] error: could not document `backend`
[INFO] [stderr] 
[INFO] [stderr] Caused by:
[INFO] [stderr]   process didn't exit successfully: `/opt/rustwide/rustup-home/toolchains/1.75.0-x86_64-unknown-linux-gnu/bin/rustdoc --edition=2018 --crate-type bin --crate-name backend backend/src/main.rs -o /opt/rustwide/target/doc --error-format=json --json=diagnostic-rendered-ansi,artifacts,future-incompat --document-private-items '-Arustdoc::private-intra-doc-links' -C metadata=2e3070a1108bb9ea -L dependency=/opt/rustwide/target/debug/deps --extern argonautica=/opt/rustwide/target/debug/deps/libargonautica-830a14033843dfdf.rmeta --extern assert_json_diff=/opt/rustwide/target/debug/deps/libassert_json_diff-7704c42af179dcbc.rmeta --extern async_std=/opt/rustwide/target/debug/deps/libasync_std-e6b552c13c33789c.rmeta --extern async_trait=/opt/rustwide/target/debug/deps/libasync_trait-a1ab5519bb192ae3.so --extern chrono=/opt/rustwide/target/debug/deps/libchrono-ed6bc1d95cbebc81.rmeta --extern dotenv=/opt/rustwide/target/debug/deps/libdotenv-5c7b155fb9ea380a.rmeta --extern failure=/opt/rustwide/target/debug/deps/libfailure-62d8d21a99f0abc1.rmeta --extern futures=/opt/rustwide/target/debug/deps/libfutures-c5768a8afb79276e.rmeta --extern http_types=/opt/rustwide/target/debug/deps/libhttp_types-e899532d06d49d1c.rmeta --extern lazy_static=/opt/rustwide/target/debug/deps/liblazy_static-e7445b4e8703c20b.rmeta --extern pretty_env_logger=/opt/rustwide/target/debug/deps/libpretty_env_logger-f907104a98f2a659.rmeta --extern rand=/opt/rustwide/target/debug/deps/librand-7d858da8d53158d8.rmeta --extern rand_core=/opt/rustwide/target/debug/deps/librand_core-73211650992d5ffe.rmeta --extern regex=/opt/rustwide/target/debug/deps/libregex-37a6db17ac6adad7.rmeta --extern serde=/opt/rustwide/target/debug/deps/libserde-e8bf7cea46d856cb.rmeta --extern serde_json=/opt/rustwide/target/debug/deps/libserde_json-a28e715f6720d0c4.rmeta --extern shared=/opt/rustwide/target/debug/deps/libshared-1e4afd8e80bfbc9b.rmeta --extern sqlx=/opt/rustwide/target/debug/deps/libsqlx-7b36704819a46c73.rmeta --extern thiserror=/opt/rustwide/target/debug/deps/libthiserror-f7e33b16024a3b12.rmeta --extern tide=/opt/rustwide/target/debug/deps/libtide-22bd19403b610c50.rmeta --extern tokio=/opt/rustwide/target/debug/deps/libtokio-72507f401e4939a0.rmeta --extern uuid=/opt/rustwide/target/debug/deps/libuuid-e343254716b851e6.rmeta --extern web3=/opt/rustwide/target/debug/deps/libweb3-3814f5fa9f167a2e.rmeta --cap-lints=warn --crate-version 0.1.0` (exit status: 1)
[INFO] [stderr] warning: build failed, waiting for other jobs to finish...
[INFO] running `Command { std: "docker" "inspect" "24670b340be3b39de499ffd32d4bc60dc8f1bc202c1a979ffe6d7dcbfbb34e66", kill_on_drop: false }`
[INFO] running `Command { std: "docker" "rm" "-f" "24670b340be3b39de499ffd32d4bc60dc8f1bc202c1a979ffe6d7dcbfbb34e66", kill_on_drop: false }`
[INFO] [stdout] 24670b340be3b39de499ffd32d4bc60dc8f1bc202c1a979ffe6d7dcbfbb34e66
[INFO] documenting GDonoghue0/Rustwitter against beta-2023-12-22 for beta-1.76-rustdoc-1
[INFO] running `Command { std: "git" "clone" "/workspace/cache/git-repos/https%3A%2F%2Fgithub.com%2FGDonoghue0%2FRustwitter" "/workspace/builds/worker-7-tc2/source", kill_on_drop: false }`
[INFO] [stderr] Cloning into '/workspace/builds/worker-7-tc2/source'...
[INFO] [stderr] done.
[INFO] validating manifest of git repo https://github.com/GDonoghue0/Rustwitter on toolchain beta-2023-12-22
[INFO] running `Command { std: CARGO_HOME="/workspace/cargo-home" RUSTUP_HOME="/workspace/rustup-home" "/workspace/cargo-home/bin/cargo" "+beta-2023-12-22" "metadata" "--manifest-path" "Cargo.toml" "--no-deps", kill_on_drop: false }`
[INFO] started tweaking git repo https://github.com/GDonoghue0/Rustwitter
[INFO] finished tweaking git repo https://github.com/GDonoghue0/Rustwitter
[INFO] tweaked toml for git repo https://github.com/GDonoghue0/Rustwitter written to /workspace/builds/worker-7-tc2/source/Cargo.toml
[INFO] crate git repo https://github.com/GDonoghue0/Rustwitter already has a lockfile, it will not be regenerated
[INFO] running `Command { std: CARGO_HOME="/workspace/cargo-home" RUSTUP_HOME="/workspace/rustup-home" "/workspace/cargo-home/bin/cargo" "+beta-2023-12-22" "fetch" "--manifest-path" "Cargo.toml", kill_on_drop: false }`
[INFO] running `Command { std: "docker" "create" "-v" "/var/lib/crater-agent-workspace/builds/worker-7-tc2/target:/opt/rustwide/target:rw,Z" "-v" "/var/lib/crater-agent-workspace/builds/worker-7-tc2/source:/opt/rustwide/workdir:ro,Z" "-v" "/var/lib/crater-agent-workspace/cargo-home:/opt/rustwide/cargo-home:ro,Z" "-v" "/var/lib/crater-agent-workspace/rustup-home:/opt/rustwide/rustup-home:ro,Z" "-e" "SOURCE_DIR=/opt/rustwide/workdir" "-e" "CARGO_TARGET_DIR=/opt/rustwide/target" "-e" "CARGO_HOME=/opt/rustwide/cargo-home" "-e" "RUSTUP_HOME=/opt/rustwide/rustup-home" "-w" "/opt/rustwide/workdir" "-m" "1610612736" "--user" "0:0" "--network" "none" "ghcr.io/rust-lang/crates-build-env/linux@sha256:2788e3201cd34a07e3172128adcd8b3090168a8e3bcc40d7c032b9dda1df7d1c" "/opt/rustwide/cargo-home/bin/cargo" "+beta-2023-12-22" "metadata" "--no-deps" "--format-version=1", kill_on_drop: false }`
[INFO] [stdout] 7f4e1d873a51305fb2515e4b63451b1abb772689a5680881fe87676208e3112b
[INFO] running `Command { std: "docker" "start" "-a" "7f4e1d873a51305fb2515e4b63451b1abb772689a5680881fe87676208e3112b", kill_on_drop: false }`
[INFO] running `Command { std: "docker" "inspect" "7f4e1d873a51305fb2515e4b63451b1abb772689a5680881fe87676208e3112b", kill_on_drop: false }`
[INFO] running `Command { std: "docker" "rm" "-f" "7f4e1d873a51305fb2515e4b63451b1abb772689a5680881fe87676208e3112b", kill_on_drop: false }`
[INFO] [stdout] 7f4e1d873a51305fb2515e4b63451b1abb772689a5680881fe87676208e3112b
[INFO] running `Command { std: "docker" "create" "-v" "/var/lib/crater-agent-workspace/builds/worker-7-tc2/target:/opt/rustwide/target:rw,Z" "-v" "/var/lib/crater-agent-workspace/builds/worker-7-tc2/source:/opt/rustwide/workdir:ro,Z" "-v" "/var/lib/crater-agent-workspace/cargo-home:/opt/rustwide/cargo-home:ro,Z" "-v" "/var/lib/crater-agent-workspace/rustup-home:/opt/rustwide/rustup-home:ro,Z" "-e" "SOURCE_DIR=/opt/rustwide/workdir" "-e" "CARGO_TARGET_DIR=/opt/rustwide/target" "-e" "CARGO_INCREMENTAL=0" "-e" "RUST_BACKTRACE=full" "-e" "RUSTFLAGS=--cap-lints=warn" "-e" "RUSTDOCFLAGS=--cap-lints=warn" "-e" "CARGO_HOME=/opt/rustwide/cargo-home" "-e" "RUSTUP_HOME=/opt/rustwide/rustup-home" "-w" "/opt/rustwide/workdir" "-m" "1610612736" "--user" "0:0" "--network" "none" "ghcr.io/rust-lang/crates-build-env/linux@sha256:2788e3201cd34a07e3172128adcd8b3090168a8e3bcc40d7c032b9dda1df7d1c" "/opt/rustwide/cargo-home/bin/cargo" "+beta-2023-12-22" "doc" "--frozen" "--no-deps" "--document-private-items" "--message-format=json", kill_on_drop: false }`
[INFO] [stdout] 85a9808f3dff94f4276b5164474b0877231e5709d16211627145b98bc212ab9c
[INFO] running `Command { std: "docker" "start" "-a" "85a9808f3dff94f4276b5164474b0877231e5709d16211627145b98bc212ab9c", kill_on_drop: false }`
[INFO] [stderr]    Compiling libc v0.2.97
[INFO] [stderr]    Compiling syn v1.0.72
[INFO] [stderr]    Compiling log v0.4.14
[INFO] [stderr]    Compiling futures-core v0.3.15
[INFO] [stderr]    Compiling typenum v1.13.0
[INFO] [stderr]    Compiling serde v1.0.126
[INFO] [stderr]     Checking sval v1.0.0-alpha.5
[INFO] [stderr]    Compiling value-bag v1.0.0-alpha.7
[INFO] [stderr]    Compiling generic-array v0.14.4
[INFO] [stderr]     Checking pin-project-lite v0.2.6
[INFO] [stderr]     Checking once_cell v1.7.2
[INFO] [stderr]    Compiling indexmap v1.6.2
[INFO] [stderr]     Checking itoa v0.4.7
[INFO] [stderr]     Checking futures-io v0.3.15
[INFO] [stderr]    Compiling proc-macro-hack v0.5.19
[INFO] [stderr]     Checking ahash v0.4.7
[INFO] [stderr]    Compiling serde_json v1.0.64
[INFO] [stderr]     Checking slab v0.4.3
[INFO] [stderr]    Compiling memchr v2.4.0
[INFO] [stderr]     Checking opaque-debug v0.3.0
[INFO] [stderr]     Checking hashbrown v0.9.1
[INFO] [stderr]    Compiling crossbeam-utils v0.8.4
[INFO] [stderr]    Compiling futures-channel v0.3.15
[INFO] [stderr]    Compiling futures-task v0.3.15
[INFO] [stderr]    Compiling proc-macro-nested v0.1.7
[INFO] [stderr]     Checking subtle v2.4.0
[INFO] [stderr]    Compiling futures-macro v0.3.15
[INFO] [stderr]    Compiling signal-hook v0.3.8
[INFO] [stderr]     Checking block-padding v0.2.1
[INFO] [stderr]     Checking bytes v1.0.1
[INFO] [stderr]    Compiling futures-util v0.3.15
[INFO] [stderr]     Checking event-listener v2.5.1
[INFO] [stderr]     Checking fastrand v1.4.1
[INFO] [stderr]     Checking waker-fn v1.1.0
[INFO] [stderr]     Checking parking v2.0.0
[INFO] [stderr]     Checking cache-padded v1.1.1
[INFO] [stderr]     Checking matches v0.1.8
[INFO] [stderr]     Checking futures-sink v0.3.15
[INFO] [stderr]     Checking base64 v0.13.0
[INFO] [stderr]     Checking cpufeatures v0.1.4
[INFO] [stderr]     Checking concurrent-queue v1.2.2
[INFO] [stderr]     Checking tinyvec_macros v0.1.0
[INFO] [stderr]    Compiling getrandom v0.1.16
[INFO] [stderr]     Checking futures-lite v1.11.3
[INFO] [stderr]     Checking tinyvec v1.2.0
[INFO] [stderr]     Checking futures v0.1.31
[INFO] [stderr]    Compiling jobserver v0.1.22
[INFO] [stderr]     Checking unicode-bidi v0.3.5
[INFO] [stderr]    Compiling standback v0.2.17
[INFO] [stderr]     Checking async-task v4.0.3
[INFO] [stderr]     Checking async-channel v1.6.1
[INFO] [stderr]     Checking form_urlencoded v1.0.1
[INFO] [stderr]     Checking num_cpus v1.13.0
[INFO] [stderr]     Checking signal-hook-registry v1.3.0
[INFO] [stderr]     Checking getrandom v0.2.3
[INFO] [stderr]     Checking socket2 v0.4.0
[INFO] [stderr]    Compiling cc v1.0.67
[INFO] [stderr]     Checking atomic-waker v1.0.0
[INFO] [stderr]     Checking scopeguard v1.1.0
[INFO] [stderr]     Checking async-mutex v1.4.0
[INFO] [stderr]    Compiling num-integer v0.1.44
[INFO] [stderr]     Checking rand_core v0.6.2
[INFO] [stderr]     Checking instant v0.1.9
[INFO] [stderr]    Compiling version_check v0.1.5
[INFO] [stderr]     Checking smallvec v1.6.1
[INFO] [stderr]    Compiling wasm-bindgen-shared v0.2.74
[INFO] [stderr]     Checking lock_api v0.4.4
[INFO] [stderr]     Checking rand_core v0.5.1
[INFO] [stderr]     Checking async-lock v2.4.0
[INFO] [stderr]     Checking rand_chacha v0.3.0
[INFO] [stderr]     Checking cpuid-bool v0.2.0
[INFO] [stderr]     Checking rand_chacha v0.2.2
[INFO] [stderr]     Checking rand_pcg v0.2.1
[INFO] [stderr]    Compiling const_fn v0.4.8
[INFO] [stderr]    Compiling anyhow v1.0.40
[INFO] [stderr]     Checking parking_lot_core v0.8.3
[INFO] [stderr]     Checking unicode-normalization v0.1.17
[INFO] [stderr]    Compiling radium v0.5.3
[INFO] [stderr]     Checking rand v0.8.3
[INFO] [stderr]    Compiling time v0.2.26
[INFO] [stderr]    Compiling miniz_oxide v0.4.4
[INFO] [stderr]     Checking blocking v1.0.2
[INFO] [stderr]     Checking async-executor v1.4.1
[INFO] [stderr]     Checking parking_lot v0.11.1
[INFO] [stderr]     Checking rand v0.7.3
[INFO] [stderr]    Compiling bumpalo v3.6.1
[INFO] [stderr]     Checking wyz v0.2.0
[INFO] [stderr]     Checking funty v1.1.0
[INFO] [stderr]    Compiling bitflags v1.2.1
[INFO] [stderr]    Compiling tokio v1.7.1
[INFO] [stderr]    Compiling cookie v0.14.4
[INFO] [stderr]     Checking time v0.1.44
[INFO] [stderr]    Compiling aho-corasick v0.7.18
[INFO] [stderr]     Checking digest v0.9.0
[INFO] [stderr]     Checking block-buffer v0.9.0
[INFO] [stderr]    Compiling ring v0.16.20
[INFO] [stderr]     Checking crypto-mac v0.10.0
[INFO] [stderr]     Checking cipher v0.2.5
[INFO] [stderr]     Checking universal-hash v0.4.0
[INFO] [stderr]     Checking idna v0.2.3
[INFO] [stderr]    Compiling openssl-sys v0.9.65
[INFO] [stderr]     Checking aead v0.3.2
[INFO] [stderr]     Checking sha2 v0.9.5
[INFO] [stderr]     Checking hmac v0.10.1
[INFO] [stderr]     Checking polyval v0.4.5
[INFO] [stderr]    Compiling backtrace v0.3.59
[INFO] [stderr]     Checking hkdf v0.10.0
[INFO] [stderr]    Compiling wasm-bindgen v0.2.74
[INFO] [stderr]     Checking aes-soft v0.6.4
[INFO] [stderr]     Checking ctr v0.6.0
[INFO] [stderr]     Checking rand_core v0.4.2
[INFO] [stderr]     Checking ghash v0.3.1
[INFO] [stderr]    Compiling spin v0.5.2
[INFO] [stderr]    Compiling untrusted v0.7.1
[INFO] [stderr]    Compiling autocfg v0.1.7
[INFO] [stderr]    Compiling regex-syntax v0.6.25
[INFO] [stderr]    Compiling nom v6.1.2
[INFO] [stderr]    Compiling crunchy v0.2.2
[INFO] [stderr]     Checking arrayvec v0.5.2
[INFO] [stderr]     Checking aes v0.6.0
[INFO] [stderr]    Compiling radium v0.6.2
[INFO] [stderr]    Compiling http-types v2.11.1
[INFO] [stderr]     Checking aes-gcm v0.8.0
[INFO] [stderr]     Checking data-encoding v2.3.2
[INFO] [stderr]    Compiling failure_derive v0.1.8
[INFO] [stderr]    Compiling httparse v1.4.1
[INFO] [stderr]     Checking http v0.2.4
[INFO] [stderr]    Compiling nom v4.2.3
[INFO] [stderr]    Compiling pin-utils v0.1.0
[INFO] [stderr]    Compiling build_const v0.2.2
[INFO] [stderr]    Compiling openssl v0.10.35
[INFO] [stderr]    Compiling gimli v0.24.0
[INFO] [stderr]     Checking rustc-hex v2.1.0
[INFO] [stderr]    Compiling glob v0.2.11
[INFO] [stderr]     Checking infer v0.2.3
[INFO] [stderr]    Compiling crc v1.8.1
[INFO] [stderr]    Compiling libloading v0.5.2
[INFO] [stderr]    Compiling ryu v1.0.5
[INFO] [stderr]    Compiling ahash v0.7.2
[INFO] [stderr]    Compiling rustc-demangle v0.1.19
[INFO] [stderr]    Compiling clang-sys v0.26.4
[INFO] [stderr]    Compiling native-tls v0.2.7
[INFO] [stderr]    Compiling proc-macro2 v0.4.30
[INFO] [stderr]    Compiling whoami v1.1.2
[INFO] [stderr]    Compiling object v0.24.0
[INFO] [stderr]     Checking bitvec v0.20.4
[INFO] [stderr]     Checking rlp v0.5.0
[INFO] [stderr]     Checking rand_core v0.3.1
[INFO] [stderr]    Compiling atty v0.2.14
[INFO] [stderr]    Compiling regex v1.5.4
[INFO] [stderr]    Compiling num-traits v0.2.14
[INFO] [stderr]    Compiling synstructure v0.12.4
[INFO] [stderr]     Checking tracing-core v0.1.18
[INFO] [stderr]     Checking arrayvec v0.7.1
[INFO] [stderr]    Compiling quick-error v1.2.3
[INFO] [stderr]    Compiling static_assertions v1.1.0
[INFO] [stderr]     Checking openssl-probe v0.1.4
[INFO] [stderr]     Checking byte-slice-cast v1.0.0
[INFO] [stderr]    Compiling unicode-width v0.1.8
[INFO] [stderr]    Compiling tiny-keccak v2.0.2
[INFO] [stderr]    Compiling addr2line v0.15.1
[INFO] [stderr]    Compiling tap v1.0.1
[INFO] [stderr]    Compiling lexical-core v0.7.6
[INFO] [stderr]    Compiling textwrap v0.11.0
[INFO] [stderr]     Checking tracing v0.1.26
[INFO] [stderr]    Compiling humantime v1.3.0
[INFO] [stderr]     Checking impl-rlp v0.3.0
[INFO] [stderr]     Checking fixed-hash v0.7.0
[INFO] [stderr]     Checking sha-1 v0.9.6
[INFO] [stderr]    Compiling bitvec v0.19.5
[INFO] [stderr]     Checking crossbeam-queue v0.3.1
[INFO] [stderr]    Compiling ansi_term v0.11.0
[INFO] [stderr]     Checking try-lock v0.2.3
[INFO] [stderr]    Compiling percent-encoding v2.1.0
[INFO] [stderr]    Compiling ppv-lite86 v0.2.10
[INFO] [stderr]    Compiling termcolor v1.1.2
[INFO] [stderr]    Compiling strsim v0.8.0
[INFO] [stderr]    Compiling vec_map v0.8.2
[INFO] [stderr]    Compiling scopeguard v0.3.3
[INFO] [stderr]    Compiling bindgen v0.48.1
[INFO] [stderr]    Compiling async-trait v0.1.50
[INFO] [stderr]    Compiling cexpr v0.3.6
[INFO] [stderr]    Compiling clap v2.33.3
[INFO] [stderr]    Compiling hashbrown v0.1.8
[INFO] [stderr]    Compiling quote v0.6.13
[INFO] [stderr]     Checking http-body v0.4.2
[INFO] [stderr]     Checking uint v0.9.0
[INFO] [stderr]    Compiling webpki v0.21.4
[INFO] [stderr]    Compiling sct v0.6.1
[INFO] [stderr]    Compiling rand_pcg v0.1.2
[INFO] [stderr]    Compiling rand_chacha v0.1.1
[INFO] [stderr]    Compiling secp256k1-sys v0.4.1
[INFO] [stderr]    Compiling blake3 v0.3.7
[INFO] [stderr]     Checking crypto-mac v0.8.0
[INFO] [stderr]    Compiling rand v0.4.6
[INFO] [stderr]    Compiling dirs-sys v0.3.6
[INFO] [stderr]    Compiling unicase v2.6.0
[INFO] [stderr]    Compiling encoding_rs v0.8.28
[INFO] [stderr]     Checking base64 v0.12.3
[INFO] [stderr]    Compiling maplit v1.0.2
[INFO] [stderr]    Compiling unicode_categories v0.1.1
[INFO] [stderr]     Checking tower-service v0.3.1
[INFO] [stderr]     Checking httpdate v1.0.1
[INFO] [stderr]    Compiling remove_dir_all v0.5.3
[INFO] [stderr]    Compiling tempdir v0.3.7
[INFO] [stderr]    Compiling dirs v3.0.2
[INFO] [stderr]    Compiling webpki-roots v0.21.1
[INFO] [stderr]    Compiling atoi v0.4.0
[INFO] [stderr]    Compiling md-5 v0.9.1
[INFO] [stderr]    Compiling ctor v0.1.20
[INFO] [stderr]    Compiling serde_derive v1.0.126
[INFO] [stderr]    Compiling thiserror-impl v1.0.24
[INFO] [stderr]    Compiling async-attributes v1.1.2
[INFO] [stderr]    Compiling time-macros-impl v0.1.1
[INFO] [stderr]    Compiling tokio-macros v1.2.0
[INFO] [stderr]    Compiling pin-project-internal v1.0.7
[INFO] [stderr]    Compiling stringprep v0.1.2
[INFO] [stderr]    Compiling hashlink v0.6.0
[INFO] [stderr]    Compiling failure v0.1.8
[INFO] [stderr]     Checking time-macros v0.1.1
[INFO] [stderr]    Compiling sqlformat v0.1.6
[INFO] [stderr]     Checking polling v2.0.3
[INFO] [stderr]     Checking kv-log-macro v1.0.7
[INFO] [stderr]     Checking mio v0.7.13
[INFO] [stderr]     Checking async-io v1.4.1
[INFO] [stderr]     Checking want v0.3.0
[INFO] [stderr]     Checking rustls v0.19.1
[INFO] [stderr]     Checking thiserror v1.0.24
[INFO] [stderr]    Compiling wasm-bindgen-backend v0.2.74
[INFO] [stderr]     Checking async-global-executor v2.0.2
[INFO] [stderr]     Checking async-process v1.1.0
[INFO] [stderr]     Checking async-std v1.9.0
[INFO] [stderr]    Compiling env_logger v0.6.2
[INFO] [stderr]    Compiling which v2.0.1
[INFO] [stderr]     Checking pin-project v1.0.7
[INFO] [stderr]    Compiling wasm-bindgen-macro-support v0.2.74
[INFO] [stderr]    Compiling crossbeam-channel v0.5.1
[INFO] [stderr]    Compiling rand v0.6.5
[INFO] [stderr]     Checking async-rustls v0.2.0
[INFO] [stderr]    Compiling dbg v1.0.4
[INFO] [stderr]     Checking simple-mutex v1.1.5
[INFO] [stderr]     Checking stable_deref_trait v1.2.0
[INFO] [stderr]    Compiling either v1.6.1
[INFO] [stderr]    Compiling pulldown-cmark v0.8.0
[INFO] [stderr]     Checking constant_time_eq v0.1.5
[INFO] [stderr]    Compiling hex v0.4.3
[INFO] [stderr]     Checking arrayref v0.3.6
[INFO] [stderr]    Compiling unicode-segmentation v1.7.1
[INFO] [stderr]     Checking keccak v0.1.0
[INFO] [stderr]     Checking futures-executor v0.3.15
[INFO] [stderr]     Checking mime v0.3.16
[INFO] [stderr]     Checking futures v0.3.15
[INFO] [stderr]    Compiling wasm-bindgen-macro v0.2.74
[INFO] [stderr]    Compiling heck v0.3.2
[INFO] [stderr]     Checking sha3 v0.9.1
[INFO] [stderr]     Checking getopts v0.2.21
[INFO] [stderr]     Checking byte-pool v0.2.3
[INFO] [stderr]     Checking async-dup v1.2.2
[INFO] [stderr]     Checking hmac v0.8.1
[INFO] [stderr]     Checking headers-core v0.2.0
[INFO] [stderr]     Checking rand_isaac v0.1.1
[INFO] [stderr]     Checking rand_hc v0.1.0
[INFO] [stderr]     Checking rand_xorshift v0.1.1
[INFO] [stderr]     Checking rand_jitter v0.1.4
[INFO] [stderr]     Checking rand_os v0.1.3
[INFO] [stderr]     Checking dashmap v4.0.2
[INFO] [stderr]    Compiling seed v0.8.0
[INFO] [stderr]     Checking bytes v0.5.6
[INFO] [stderr]     Checking pin-project-lite v0.1.12
[INFO] [stderr]    Compiling dotenv v0.15.0
[INFO] [stderr]     Checking ipnet v2.3.1
[INFO] [stderr]    Compiling convert_case v0.4.0
[INFO] [stderr]     Checking sqlx-rt v0.5.2
[INFO] [stderr]     Checking soketto v0.4.2
[INFO] [stderr]     Checking headers v0.3.4
[INFO] [stderr]     Checking env_logger v0.7.1
[INFO] [stderr]     Checking base64 v0.10.1
[INFO] [stderr]     Checking tokio-util v0.6.7
[INFO] [stderr]     Checking tokio-native-tls v0.3.0
[INFO] [stderr]    Compiling derive_more v0.99.14
[INFO] [stderr]     Checking tokio-stream v0.1.6
[INFO] [stderr]     Checking futures-cpupool v0.1.8
[INFO] [stderr]     Checking enclose v1.1.8
[INFO] [stderr]     Checking route-recognizer v0.2.0
[INFO] [stderr]     Checking futures-timer v3.0.2
[INFO] [stderr]     Checking pretty_env_logger v0.4.0
[INFO] [stderr]     Checking h2 v0.3.3
[INFO] [stderr]     Checking secp256k1 v0.20.3
[INFO] [stderr]    Compiling argonautica v0.2.0
[INFO] [stderr]     Checking url v2.2.2
[INFO] [stderr]     Checking serde_urlencoded v0.7.0
[INFO] [stderr]     Checking serde_qs v0.7.2
[INFO] [stderr]     Checking chrono v0.4.19
[INFO] [stderr]     Checking uuid v0.8.2
[INFO] [stderr]     Checking impl-serde v0.3.1
[INFO] [stderr]     Checking parity-scale-codec v2.1.3
[INFO] [stderr]     Checking bincode v1.3.3
[INFO] [stderr]     Checking ethbloom v0.11.0
[INFO] [stderr]     Checking hyper v0.14.9
[INFO] [stderr]     Checking impl-codec v0.5.0
[INFO] [stderr]     Checking primitive-types v0.9.0
[INFO] [stderr]     Checking web3-async-native-tls v0.4.0
[INFO] [stderr]     Checking femme v2.1.1
[INFO] [stderr]     Checking jsonrpc-core v17.1.0
[INFO] [stderr]     Checking assert-json-diff v2.0.1
[INFO] [stderr]     Checking async-session v2.0.1
[INFO] [stderr]     Checking sqlx-core v0.5.2
[INFO] [stderr]     Checking js-sys v0.3.51
[INFO] [stderr]     Checking console_error_panic_hook v0.1.6
[INFO] [stderr]     Checking ethereum-types v0.11.0
[INFO] [stderr]     Checking shared v0.1.0 (/opt/rustwide/workdir/shared)
[INFO] [stderr]     Checking async-sse v4.1.0
[INFO] [stderr]     Checking async-h1 v2.3.2
[INFO] [stderr]     Checking http-client v6.4.1
[INFO] [stderr]  Documenting shared v0.1.0 (/opt/rustwide/workdir/shared)
[INFO] [stderr]     Checking ethabi v14.0.0
[INFO] [stderr]     Checking hyper-tls v0.5.0
[INFO] [stderr]     Checking reqwest v0.11.4
[INFO] [stderr]     Checking tide v0.16.0
[INFO] [stderr]     Checking web-sys v0.3.51
[INFO] [stderr]     Checking wasm-bindgen-futures v0.4.24
[INFO] [stderr]     Checking web3 v0.16.0
[INFO] [stderr]    Compiling sqlx-macros v0.5.2
[INFO] [stderr]     Checking gloo-events v0.1.1
[INFO] [stderr]     Checking gloo-timers v0.2.1
[INFO] [stderr]     Checking gloo-file v0.1.0
[INFO] [stderr]     Checking sqlx v0.5.2
[INFO] [stderr]  Documenting backend v0.1.0 (/opt/rustwide/workdir/backend)
[INFO] [stdout] error: error communicating with the server: Cannot assign requested address (os error 99)
[INFO] [stdout]   --> backend/src/endpoints/me.rs:40:22
[INFO] [stdout]    |
[INFO] [stdout] 40 |           let events = query!(
[INFO] [stdout]    |  ______________________^
[INFO] [stdout] 41 | |             r#"
[INFO] [stdout] 42 | |             select
[INFO] [stdout] 43 | |                 events.id as event_id
[INFO] [stdout] ...  |
[INFO] [stdout] 68 | |             offset,
[INFO] [stdout] 69 | |         )
[INFO] [stdout]    | |_________^
[INFO] [stdout]    |
[INFO] [stdout]    = note: this error originates in the macro `$crate::sqlx_macros::expand_query` which comes from the expansion of the macro `query` (in Nightly builds, run with -Z macro-backtrace for more info)
[INFO] [stdout] 
[INFO] [stdout] 
[INFO] [stdout] error: error communicating with the server: Cannot assign requested address (os error 99)
[INFO] [stdout]   --> backend/src/endpoints/users.rs:30:22
[INFO] [stdout]    |
[INFO] [stdout] 30 |         let result = query!("select 1 as one from users where username = $1", create_user.username)
[INFO] [stdout]    |                      ^^^^^^^^^^^^^^^^^^^^^^^^^^^^^^^^^^^^^^^^^^^^^^^^^^^^^^^^^^^^^^^^^^^^^^^^^^^^^^
[INFO] [stdout]    |
[INFO] [stdout]    = note: this error originates in the macro `$crate::sqlx_macros::expand_query` which comes from the expansion of the macro `query` (in Nightly builds, run with -Z macro-backtrace for more info)
[INFO] [stdout] 
[INFO] [stdout] 
[INFO] [stdout] error: error communicating with the server: Cannot assign requested address (os error 99)
[INFO] [stdout]   --> backend/src/endpoints/users.rs:55:19
[INFO] [stdout]    |
[INFO] [stdout] 55 |           let row = query!(
[INFO] [stdout]    |  ___________________^
[INFO] [stdout] 56 | |             r#"
[INFO] [stdout] 57 | |                 insert into users (id, username, hashed_password, created_at, updated_at)
[INFO] [stdout] 58 | |                 values ($1, $2, $3, $4, $5) returning id
[INFO] [stdout] ...  |
[INFO] [stdout] 64 | |             now,
[INFO] [stdout] 65 | |         ).fetch_one(db_pool).await?;
[INFO] [stdout]    | |_________^
[INFO] [stdout]    |
[INFO] [stdout]    = note: this error originates in the macro `$crate::sqlx_macros::expand_query` which comes from the expansion of the macro `query` (in Nightly builds, run with -Z macro-backtrace for more info)
[INFO] [stdout] 
[INFO] [stdout] 
[INFO] [stdout] error: error communicating with the server: Cannot assign requested address (os error 99)
[INFO] [stdout]   --> backend/src/endpoints/users.rs:69:21
[INFO] [stdout]    |
[INFO] [stdout] 69 |           let token = query!(
[INFO] [stdout]    |  _____________________^
[INFO] [stdout] 70 | |             r#"
[INFO] [stdout] 71 | |                 insert into auth_tokens (id, user_id, token, created_at, updated_at)
[INFO] [stdout] 72 | |                 values ($1, $2, $3, $4, $5) returning token
[INFO] [stdout] ...  |
[INFO] [stdout] 78 | |             now,
[INFO] [stdout] 79 | |         ).fetch_one(db_pool).await?;
[INFO] [stdout]    | |_________^
[INFO] [stdout]    |
[INFO] [stdout]    = note: this error originates in the macro `$crate::sqlx_macros::expand_query` which comes from the expansion of the macro `query` (in Nightly builds, run with -Z macro-backtrace for more info)
[INFO] [stdout] 
[INFO] [stdout] 
[INFO] [stdout] error: error communicating with the server: Cannot assign requested address (os error 99)
[INFO] [stdout]   --> backend/src/endpoints/users.rs:92:20
[INFO] [stdout]    |
[INFO] [stdout] 92 |           let user = query!(
[INFO] [stdout]    |  ____________________^
[INFO] [stdout] 93 | |             r#"
[INFO] [stdout] 94 | |                 select id, hashed_password
[INFO] [stdout] 95 | |                 from users
[INFO] [stdout] ...  |
[INFO] [stdout] 98 | |             username
[INFO] [stdout] 99 | |         )
[INFO] [stdout]    | |_________^
[INFO] [stdout]    |
[INFO] [stdout]    = note: this error originates in the macro `$crate::sqlx_macros::expand_query` which comes from the expansion of the macro `query` (in Nightly builds, run with -Z macro-backtrace for more info)
[INFO] [stdout] 
[INFO] [stdout] 
[INFO] [stdout] error: error communicating with the server: Cannot assign requested address (os error 99)
[INFO] [stdout]    --> backend/src/endpoints/users.rs:122:29
[INFO] [stdout]     |
[INFO] [stdout] 122 |               let token_row = query!(
[INFO] [stdout]     |  _____________________________^
[INFO] [stdout] 123 | |                 r#"
[INFO] [stdout] 124 | |                     select token
[INFO] [stdout] 125 | |                     from auth_tokens
[INFO] [stdout] ...   |
[INFO] [stdout] 128 | |                 user.id
[INFO] [stdout] 129 | |             ).fetch_one(&db_pool).await?;
[INFO] [stdout]     | |_____________^
[INFO] [stdout]     |
[INFO] [stdout]     = note: this error originates in the macro `$crate::sqlx_macros::expand_query` which comes from the expansion of the macro `query` (in Nightly builds, run with -Z macro-backtrace for more info)
[INFO] [stdout] 
[INFO] [stdout] 
[INFO] [stdout] error: error communicating with the server: Cannot assign requested address (os error 99)
[INFO] [stdout]    --> backend/src/endpoints/users.rs:143:15
[INFO] [stdout]     |
[INFO] [stdout] 143 |     let row = query!("select id from users where username = $1", username).fetch_optional(&db_pool).await?;
[INFO] [stdout]     |               ^^^^^^^^^^^^^^^^^^^^^^^^^^^^^^^^^^^^^^^^^^^^^^^^^^^^^^^^^^^^
[INFO] [stdout]     |
[INFO] [stdout]     = note: this error originates in the macro `$crate::sqlx_macros::expand_query` which comes from the expansion of the macro `query` (in Nightly builds, run with -Z macro-backtrace for more info)
[INFO] [stdout] 
[INFO] [stdout] 
[INFO] [stdout] error: error communicating with the server: Cannot assign requested address (os error 99)
[INFO] [stdout]    --> backend/src/endpoints/users.rs:160:18
[INFO] [stdout]     |
[INFO] [stdout] 160 |       let pg_res = query!(
[INFO] [stdout]     |  __________________^
[INFO] [stdout] 161 | |         r#"
[INFO] [stdout] 162 | |             insert into follows (id, follower_id, followed_id, created_at, updated_at)
[INFO] [stdout] 163 | |             values ($1, $2, $3, $4, $5)
[INFO] [stdout] ...   |
[INFO] [stdout] 169 | |         now,
[INFO] [stdout] 170 | |     ).execute(&db_pool).await?;
[INFO] [stdout]     | |_____^
[INFO] [stdout]     |
[INFO] [stdout]     = note: this error originates in the macro `$crate::sqlx_macros::expand_query` which comes from the expansion of the macro `query` (in Nightly builds, run with -Z macro-backtrace for more info)
[INFO] [stdout] 
[INFO] [stdout] 
[INFO] [stdout] error: error communicating with the server: Cannot assign requested address (os error 99)
[INFO] [stdout]    --> backend/src/endpoints/users.rs:184:15
[INFO] [stdout]     |
[INFO] [stdout] 184 |     let row = query!("select id from users where username = $1", username).fetch_optional(&db_pool).await?;
[INFO] [stdout]     |               ^^^^^^^^^^^^^^^^^^^^^^^^^^^^^^^^^^^^^^^^^^^^^^^^^^^^^^^^^^^^
[INFO] [stdout]     |
[INFO] [stdout]     = note: this error originates in the macro `$crate::sqlx_macros::expand_query` which comes from the expansion of the macro `query` (in Nightly builds, run with -Z macro-backtrace for more info)
[INFO] [stdout] 
[INFO] [stdout] 
[INFO] [stdout] error: error communicating with the server: Cannot assign requested address (os error 99)
[INFO] [stdout]    --> backend/src/endpoints/users.rs:192:16
[INFO] [stdout]     |
[INFO] [stdout] 192 |       let rows = query_as!(UserResponse,
[INFO] [stdout]     |  ________________^
[INFO] [stdout] 193 | |         r#"
[INFO] [stdout] 194 | |             select users.id, users.username
[INFO] [stdout] 195 | |             from users
[INFO] [stdout] 196 | |             inner join follows on follows.follower_id = $1
[INFO] [stdout] 197 | |             and follows.followed_id = users.id
[INFO] [stdout] 198 | |         "#, user_id).fetch_all(&db_pool).await?;
[INFO] [stdout]     | |____________________^
[INFO] [stdout]     |
[INFO] [stdout]     = note: this error originates in the macro `$crate::sqlx_macros::expand_query` which comes from the expansion of the macro `query_as` (in Nightly builds, run with -Z macro-backtrace for more info)
[INFO] [stdout] 
[INFO] [stdout] 
[INFO] [stdout] error: error communicating with the server: Cannot assign requested address (os error 99)
[INFO] [stdout]    --> backend/src/endpoints/users.rs:207:15
[INFO] [stdout]     |
[INFO] [stdout] 207 |     let row = query!("select id from users where username = $1", username).fetch_optional(&db_pool).await?;
[INFO] [stdout]     |               ^^^^^^^^^^^^^^^^^^^^^^^^^^^^^^^^^^^^^^^^^^^^^^^^^^^^^^^^^^^^
[INFO] [stdout]     |
[INFO] [stdout]     = note: this error originates in the macro `$crate::sqlx_macros::expand_query` which comes from the expansion of the macro `query` (in Nightly builds, run with -Z macro-backtrace for more info)
[INFO] [stdout] 
[INFO] [stdout] 
[INFO] [stdout] error: error communicating with the server: Cannot assign requested address (os error 99)
[INFO] [stdout]    --> backend/src/endpoints/users.rs:215:16
[INFO] [stdout]     |
[INFO] [stdout] 215 |       let rows = query_as!(UserResponse,
[INFO] [stdout]     |  ________________^
[INFO] [stdout] 216 | |         r#"
[INFO] [stdout] 217 | |             select users.id, users.username
[INFO] [stdout] 218 | |             from users
[INFO] [stdout] 219 | |             inner join follows on follows.followed_id = $1
[INFO] [stdout] 220 | |             and follows.follower_id = users.id
[INFO] [stdout] 221 | |         "#, user_id).fetch_all(&db_pool).await?;
[INFO] [stdout]     | |____________________^
[INFO] [stdout]     |
[INFO] [stdout]     = note: this error originates in the macro `$crate::sqlx_macros::expand_query` which comes from the expansion of the macro `query_as` (in Nightly builds, run with -Z macro-backtrace for more info)
[INFO] [stdout] 
[INFO] [stdout] 
[INFO] [stdout] error: error communicating with the server: Cannot assign requested address (os error 99)
[INFO] [stdout]    --> backend/src/endpoints/users.rs:227:15
[INFO] [stdout]     |
[INFO] [stdout] 227 |       let row = query!(
[INFO] [stdout]     |  _______________^
[INFO] [stdout] 228 | |     r#"
[INFO] [stdout] 229 | |         select 1 as one from follows
[INFO] [stdout] 230 | |         where follower_id = $1 and followed_id = $2
[INFO] [stdout] ...   |
[INFO] [stdout] 233 | |         followee_id
[INFO] [stdout] 234 | |     )
[INFO] [stdout]     | |_____^
[INFO] [stdout]     |
[INFO] [stdout]     = note: this error originates in the macro `$crate::sqlx_macros::expand_query` which comes from the expansion of the macro `query` (in Nightly builds, run with -Z macro-backtrace for more info)
[INFO] [stdout] 
[INFO] [stdout] 
[INFO] [stdout] error: error communicating with the server: Cannot assign requested address (os error 99)
[INFO] [stdout]    --> backend/src/endpoints/users.rs:248:20
[INFO] [stdout]     |
[INFO] [stdout] 248 |           let user = query_as!(UserResponse,
[INFO] [stdout]     |  ____________________^
[INFO] [stdout] 249 | |             r#"
[INFO] [stdout] 250 | |                 select id, username
[INFO] [stdout] 251 | |                 from users
[INFO] [stdout] ...   |
[INFO] [stdout] 254 | |             username
[INFO] [stdout] 255 | |         )
[INFO] [stdout]     | |_________^
[INFO] [stdout]     |
[INFO] [stdout]     = note: this error originates in the macro `$crate::sqlx_macros::expand_query` which comes from the expansion of the macro `query_as` (in Nightly builds, run with -Z macro-backtrace for more info)
[INFO] [stdout] 
[INFO] [stdout] 
[INFO] [stdout] error: error communicating with the server: Cannot assign requested address (os error 99)
[INFO] [stdout]    --> backend/src/endpoints/users.rs:270:5
[INFO] [stdout]     |
[INFO] [stdout] 270 |     query!("delete from auth_tokens where token = $1", auth_token)
[INFO] [stdout]     |     ^^^^^^^^^^^^^^^^^^^^^^^^^^^^^^^^^^^^^^^^^^^^^^^^^^^^^^^^^^^^^^
[INFO] [stdout]     |
[INFO] [stdout]     = note: this error originates in the macro `$crate::sqlx_macros::expand_query` which comes from the expansion of the macro `query` (in Nightly builds, run with -Z macro-backtrace for more info)
[INFO] [stdout] 
[INFO] [stdout] 
[INFO] [stdout] error: error communicating with the server: Cannot assign requested address (os error 99)
[INFO] [stdout]   --> backend/src/endpoints/events.rs:29:19
[INFO] [stdout]    |
[INFO] [stdout] 29 |           let row = query!(
[INFO] [stdout]    |  ___________________^
[INFO] [stdout] 30 | |             r#"
[INFO] [stdout] 31 | |                 insert into events (id, user_id, content, created_at, updated_at)
[INFO] [stdout] 32 | |                 values ($1, $2, $3, $4, $5) returning id, content 
[INFO] [stdout] ...  |
[INFO] [stdout] 38 | |             now,
[INFO] [stdout] 39 | |         ).fetch_one(db_pool).await?;
[INFO] [stdout]    | |_________^
[INFO] [stdout]    |
[INFO] [stdout]    = note: this error originates in the macro `$crate::sqlx_macros::expand_query` which comes from the expansion of the macro `query` (in Nightly builds, run with -Z macro-backtrace for more info)
[INFO] [stdout] 
[INFO] [stdout] 
[INFO] [stdout] error: error communicating with the server: Cannot assign requested address (os error 99)
[INFO] [stdout]   --> backend/src/endpoints/mod.rs:38:16
[INFO] [stdout]    |
[INFO] [stdout] 38 |       let user = query_as!(UserResponse, r#"
[INFO] [stdout]    |  ________________^
[INFO] [stdout] 39 | |         select users.id, users.username
[INFO] [stdout] 40 | |         from users
[INFO] [stdout] 41 | |         inner join auth_tokens 
[INFO] [stdout] ...  |
[INFO] [stdout] 44 | |         "#,
[INFO] [stdout] 45 | |         auth_token)
[INFO] [stdout]    | |___________________^
[INFO] [stdout]    |
[INFO] [stdout]    = note: this error originates in the macro `$crate::sqlx_macros::expand_query` which comes from the expansion of the macro `query_as` (in Nightly builds, run with -Z macro-backtrace for more info)
[INFO] [stdout] 
[INFO] [stdout] 
[INFO] [stdout] error: aborting due to 17 previous errors
[INFO] [stdout] 
[INFO] [stdout] 
[INFO] [stderr] error: could not document `backend`
[INFO] [stderr] 
[INFO] [stderr] Caused by:
[INFO] [stderr]   process didn't exit successfully: `/opt/rustwide/rustup-home/toolchains/beta-2023-12-22-x86_64-unknown-linux-gnu/bin/rustdoc --edition=2018 --crate-type bin --crate-name backend backend/src/main.rs -o /opt/rustwide/target/doc --error-format=json --json=diagnostic-rendered-ansi,artifacts,future-incompat --document-private-items '-Arustdoc::private-intra-doc-links' -C metadata=aae70c74b6b98f5a -L dependency=/opt/rustwide/target/debug/deps --extern argonautica=/opt/rustwide/target/debug/deps/libargonautica-dfaddc94f7199b23.rmeta --extern assert_json_diff=/opt/rustwide/target/debug/deps/libassert_json_diff-6f916337a12c62ea.rmeta --extern async_std=/opt/rustwide/target/debug/deps/libasync_std-8702d7457d4f5e40.rmeta --extern async_trait=/opt/rustwide/target/debug/deps/libasync_trait-251d45106cd4a281.so --extern chrono=/opt/rustwide/target/debug/deps/libchrono-5ef70606a590a5c8.rmeta --extern dotenv=/opt/rustwide/target/debug/deps/libdotenv-f0e4f3654fb7f16b.rmeta --extern failure=/opt/rustwide/target/debug/deps/libfailure-1bf5db91764ec553.rmeta --extern futures=/opt/rustwide/target/debug/deps/libfutures-1e0b6811f874ae79.rmeta --extern http_types=/opt/rustwide/target/debug/deps/libhttp_types-43a1d6262a5dffd9.rmeta --extern lazy_static=/opt/rustwide/target/debug/deps/liblazy_static-cc91e7c9c894213a.rmeta --extern pretty_env_logger=/opt/rustwide/target/debug/deps/libpretty_env_logger-4d6cbe7b9de43e9b.rmeta --extern rand=/opt/rustwide/target/debug/deps/librand-1e526728cc544ea9.rmeta --extern rand_core=/opt/rustwide/target/debug/deps/librand_core-0a7fe08e899d3ed7.rmeta --extern regex=/opt/rustwide/target/debug/deps/libregex-6a398bc454f2435e.rmeta --extern serde=/opt/rustwide/target/debug/deps/libserde-66e7096bb4ab1d18.rmeta --extern serde_json=/opt/rustwide/target/debug/deps/libserde_json-159b5317e522a31b.rmeta --extern shared=/opt/rustwide/target/debug/deps/libshared-eb47b1b1274776ab.rmeta --extern sqlx=/opt/rustwide/target/debug/deps/libsqlx-14ac5c8106cb55e3.rmeta --extern thiserror=/opt/rustwide/target/debug/deps/libthiserror-1b01de3c4e945c1a.rmeta --extern tide=/opt/rustwide/target/debug/deps/libtide-a2380e36252b53d9.rmeta --extern tokio=/opt/rustwide/target/debug/deps/libtokio-4454479e47e17cd5.rmeta --extern uuid=/opt/rustwide/target/debug/deps/libuuid-71fa0a22c06ce678.rmeta --extern web3=/opt/rustwide/target/debug/deps/libweb3-2b6c2783719845c9.rmeta --cap-lints=warn --crate-version 0.1.0` (exit status: 1)
[INFO] [stderr] warning: build failed, waiting for other jobs to finish...
[INFO] running `Command { std: "docker" "inspect" "85a9808f3dff94f4276b5164474b0877231e5709d16211627145b98bc212ab9c", kill_on_drop: false }`
[INFO] running `Command { std: "docker" "rm" "-f" "85a9808f3dff94f4276b5164474b0877231e5709d16211627145b98bc212ab9c", kill_on_drop: false }`
[INFO] [stdout] 85a9808f3dff94f4276b5164474b0877231e5709d16211627145b98bc212ab9c
