[INFO] cloning repository https://github.com/GBC-AI/solana
[INFO] running `Command { std: "git" "-c" "credential.helper=" "-c" "credential.helper=/workspace/cargo-home/bin/git-credential-null" "clone" "--bare" "https://github.com/GBC-AI/solana" "/workspace/cache/git-repos/https%3A%2F%2Fgithub.com%2FGBC-AI%2Fsolana", kill_on_drop: false }`
[INFO] [stderr] Cloning into bare repository '/workspace/cache/git-repos/https%3A%2F%2Fgithub.com%2FGBC-AI%2Fsolana'...
[INFO] running `Command { std: "git" "rev-parse" "HEAD", kill_on_drop: false }`
[INFO] [stdout] b4483714a4d1fbb7fb6fcd27b82d11b402f06538
[INFO] documenting GBC-AI/solana against 1.75.0 for beta-1.76-rustdoc-1
[INFO] running `Command { std: "git" "clone" "/workspace/cache/git-repos/https%3A%2F%2Fgithub.com%2FGBC-AI%2Fsolana" "/workspace/builds/worker-5-tc1/source", kill_on_drop: false }`
[INFO] [stderr] Cloning into '/workspace/builds/worker-5-tc1/source'...
[INFO] [stderr] done.
[INFO] validating manifest of git repo https://github.com/GBC-AI/solana on toolchain 1.75.0
[INFO] running `Command { std: CARGO_HOME="/workspace/cargo-home" RUSTUP_HOME="/workspace/rustup-home" "/workspace/cargo-home/bin/cargo" "+1.75.0" "metadata" "--manifest-path" "Cargo.toml" "--no-deps", kill_on_drop: false }`
[INFO] started tweaking git repo https://github.com/GBC-AI/solana
[INFO] finished tweaking git repo https://github.com/GBC-AI/solana
[INFO] tweaked toml for git repo https://github.com/GBC-AI/solana written to /workspace/builds/worker-5-tc1/source/Cargo.toml
[INFO] crate git repo https://github.com/GBC-AI/solana already has a lockfile, it will not be regenerated
[INFO] running `Command { std: CARGO_HOME="/workspace/cargo-home" RUSTUP_HOME="/workspace/rustup-home" "/workspace/cargo-home/bin/cargo" "+1.75.0" "fetch" "--manifest-path" "Cargo.toml", kill_on_drop: false }`
[INFO] [stderr]     Updating crates.io index
[INFO] [stderr]  Downloading crates ...
[INFO] [stderr]   Downloaded tokio-macros v0.3.1
[INFO] [stderr]   Downloaded pin-project v1.0.1
[INFO] [stderr]   Downloaded tokio-serde v0.6.1
[INFO] [stderr]   Downloaded bytecount v0.6.0
[INFO] [stderr]   Downloaded num-derive v0.3.2
[INFO] [stderr]   Downloaded assert_cmd v1.0.1
[INFO] [stderr]   Downloaded goblin v0.2.3
[INFO] [stderr]   Downloaded paste-impl v0.1.16
[INFO] [stderr]   Downloaded serde_bytes v0.11.4
[INFO] [stderr]   Downloaded serial_test_derive v0.4.0
[INFO] [stderr]   Downloaded hidapi v1.2.3
[INFO] [stderr]   Downloaded spl-token v2.0.8
[INFO] [stderr]   Downloaded ascii v0.7.1
[INFO] [stderr]   Downloaded sysctl v0.4.0
[INFO] [stderr]   Downloaded openssl-sys v0.9.57
[INFO] [stderr]   Downloaded gag v0.1.10
[INFO] [stderr]   Downloaded tokio-util v0.4.0
[INFO] [stderr]   Downloaded paste v0.1.16
[INFO] [stderr]   Downloaded tar v0.4.28
[INFO] [stderr]   Downloaded criterion-stats v0.3.0
[INFO] [stderr]   Downloaded indexed v0.1.1
[INFO] [stderr]   Downloaded predicates v1.0.4
[INFO] [stderr]   Downloaded systemstat v0.1.5
[INFO] [stderr]   Downloaded pin-project-internal v1.0.1
[INFO] [stderr]   Downloaded tracing-attributes v0.1.9
[INFO] [stderr]   Downloaded tracing-core v0.1.13
[INFO] [stderr]   Downloaded serial_test v0.4.0
[INFO] [stderr]   Downloaded filetime v0.2.10
[INFO] [stderr]   Downloaded backoff v0.2.1
[INFO] [stderr]   Downloaded trees v0.2.1
[INFO] [stderr]   Downloaded blake3 v0.3.6
[INFO] [stderr]   Downloaded pretty-hex v0.1.1
[INFO] [stderr]   Downloaded fs_extra v1.1.0
[INFO] [stderr]   Downloaded signal-hook v0.1.15
[INFO] [stderr]   Downloaded rayon v1.4.1
[INFO] [stderr]   Downloaded combine v2.5.2
[INFO] [stderr]   Downloaded tarpc-plugins v0.8.0
[INFO] [stderr]   Downloaded ctrlc v3.1.5
[INFO] [stderr]   Downloaded spl-memo v1.0.9
[INFO] [stderr]   Downloaded cargo_metadata v0.12.0
[INFO] [stderr]   Downloaded solana-sdk-macro v1.4.0
[INFO] [stderr]   Downloaded solana-sdk-macro-frozen-abi v1.4.0
[INFO] [stderr]   Downloaded ouroboros_macro v0.4.0
[INFO] [stderr]   Downloaded utf8-width v0.1.3
[INFO] [stderr]   Downloaded solana-crate-features v1.4.0
[INFO] [stderr]   Downloaded goauth v0.7.2
[INFO] [stderr]   Downloaded byte-unit v4.0.8
[INFO] [stderr]   Downloaded ouroboros v0.4.0
[INFO] [stderr]   Downloaded solana-logger v1.4.0
[INFO] [stderr]   Downloaded smpl_jwt v0.5.0
[INFO] [stderr]   Downloaded tarpc v0.23.0
[INFO] [stderr]   Downloaded solana-sdk v1.3.17
[INFO] [stderr]   Downloaded tonic v0.3.0
[INFO] [stderr]   Downloaded solana_rbpf v0.1.32
[INFO] [stderr]   Downloaded mio v0.7.4
[INFO] [stderr]   Downloaded raptorq v1.4.2
[INFO] [stderr]   Downloaded tokio v0.3.2
[INFO] running `Command { std: "docker" "create" "-v" "/var/lib/crater-agent-workspace/builds/worker-5-tc1/target:/opt/rustwide/target:rw,Z" "-v" "/var/lib/crater-agent-workspace/builds/worker-5-tc1/source:/opt/rustwide/workdir:ro,Z" "-v" "/var/lib/crater-agent-workspace/cargo-home:/opt/rustwide/cargo-home:ro,Z" "-v" "/var/lib/crater-agent-workspace/rustup-home:/opt/rustwide/rustup-home:ro,Z" "-e" "SOURCE_DIR=/opt/rustwide/workdir" "-e" "CARGO_TARGET_DIR=/opt/rustwide/target" "-e" "CARGO_HOME=/opt/rustwide/cargo-home" "-e" "RUSTUP_HOME=/opt/rustwide/rustup-home" "-w" "/opt/rustwide/workdir" "-m" "1610612736" "--user" "0:0" "--network" "none" "ghcr.io/rust-lang/crates-build-env/linux@sha256:2788e3201cd34a07e3172128adcd8b3090168a8e3bcc40d7c032b9dda1df7d1c" "/opt/rustwide/cargo-home/bin/cargo" "+1.75.0" "metadata" "--no-deps" "--format-version=1", kill_on_drop: false }`
[INFO] [stdout] b9f0d6d23426ccb6c1fadd994b69eff7273ab62be7de3b7df0354c1a44e81940
[INFO] running `Command { std: "docker" "start" "-a" "b9f0d6d23426ccb6c1fadd994b69eff7273ab62be7de3b7df0354c1a44e81940", kill_on_drop: false }`
[INFO] running `Command { std: "docker" "inspect" "b9f0d6d23426ccb6c1fadd994b69eff7273ab62be7de3b7df0354c1a44e81940", kill_on_drop: false }`
[INFO] running `Command { std: "docker" "rm" "-f" "b9f0d6d23426ccb6c1fadd994b69eff7273ab62be7de3b7df0354c1a44e81940", kill_on_drop: false }`
[INFO] [stdout] b9f0d6d23426ccb6c1fadd994b69eff7273ab62be7de3b7df0354c1a44e81940
[INFO] running `Command { std: "docker" "create" "-v" "/var/lib/crater-agent-workspace/builds/worker-5-tc1/target:/opt/rustwide/target:rw,Z" "-v" "/var/lib/crater-agent-workspace/builds/worker-5-tc1/source:/opt/rustwide/workdir:ro,Z" "-v" "/var/lib/crater-agent-workspace/cargo-home:/opt/rustwide/cargo-home:ro,Z" "-v" "/var/lib/crater-agent-workspace/rustup-home:/opt/rustwide/rustup-home:ro,Z" "-e" "SOURCE_DIR=/opt/rustwide/workdir" "-e" "CARGO_TARGET_DIR=/opt/rustwide/target" "-e" "CARGO_INCREMENTAL=0" "-e" "RUST_BACKTRACE=full" "-e" "RUSTFLAGS=--cap-lints=warn" "-e" "RUSTDOCFLAGS=--cap-lints=warn" "-e" "CARGO_HOME=/opt/rustwide/cargo-home" "-e" "RUSTUP_HOME=/opt/rustwide/rustup-home" "-w" "/opt/rustwide/workdir" "-m" "1610612736" "--user" "0:0" "--network" "none" "ghcr.io/rust-lang/crates-build-env/linux@sha256:2788e3201cd34a07e3172128adcd8b3090168a8e3bcc40d7c032b9dda1df7d1c" "/opt/rustwide/cargo-home/bin/cargo" "+1.75.0" "doc" "--frozen" "--no-deps" "--document-private-items" "--message-format=json", kill_on_drop: false }`
[INFO] [stdout] 918b4698a49d3c8d6f50f01cad891278f512de143abeb8d1c4625817a98cbdee
[INFO] running `Command { std: "docker" "start" "-a" "918b4698a49d3c8d6f50f01cad891278f512de143abeb8d1c4625817a98cbdee", kill_on_drop: false }`
[INFO] [stderr] warning: output filename collision.
[INFO] [stderr] The bin target `solana-faucet` in package `solana-faucet v1.5.0 (/opt/rustwide/workdir/faucet)` has the same output filename as the lib target `solana_faucet` in package `solana-faucet v1.5.0 (/opt/rustwide/workdir/faucet)`.
[INFO] [stderr] Colliding filename is: /opt/rustwide/target/doc/solana_faucet/index.html
[INFO] [stderr] The output filenames should be unique.
[INFO] [stderr] This is a known bug where multiple crates with the same name use
[INFO] [stderr] the same path; see <https://github.com/rust-lang/cargo/issues/6313>.
[INFO] [stderr] If this looks unexpected, it may be a bug in Cargo. Please file a bug report at
[INFO] [stderr] https://github.com/rust-lang/cargo/issues/ with as much information as you
[INFO] [stderr] can provide.
[INFO] [stderr] cargo 1.75.0 (1d8b05cdd 2023-11-20) running on `x86_64-unknown-linux-gnu` target `x86_64-unknown-linux-gnu`
[INFO] [stderr] First unit: Unit { pkg: Package { id: PackageId { name: "solana-faucet", version: "1.5.0", source: "/opt/rustwide/workdir/faucet" }, ..: ".." }, target: TargetInner { name: "solana-faucet", doc: true, ..: with_path("/opt/rustwide/workdir/faucet/src/bin/faucet.rs", Edition2018) }, profile: Profile { incremental: false, ..: default_dev() }, kind: Host, mode: Doc { deps: false }, features: [], artifact: false, artifact_target_for_features: None, is_std: false, dep_hash: 12887952879907865583 }
[INFO] [stderr] Second unit: Unit { pkg: Package { id: PackageId { name: "solana-faucet", version: "1.5.0", source: "/opt/rustwide/workdir/faucet" }, ..: ".." }, target: TargetInner { ..: lib_target("solana_faucet", ["lib"], "/opt/rustwide/workdir/faucet/src/lib.rs", Edition2018) }, profile: Profile { incremental: false, ..: default_dev() }, kind: Host, mode: Doc { deps: false }, features: [], artifact: false, artifact_target_for_features: None, is_std: false, dep_hash: 7743865376945087190 }
[INFO] [stderr] warning: output filename collision.
[INFO] [stderr] The bin target `solana-genesis` in package `solana-genesis v1.5.0 (/opt/rustwide/workdir/genesis)` has the same output filename as the lib target `solana_genesis` in package `solana-genesis v1.5.0 (/opt/rustwide/workdir/genesis)`.
[INFO] [stderr] Colliding filename is: /opt/rustwide/target/doc/solana_genesis/index.html
[INFO] [stderr] The output filenames should be unique.
[INFO] [stderr] This is a known bug where multiple crates with the same name use
[INFO] [stderr] the same path; see <https://github.com/rust-lang/cargo/issues/6313>.
[INFO] [stderr] If this looks unexpected, it may be a bug in Cargo. Please file a bug report at
[INFO] [stderr] https://github.com/rust-lang/cargo/issues/ with as much information as you
[INFO] [stderr] can provide.
[INFO] [stderr] cargo 1.75.0 (1d8b05cdd 2023-11-20) running on `x86_64-unknown-linux-gnu` target `x86_64-unknown-linux-gnu`
[INFO] [stderr] First unit: Unit { pkg: Package { id: PackageId { name: "solana-genesis", version: "1.5.0", source: "/opt/rustwide/workdir/genesis" }, ..: ".." }, target: TargetInner { name: "solana-genesis", doc: true, ..: with_path("/opt/rustwide/workdir/genesis/src/main.rs", Edition2018) }, profile: Profile { incremental: false, ..: default_dev() }, kind: Host, mode: Doc { deps: false }, features: [], artifact: false, artifact_target_for_features: None, is_std: false, dep_hash: 13783453126420661734 }
[INFO] [stderr] Second unit: Unit { pkg: Package { id: PackageId { name: "solana-genesis", version: "1.5.0", source: "/opt/rustwide/workdir/genesis" }, ..: ".." }, target: TargetInner { ..: lib_target("solana_genesis", ["lib"], "/opt/rustwide/workdir/genesis/src/lib.rs", Edition2018) }, profile: Profile { incremental: false, ..: default_dev() }, kind: Host, mode: Doc { deps: false }, features: [], artifact: false, artifact_target_for_features: None, is_std: false, dep_hash: 13374675041257565656 }
[INFO] [stderr] warning: output filename collision.
[INFO] [stderr] The bin target `solana-sys-tuner` in package `solana-sys-tuner v1.5.0 (/opt/rustwide/workdir/sys-tuner)` has the same output filename as the lib target `solana_sys_tuner` in package `solana-sys-tuner v1.5.0 (/opt/rustwide/workdir/sys-tuner)`.
[INFO] [stderr] Colliding filename is: /opt/rustwide/target/doc/solana_sys_tuner/index.html
[INFO] [stderr] The output filenames should be unique.
[INFO] [stderr] This is a known bug where multiple crates with the same name use
[INFO] [stderr] the same path; see <https://github.com/rust-lang/cargo/issues/6313>.
[INFO] [stderr] If this looks unexpected, it may be a bug in Cargo. Please file a bug report at
[INFO] [stderr] https://github.com/rust-lang/cargo/issues/ with as much information as you
[INFO] [stderr] can provide.
[INFO] [stderr] cargo 1.75.0 (1d8b05cdd 2023-11-20) running on `x86_64-unknown-linux-gnu` target `x86_64-unknown-linux-gnu`
[INFO] [stderr] First unit: Unit { pkg: Package { id: PackageId { name: "solana-sys-tuner", version: "1.5.0", source: "/opt/rustwide/workdir/sys-tuner" }, ..: ".." }, target: TargetInner { name: "solana-sys-tuner", doc: true, ..: with_path("/opt/rustwide/workdir/sys-tuner/src/main.rs", Edition2018) }, profile: Profile { incremental: false, ..: default_dev() }, kind: Host, mode: Doc { deps: false }, features: [], artifact: false, artifact_target_for_features: None, is_std: false, dep_hash: 9999744471034922279 }
[INFO] [stderr] Second unit: Unit { pkg: Package { id: PackageId { name: "solana-sys-tuner", version: "1.5.0", source: "/opt/rustwide/workdir/sys-tuner" }, ..: ".." }, target: TargetInner { ..: lib_target("solana_sys_tuner", ["lib"], "/opt/rustwide/workdir/sys-tuner/src/lib.rs", Edition2018) }, profile: Profile { incremental: false, ..: default_dev() }, kind: Host, mode: Doc { deps: false }, features: [], artifact: false, artifact_target_for_features: None, is_std: false, dep_hash: 3742621254840857374 }
[INFO] [stderr] warning: output filename collision.
[INFO] [stderr] The bin target `solana-vote-signer` in package `solana-vote-signer v1.5.0 (/opt/rustwide/workdir/vote-signer)` has the same output filename as the lib target `solana_vote_signer` in package `solana-vote-signer v1.5.0 (/opt/rustwide/workdir/vote-signer)`.
[INFO] [stderr] Colliding filename is: /opt/rustwide/target/doc/solana_vote_signer/index.html
[INFO] [stderr] The output filenames should be unique.
[INFO] [stderr] This is a known bug where multiple crates with the same name use
[INFO] [stderr] the same path; see <https://github.com/rust-lang/cargo/issues/6313>.
[INFO] [stderr] If this looks unexpected, it may be a bug in Cargo. Please file a bug report at
[INFO] [stderr] https://github.com/rust-lang/cargo/issues/ with as much information as you
[INFO] [stderr] can provide.
[INFO] [stderr] cargo 1.75.0 (1d8b05cdd 2023-11-20) running on `x86_64-unknown-linux-gnu` target `x86_64-unknown-linux-gnu`
[INFO] [stderr] First unit: Unit { pkg: Package { id: PackageId { name: "solana-vote-signer", version: "1.5.0", source: "/opt/rustwide/workdir/vote-signer" }, ..: ".." }, target: TargetInner { name: "solana-vote-signer", doc: true, ..: with_path("/opt/rustwide/workdir/vote-signer/src/bin/main.rs", Edition2018) }, profile: Profile { incremental: false, ..: default_dev() }, kind: Host, mode: Doc { deps: false }, features: [], artifact: false, artifact_target_for_features: None, is_std: false, dep_hash: 13951704587103498688 }
[INFO] [stderr] Second unit: Unit { pkg: Package { id: PackageId { name: "solana-vote-signer", version: "1.5.0", source: "/opt/rustwide/workdir/vote-signer" }, ..: ".." }, target: TargetInner { ..: lib_target("solana_vote_signer", ["lib"], "/opt/rustwide/workdir/vote-signer/src/lib.rs", Edition2018) }, profile: Profile { incremental: false, ..: default_dev() }, kind: Host, mode: Doc { deps: false }, features: [], artifact: false, artifact_target_for_features: None, is_std: false, dep_hash: 12034619825841605192 }
[INFO] [stderr]    Compiling libc v0.2.72
[INFO] [stderr]    Compiling unicode-xid v0.2.0
[INFO] [stderr]    Compiling syn v1.0.48
[INFO] [stderr]    Compiling log v0.4.8
[INFO] [stderr]    Compiling autocfg v1.0.0
[INFO] [stderr]    Compiling memchr v2.3.3
[INFO] [stderr]    Compiling serde_derive v1.0.117
[INFO] [stderr]    Compiling serde v1.0.117
[INFO] [stderr]    Compiling proc-macro2 v1.0.24
[INFO] [stderr]     Checking smallvec v1.4.2
[INFO] [stderr]     Checking either v1.5.3
[INFO] [stderr]    Compiling crossbeam-utils v0.7.2
[INFO] [stderr]    Compiling proc-macro-hack v0.5.16
[INFO] [stderr]    Compiling quote v1.0.6
[INFO] [stderr]     Checking futures-core v0.3.5
[INFO] [stderr]     Checking bytes v0.5.4
[INFO] [stderr]     Checking itoa v0.4.5
[INFO] [stderr]    Compiling pin-project-internal v0.4.23
[INFO] [stderr]    Compiling cfg-if v0.1.10
[INFO] [stderr]     Checking futures v0.1.29
[INFO] [stderr]    Compiling memoffset v0.5.4
[INFO] [stderr]     Checking arc-swap v0.4.6
[INFO] [stderr]    Compiling crossbeam-epoch v0.8.2
[INFO] [stderr]    Compiling pkg-config v0.3.17
[INFO] [stderr]     Checking pin-project-lite v0.1.5
[INFO] [stderr]     Checking futures-sink v0.3.5
[INFO] [stderr]     Checking ppv-lite86 v0.2.8
[INFO] [stderr]    Compiling ryu v1.0.4
[INFO] [stderr]     Checking num_cpus v1.13.0
[INFO] [stderr]    Compiling jobserver v0.1.21
[INFO] [stderr]     Checking iovec v0.1.4
[INFO] [stderr]     Checking net2 v0.2.34
[INFO] [stderr]     Checking signal-hook-registry v1.2.0
[INFO] [stderr]     Checking parking_lot_core v0.7.2
[INFO] [stderr]    Compiling cc v1.0.49
[INFO] [stderr]     Checking getrandom v0.1.14
[INFO] [stderr]     Checking crossbeam-deque v0.7.3
[INFO] [stderr]     Checking mio v0.6.22
[INFO] [stderr]     Checking parking_lot v0.10.2
[INFO] [stderr]     Checking bytes v0.4.12
[INFO] [stderr]     Checking rand_core v0.5.1
[INFO] [stderr]    Compiling proc-macro-nested v0.1.4
[INFO] [stderr]     Checking once_cell v1.4.0
[INFO] [stderr]     Checking rand_pcg v0.2.1
[INFO] [stderr]     Checking rand_chacha v0.2.2
[INFO] [stderr]    Compiling const-random-macro v0.1.8
[INFO] [stderr]     Checking unicode-normalization v0.1.12
[INFO] [stderr]    Compiling rayon-core v1.8.1
[INFO] [stderr]     Checking rand v0.7.3
[INFO] [stderr]     Checking mio-uds v0.6.8
[INFO] [stderr]     Checking futures-task v0.3.5
[INFO] [stderr]     Checking futures-channel v0.3.5
[INFO] [stderr]    Compiling hashbrown v0.8.2
[INFO] [stderr]     Checking futures-io v0.3.5
[INFO] [stderr]     Checking const-random v0.1.8
[INFO] [stderr]     Checking ahash v0.3.8
[INFO] [stderr]     Checking tokio-io v0.1.13
[INFO] [stderr]     Checking tokio-executor v0.1.10
[INFO] [stderr]    Compiling openssl-sys v0.9.57
[INFO] [stderr]     Checking crossbeam-channel v0.4.4
[INFO] [stderr]    Compiling rayon v1.4.1
[INFO] [stderr]     Checking regex-syntax v0.6.18
[INFO] [stderr]    Compiling serde_json v1.0.59
[INFO] [stderr]     Checking time v0.1.43
[INFO] [stderr]    Compiling indexmap v1.5.1
[INFO] [stderr]    Compiling openssl v0.10.29
[INFO] [stderr]     Checking parking_lot_core v0.6.2
[INFO] [stderr]     Checking aho-corasick v0.7.10
[INFO] [stderr]    Compiling native-tls v0.2.4
[INFO] [stderr]     Checking parking_lot v0.9.0
[INFO] [stderr]    Compiling ring v0.16.12
[INFO] [stderr] The following warnings were emitted during compilation:
[INFO] [stderr] 
[INFO] [stderr] warning: openssl-sys@0.9.57: build/expando.c:4:24: error: pasting "RUST_VERSION_OPENSSL_" and "(" does not give a valid preprocessing token
[INFO] [stderr] warning: openssl-sys@0.9.57:     4 | #define VERSION2(n, v) RUST_VERSION_##n##_##v
[INFO] [stderr] warning: openssl-sys@0.9.57:       |                        ^~~~~~~~~~~~~
[INFO] [stderr] warning: openssl-sys@0.9.57: build/expando.c:5:23: note: in expansion of macro 'VERSION2'
[INFO] [stderr] warning: openssl-sys@0.9.57:     5 | #define VERSION(n, v) VERSION2(n, v)
[INFO] [stderr] warning: openssl-sys@0.9.57:       |                       ^~~~~~~~
[INFO] [stderr] warning: openssl-sys@0.9.57: build/expando.c:10:1: note: in expansion of macro 'VERSION'
[INFO] [stderr] warning: openssl-sys@0.9.57:    10 | VERSION(OPENSSL, OPENSSL_VERSION_NUMBER)
[INFO] [stderr] warning: openssl-sys@0.9.57:       | ^~~~~~~
[INFO] [stderr] 
[INFO] [stderr] error: failed to run custom build command for `openssl-sys v0.9.57`
[INFO] [stderr] note: To improve backtraces for build dependencies, set the CARGO_PROFILE_DEV_BUILD_OVERRIDE_DEBUG=true environment variable to enable debug information generation.
[INFO] [stderr] 
[INFO] [stderr] Caused by:
[INFO] [stderr]   process didn't exit successfully: `/opt/rustwide/target/debug/build/openssl-sys-d594add59ef0a858/build-script-main` (exit status: 101)
[INFO] [stderr]   --- stdout
[INFO] [stderr]   cargo:rustc-cfg=const_fn
[INFO] [stderr]   cargo:rerun-if-env-changed=X86_64_UNKNOWN_LINUX_GNU_OPENSSL_LIB_DIR
[INFO] [stderr]   X86_64_UNKNOWN_LINUX_GNU_OPENSSL_LIB_DIR unset
[INFO] [stderr]   cargo:rerun-if-env-changed=OPENSSL_LIB_DIR
[INFO] [stderr]   OPENSSL_LIB_DIR unset
[INFO] [stderr]   cargo:rerun-if-env-changed=X86_64_UNKNOWN_LINUX_GNU_OPENSSL_INCLUDE_DIR
[INFO] [stderr]   X86_64_UNKNOWN_LINUX_GNU_OPENSSL_INCLUDE_DIR unset
[INFO] [stderr]   cargo:rerun-if-env-changed=OPENSSL_INCLUDE_DIR
[INFO] [stderr]   OPENSSL_INCLUDE_DIR unset
[INFO] [stderr]   cargo:rerun-if-env-changed=X86_64_UNKNOWN_LINUX_GNU_OPENSSL_DIR
[INFO] [stderr]   X86_64_UNKNOWN_LINUX_GNU_OPENSSL_DIR unset
[INFO] [stderr]   cargo:rerun-if-env-changed=OPENSSL_DIR
[INFO] [stderr]   OPENSSL_DIR unset
[INFO] [stderr]   cargo:rustc-link-lib=ssl
[INFO] [stderr]   cargo:rustc-link-lib=crypto
[INFO] [stderr]   OPT_LEVEL = Some("0")
[INFO] [stderr]   TARGET = Some("x86_64-unknown-linux-gnu")
[INFO] [stderr]   HOST = Some("x86_64-unknown-linux-gnu")
[INFO] [stderr]   CC_x86_64-unknown-linux-gnu = None
[INFO] [stderr]   CC_x86_64_unknown_linux_gnu = None
[INFO] [stderr]   HOST_CC = None
[INFO] [stderr]   CC = None
[INFO] [stderr]   CFLAGS_x86_64-unknown-linux-gnu = None
[INFO] [stderr]   CFLAGS_x86_64_unknown_linux_gnu = None
[INFO] [stderr]   HOST_CFLAGS = None
[INFO] [stderr]   CFLAGS = None
[INFO] [stderr]   CRATE_CC_NO_DEFAULTS = None
[INFO] [stderr]   DEBUG = Some("true")
[INFO] [stderr]   CARGO_CFG_TARGET_FEATURE = Some("fxsr,sse,sse2")
[INFO] [stderr]   running: "cc" "-O0" "-ffunction-sections" "-fdata-sections" "-fPIC" "-g" "-fno-omit-frame-pointer" "-m64" "-I" "/usr/include" "-Wall" "-Wextra" "-E" "build/expando.c"
[INFO] [stderr]   cargo:warning=build/expando.c:4:24: error: pasting "RUST_VERSION_OPENSSL_" and "(" does not give a valid preprocessing token
[INFO] [stderr]   cargo:warning=    4 | #define VERSION2(n, v) RUST_VERSION_##n##_##v
[INFO] [stderr]   cargo:warning=      |                        ^~~~~~~~~~~~~
[INFO] [stderr]   cargo:warning=build/expando.c:5:23: note: in expansion of macro 'VERSION2'
[INFO] [stderr]   cargo:warning=    5 | #define VERSION(n, v) VERSION2(n, v)
[INFO] [stderr]   cargo:warning=      |                       ^~~~~~~~
[INFO] [stderr]   cargo:warning=build/expando.c:10:1: note: in expansion of macro 'VERSION'
[INFO] [stderr]   cargo:warning=   10 | VERSION(OPENSSL, OPENSSL_VERSION_NUMBER)
[INFO] [stderr]   cargo:warning=      | ^~~~~~~
[INFO] [stderr]   exit status: 1
[INFO] [stderr] 
[INFO] [stderr]   --- stderr
[INFO] [stderr]   thread 'main' panicked at /opt/rustwide/cargo-home/registry/src/index.crates.io-6f17d22bba15001f/openssl-sys-0.9.57/build/main.rs:138:13:
[INFO] [stderr] 
[INFO] [stderr]   Header expansion error:
[INFO] [stderr]   Error { kind: ToolExecError, message: "Command \"cc\" \"-O0\" \"-ffunction-sections\" \"-fdata-sections\" \"-fPIC\" \"-g\" \"-fno-omit-frame-pointer\" \"-m64\" \"-I\" \"/usr/include\" \"-Wall\" \"-Wextra\" \"-E\" \"build/expando.c\" with args \"cc\" did not execute successfully (status code exit status: 1)." }
[INFO] [stderr] 
[INFO] [stderr]   Failed to find OpenSSL development headers.
[INFO] [stderr] 
[INFO] [stderr]   You can try fixing this setting the `OPENSSL_DIR` environment variable
[INFO] [stderr]   pointing to your OpenSSL installation or installing OpenSSL headers package
[INFO] [stderr]   specific to your distribution:
[INFO] [stderr] 
[INFO] [stderr]       # On Ubuntu
[INFO] [stderr]       sudo apt-get install libssl-dev
[INFO] [stderr]       # On Arch Linux
[INFO] [stderr]       sudo pacman -S openssl
[INFO] [stderr]       # On Fedora
[INFO] [stderr]       sudo dnf install openssl-devel
[INFO] [stderr] 
[INFO] [stderr]   See rust-openssl README for more information:
[INFO] [stderr] 
[INFO] [stderr]       https://github.com/sfackler/rust-openssl#linux
[INFO] [stderr] 
[INFO] [stderr]   stack backtrace:
[INFO] [stderr]      0:     0x563feb8286ec - std::backtrace_rs::backtrace::libunwind::trace::ha637c64ce894333a
[INFO] [stderr]                                  at /rustc/82e1608dfa6e0b5569232559e3d385fea5a93112/library/std/src/../../backtrace/src/backtrace/libunwind.rs:104:5
[INFO] [stderr]      1:     0x563feb8286ec - std::backtrace_rs::backtrace::trace_unsynchronized::h47f62dea28e0c88d
[INFO] [stderr]                                  at /rustc/82e1608dfa6e0b5569232559e3d385fea5a93112/library/std/src/../../backtrace/src/backtrace/mod.rs:66:5
[INFO] [stderr]      2:     0x563feb8286ec - std::sys_common::backtrace::_print_fmt::h9eef0abe20ede486
[INFO] [stderr]                                  at /rustc/82e1608dfa6e0b5569232559e3d385fea5a93112/library/std/src/sys_common/backtrace.rs:67:5
[INFO] [stderr]      3:     0x563feb8286ec - <std::sys_common::backtrace::_print::DisplayBacktrace as core::fmt::Display>::fmt::hed7f999df88cc644
[INFO] [stderr]                                  at /rustc/82e1608dfa6e0b5569232559e3d385fea5a93112/library/std/src/sys_common/backtrace.rs:44:22
[INFO] [stderr]      4:     0x563feb84e850 - core::fmt::rt::Argument::fmt::h1539a9308b8d058d
[INFO] [stderr]                                  at /rustc/82e1608dfa6e0b5569232559e3d385fea5a93112/library/core/src/fmt/rt.rs:142:9
[INFO] [stderr]      5:     0x563feb84e850 - core::fmt::write::h3a39390d8560d9c9
[INFO] [stderr]                                  at /rustc/82e1608dfa6e0b5569232559e3d385fea5a93112/library/core/src/fmt/mod.rs:1120:17
[INFO] [stderr]      6:     0x563feb8260ef - std::io::Write::write_fmt::h5fc9997dfe05f882
[INFO] [stderr]                                  at /rustc/82e1608dfa6e0b5569232559e3d385fea5a93112/library/std/src/io/mod.rs:1762:15
[INFO] [stderr]      7:     0x563feb8284d4 - std::sys_common::backtrace::_print::h894006fb5c6f3d45
[INFO] [stderr]                                  at /rustc/82e1608dfa6e0b5569232559e3d385fea5a93112/library/std/src/sys_common/backtrace.rs:47:5
[INFO] [stderr]      8:     0x563feb8284d4 - std::sys_common::backtrace::print::h23a2d212c6fff936
[INFO] [stderr]                                  at /rustc/82e1608dfa6e0b5569232559e3d385fea5a93112/library/std/src/sys_common/backtrace.rs:34:9
[INFO] [stderr]      9:     0x563feb829ce7 - std::panicking::default_hook::{{closure}}::h8a1d2ee00185001a
[INFO] [stderr]     10:     0x563feb829a4f - std::panicking::default_hook::h6038f2eba384e475
[INFO] [stderr]                                  at /rustc/82e1608dfa6e0b5569232559e3d385fea5a93112/library/std/src/panicking.rs:292:9
[INFO] [stderr]     11:     0x563feb82a168 - std::panicking::rust_panic_with_hook::h2b5517d590cab22e
[INFO] [stderr]                                  at /rustc/82e1608dfa6e0b5569232559e3d385fea5a93112/library/std/src/panicking.rs:779:13
[INFO] [stderr]     12:     0x563feb82a04e - std::panicking::begin_panic_handler::{{closure}}::h233112c06e0ef43e
[INFO] [stderr]                                  at /rustc/82e1608dfa6e0b5569232559e3d385fea5a93112/library/std/src/panicking.rs:657:13
[INFO] [stderr]     13:     0x563feb828bb6 - std::sys_common::backtrace::__rust_end_short_backtrace::h6e893f24d7ebbff8
[INFO] [stderr]                                  at /rustc/82e1608dfa6e0b5569232559e3d385fea5a93112/library/std/src/sys_common/backtrace.rs:170:18
[INFO] [stderr]     14:     0x563feb829db2 - rust_begin_unwind
[INFO] [stderr]                                  at /rustc/82e1608dfa6e0b5569232559e3d385fea5a93112/library/std/src/panicking.rs:645:5
[INFO] [stderr]     15:     0x563feb797685 - core::panicking::panic_fmt::hbf0e066aabfa482c
[INFO] [stderr]                                  at /rustc/82e1608dfa6e0b5569232559e3d385fea5a93112/library/core/src/panicking.rs:72:14
[INFO] [stderr]     16:     0x563feb79f3a4 - build_script_main::validate_headers::h2ff1ab88a3e30ffd
[INFO] [stderr]     17:     0x563feb79c022 - build_script_main::find_normal::try_pkg_config::h57baf0a84f75aec3
[INFO] [stderr]     18:     0x563feb79ae54 - build_script_main::find_normal::find_openssl_dir::h35c2234a6a68f70a
[INFO] [stderr]     19:     0x563feb79acf2 - build_script_main::find_normal::get_openssl::{{closure}}::hb649896434c4aeeb
[INFO] [stderr]     20:     0x563feb7a25a9 - core::option::Option<T>::unwrap_or_else::h745cd3ff70133c90
[INFO] [stderr]     21:     0x563feb79aaf1 - build_script_main::find_normal::get_openssl::hc7d340c8092c753f
[INFO] [stderr]     22:     0x563feb79cced - build_script_main::find_openssl::h06f5620e7869050b
[INFO] [stderr]     23:     0x563feb79cdc5 - build_script_main::main::hf9d9528eff99cc2a
[INFO] [stderr]     24:     0x563feb7a12a3 - core::ops::function::FnOnce::call_once::habd8cfff05fb4d45
[INFO] [stderr]     25:     0x563feb7a0936 - std::sys_common::backtrace::__rust_begin_short_backtrace::h53e54ed060507196
[INFO] [stderr]     26:     0x563feb7a0a79 - std::rt::lang_start::{{closure}}::h99a8e59f875a68a9
[INFO] [stderr]     27:     0x563feb822477 - core::ops::function::impls::<impl core::ops::function::FnOnce<A> for &F>::call_once::hd95060ecd5e1ca24
[INFO] [stderr]                                  at /rustc/82e1608dfa6e0b5569232559e3d385fea5a93112/library/core/src/ops/function.rs:284:13
[INFO] [stderr]     28:     0x563feb822477 - std::panicking::try::do_call::h6e8cf51db32a6e4b
[INFO] [stderr]                                  at /rustc/82e1608dfa6e0b5569232559e3d385fea5a93112/library/std/src/panicking.rs:552:40
[INFO] [stderr]     29:     0x563feb822477 - std::panicking::try::h3a52eefe24fe3c29
[INFO] [stderr]                                  at /rustc/82e1608dfa6e0b5569232559e3d385fea5a93112/library/std/src/panicking.rs:516:19
[INFO] [stderr]     30:     0x563feb822477 - std::panic::catch_unwind::h24c28c23c02c3841
[INFO] [stderr]                                  at /rustc/82e1608dfa6e0b5569232559e3d385fea5a93112/library/std/src/panic.rs:142:14
[INFO] [stderr]     31:     0x563feb822477 - std::rt::lang_start_internal::{{closure}}::h705d3c9cbc06ef47
[INFO] [stderr]                                  at /rustc/82e1608dfa6e0b5569232559e3d385fea5a93112/library/std/src/rt.rs:148:48
[INFO] [stderr]     32:     0x563feb822477 - std::panicking::try::do_call::ha21f52ba13158470
[INFO] [stderr]                                  at /rustc/82e1608dfa6e0b5569232559e3d385fea5a93112/library/std/src/panicking.rs:552:40
[INFO] [stderr]     33:     0x563feb822477 - std::panicking::try::h5581346bf6aeb1f8
[INFO] [stderr]                                  at /rustc/82e1608dfa6e0b5569232559e3d385fea5a93112/library/std/src/panicking.rs:516:19
[INFO] [stderr]     34:     0x563feb822477 - std::panic::catch_unwind::h7919645a6b72e25b
[INFO] [stderr]                                  at /rustc/82e1608dfa6e0b5569232559e3d385fea5a93112/library/std/src/panic.rs:142:14
[INFO] [stderr]     35:     0x563feb822477 - std::rt::lang_start_internal::h12de51168669836e
[INFO] [stderr]                                  at /rustc/82e1608dfa6e0b5569232559e3d385fea5a93112/library/std/src/rt.rs:148:20
[INFO] [stderr]     36:     0x563feb7a0a57 - std::rt::lang_start::h3df45550bea4e08c
[INFO] [stderr]     37:     0x563feb7a00d5 - main
[INFO] [stderr]     38:     0x7f9ad23b4d90 - <unknown>
[INFO] [stderr]     39:     0x7f9ad23b4e40 - __libc_start_main
[INFO] [stderr]     40:     0x563feb797e95 - _start
[INFO] [stderr]     41:                0x0 - <unknown>
[INFO] [stderr] warning: build failed, waiting for other jobs to finish...
[INFO] running `Command { std: "docker" "inspect" "918b4698a49d3c8d6f50f01cad891278f512de143abeb8d1c4625817a98cbdee", kill_on_drop: false }`
[INFO] running `Command { std: "docker" "rm" "-f" "918b4698a49d3c8d6f50f01cad891278f512de143abeb8d1c4625817a98cbdee", kill_on_drop: false }`
[INFO] [stdout] 918b4698a49d3c8d6f50f01cad891278f512de143abeb8d1c4625817a98cbdee
[INFO] documenting GBC-AI/solana against beta-2023-12-22 for beta-1.76-rustdoc-1
[INFO] running `Command { std: "git" "clone" "/workspace/cache/git-repos/https%3A%2F%2Fgithub.com%2FGBC-AI%2Fsolana" "/workspace/builds/worker-5-tc2/source", kill_on_drop: false }`
[INFO] [stderr] Cloning into '/workspace/builds/worker-5-tc2/source'...
[INFO] [stderr] done.
[INFO] validating manifest of git repo https://github.com/GBC-AI/solana on toolchain beta-2023-12-22
[INFO] running `Command { std: CARGO_HOME="/workspace/cargo-home" RUSTUP_HOME="/workspace/rustup-home" "/workspace/cargo-home/bin/cargo" "+beta-2023-12-22" "metadata" "--manifest-path" "Cargo.toml" "--no-deps", kill_on_drop: false }`
[INFO] started tweaking git repo https://github.com/GBC-AI/solana
[INFO] finished tweaking git repo https://github.com/GBC-AI/solana
[INFO] tweaked toml for git repo https://github.com/GBC-AI/solana written to /workspace/builds/worker-5-tc2/source/Cargo.toml
[INFO] crate git repo https://github.com/GBC-AI/solana already has a lockfile, it will not be regenerated
[INFO] running `Command { std: CARGO_HOME="/workspace/cargo-home" RUSTUP_HOME="/workspace/rustup-home" "/workspace/cargo-home/bin/cargo" "+beta-2023-12-22" "fetch" "--manifest-path" "Cargo.toml", kill_on_drop: false }`
[INFO] running `Command { std: "docker" "create" "-v" "/var/lib/crater-agent-workspace/builds/worker-5-tc2/target:/opt/rustwide/target:rw,Z" "-v" "/var/lib/crater-agent-workspace/builds/worker-5-tc2/source:/opt/rustwide/workdir:ro,Z" "-v" "/var/lib/crater-agent-workspace/cargo-home:/opt/rustwide/cargo-home:ro,Z" "-v" "/var/lib/crater-agent-workspace/rustup-home:/opt/rustwide/rustup-home:ro,Z" "-e" "SOURCE_DIR=/opt/rustwide/workdir" "-e" "CARGO_TARGET_DIR=/opt/rustwide/target" "-e" "CARGO_HOME=/opt/rustwide/cargo-home" "-e" "RUSTUP_HOME=/opt/rustwide/rustup-home" "-w" "/opt/rustwide/workdir" "-m" "1610612736" "--user" "0:0" "--network" "none" "ghcr.io/rust-lang/crates-build-env/linux@sha256:2788e3201cd34a07e3172128adcd8b3090168a8e3bcc40d7c032b9dda1df7d1c" "/opt/rustwide/cargo-home/bin/cargo" "+beta-2023-12-22" "metadata" "--no-deps" "--format-version=1", kill_on_drop: false }`
[INFO] [stdout] f3516b1820504c36939608802ada2c57b63d66f33356470a952dbd154afdea3d
[INFO] running `Command { std: "docker" "start" "-a" "f3516b1820504c36939608802ada2c57b63d66f33356470a952dbd154afdea3d", kill_on_drop: false }`
[INFO] running `Command { std: "docker" "inspect" "f3516b1820504c36939608802ada2c57b63d66f33356470a952dbd154afdea3d", kill_on_drop: false }`
[INFO] running `Command { std: "docker" "rm" "-f" "f3516b1820504c36939608802ada2c57b63d66f33356470a952dbd154afdea3d", kill_on_drop: false }`
[INFO] [stdout] f3516b1820504c36939608802ada2c57b63d66f33356470a952dbd154afdea3d
[INFO] running `Command { std: "docker" "create" "-v" "/var/lib/crater-agent-workspace/builds/worker-5-tc2/target:/opt/rustwide/target:rw,Z" "-v" "/var/lib/crater-agent-workspace/builds/worker-5-tc2/source:/opt/rustwide/workdir:ro,Z" "-v" "/var/lib/crater-agent-workspace/cargo-home:/opt/rustwide/cargo-home:ro,Z" "-v" "/var/lib/crater-agent-workspace/rustup-home:/opt/rustwide/rustup-home:ro,Z" "-e" "SOURCE_DIR=/opt/rustwide/workdir" "-e" "CARGO_TARGET_DIR=/opt/rustwide/target" "-e" "CARGO_INCREMENTAL=0" "-e" "RUST_BACKTRACE=full" "-e" "RUSTFLAGS=--cap-lints=warn" "-e" "RUSTDOCFLAGS=--cap-lints=warn" "-e" "CARGO_HOME=/opt/rustwide/cargo-home" "-e" "RUSTUP_HOME=/opt/rustwide/rustup-home" "-w" "/opt/rustwide/workdir" "-m" "1610612736" "--user" "0:0" "--network" "none" "ghcr.io/rust-lang/crates-build-env/linux@sha256:2788e3201cd34a07e3172128adcd8b3090168a8e3bcc40d7c032b9dda1df7d1c" "/opt/rustwide/cargo-home/bin/cargo" "+beta-2023-12-22" "doc" "--frozen" "--no-deps" "--document-private-items" "--message-format=json", kill_on_drop: false }`
[INFO] [stdout] 43508e5bbdee6cad4fe45d935c754d6908f204130d5d2990386c3ccb8da91f57
[INFO] running `Command { std: "docker" "start" "-a" "43508e5bbdee6cad4fe45d935c754d6908f204130d5d2990386c3ccb8da91f57", kill_on_drop: false }`
[INFO] [stderr] warning: output filename collision.
[INFO] [stderr] The bin target `solana-faucet` in package `solana-faucet v1.5.0 (/opt/rustwide/workdir/faucet)` has the same output filename as the lib target `solana_faucet` in package `solana-faucet v1.5.0 (/opt/rustwide/workdir/faucet)`.
[INFO] [stderr] Colliding filename is: /opt/rustwide/target/doc/solana_faucet/index.html
[INFO] [stderr] The output filenames should be unique.
[INFO] [stderr] This is a known bug where multiple crates with the same name use
[INFO] [stderr] the same path; see <https://github.com/rust-lang/cargo/issues/6313>.
[INFO] [stderr] If this looks unexpected, it may be a bug in Cargo. Please file a bug report at
[INFO] [stderr] https://github.com/rust-lang/cargo/issues/ with as much information as you
[INFO] [stderr] can provide.
[INFO] [stderr] cargo 1.76.0-beta.1 (1a2666ddd 2023-12-17) running on `x86_64-unknown-linux-gnu` target `x86_64-unknown-linux-gnu`
[INFO] [stderr] First unit: Unit { pkg: Package { id: PackageId { name: "solana-faucet", version: "1.5.0", source: "/opt/rustwide/workdir/faucet" }, ..: ".." }, target: TargetInner { name: "solana-faucet", doc: true, ..: with_path("/opt/rustwide/workdir/faucet/src/bin/faucet.rs", Edition2018) }, profile: Profile { incremental: false, ..: default_dev() }, kind: Host, mode: Doc { deps: false }, features: [], artifact: false, artifact_target_for_features: None, is_std: false, dep_hash: 13450618771356619685 }
[INFO] [stderr] Second unit: Unit { pkg: Package { id: PackageId { name: "solana-faucet", version: "1.5.0", source: "/opt/rustwide/workdir/faucet" }, ..: ".." }, target: TargetInner { ..: lib_target("solana_faucet", ["lib"], "/opt/rustwide/workdir/faucet/src/lib.rs", Edition2018) }, profile: Profile { incremental: false, ..: default_dev() }, kind: Host, mode: Doc { deps: false }, features: [], artifact: false, artifact_target_for_features: None, is_std: false, dep_hash: 11669717227705261448 }
[INFO] [stderr] warning: output filename collision.
[INFO] [stderr] The bin target `solana-genesis` in package `solana-genesis v1.5.0 (/opt/rustwide/workdir/genesis)` has the same output filename as the lib target `solana_genesis` in package `solana-genesis v1.5.0 (/opt/rustwide/workdir/genesis)`.
[INFO] [stderr] Colliding filename is: /opt/rustwide/target/doc/solana_genesis/index.html
[INFO] [stderr] The output filenames should be unique.
[INFO] [stderr] This is a known bug where multiple crates with the same name use
[INFO] [stderr] the same path; see <https://github.com/rust-lang/cargo/issues/6313>.
[INFO] [stderr] If this looks unexpected, it may be a bug in Cargo. Please file a bug report at
[INFO] [stderr] https://github.com/rust-lang/cargo/issues/ with as much information as you
[INFO] [stderr] can provide.
[INFO] [stderr] cargo 1.76.0-beta.1 (1a2666ddd 2023-12-17) running on `x86_64-unknown-linux-gnu` target `x86_64-unknown-linux-gnu`
[INFO] [stderr] First unit: Unit { pkg: Package { id: PackageId { name: "solana-genesis", version: "1.5.0", source: "/opt/rustwide/workdir/genesis" }, ..: ".." }, target: TargetInner { name: "solana-genesis", doc: true, ..: with_path("/opt/rustwide/workdir/genesis/src/main.rs", Edition2018) }, profile: Profile { incremental: false, ..: default_dev() }, kind: Host, mode: Doc { deps: false }, features: [], artifact: false, artifact_target_for_features: None, is_std: false, dep_hash: 13892258230749547095 }
[INFO] [stderr] Second unit: Unit { pkg: Package { id: PackageId { name: "solana-genesis", version: "1.5.0", source: "/opt/rustwide/workdir/genesis" }, ..: ".." }, target: TargetInner { ..: lib_target("solana_genesis", ["lib"], "/opt/rustwide/workdir/genesis/src/lib.rs", Edition2018) }, profile: Profile { incremental: false, ..: default_dev() }, kind: Host, mode: Doc { deps: false }, features: [], artifact: false, artifact_target_for_features: None, is_std: false, dep_hash: 13760388207903706630 }
[INFO] [stderr] warning: output filename collision.
[INFO] [stderr] The bin target `solana-sys-tuner` in package `solana-sys-tuner v1.5.0 (/opt/rustwide/workdir/sys-tuner)` has the same output filename as the lib target `solana_sys_tuner` in package `solana-sys-tuner v1.5.0 (/opt/rustwide/workdir/sys-tuner)`.
[INFO] [stderr] Colliding filename is: /opt/rustwide/target/doc/solana_sys_tuner/index.html
[INFO] [stderr] The output filenames should be unique.
[INFO] [stderr] This is a known bug where multiple crates with the same name use
[INFO] [stderr] the same path; see <https://github.com/rust-lang/cargo/issues/6313>.
[INFO] [stderr] If this looks unexpected, it may be a bug in Cargo. Please file a bug report at
[INFO] [stderr] https://github.com/rust-lang/cargo/issues/ with as much information as you
[INFO] [stderr] can provide.
[INFO] [stderr] cargo 1.76.0-beta.1 (1a2666ddd 2023-12-17) running on `x86_64-unknown-linux-gnu` target `x86_64-unknown-linux-gnu`
[INFO] [stderr] First unit: Unit { pkg: Package { id: PackageId { name: "solana-sys-tuner", version: "1.5.0", source: "/opt/rustwide/workdir/sys-tuner" }, ..: ".." }, target: TargetInner { name: "solana-sys-tuner", doc: true, ..: with_path("/opt/rustwide/workdir/sys-tuner/src/main.rs", Edition2018) }, profile: Profile { incremental: false, ..: default_dev() }, kind: Host, mode: Doc { deps: false }, features: [], artifact: false, artifact_target_for_features: None, is_std: false, dep_hash: 1135048158906128720 }
[INFO] [stderr] Second unit: Unit { pkg: Package { id: PackageId { name: "solana-sys-tuner", version: "1.5.0", source: "/opt/rustwide/workdir/sys-tuner" }, ..: ".." }, target: TargetInner { ..: lib_target("solana_sys_tuner", ["lib"], "/opt/rustwide/workdir/sys-tuner/src/lib.rs", Edition2018) }, profile: Profile { incremental: false, ..: default_dev() }, kind: Host, mode: Doc { deps: false }, features: [], artifact: false, artifact_target_for_features: None, is_std: false, dep_hash: 11130419022024089428 }
[INFO] [stderr] warning: output filename collision.
[INFO] [stderr] The bin target `solana-vote-signer` in package `solana-vote-signer v1.5.0 (/opt/rustwide/workdir/vote-signer)` has the same output filename as the lib target `solana_vote_signer` in package `solana-vote-signer v1.5.0 (/opt/rustwide/workdir/vote-signer)`.
[INFO] [stderr] Colliding filename is: /opt/rustwide/target/doc/solana_vote_signer/index.html
[INFO] [stderr] The output filenames should be unique.
[INFO] [stderr] This is a known bug where multiple crates with the same name use
[INFO] [stderr] the same path; see <https://github.com/rust-lang/cargo/issues/6313>.
[INFO] [stderr] If this looks unexpected, it may be a bug in Cargo. Please file a bug report at
[INFO] [stderr] https://github.com/rust-lang/cargo/issues/ with as much information as you
[INFO] [stderr] can provide.
[INFO] [stderr] cargo 1.76.0-beta.1 (1a2666ddd 2023-12-17) running on `x86_64-unknown-linux-gnu` target `x86_64-unknown-linux-gnu`
[INFO] [stderr] First unit: Unit { pkg: Package { id: PackageId { name: "solana-vote-signer", version: "1.5.0", source: "/opt/rustwide/workdir/vote-signer" }, ..: ".." }, target: TargetInner { name: "solana-vote-signer", doc: true, ..: with_path("/opt/rustwide/workdir/vote-signer/src/bin/main.rs", Edition2018) }, profile: Profile { incremental: false, ..: default_dev() }, kind: Host, mode: Doc { deps: false }, features: [], artifact: false, artifact_target_for_features: None, is_std: false, dep_hash: 12029204405600727445 }
[INFO] [stderr] Second unit: Unit { pkg: Package { id: PackageId { name: "solana-vote-signer", version: "1.5.0", source: "/opt/rustwide/workdir/vote-signer" }, ..: ".." }, target: TargetInner { ..: lib_target("solana_vote_signer", ["lib"], "/opt/rustwide/workdir/vote-signer/src/lib.rs", Edition2018) }, profile: Profile { incremental: false, ..: default_dev() }, kind: Host, mode: Doc { deps: false }, features: [], artifact: false, artifact_target_for_features: None, is_std: false, dep_hash: 13266083457745654120 }
[INFO] [stderr]    Compiling libc v0.2.72
[INFO] [stderr]    Compiling unicode-xid v0.2.0
[INFO] [stderr]    Compiling syn v1.0.48
[INFO] [stderr]    Compiling log v0.4.8
[INFO] [stderr]    Compiling autocfg v1.0.0
[INFO] [stderr]    Compiling memchr v2.3.3
[INFO] [stderr]    Compiling serde_derive v1.0.117
[INFO] [stderr]    Compiling serde v1.0.117
[INFO] [stderr]    Compiling proc-macro2 v1.0.24
[INFO] [stderr]     Checking smallvec v1.4.2
[INFO] [stderr]     Checking either v1.5.3
[INFO] [stderr]    Compiling crossbeam-utils v0.7.2
[INFO] [stderr]    Compiling proc-macro-hack v0.5.16
[INFO] [stderr]    Compiling quote v1.0.6
[INFO] [stderr]     Checking futures-core v0.3.5
[INFO] [stderr]     Checking bytes v0.5.4
[INFO] [stderr]     Checking itoa v0.4.5
[INFO] [stderr]    Compiling pin-project-internal v0.4.23
[INFO] [stderr]    Compiling cfg-if v0.1.10
[INFO] [stderr]     Checking futures v0.1.29
[INFO] [stderr]    Compiling memoffset v0.5.4
[INFO] [stderr]     Checking arc-swap v0.4.6
[INFO] [stderr]    Compiling crossbeam-epoch v0.8.2
[INFO] [stderr]    Compiling pkg-config v0.3.17
[INFO] [stderr]     Checking pin-project-lite v0.1.5
[INFO] [stderr]     Checking futures-sink v0.3.5
[INFO] [stderr]     Checking ppv-lite86 v0.2.8
[INFO] [stderr]    Compiling ryu v1.0.4
[INFO] [stderr]    Compiling num_cpus v1.13.0
[INFO] [stderr]    Compiling jobserver v0.1.21
[INFO] [stderr]     Checking iovec v0.1.4
[INFO] [stderr]     Checking net2 v0.2.34
[INFO] [stderr]     Checking parking_lot_core v0.7.2
[INFO] [stderr]    Compiling cc v1.0.49
[INFO] [stderr]     Checking signal-hook-registry v1.2.0
[INFO] [stderr]     Checking getrandom v0.1.14
[INFO] [stderr]     Checking mio v0.6.22
[INFO] [stderr]     Checking parking_lot v0.10.2
[INFO] [stderr]     Checking crossbeam-deque v0.7.3
[INFO] [stderr]     Checking bytes v0.4.12
[INFO] [stderr]     Checking rand_core v0.5.1
[INFO] [stderr]     Checking rand_pcg v0.2.1
[INFO] [stderr]     Checking rand_chacha v0.2.2
[INFO] [stderr]    Compiling const-random-macro v0.1.8
[INFO] [stderr]     Checking once_cell v1.4.0
[INFO] [stderr]    Compiling proc-macro-nested v0.1.4
[INFO] [stderr]     Checking unicode-normalization v0.1.12
[INFO] [stderr]    Compiling rayon-core v1.8.1
[INFO] [stderr]     Checking rand v0.7.3
[INFO] [stderr]     Checking mio-uds v0.6.8
[INFO] [stderr]     Checking futures-task v0.3.5
[INFO] [stderr]     Checking const-random v0.1.8
[INFO] [stderr]     Checking futures-channel v0.3.5
[INFO] [stderr]     Checking ahash v0.3.8
[INFO] [stderr]    Compiling hashbrown v0.8.2
[INFO] [stderr]     Checking futures-io v0.3.5
[INFO] [stderr]     Checking tokio-io v0.1.13
[INFO] [stderr]    Compiling openssl-sys v0.9.57
[INFO] [stderr]     Checking tokio-executor v0.1.10
[INFO] [stderr]     Checking crossbeam-channel v0.4.4
[INFO] [stderr]    Compiling rayon v1.4.1
[INFO] [stderr]     Checking regex-syntax v0.6.18
[INFO] [stderr]    Compiling serde_json v1.0.59
[INFO] [stderr]     Checking time v0.1.43
[INFO] [stderr]    Compiling indexmap v1.5.1
[INFO] [stderr]    Compiling openssl v0.10.29
[INFO] [stderr]     Checking parking_lot_core v0.6.2
[INFO] [stderr]     Checking aho-corasick v0.7.10
[INFO] [stderr]    Compiling native-tls v0.2.4
[INFO] [stderr]     Checking parking_lot v0.9.0
[INFO] [stderr] The following warnings were emitted during compilation:
[INFO] [stderr] 
[INFO] [stderr] warning: openssl-sys@0.9.57: build/expando.c:4:24: error: pasting "RUST_VERSION_OPENSSL_" and "(" does not give a valid preprocessing token
[INFO] [stderr] warning: openssl-sys@0.9.57:     4 | #define VERSION2(n, v) RUST_VERSION_##n##_##v
[INFO] [stderr] warning: openssl-sys@0.9.57:       |                        ^~~~~~~~~~~~~
[INFO] [stderr] warning: openssl-sys@0.9.57: build/expando.c:5:23: note: in expansion of macro 'VERSION2'
[INFO] [stderr] warning: openssl-sys@0.9.57:     5 | #define VERSION(n, v) VERSION2(n, v)
[INFO] [stderr] warning: openssl-sys@0.9.57:       |                       ^~~~~~~~
[INFO] [stderr] warning: openssl-sys@0.9.57: build/expando.c:10:1: note: in expansion of macro 'VERSION'
[INFO] [stderr] warning: openssl-sys@0.9.57:    10 | VERSION(OPENSSL, OPENSSL_VERSION_NUMBER)
[INFO] [stderr] warning: openssl-sys@0.9.57:       | ^~~~~~~
[INFO] [stderr] 
[INFO] [stderr] error: failed to run custom build command for `openssl-sys v0.9.57`
[INFO] [stderr] note: To improve backtraces for build dependencies, set the CARGO_PROFILE_DEV_BUILD_OVERRIDE_DEBUG=true environment variable to enable debug information generation.
[INFO] [stderr] 
[INFO] [stderr] Caused by:
[INFO] [stderr]   process didn't exit successfully: `/opt/rustwide/target/debug/build/openssl-sys-c657330b809e8b68/build-script-main` (exit status: 101)
[INFO] [stderr]   --- stdout
[INFO] [stderr]   cargo:rustc-cfg=const_fn
[INFO] [stderr]   cargo:rerun-if-env-changed=X86_64_UNKNOWN_LINUX_GNU_OPENSSL_LIB_DIR
[INFO] [stderr]   X86_64_UNKNOWN_LINUX_GNU_OPENSSL_LIB_DIR unset
[INFO] [stderr]   cargo:rerun-if-env-changed=OPENSSL_LIB_DIR
[INFO] [stderr]   OPENSSL_LIB_DIR unset
[INFO] [stderr]   cargo:rerun-if-env-changed=X86_64_UNKNOWN_LINUX_GNU_OPENSSL_INCLUDE_DIR
[INFO] [stderr]   X86_64_UNKNOWN_LINUX_GNU_OPENSSL_INCLUDE_DIR unset
[INFO] [stderr]   cargo:rerun-if-env-changed=OPENSSL_INCLUDE_DIR
[INFO] [stderr]   OPENSSL_INCLUDE_DIR unset
[INFO] [stderr]   cargo:rerun-if-env-changed=X86_64_UNKNOWN_LINUX_GNU_OPENSSL_DIR
[INFO] [stderr]   X86_64_UNKNOWN_LINUX_GNU_OPENSSL_DIR unset
[INFO] [stderr]   cargo:rerun-if-env-changed=OPENSSL_DIR
[INFO] [stderr]   OPENSSL_DIR unset
[INFO] [stderr]   cargo:rustc-link-lib=ssl
[INFO] [stderr]   cargo:rustc-link-lib=crypto
[INFO] [stderr]   OPT_LEVEL = Some("0")
[INFO] [stderr]   TARGET = Some("x86_64-unknown-linux-gnu")
[INFO] [stderr]   HOST = Some("x86_64-unknown-linux-gnu")
[INFO] [stderr]   CC_x86_64-unknown-linux-gnu = None
[INFO] [stderr]   CC_x86_64_unknown_linux_gnu = None
[INFO] [stderr]   HOST_CC = None
[INFO] [stderr]   CC = None
[INFO] [stderr]   CFLAGS_x86_64-unknown-linux-gnu = None
[INFO] [stderr]   CFLAGS_x86_64_unknown_linux_gnu = None
[INFO] [stderr]   HOST_CFLAGS = None
[INFO] [stderr]   CFLAGS = None
[INFO] [stderr]   CRATE_CC_NO_DEFAULTS = None
[INFO] [stderr]   DEBUG = Some("true")
[INFO] [stderr]   CARGO_CFG_TARGET_FEATURE = Some("fxsr,sse,sse2")
[INFO] [stderr]   running: "cc" "-O0" "-ffunction-sections" "-fdata-sections" "-fPIC" "-g" "-fno-omit-frame-pointer" "-m64" "-I" "/usr/include" "-Wall" "-Wextra" "-E" "build/expando.c"
[INFO] [stderr]   cargo:warning=build/expando.c:4:24: error: pasting "RUST_VERSION_OPENSSL_" and "(" does not give a valid preprocessing token
[INFO] [stderr]   cargo:warning=    4 | #define VERSION2(n, v) RUST_VERSION_##n##_##v
[INFO] [stderr]   cargo:warning=      |                        ^~~~~~~~~~~~~
[INFO] [stderr]   cargo:warning=build/expando.c:5:23: note: in expansion of macro 'VERSION2'
[INFO] [stderr]   cargo:warning=    5 | #define VERSION(n, v) VERSION2(n, v)
[INFO] [stderr]   cargo:warning=      |                       ^~~~~~~~
[INFO] [stderr]   cargo:warning=build/expando.c:10:1: note: in expansion of macro 'VERSION'
[INFO] [stderr]   cargo:warning=   10 | VERSION(OPENSSL, OPENSSL_VERSION_NUMBER)
[INFO] [stderr]   cargo:warning=      | ^~~~~~~
[INFO] [stderr]   exit status: 1
[INFO] [stderr] 
[INFO] [stderr]   --- stderr
[INFO] [stderr]   thread 'main' panicked at /opt/rustwide/cargo-home/registry/src/index.crates.io-6f17d22bba15001f/openssl-sys-0.9.57/build/main.rs:138:13:
[INFO] [stderr] 
[INFO] [stderr]   Header expansion error:
[INFO] [stderr]   Error { kind: ToolExecError, message: "Command \"cc\" \"-O0\" \"-ffunction-sections\" \"-fdata-sections\" \"-fPIC\" \"-g\" \"-fno-omit-frame-pointer\" \"-m64\" \"-I\" \"/usr/include\" \"-Wall\" \"-Wextra\" \"-E\" \"build/expando.c\" with args \"cc\" did not execute successfully (status code exit status: 1)." }
[INFO] [stderr] 
[INFO] [stderr]   Failed to find OpenSSL development headers.
[INFO] [stderr] 
[INFO] [stderr]   You can try fixing this setting the `OPENSSL_DIR` environment variable
[INFO] [stderr]   pointing to your OpenSSL installation or installing OpenSSL headers package
[INFO] [stderr]   specific to your distribution:
[INFO] [stderr] 
[INFO] [stderr]       # On Ubuntu
[INFO] [stderr]       sudo apt-get install libssl-dev
[INFO] [stderr]       # On Arch Linux
[INFO] [stderr]       sudo pacman -S openssl
[INFO] [stderr]       # On Fedora
[INFO] [stderr]       sudo dnf install openssl-devel
[INFO] [stderr] 
[INFO] [stderr]   See rust-openssl README for more information:
[INFO] [stderr] 
[INFO] [stderr]       https://github.com/sfackler/rust-openssl#linux
[INFO] [stderr] 
[INFO] [stderr]   stack backtrace:
[INFO] [stderr]      0:     0x5622ed111496 - std::backtrace_rs::backtrace::libunwind::trace::h261606ad26a499c1
[INFO] [stderr]                                  at /rustc/0e09125c6c3c2fd70d7de961bcf0e51575235fad/library/std/src/../../backtrace/src/backtrace/libunwind.rs:104:5
[INFO] [stderr]      1:     0x5622ed111496 - std::backtrace_rs::backtrace::trace_unsynchronized::hd183f0625477fb28
[INFO] [stderr]                                  at /rustc/0e09125c6c3c2fd70d7de961bcf0e51575235fad/library/std/src/../../backtrace/src/backtrace/mod.rs:66:5
[INFO] [stderr]      2:     0x5622ed111496 - std::sys_common::backtrace::_print_fmt::hd7f8fef21b4eda67
[INFO] [stderr]                                  at /rustc/0e09125c6c3c2fd70d7de961bcf0e51575235fad/library/std/src/sys_common/backtrace.rs:68:5
[INFO] [stderr]      3:     0x5622ed111496 - <std::sys_common::backtrace::_print::DisplayBacktrace as core::fmt::Display>::fmt::h623d9b51f2f453f1
[INFO] [stderr]                                  at /rustc/0e09125c6c3c2fd70d7de961bcf0e51575235fad/library/std/src/sys_common/backtrace.rs:44:22
[INFO] [stderr]      4:     0x5622ed1369e0 - core::fmt::rt::Argument::fmt::h9f417ac76a86f368
[INFO] [stderr]                                  at /rustc/0e09125c6c3c2fd70d7de961bcf0e51575235fad/library/core/src/fmt/rt.rs:142:9
[INFO] [stderr]      5:     0x5622ed1369e0 - core::fmt::write::hc9b6faf4ac2aeff7
[INFO] [stderr]                                  at /rustc/0e09125c6c3c2fd70d7de961bcf0e51575235fad/library/core/src/fmt/mod.rs:1120:17
[INFO] [stderr]      6:     0x5622ed10efbf - std::io::Write::write_fmt::hfead1eee52c2e65e
[INFO] [stderr]                                  at /rustc/0e09125c6c3c2fd70d7de961bcf0e51575235fad/library/std/src/io/mod.rs:1810:15
[INFO] [stderr]      7:     0x5622ed111274 - std::sys_common::backtrace::_print::hd5d66399c7df88a2
[INFO] [stderr]                                  at /rustc/0e09125c6c3c2fd70d7de961bcf0e51575235fad/library/std/src/sys_common/backtrace.rs:47:5
[INFO] [stderr]      8:     0x5622ed111274 - std::sys_common::backtrace::print::he81ed2da642d37e5
[INFO] [stderr]                                  at /rustc/0e09125c6c3c2fd70d7de961bcf0e51575235fad/library/std/src/sys_common/backtrace.rs:34:9
[INFO] [stderr]      9:     0x5622ed112b57 - std::panicking::default_hook::{{closure}}::h85773f4fa117163d
[INFO] [stderr]     10:     0x5622ed1128b9 - std::panicking::default_hook::h6a1694a91d09b278
[INFO] [stderr]                                  at /rustc/0e09125c6c3c2fd70d7de961bcf0e51575235fad/library/std/src/panicking.rs:292:9
[INFO] [stderr]     11:     0x5622ed112fe8 - std::panicking::rust_panic_with_hook::h0a7ad96e90f7145b
[INFO] [stderr]                                  at /rustc/0e09125c6c3c2fd70d7de961bcf0e51575235fad/library/std/src/panicking.rs:779:13
[INFO] [stderr]     12:     0x5622ed112ec2 - std::panicking::begin_panic_handler::{{closure}}::h7919090525c6485e
[INFO] [stderr]                                  at /rustc/0e09125c6c3c2fd70d7de961bcf0e51575235fad/library/std/src/panicking.rs:657:13
[INFO] [stderr]     13:     0x5622ed111996 - std::sys_common::backtrace::__rust_end_short_backtrace::hf3289479464f7dfe
[INFO] [stderr]                                  at /rustc/0e09125c6c3c2fd70d7de961bcf0e51575235fad/library/std/src/sys_common/backtrace.rs:171:18
[INFO] [stderr]     14:     0x5622ed112c20 - rust_begin_unwind
[INFO] [stderr]                                  at /rustc/0e09125c6c3c2fd70d7de961bcf0e51575235fad/library/std/src/panicking.rs:645:5
[INFO] [stderr]     15:     0x5622ed07e685 - core::panicking::panic_fmt::hcc9f77c5c132af55
[INFO] [stderr]                                  at /rustc/0e09125c6c3c2fd70d7de961bcf0e51575235fad/library/core/src/panicking.rs:72:14
[INFO] [stderr]     16:     0x5622ed086894 - build_script_main::validate_headers::h193ff79a1c05d46a
[INFO] [stderr]     17:     0x5622ed0834d8 - build_script_main::find_normal::try_pkg_config::h03b0a0c2af3d8551
[INFO] [stderr]     18:     0x5622ed0822f4 - build_script_main::find_normal::find_openssl_dir::h6f578d07f75090f0
[INFO] [stderr]     19:     0x5622ed082192 - build_script_main::find_normal::get_openssl::{{closure}}::hfef1371dc65f8622
[INFO] [stderr]     20:     0x5622ed0895ff - core::option::Option<T>::unwrap_or_else::h20081b8fafcd30f1
[INFO] [stderr]     21:     0x5622ed081f8f - build_script_main::find_normal::get_openssl::h303bbacb6fa9a9c1
[INFO] [stderr]     22:     0x5622ed0841cd - build_script_main::find_openssl::hac1ff430486762e9
[INFO] [stderr]     23:     0x5622ed0842a5 - build_script_main::main::h6b5d79eaf556e647
[INFO] [stderr]     24:     0x5622ed0885b3 - core::ops::function::FnOnce::call_once::h0c503f2172239f64
[INFO] [stderr]     25:     0x5622ed087e06 - std::sys_common::backtrace::__rust_begin_short_backtrace::hffcf7f9330e8355a
[INFO] [stderr]     26:     0x5622ed087e69 - std::rt::lang_start::{{closure}}::he292755f1818d195
[INFO] [stderr]     27:     0x5622ed10b0f1 - core::ops::function::impls::<impl core::ops::function::FnOnce<A> for &F>::call_once::h4eb4c5e1620f29b0
[INFO] [stderr]                                  at /rustc/0e09125c6c3c2fd70d7de961bcf0e51575235fad/library/core/src/ops/function.rs:284:13
[INFO] [stderr]     28:     0x5622ed10b0f1 - std::panicking::try::do_call::h73fd26535faffcdf
[INFO] [stderr]                                  at /rustc/0e09125c6c3c2fd70d7de961bcf0e51575235fad/library/std/src/panicking.rs:552:40
[INFO] [stderr]     29:     0x5622ed10b0f1 - std::panicking::try::h77ff1d98f0fb9f39
[INFO] [stderr]                                  at /rustc/0e09125c6c3c2fd70d7de961bcf0e51575235fad/library/std/src/panicking.rs:516:19
[INFO] [stderr]     30:     0x5622ed10b0f1 - std::panic::catch_unwind::hab3caf2448b95e37
[INFO] [stderr]                                  at /rustc/0e09125c6c3c2fd70d7de961bcf0e51575235fad/library/std/src/panic.rs:142:14
[INFO] [stderr]     31:     0x5622ed10b0f1 - std::rt::lang_start_internal::{{closure}}::h8086711f9c783f78
[INFO] [stderr]                                  at /rustc/0e09125c6c3c2fd70d7de961bcf0e51575235fad/library/std/src/rt.rs:148:48
[INFO] [stderr]     32:     0x5622ed10b0f1 - std::panicking::try::do_call::hf920d4dc291cd6ca
[INFO] [stderr]                                  at /rustc/0e09125c6c3c2fd70d7de961bcf0e51575235fad/library/std/src/panicking.rs:552:40
[INFO] [stderr]     33:     0x5622ed10b0f1 - std::panicking::try::h2b806ccc0a85db74
[INFO] [stderr]                                  at /rustc/0e09125c6c3c2fd70d7de961bcf0e51575235fad/library/std/src/panicking.rs:516:19
[INFO] [stderr]     34:     0x5622ed10b0f1 - std::panic::catch_unwind::h038489539c507df2
[INFO] [stderr]                                  at /rustc/0e09125c6c3c2fd70d7de961bcf0e51575235fad/library/std/src/panic.rs:142:14
[INFO] [stderr]     35:     0x5622ed10b0f1 - std::rt::lang_start_internal::h28503b88912e8a5c
[INFO] [stderr]                                  at /rustc/0e09125c6c3c2fd70d7de961bcf0e51575235fad/library/std/src/rt.rs:148:20
[INFO] [stderr]     36:     0x5622ed087e47 - std::rt::lang_start::h9502bdb98bef9b03
[INFO] [stderr]     37:     0x5622ed0875c5 - main
[INFO] [stderr]     38:     0x7fbd2ba8bd90 - <unknown>
[INFO] [stderr]     39:     0x7fbd2ba8be40 - __libc_start_main
[INFO] [stderr]     40:     0x5622ed07eea5 - _start
[INFO] [stderr]     41:                0x0 - <unknown>
[INFO] [stderr] warning: build failed, waiting for other jobs to finish...
[INFO] running `Command { std: "docker" "inspect" "43508e5bbdee6cad4fe45d935c754d6908f204130d5d2990386c3ccb8da91f57", kill_on_drop: false }`
[INFO] running `Command { std: "docker" "rm" "-f" "43508e5bbdee6cad4fe45d935c754d6908f204130d5d2990386c3ccb8da91f57", kill_on_drop: false }`
[INFO] [stdout] 43508e5bbdee6cad4fe45d935c754d6908f204130d5d2990386c3ccb8da91f57
