[INFO] cloning repository https://github.com/Fundament-Software/capnp-import
[INFO] running `Command { std: "git" "-c" "credential.helper=" "-c" "credential.helper=/workspace/cargo-home/bin/git-credential-null" "clone" "--bare" "https://github.com/Fundament-Software/capnp-import" "/workspace/cache/git-repos/https%3A%2F%2Fgithub.com%2FFundament-Software%2Fcapnp-import", kill_on_drop: false }`
[INFO] [stderr] Cloning into bare repository '/workspace/cache/git-repos/https%3A%2F%2Fgithub.com%2FFundament-Software%2Fcapnp-import'...
[INFO] running `Command { std: "git" "rev-parse" "HEAD", kill_on_drop: false }`
[INFO] [stdout] 6b9831f354acb15074ed243b8b77eb45bcccfe6a
[INFO] documenting Fundament-Software/capnp-import against 1.75.0 for beta-1.76-rustdoc-1
[INFO] running `Command { std: "git" "clone" "/workspace/cache/git-repos/https%3A%2F%2Fgithub.com%2FFundament-Software%2Fcapnp-import" "/workspace/builds/worker-3-tc1/source", kill_on_drop: false }`
[INFO] [stderr] Cloning into '/workspace/builds/worker-3-tc1/source'...
[INFO] [stderr] done.
[INFO] validating manifest of git repo https://github.com/Fundament-Software/capnp-import on toolchain 1.75.0
[INFO] running `Command { std: CARGO_HOME="/workspace/cargo-home" RUSTUP_HOME="/workspace/rustup-home" "/workspace/cargo-home/bin/cargo" "+1.75.0" "metadata" "--manifest-path" "Cargo.toml" "--no-deps", kill_on_drop: false }`
[INFO] started tweaking git repo https://github.com/Fundament-Software/capnp-import
[INFO] finished tweaking git repo https://github.com/Fundament-Software/capnp-import
[INFO] tweaked toml for git repo https://github.com/Fundament-Software/capnp-import written to /workspace/builds/worker-3-tc1/source/Cargo.toml
[INFO] crate git repo https://github.com/Fundament-Software/capnp-import already has a lockfile, it will not be regenerated
[INFO] running `Command { std: CARGO_HOME="/workspace/cargo-home" RUSTUP_HOME="/workspace/rustup-home" "/workspace/cargo-home/bin/cargo" "+1.75.0" "fetch" "--manifest-path" "Cargo.toml", kill_on_drop: false }`
[INFO] [stderr] warning: unused manifest key: package.debug
[INFO] [stderr]     Updating crates.io index
[INFO] [stderr]  Downloading crates ...
[INFO] [stderr]   Downloaded nom-supreme v0.8.0
[INFO] [stderr]   Downloaded pori v0.0.0
[INFO] [stderr]   Downloaded brownstone v3.0.0
[INFO] [stderr]   Downloaded wax v0.5.0
[INFO] [stderr]   Downloaded capnpc v0.14.9
[INFO] [stderr]   Downloaded relative-path v1.8.0
[INFO] running `Command { std: "docker" "create" "-v" "/var/lib/crater-agent-workspace/builds/worker-3-tc1/target:/opt/rustwide/target:rw,Z" "-v" "/var/lib/crater-agent-workspace/builds/worker-3-tc1/source:/opt/rustwide/workdir:ro,Z" "-v" "/var/lib/crater-agent-workspace/cargo-home:/opt/rustwide/cargo-home:ro,Z" "-v" "/var/lib/crater-agent-workspace/rustup-home:/opt/rustwide/rustup-home:ro,Z" "-e" "SOURCE_DIR=/opt/rustwide/workdir" "-e" "CARGO_TARGET_DIR=/opt/rustwide/target" "-e" "CARGO_HOME=/opt/rustwide/cargo-home" "-e" "RUSTUP_HOME=/opt/rustwide/rustup-home" "-w" "/opt/rustwide/workdir" "-m" "1610612736" "--user" "0:0" "--network" "none" "ghcr.io/rust-lang/crates-build-env/linux@sha256:2788e3201cd34a07e3172128adcd8b3090168a8e3bcc40d7c032b9dda1df7d1c" "/opt/rustwide/cargo-home/bin/cargo" "+1.75.0" "metadata" "--no-deps" "--format-version=1", kill_on_drop: false }`
[INFO] [stdout] d4d08baef15ef0a350e5803c0c8a37d81909e97adcb174333db830fcaae2f619
[INFO] running `Command { std: "docker" "start" "-a" "d4d08baef15ef0a350e5803c0c8a37d81909e97adcb174333db830fcaae2f619", kill_on_drop: false }`
[INFO] running `Command { std: "docker" "inspect" "d4d08baef15ef0a350e5803c0c8a37d81909e97adcb174333db830fcaae2f619", kill_on_drop: false }`
[INFO] running `Command { std: "docker" "rm" "-f" "d4d08baef15ef0a350e5803c0c8a37d81909e97adcb174333db830fcaae2f619", kill_on_drop: false }`
[INFO] [stdout] d4d08baef15ef0a350e5803c0c8a37d81909e97adcb174333db830fcaae2f619
[INFO] running `Command { std: "docker" "create" "-v" "/var/lib/crater-agent-workspace/builds/worker-3-tc1/target:/opt/rustwide/target:rw,Z" "-v" "/var/lib/crater-agent-workspace/builds/worker-3-tc1/source:/opt/rustwide/workdir:ro,Z" "-v" "/var/lib/crater-agent-workspace/cargo-home:/opt/rustwide/cargo-home:ro,Z" "-v" "/var/lib/crater-agent-workspace/rustup-home:/opt/rustwide/rustup-home:ro,Z" "-e" "SOURCE_DIR=/opt/rustwide/workdir" "-e" "CARGO_TARGET_DIR=/opt/rustwide/target" "-e" "CARGO_INCREMENTAL=0" "-e" "RUST_BACKTRACE=full" "-e" "RUSTFLAGS=--cap-lints=warn" "-e" "RUSTDOCFLAGS=--cap-lints=warn" "-e" "CARGO_HOME=/opt/rustwide/cargo-home" "-e" "RUSTUP_HOME=/opt/rustwide/rustup-home" "-w" "/opt/rustwide/workdir" "-m" "1610612736" "--user" "0:0" "--network" "none" "ghcr.io/rust-lang/crates-build-env/linux@sha256:2788e3201cd34a07e3172128adcd8b3090168a8e3bcc40d7c032b9dda1df7d1c" "/opt/rustwide/cargo-home/bin/cargo" "+1.75.0" "doc" "--frozen" "--no-deps" "--document-private-items" "--message-format=json", kill_on_drop: false }`
[INFO] [stdout] 1b6c07e49ad1434deaa0d31f223fd32eeca563a413881e0188984003c31439c8
[INFO] running `Command { std: "docker" "start" "-a" "1b6c07e49ad1434deaa0d31f223fd32eeca563a413881e0188984003c31439c8", kill_on_drop: false }`
[INFO] [stderr] warning: unused manifest key: package.debug
[INFO] [stderr]    Compiling libc v0.2.147
[INFO] [stderr]    Compiling proc-macro2 v1.0.63
[INFO] [stderr]    Compiling typenum v1.16.0
[INFO] [stderr]    Compiling generic-array v0.14.7
[INFO] [stderr]    Compiling pin-project-lite v0.2.9
[INFO] [stderr]    Compiling once_cell v1.18.0
[INFO] [stderr]    Compiling futures-core v0.3.28
[INFO] [stderr]    Compiling bytes v1.4.0
[INFO] [stderr]    Compiling tokio v1.28.2
[INFO] [stderr]    Compiling subtle v2.5.0
[INFO] [stderr]    Compiling slab v0.4.8
[INFO] [stderr]    Compiling futures-task v0.3.28
[INFO] [stderr]    Compiling itoa v1.0.6
[INFO] [stderr]    Compiling tracing-core v0.1.31
[INFO] [stderr]    Compiling indexmap v1.9.3
[INFO] [stderr]    Compiling fnv v1.0.7
[INFO] [stderr]    Compiling foreign-types-shared v0.1.1
[INFO] [stderr]    Compiling cpufeatures v0.2.8
[INFO] [stderr]    Compiling openssl v0.10.55
[INFO] [stderr]    Compiling futures-util v0.3.28
[INFO] [stderr]    Compiling http v0.2.9
[INFO] [stderr]    Compiling foreign-types v0.3.2
[INFO] [stderr]    Compiling quote v1.0.28
[INFO] [stderr]    Compiling tracing v0.1.37
[INFO] [stderr]    Compiling syn v2.0.22
[INFO] [stderr]     Checking memchr v2.5.0
[INFO] [stderr]    Compiling futures-channel v0.3.28
[INFO] [stderr]    Compiling native-tls v0.2.11
[INFO] [stderr]    Compiling zstd-safe v5.0.2+zstd.1.5.2
[INFO] [stderr]    Compiling httparse v1.8.0
[INFO] [stderr]    Compiling hashbrown v0.12.3
[INFO] [stderr]    Compiling futures-sink v0.3.28
[INFO] [stderr]    Compiling futures-io v0.3.28
[INFO] [stderr]    Compiling thiserror v1.0.40
[INFO] [stderr]    Compiling crc32fast v1.3.2
[INFO] [stderr]    Compiling try-lock v0.2.4
[INFO] [stderr]    Compiling rand_core v0.6.4
[INFO] [stderr]    Compiling openssl-probe v0.1.5
[INFO] [stderr]    Compiling base64ct v1.6.0
[INFO] [stderr]    Compiling jobserver v0.1.26
[INFO] [stderr]    Compiling cc v1.0.79
[INFO] [stderr]    Compiling socket2 v0.4.9
[INFO] [stderr]    Compiling mio v0.8.8
[INFO] [stderr]    Compiling num_cpus v1.15.0
[INFO] [stderr]    Compiling crypto-common v0.1.6
[INFO] [stderr]    Compiling block-buffer v0.10.4
[INFO] [stderr]    Compiling inout v0.1.3
[INFO] [stderr]    Compiling digest v0.10.7
[INFO] [stderr]    Compiling cipher v0.4.4
[INFO] [stderr]    Compiling password-hash v0.4.2
[INFO] [stderr]    Compiling want v0.3.1
[INFO] [stderr]    Compiling serde v1.0.164
[INFO] [stderr]    Compiling hmac v0.12.1
[INFO] [stderr]    Compiling sha2 v0.10.7
[INFO] [stderr]    Compiling miniz_oxide v0.7.1
[INFO] [stderr]    Compiling http-body v0.4.5
[INFO] [stderr]    Compiling time-core v0.1.1
[INFO] [stderr]    Compiling openssl-sys v0.9.90
[INFO] [stderr]    Compiling zstd-sys v2.0.8+zstd.1.5.5
[INFO] [stderr]    Compiling bzip2-sys v0.1.11+1.0.8
[INFO] [stderr]    Compiling httpdate v1.0.2
[INFO] [stderr]    Compiling tower-service v0.3.2
[INFO] [stderr]    Compiling time v0.3.22
[INFO] [stderr]    Compiling flate2 v1.0.26
[INFO] [stderr]    Compiling anyhow v1.0.71
[INFO] [stderr]    Compiling pbkdf2 v0.11.0
[INFO] [stderr]    Compiling aes v0.8.3
[INFO] [stderr]    Compiling sha1 v0.10.5
[INFO] [stderr]    Compiling io-lifetimes v1.0.11
[INFO] [stderr]    Compiling ryu v1.0.13
[INFO] [stderr]     Checking minimal-lexical v0.2.1
[INFO] [stderr]    Compiling constant_time_eq v0.1.5
[INFO] [stderr]     Checking nom v7.1.3
[INFO] [stderr]    Compiling encoding_rs v0.8.32
[INFO] [stderr]    Compiling either v1.8.1
[INFO] [stderr]    Compiling ipnet v2.7.2
[INFO] [stderr]     Checking unicode-ident v1.0.9
[INFO] [stderr]    Compiling rustix v0.37.20
[INFO] [stderr]     Checking arrayvec v0.7.4
[INFO] [stderr]    Compiling mime v0.3.17
[INFO] [stderr]     Checking brownstone v3.0.0
[INFO] [stderr]    Compiling const_format_proc_macros v0.2.31
[INFO] [stderr]    Compiling which v4.4.0
[INFO] [stderr]    Compiling cmake v0.1.50
[INFO] [stderr]     Checking aho-corasick v1.0.2
[INFO] [stderr]    Compiling openssl-macros v0.1.1
[INFO] [stderr]    Compiling thiserror-impl v1.0.40
[INFO] [stderr]    Compiling tokio-util v0.7.8
[INFO] [stderr]    Compiling tempfile v3.6.0
[INFO] [stderr]    Compiling h2 v0.3.19
[INFO] [stderr]     Checking regex-syntax v0.7.2
[INFO] [stderr]     Checking joinery v2.1.0
[INFO] [stderr]     Checking linux-raw-sys v0.3.8
[INFO] [stderr]    Compiling serde_urlencoded v0.7.1
[INFO] [stderr]     Checking same-file v1.0.6
[INFO] [stderr]    Compiling relative-path v1.8.0
[INFO] [stderr]     Checking lazy_static v1.4.0
[INFO] [stderr]     Checking indent_write v2.2.0
[INFO] [stderr]     Checking regex-automata v0.1.10
[INFO] [stderr]     Checking bitflags v1.3.2
[INFO] [stderr]     Checking bstr v0.2.17
[INFO] [stderr]     Checking itertools v0.10.5
[INFO] [stderr]     Checking nom-supreme v0.8.0
[INFO] [stderr]     Checking walkdir v2.3.3
[INFO] [stderr]     Checking const_format v0.2.31
[INFO] [stderr]     Checking regex v1.8.4
[INFO] [stderr]     Checking pori v0.0.0
[INFO] [stderr]     Checking smallvec v1.10.0
[INFO] [stderr]     Checking capnp v0.14.11
[INFO] [stderr]     Checking cfg-if v1.0.0
[INFO] [stderr]     Checking fastrand v1.9.0
[INFO] [stderr]     Checking unicode-segmentation v1.10.1
[INFO] [stderr]     Checking convert_case v0.6.0
[INFO] [stderr]     Checking wax v0.5.0
[INFO] [stderr]     Checking capnpc v0.14.9
[INFO] [stderr]    Compiling bzip2 v0.4.4
[INFO] [stderr]    Compiling hyper v0.14.26
[INFO] [stderr]    Compiling tokio-native-tls v0.3.1
[INFO] [stderr]    Compiling hyper-tls v0.5.0
[INFO] [stderr]    Compiling reqwest v0.11.18
[INFO] [stderr]    Compiling zstd v0.11.2+zstd.1.5.2
[INFO] [stderr]    Compiling zip v0.6.6
[INFO] [stderr]    Compiling zip-extract v0.1.2
[INFO] [stderr]    Compiling capnp-import v0.2.0 (/opt/rustwide/workdir)
[INFO] [stderr] The following warnings were emitted during compilation:
[INFO] [stderr] 
[INFO] [stderr] warning: capnp-import@0.2.0: System version of capnp found (Cap'n Proto version 0.8.0
[INFO] [stderr] 
[INFO] [stderr] error: failed to run custom build command for `capnp-import v0.2.0 (/opt/rustwide/workdir)`
[INFO] [stderr] note: To improve backtraces for build dependencies, set the CARGO_PROFILE_DEV_BUILD_OVERRIDE_DEBUG=true environment variable to enable debug information generation.
[INFO] [stderr] 
[INFO] [stderr] Caused by:
[INFO] [stderr]   process didn't exit successfully: `/opt/rustwide/target/debug/build/capnp-import-00dbce77ffb3efc3/build-script-build` (exit status: 101)
[INFO] [stderr]   --- stdout
[INFO] [stderr]   cargo:rerun-if-changed=capnproto
[INFO] [stderr]   found capnp 'Cap'n Proto version 0.8.0
[INFO] [stderr]   '
[INFO] [stderr]   cargo:warning=System version of capnp found (Cap'n Proto version 0.8.0
[INFO] [stderr]   ) does not meet version requirement 0.11.0.
[INFO] [stderr]   Couldn't find a local capnp: version of system capnp does not meet version requirements
[INFO] [stderr]   building...
[INFO] [stderr]   CMAKE_TOOLCHAIN_FILE_x86_64-unknown-linux-gnu = None
[INFO] [stderr]   CMAKE_TOOLCHAIN_FILE_x86_64_unknown_linux_gnu = None
[INFO] [stderr]   HOST_CMAKE_TOOLCHAIN_FILE = None
[INFO] [stderr]   CMAKE_TOOLCHAIN_FILE = None
[INFO] [stderr]   CMAKE_PREFIX_PATH_x86_64-unknown-linux-gnu = None
[INFO] [stderr]   CMAKE_PREFIX_PATH_x86_64_unknown_linux_gnu = None
[INFO] [stderr]   HOST_CMAKE_PREFIX_PATH = None
[INFO] [stderr]   CMAKE_PREFIX_PATH = None
[INFO] [stderr]   CMAKE_x86_64-unknown-linux-gnu = None
[INFO] [stderr]   CMAKE_x86_64_unknown_linux_gnu = None
[INFO] [stderr]   HOST_CMAKE = None
[INFO] [stderr]   CMAKE = None
[INFO] [stderr]   running: cd "/opt/rustwide/target/debug/build/capnp-import-dc6db22ed0ac96f8/out/build" && CMAKE_PREFIX_PATH="" "cmake" "/opt/rustwide/workdir/capnproto" "-G" "Ninja" "-DBUILD_TESTING=OFF" "-DCMAKE_INSTALL_PREFIX=/opt/rustwide/target/debug/build/capnp-import-dc6db22ed0ac96f8/out" "-DCMAKE_C_FLAGS= -ffunction-sections -fdata-sections -fPIC -m64" "-DCMAKE_C_COMPILER=/usr/bin/cc" "-DCMAKE_CXX_FLAGS= -ffunction-sections -fdata-sections -fPIC -m64" "-DCMAKE_CXX_COMPILER=/usr/bin/c++" "-DCMAKE_ASM_FLAGS= -ffunction-sections -fdata-sections -fPIC -m64" "-DCMAKE_ASM_COMPILER=/usr/bin/cc" "-DCMAKE_BUILD_TYPE=Debug"
[INFO] [stderr]   -- The CXX compiler identification is GNU 11.4.0
[INFO] [stderr]   -- Detecting CXX compiler ABI info
[INFO] [stderr]   -- Detecting CXX compiler ABI info - done
[INFO] [stderr]   -- Check for working CXX compiler: /usr/bin/c++ - skipped
[INFO] [stderr]   -- Detecting CXX compile features
[INFO] [stderr]   -- Detecting CXX compile features - done
[INFO] [stderr]   -- Looking for C++ include initializer_list
[INFO] [stderr]   -- Looking for C++ include initializer_list - found
[INFO] [stderr]   -- Found OpenSSL: /usr/lib/x86_64-linux-gnu/libcrypto.so (found version "3.0.2") found components: Crypto SSL 
[INFO] [stderr]   -- Found ZLIB: /usr/lib/x86_64-linux-gnu/libz.so (found version "1.2.11") 
[INFO] [stderr]   -- Looking for makecontext in c
[INFO] [stderr]   -- Looking for makecontext in c - found
[INFO] [stderr]   -- Configuring done
[INFO] [stderr]   -- Generating done
[INFO] [stderr]   -- Build files have been written to: /opt/rustwide/target/debug/build/capnp-import-dc6db22ed0ac96f8/out/build
[INFO] [stderr]   running: cd "/opt/rustwide/target/debug/build/capnp-import-dc6db22ed0ac96f8/out/build" && "cmake" "--build" "." "--target" "install" "--config" "Debug" "--parallel" "8"
[INFO] [stderr]   [1/96] Building CXX object c++/src/kj/CMakeFiles/kj.dir/memory.c++.o
[INFO] [stderr]   [2/96] Building CXX object c++/src/kj/CMakeFiles/kj.dir/array.c++.o
[INFO] [stderr]   [3/96] Building CXX object c++/src/kj/CMakeFiles/kj.dir/list.c++.o
[INFO] [stderr]   [4/96] Building CXX object c++/src/kj/CMakeFiles/kj.dir/common.c++.o
[INFO] [stderr]   [5/96] Building CXX object c++/src/kj/CMakeFiles/kj.dir/source-location.c++.o
[INFO] [stderr]   [6/96] Building CXX object c++/src/kj/CMakeFiles/kj.dir/hash.c++.o
[INFO] [stderr]   [7/96] Building CXX object c++/src/kj/CMakeFiles/kj.dir/debug.c++.o
[INFO] [stderr]   [8/96] Building CXX object c++/src/kj/CMakeFiles/kj.dir/thread.c++.o
[INFO] [stderr]   [9/96] Building CXX object c++/src/kj/CMakeFiles/kj.dir/mutex.c++.o
[INFO] [stderr]   [10/96] Building CXX object c++/src/kj/CMakeFiles/kj.dir/arena.c++.o
[INFO] [stderr]   [11/96] Building CXX object c++/src/kj/CMakeFiles/kj.dir/units.c++.o
[INFO] [stderr]   [12/96] Building CXX object c++/src/kj/CMakeFiles/kj.dir/io.c++.o
[INFO] [stderr]   [13/96] Building CXX object c++/src/kj/CMakeFiles/kj.dir/string.c++.o
[INFO] [stderr]   [14/96] Building CXX object c++/src/kj/CMakeFiles/kj.dir/exception.c++.o
[INFO] [stderr]   [15/96] Building CXX object c++/src/kj/CMakeFiles/kj.dir/table.c++.o
[INFO] [stderr]   [16/96] Building CXX object c++/src/kj/CMakeFiles/kj.dir/test-helpers.c++.o
[INFO] [stderr]   [17/96] Building CXX object c++/src/kj/CMakeFiles/kj.dir/filesystem-disk-win32.c++.o
[INFO] [stderr]   [18/96] Building CXX object c++/src/kj/CMakeFiles/kj.dir/refcount.c++.o
[INFO] [stderr]   [19/96] Building CXX object c++/src/kj/CMakeFiles/kj.dir/string-tree.c++.o
[INFO] [stderr]   [20/96] Building CXX object c++/src/kj/CMakeFiles/kj.dir/time.c++.o
[INFO] [stderr]   [21/96] Building CXX object c++/src/kj/CMakeFiles/kj.dir/parse/char.c++.o
[INFO] [stderr]   [22/96] Building CXX object c++/src/kj/CMakeFiles/kj-async.dir/async-win32.c++.o
[INFO] [stderr]   [23/96] Building CXX object c++/src/kj/CMakeFiles/kj-async.dir/async-io-win32.c++.o
[INFO] [stderr]   [24/96] Building CXX object c++/src/kj/CMakeFiles/kj.dir/encoding.c++.o
[INFO] [stderr]   [25/96] Building CXX object c++/src/kj/CMakeFiles/kj-test.dir/test.c++.o
[INFO] [stderr]   [26/96] Building CXX object c++/src/kj/CMakeFiles/kj.dir/main.c++.o
[INFO] [stderr]   [27/96] Building CXX object c++/src/kj/CMakeFiles/kj-async.dir/timer.c++.o
[INFO] [stderr]   [28/96] Building CXX object c++/src/kj/CMakeFiles/kj-async.dir/async-unix.c++.o
[INFO] [stderr]   [29/96] Building CXX object c++/src/kj/CMakeFiles/kj-http.dir/compat/url.c++.o
[INFO] [stderr]   [30/96] Building CXX object c++/src/kj/CMakeFiles/kj.dir/filesystem-disk-unix.c++.o
[INFO] [stderr]   [31/96] Building CXX object c++/src/kj/CMakeFiles/kj.dir/filesystem.c++.o
[INFO] [stderr]   [32/96] Building CXX object c++/src/kj/CMakeFiles/kj-tls.dir/compat/readiness-io.c++.o
[INFO] [stderr]   [33/96] Linking CXX static library c++/src/kj/libkj.a
[INFO] [stderr]   [34/96] Building CXX object c++/src/capnp/CMakeFiles/capnp.dir/c++.capnp.c++.o
[INFO] [stderr]   [35/96] Linking CXX static library c++/src/kj/libkj-test.a
[INFO] [stderr]   [36/96] Building CXX object c++/src/capnp/CMakeFiles/capnp.dir/blob.c++.o
[INFO] [stderr]   [37/96] Building CXX object c++/src/kj/CMakeFiles/kj-async.dir/async.c++.o
[INFO] [stderr]   [38/96] Building CXX object c++/src/capnp/CMakeFiles/capnp.dir/list.c++.o
[INFO] [stderr]   [39/96] Building CXX object c++/src/kj/CMakeFiles/kj-gzip.dir/compat/gzip.c++.o
[INFO] [stderr]   [40/96] Building CXX object c++/src/capnp/CMakeFiles/capnp.dir/any.c++.o
[INFO] [stderr]   [41/96] Building CXX object c++/src/capnp/CMakeFiles/capnp.dir/message.c++.o
[INFO] [stderr]   [42/96] Building CXX object c++/src/capnp/CMakeFiles/capnp.dir/arena.c++.o
[INFO] [stderr]   [43/96] Building CXX object c++/src/capnp/CMakeFiles/capnp.dir/schema.capnp.c++.o
[INFO] [stderr]   [44/96] Building CXX object c++/src/capnp/CMakeFiles/capnp.dir/stream.capnp.c++.o
[INFO] [stderr]   [45/96] Building CXX object c++/src/kj/CMakeFiles/kj-async.dir/async-io-unix.c++.o
[INFO] [stderr]   [46/96] Building CXX object c++/src/capnp/CMakeFiles/capnp.dir/serialize.c++.o
[INFO] [stderr]   [47/96] Building CXX object c++/src/capnp/CMakeFiles/capnp.dir/serialize-packed.c++.o
[INFO] [stderr]   [48/96] Building CXX object c++/src/capnp/CMakeFiles/capnp.dir/layout.c++.o
[INFO] [stderr]   [49/96] Building CXX object c++/src/kj/CMakeFiles/kj-tls.dir/compat/tls.c++.o
[INFO] [stderr]   [50/96] Building CXX object c++/src/capnp/CMakeFiles/capnp.dir/schema.c++.o
[INFO] [stderr]   [51/96] Building CXX object c++/src/capnp/CMakeFiles/capnp.dir/stringify.c++.o
[INFO] [stderr]   [52/96] Building CXX object c++/src/capnp/CMakeFiles/capnp-rpc.dir/membrane.c++.o
[INFO] [stderr]   [53/96] Building CXX object c++/src/capnp/CMakeFiles/capnp.dir/dynamic.c++.o
[INFO] [stderr]   [54/96] Building CXX object c++/src/capnp/CMakeFiles/capnp-rpc.dir/dynamic-capability.c++.o
[INFO] [stderr]   [55/96] Building CXX object c++/src/capnp/CMakeFiles/capnp-rpc.dir/serialize-async.c++.o
[INFO] [stderr]   [56/96] Building CXX object c++/src/capnp/CMakeFiles/capnp-rpc.dir/rpc.capnp.c++.o
[INFO] [stderr]   [57/96] Building CXX object c++/src/capnp/CMakeFiles/capnp-rpc.dir/rpc-twoparty.capnp.c++.o
[INFO] [stderr]   [58/96] Building CXX object c++/src/capnp/CMakeFiles/capnp-rpc.dir/persistent.capnp.c++.o
[INFO] [stderr]   [59/96] Building CXX object c++/src/kj/CMakeFiles/kj-async.dir/async-io.c++.o
[INFO] [stderr]   [60/96] Building CXX object c++/src/capnp/CMakeFiles/capnp.dir/schema-loader.c++.o
[INFO] [stderr]   [61/96] Linking CXX static library c++/src/kj/libkj-async.a
[INFO] [stderr]   [62/96] Linking CXX static library c++/src/kj/libkj-tls.a
[INFO] [stderr]   [63/96] Building CXX object c++/src/capnp/CMakeFiles/capnp-rpc.dir/capability.c++.o
[INFO] [stderr]   [64/96] Linking CXX static library c++/src/capnp/libcapnp.a
[INFO] [stderr]   [65/96] Building CXX object c++/src/capnp/CMakeFiles/capnp-rpc.dir/rpc-twoparty.c++.o
[INFO] [stderr]   [66/96] Linking CXX static library c++/src/kj/libkj-gzip.a
[INFO] [stderr]   [67/96] Building CXX object c++/src/capnp/CMakeFiles/capnpc.dir/compiler/type-id.c++.o
[INFO] [stderr]   [68/96] Building CXX object c++/src/capnp/CMakeFiles/capnp-json.dir/compat/json.capnp.c++.o
[INFO] [stderr]   [69/96] Building CXX object c++/src/capnp/CMakeFiles/capnpc.dir/compiler/error-reporter.c++.o
[INFO] [stderr]   [70/96] Building CXX object c++/src/capnp/CMakeFiles/capnpc.dir/compiler/lexer.capnp.c++.o
[INFO] [stderr]   [71/96] Building CXX object c++/src/capnp/CMakeFiles/capnp-rpc.dir/ez-rpc.c++.o
[INFO] [stderr]   [72/96] Building CXX object c++/src/capnp/CMakeFiles/capnp-websocket.dir/compat/websocket-rpc.c++.o
[INFO] [stderr]   [73/96] Building CXX object c++/src/capnp/CMakeFiles/capnpc.dir/compiler/grammar.capnp.c++.o
[INFO] [stderr]   [74/96] Building CXX object c++/src/kj/CMakeFiles/kj-http.dir/compat/http.c++.o
[INFO] [stderr]   FAILED: c++/src/kj/CMakeFiles/kj-http.dir/compat/http.c++.o 
[INFO] [stderr]   /usr/bin/c++ -DKJ_HAS_ZLIB -DKJ_USE_FIBERS -I/opt/rustwide/workdir/capnproto/c++/src -ffunction-sections -fdata-sections -fPIC -m64 -g -Wall -Wextra -Wno-strict-aliasing -Wno-sign-compare -Wno-unused-parameter -pthread -MD -MT c++/src/kj/CMakeFiles/kj-http.dir/compat/http.c++.o -MF c++/src/kj/CMakeFiles/kj-http.dir/compat/http.c++.o.d -o c++/src/kj/CMakeFiles/kj-http.dir/compat/http.c++.o -c /opt/rustwide/workdir/capnproto/c++/src/kj/compat/http.c++
[INFO] [stderr]   c++: fatal error: Killed signal terminated program cc1plus
[INFO] [stderr]   compilation terminated.
[INFO] [stderr]   [75/96] Building CXX object c++/src/capnp/CMakeFiles/capnp-json.dir/compat/json.c++.o
[INFO] [stderr]   [76/96] Building CXX object c++/src/capnp/CMakeFiles/capnpc.dir/compiler/generics.c++.o
[INFO] [stderr]   [77/96] Building CXX object c++/src/capnp/CMakeFiles/capnpc.dir/compiler/lexer.c++.o
[INFO] [stderr]   [78/96] Building CXX object c++/src/capnp/CMakeFiles/capnpc.dir/compiler/compiler.c++.o
[INFO] [stderr]   [79/96] Building CXX object c++/src/capnp/CMakeFiles/capnpc.dir/compiler/node-translator.c++.o
[INFO] [stderr]   [80/96] Building CXX object c++/src/capnp/CMakeFiles/capnp-rpc.dir/rpc.c++.o
[INFO] [stderr]   [81/96] Building CXX object c++/src/capnp/CMakeFiles/capnpc.dir/compiler/parser.c++.o
[INFO] [stderr]   ninja: build stopped: subcommand failed.
[INFO] [stderr] 
[INFO] [stderr]   --- stderr
[INFO] [stderr]   CMake Warning:
[INFO] [stderr]     Manually-specified variables were not used by the project:
[INFO] [stderr] 
[INFO] [stderr]       CMAKE_ASM_COMPILER
[INFO] [stderr]       CMAKE_ASM_FLAGS
[INFO] [stderr]       CMAKE_C_COMPILER
[INFO] [stderr]       CMAKE_C_FLAGS
[INFO] [stderr] 
[INFO] [stderr] 
[INFO] [stderr]   thread 'main' panicked at /opt/rustwide/cargo-home/registry/src/index.crates.io-6f17d22bba15001f/cmake-0.1.50/src/lib.rs:1098:5:
[INFO] [stderr] 
[INFO] [stderr]   command did not execute successfully, got: exit status: 1
[INFO] [stderr] 
[INFO] [stderr]   build script failed, must exit now
[INFO] [stderr]   stack backtrace:
[INFO] [stderr]      0:     0x564828801dbc - std::backtrace_rs::backtrace::libunwind::trace::ha637c64ce894333a
[INFO] [stderr]                                  at /rustc/82e1608dfa6e0b5569232559e3d385fea5a93112/library/std/src/../../backtrace/src/backtrace/libunwind.rs:104:5
[INFO] [stderr]      1:     0x564828801dbc - std::backtrace_rs::backtrace::trace_unsynchronized::h47f62dea28e0c88d
[INFO] [stderr]                                  at /rustc/82e1608dfa6e0b5569232559e3d385fea5a93112/library/std/src/../../backtrace/src/backtrace/mod.rs:66:5
[INFO] [stderr]      2:     0x564828801dbc - std::sys_common::backtrace::_print_fmt::h9eef0abe20ede486
[INFO] [stderr]                                  at /rustc/82e1608dfa6e0b5569232559e3d385fea5a93112/library/std/src/sys_common/backtrace.rs:67:5
[INFO] [stderr]      3:     0x564828801dbc - <std::sys_common::backtrace::_print::DisplayBacktrace as core::fmt::Display>::fmt::hed7f999df88cc644
[INFO] [stderr]                                  at /rustc/82e1608dfa6e0b5569232559e3d385fea5a93112/library/std/src/sys_common/backtrace.rs:44:22
[INFO] [stderr]      4:     0x5648288282c0 - core::fmt::rt::Argument::fmt::h1539a9308b8d058d
[INFO] [stderr]                                  at /rustc/82e1608dfa6e0b5569232559e3d385fea5a93112/library/core/src/fmt/rt.rs:142:9
[INFO] [stderr]      5:     0x5648288282c0 - core::fmt::write::h3a39390d8560d9c9
[INFO] [stderr]                                  at /rustc/82e1608dfa6e0b5569232559e3d385fea5a93112/library/core/src/fmt/mod.rs:1120:17
[INFO] [stderr]      6:     0x5648287ff3af - std::io::Write::write_fmt::h5fc9997dfe05f882
[INFO] [stderr]                                  at /rustc/82e1608dfa6e0b5569232559e3d385fea5a93112/library/std/src/io/mod.rs:1762:15
[INFO] [stderr]      7:     0x564828801ba4 - std::sys_common::backtrace::_print::h894006fb5c6f3d45
[INFO] [stderr]                                  at /rustc/82e1608dfa6e0b5569232559e3d385fea5a93112/library/std/src/sys_common/backtrace.rs:47:5
[INFO] [stderr]      8:     0x564828801ba4 - std::sys_common::backtrace::print::h23a2d212c6fff936
[INFO] [stderr]                                  at /rustc/82e1608dfa6e0b5569232559e3d385fea5a93112/library/std/src/sys_common/backtrace.rs:34:9
[INFO] [stderr]      9:     0x5648288033b7 - std::panicking::default_hook::{{closure}}::h8a1d2ee00185001a
[INFO] [stderr]     10:     0x56482880311f - std::panicking::default_hook::h6038f2eba384e475
[INFO] [stderr]                                  at /rustc/82e1608dfa6e0b5569232559e3d385fea5a93112/library/std/src/panicking.rs:292:9
[INFO] [stderr]     11:     0x564828803838 - std::panicking::rust_panic_with_hook::h2b5517d590cab22e
[INFO] [stderr]                                  at /rustc/82e1608dfa6e0b5569232559e3d385fea5a93112/library/std/src/panicking.rs:779:13
[INFO] [stderr]     12:     0x56482880371e - std::panicking::begin_panic_handler::{{closure}}::h233112c06e0ef43e
[INFO] [stderr]                                  at /rustc/82e1608dfa6e0b5569232559e3d385fea5a93112/library/std/src/panicking.rs:657:13
[INFO] [stderr]     13:     0x564828802286 - std::sys_common::backtrace::__rust_end_short_backtrace::h6e893f24d7ebbff8
[INFO] [stderr]                                  at /rustc/82e1608dfa6e0b5569232559e3d385fea5a93112/library/std/src/sys_common/backtrace.rs:170:18
[INFO] [stderr]     14:     0x564828803482 - rust_begin_unwind
[INFO] [stderr]                                  at /rustc/82e1608dfa6e0b5569232559e3d385fea5a93112/library/std/src/panicking.rs:645:5
[INFO] [stderr]     15:     0x564828773625 - core::panicking::panic_fmt::hbf0e066aabfa482c
[INFO] [stderr]                                  at /rustc/82e1608dfa6e0b5569232559e3d385fea5a93112/library/core/src/panicking.rs:72:14
[INFO] [stderr]     16:     0x56482878ec11 - cmake::fail::ha509e5a465fa0adc
[INFO] [stderr]     17:     0x56482878e397 - cmake::run::h2d39645610ed1e4b
[INFO] [stderr]     18:     0x56482878ac71 - cmake::Config::build::h7c36be908f94857c
[INFO] [stderr]     19:     0x56482877ab9a - build_script_build::build_with_cmake::h01dacdb1a5236e64
[INFO] [stderr]     20:     0x5648287796b6 - build_script_build::main::h47c88ca154ac519e
[INFO] [stderr]     21:     0x564828774673 - core::ops::function::FnOnce::call_once::h79254d84ad5b71b6
[INFO] [stderr]     22:     0x564828774186 - std::sys_common::backtrace::__rust_begin_short_backtrace::h790917666f62e53d
[INFO] [stderr]     23:     0x5648287742c9 - std::rt::lang_start::{{closure}}::hb12a4c58f369d877
[INFO] [stderr]     24:     0x5648287fadf7 - core::ops::function::impls::<impl core::ops::function::FnOnce<A> for &F>::call_once::hd95060ecd5e1ca24
[INFO] [stderr]                                  at /rustc/82e1608dfa6e0b5569232559e3d385fea5a93112/library/core/src/ops/function.rs:284:13
[INFO] [stderr]     25:     0x5648287fadf7 - std::panicking::try::do_call::h6e8cf51db32a6e4b
[INFO] [stderr]                                  at /rustc/82e1608dfa6e0b5569232559e3d385fea5a93112/library/std/src/panicking.rs:552:40
[INFO] [stderr]     26:     0x5648287fadf7 - std::panicking::try::h3a52eefe24fe3c29
[INFO] [stderr]                                  at /rustc/82e1608dfa6e0b5569232559e3d385fea5a93112/library/std/src/panicking.rs:516:19
[INFO] [stderr]     27:     0x5648287fadf7 - std::panic::catch_unwind::h24c28c23c02c3841
[INFO] [stderr]                                  at /rustc/82e1608dfa6e0b5569232559e3d385fea5a93112/library/std/src/panic.rs:142:14
[INFO] [stderr]     28:     0x5648287fadf7 - std::rt::lang_start_internal::{{closure}}::h705d3c9cbc06ef47
[INFO] [stderr]                                  at /rustc/82e1608dfa6e0b5569232559e3d385fea5a93112/library/std/src/rt.rs:148:48
[INFO] [stderr]     29:     0x5648287fadf7 - std::panicking::try::do_call::ha21f52ba13158470
[INFO] [stderr]                                  at /rustc/82e1608dfa6e0b5569232559e3d385fea5a93112/library/std/src/panicking.rs:552:40
[INFO] [stderr]     30:     0x5648287fadf7 - std::panicking::try::h5581346bf6aeb1f8
[INFO] [stderr]                                  at /rustc/82e1608dfa6e0b5569232559e3d385fea5a93112/library/std/src/panicking.rs:516:19
[INFO] [stderr]     31:     0x5648287fadf7 - std::panic::catch_unwind::h7919645a6b72e25b
[INFO] [stderr]                                  at /rustc/82e1608dfa6e0b5569232559e3d385fea5a93112/library/std/src/panic.rs:142:14
[INFO] [stderr]     32:     0x5648287fadf7 - std::rt::lang_start_internal::h12de51168669836e
[INFO] [stderr]                                  at /rustc/82e1608dfa6e0b5569232559e3d385fea5a93112/library/std/src/rt.rs:148:20
[INFO] [stderr]     33:     0x5648287742a7 - std::rt::lang_start::h8799b8f8bc9992a9
[INFO] [stderr]     34:     0x56482877ae25 - main
[INFO] [stderr]     35:     0x7f5984cb2d90 - <unknown>
[INFO] [stderr]     36:     0x7f5984cb2e40 - __libc_start_main
[INFO] [stderr]     37:     0x564828773e35 - _start
[INFO] [stderr]     38:                0x0 - <unknown>
[INFO] running `Command { std: "docker" "inspect" "1b6c07e49ad1434deaa0d31f223fd32eeca563a413881e0188984003c31439c8", kill_on_drop: false }`
[INFO] running `Command { std: "docker" "rm" "-f" "1b6c07e49ad1434deaa0d31f223fd32eeca563a413881e0188984003c31439c8", kill_on_drop: false }`
[INFO] [stdout] 1b6c07e49ad1434deaa0d31f223fd32eeca563a413881e0188984003c31439c8
