[INFO] cloning repository https://github.com/Fuchczyk/Speedwayrs
[INFO] running `Command { std: "git" "-c" "credential.helper=" "-c" "credential.helper=/workspace/cargo-home/bin/git-credential-null" "clone" "--bare" "https://github.com/Fuchczyk/Speedwayrs" "/workspace/cache/git-repos/https%3A%2F%2Fgithub.com%2FFuchczyk%2FSpeedwayrs", kill_on_drop: false }`
[INFO] [stderr] Cloning into bare repository '/workspace/cache/git-repos/https%3A%2F%2Fgithub.com%2FFuchczyk%2FSpeedwayrs'...
[INFO] running `Command { std: "git" "rev-parse" "HEAD", kill_on_drop: false }`
[INFO] [stdout] ee7f0211fa891915523fe16ca6357d85c30ec3e1
[INFO] documenting Fuchczyk/Speedwayrs against 1.75.0 for beta-1.76-rustdoc-1
[INFO] running `Command { std: "git" "clone" "/workspace/cache/git-repos/https%3A%2F%2Fgithub.com%2FFuchczyk%2FSpeedwayrs" "/workspace/builds/worker-1-tc1/source", kill_on_drop: false }`
[INFO] [stderr] Cloning into '/workspace/builds/worker-1-tc1/source'...
[INFO] [stderr] done.
[INFO] validating manifest of git repo https://github.com/Fuchczyk/Speedwayrs on toolchain 1.75.0
[INFO] running `Command { std: CARGO_HOME="/workspace/cargo-home" RUSTUP_HOME="/workspace/rustup-home" "/workspace/cargo-home/bin/cargo" "+1.75.0" "metadata" "--manifest-path" "Cargo.toml" "--no-deps", kill_on_drop: false }`
[INFO] started tweaking git repo https://github.com/Fuchczyk/Speedwayrs
[INFO] finished tweaking git repo https://github.com/Fuchczyk/Speedwayrs
[INFO] tweaked toml for git repo https://github.com/Fuchczyk/Speedwayrs written to /workspace/builds/worker-1-tc1/source/Cargo.toml
[INFO] crate git repo https://github.com/Fuchczyk/Speedwayrs already has a lockfile, it will not be regenerated
[INFO] running `Command { std: CARGO_HOME="/workspace/cargo-home" RUSTUP_HOME="/workspace/rustup-home" "/workspace/cargo-home/bin/cargo" "+1.75.0" "fetch" "--manifest-path" "Cargo.toml", kill_on_drop: false }`
[INFO] [stderr] warning: virtual workspace defaulting to `resolver = "1"` despite one or more workspace members being on edition 2021 which implies `resolver = "2"`
[INFO] [stderr] note: to keep the current resolver, specify `workspace.resolver = "1"` in the workspace root's manifest
[INFO] [stderr] note: to use the edition 2021 resolver, specify `workspace.resolver = "2"` in the workspace root's manifest
[INFO] [stderr] note: for more details see https://doc.rust-lang.org/cargo/reference/resolver.html#resolver-versions
[INFO] [stderr]     Updating crates.io index
[INFO] [stderr]  Downloading crates ...
[INFO] [stderr]   Downloaded paste v1.0.10
[INFO] [stderr]   Downloaded sycamore-futures v0.8.0
[INFO] [stderr]   Downloaded sycamore-router v0.8.0
[INFO] [stderr]   Downloaded axum-core v0.3.0
[INFO] [stderr]   Downloaded indicatif v0.17.2
[INFO] [stderr]   Downloaded sycamore-router-macro v0.8.0
[INFO] [stderr]   Downloaded axum-extra v0.4.2
[INFO] [stderr]   Downloaded wasm-logger v0.2.0
[INFO] [stderr]   Downloaded sycamore-reactive v0.8.1
[INFO] [stderr]   Downloaded sycamore-macro v0.8.2
[INFO] [stderr]   Downloaded sycamore v0.8.2
[INFO] [stderr]   Downloaded sycamore-core v0.8.2
[INFO] [stderr]   Downloaded fancy-regex v0.8.0
[INFO] [stderr]   Downloaded portable-atomic v0.3.18
[INFO] [stderr]   Downloaded axum v0.6.1
[INFO] [stderr]   Downloaded zxcvbn v2.2.1
[INFO] [stderr]   Downloaded sycamore-web v0.8.2
[INFO] [stderr]   Downloaded html-escape v0.2.12
[INFO] running `Command { std: "docker" "create" "-v" "/var/lib/crater-agent-workspace/builds/worker-1-tc1/target:/opt/rustwide/target:rw,Z" "-v" "/var/lib/crater-agent-workspace/builds/worker-1-tc1/source:/opt/rustwide/workdir:ro,Z" "-v" "/var/lib/crater-agent-workspace/cargo-home:/opt/rustwide/cargo-home:ro,Z" "-v" "/var/lib/crater-agent-workspace/rustup-home:/opt/rustwide/rustup-home:ro,Z" "-e" "SOURCE_DIR=/opt/rustwide/workdir" "-e" "CARGO_TARGET_DIR=/opt/rustwide/target" "-e" "CARGO_HOME=/opt/rustwide/cargo-home" "-e" "RUSTUP_HOME=/opt/rustwide/rustup-home" "-w" "/opt/rustwide/workdir" "-m" "1610612736" "--user" "0:0" "--network" "none" "ghcr.io/rust-lang/crates-build-env/linux@sha256:2788e3201cd34a07e3172128adcd8b3090168a8e3bcc40d7c032b9dda1df7d1c" "/opt/rustwide/cargo-home/bin/cargo" "+1.75.0" "metadata" "--no-deps" "--format-version=1", kill_on_drop: false }`
[INFO] [stdout] 73ceda0aa3d355b9b378114a0913b636e95a1844a5375416e2e80b05c35d34b3
[INFO] running `Command { std: "docker" "start" "-a" "73ceda0aa3d355b9b378114a0913b636e95a1844a5375416e2e80b05c35d34b3", kill_on_drop: false }`
[INFO] running `Command { std: "docker" "inspect" "73ceda0aa3d355b9b378114a0913b636e95a1844a5375416e2e80b05c35d34b3", kill_on_drop: false }`
[INFO] running `Command { std: "docker" "rm" "-f" "73ceda0aa3d355b9b378114a0913b636e95a1844a5375416e2e80b05c35d34b3", kill_on_drop: false }`
[INFO] [stdout] 73ceda0aa3d355b9b378114a0913b636e95a1844a5375416e2e80b05c35d34b3
[INFO] running `Command { std: "docker" "create" "-v" "/var/lib/crater-agent-workspace/builds/worker-1-tc1/target:/opt/rustwide/target:rw,Z" "-v" "/var/lib/crater-agent-workspace/builds/worker-1-tc1/source:/opt/rustwide/workdir:ro,Z" "-v" "/var/lib/crater-agent-workspace/cargo-home:/opt/rustwide/cargo-home:ro,Z" "-v" "/var/lib/crater-agent-workspace/rustup-home:/opt/rustwide/rustup-home:ro,Z" "-e" "SOURCE_DIR=/opt/rustwide/workdir" "-e" "CARGO_TARGET_DIR=/opt/rustwide/target" "-e" "CARGO_INCREMENTAL=0" "-e" "RUST_BACKTRACE=full" "-e" "RUSTFLAGS=--cap-lints=warn" "-e" "RUSTDOCFLAGS=--cap-lints=warn" "-e" "CARGO_HOME=/opt/rustwide/cargo-home" "-e" "RUSTUP_HOME=/opt/rustwide/rustup-home" "-w" "/opt/rustwide/workdir" "-m" "1610612736" "--user" "0:0" "--network" "none" "ghcr.io/rust-lang/crates-build-env/linux@sha256:2788e3201cd34a07e3172128adcd8b3090168a8e3bcc40d7c032b9dda1df7d1c" "/opt/rustwide/cargo-home/bin/cargo" "+1.75.0" "doc" "--frozen" "--no-deps" "--document-private-items" "--message-format=json", kill_on_drop: false }`
[INFO] [stdout] 0ba548a6b2c5ac47fa72072911cb75f20425d3f6b2f1e3e5660186db5536c3f3
[INFO] running `Command { std: "docker" "start" "-a" "0ba548a6b2c5ac47fa72072911cb75f20425d3f6b2f1e3e5660186db5536c3f3", kill_on_drop: false }`
[INFO] [stderr] warning: virtual workspace defaulting to `resolver = "1"` despite one or more workspace members being on edition 2021 which implies `resolver = "2"`
[INFO] [stderr] note: to keep the current resolver, specify `workspace.resolver = "1"` in the workspace root's manifest
[INFO] [stderr] note: to use the edition 2021 resolver, specify `workspace.resolver = "2"` in the workspace root's manifest
[INFO] [stderr] note: for more details see https://doc.rust-lang.org/cargo/reference/resolver.html#resolver-versions
[INFO] [stderr]    Compiling libc v0.2.137
[INFO] [stderr]    Compiling proc-macro2 v1.0.47
[INFO] [stderr]    Compiling unicode-ident v1.0.5
[INFO] [stderr]    Compiling syn v1.0.105
[INFO] [stderr]    Compiling log v0.4.17
[INFO] [stderr]     Checking once_cell v1.16.0
[INFO] [stderr]    Compiling parking_lot_core v0.9.4
[INFO] [stderr]     Checking smallvec v1.10.0
[INFO] [stderr]    Compiling serde_derive v1.0.151
[INFO] [stderr]    Compiling serde v1.0.151
[INFO] [stderr]    Compiling futures-core v0.3.25
[INFO] [stderr]    Compiling cc v1.0.74
[INFO] [stderr]    Compiling tokio v1.24.2
[INFO] [stderr]    Compiling ahash v0.7.6
[INFO] [stderr]    Compiling futures-channel v0.3.25
[INFO] [stderr]    Compiling generic-array v0.14.6
[INFO] [stderr]    Compiling slab v0.4.7
[INFO] [stderr]    Compiling futures-task v0.3.25
[INFO] [stderr]    Compiling quote v1.0.21
[INFO] [stderr]     Checking bytes v1.2.1
[INFO] [stderr]    Compiling ppv-lite86 v0.2.16
[INFO] [stderr]    Compiling futures-util v0.3.25
[INFO] [stderr]     Checking itoa v1.0.4
[INFO] [stderr]     Checking futures-sink v0.3.25
[INFO] [stderr]    Compiling indexmap v1.9.1
[INFO] [stderr]     Checking futures-io v0.3.25
[INFO] [stderr]    Compiling serde_json v1.0.89
[INFO] [stderr]    Compiling time-core v0.1.0
[INFO] [stderr]    Compiling ring v0.16.20
[INFO] [stderr]     Checking getrandom v0.2.8
[INFO] [stderr]     Checking num_cpus v1.13.1
[INFO] [stderr]     Checking mio v0.8.5
[INFO] [stderr]     Checking socket2 v0.4.7
[INFO] [stderr]     Checking signal-hook-registry v1.4.0
[INFO] [stderr]     Checking parking_lot v0.12.1
[INFO] [stderr]    Compiling wasm-bindgen-shared v0.2.83
[INFO] [stderr]    Compiling getrandom v0.1.16
[INFO] [stderr]    Compiling time-macros v0.2.6
[INFO] [stderr]    Compiling rand_core v0.6.4
[INFO] [stderr]    Compiling memchr v2.5.0
[INFO] [stderr]     Checking hashbrown v0.12.3
[INFO] [stderr]    Compiling rand_chacha v0.3.1
[INFO] [stderr]    Compiling rand v0.8.5
[INFO] [stderr]    Compiling typenum v1.16.0
[INFO] [stderr]     Checking tracing-core v0.1.30
[INFO] [stderr]    Compiling bumpalo v3.11.1
[INFO] [stderr]    Compiling rand_core v0.5.1
[INFO] [stderr]    Compiling parking_lot_core v0.8.6
[INFO] [stderr]    Compiling rustls v0.20.7
[INFO] [stderr]     Checking subtle v2.4.1
[INFO] [stderr]    Compiling scopeguard v1.1.0
[INFO] [stderr]    Compiling lock_api v0.4.9
[INFO] [stderr]     Checking http v0.2.8
[INFO] [stderr]     Checking block-buffer v0.10.3
[INFO] [stderr]     Checking crypto-common v0.1.6
[INFO] [stderr]    Compiling untrusted v0.7.1
[INFO] [stderr]    Compiling spin v0.5.2
[INFO] [stderr]    Compiling wasm-bindgen v0.2.83
[INFO] [stderr]     Checking tinyvec_macros v0.1.0
[INFO] [stderr]     Checking tinyvec v1.6.0
[INFO] [stderr]     Checking digest v0.10.6
[INFO] [stderr]    Compiling rand_pcg v0.2.1
[INFO] [stderr]    Compiling rand_chacha v0.2.2
[INFO] [stderr]    Compiling num-traits v0.2.15
[INFO] [stderr]    Compiling thiserror v1.0.37
[INFO] [stderr]    Compiling paste v1.0.10
[INFO] [stderr]    Compiling crossbeam-utils v0.8.14
[INFO] [stderr]    Compiling openssl-sys v0.9.77
[INFO] [stderr]    Compiling rand v0.7.3
[INFO] [stderr]     Checking unicode-normalization v0.1.22
[INFO] [stderr]    Compiling phf_shared v0.8.0
[INFO] [stderr]    Compiling rustversion v1.0.9
[INFO] [stderr]     Checking unicode-bidi v0.3.8
[INFO] [stderr]    Compiling pin-project-lite v0.2.9
[INFO] [stderr]    Compiling minimal-lexical v0.2.1
[INFO] [stderr]    Compiling nom v7.1.1
[INFO] [stderr]    Compiling phf_generator v0.8.0
[INFO] [stderr]     Checking http-body v0.4.5
[INFO] [stderr]    Compiling wasm-bindgen-backend v0.2.83
[INFO] [stderr]    Compiling webpki v0.22.0
[INFO] [stderr]    Compiling phf_shared v0.10.0
[INFO] [stderr]    Compiling slotmap v1.0.6
[INFO] [stderr]    Compiling crossbeam-queue v0.3.8
[INFO] [stderr]     Checking regex-syntax v0.6.27
[INFO] [stderr]    Compiling unicode-segmentation v1.10.0
[INFO] [stderr]    Compiling wasm-bindgen-macro-support v0.2.83
[INFO] [stderr]     Checking lazy_static v1.4.0
[INFO] [stderr]    Compiling phf_generator v0.10.0
[INFO] [stderr]    Compiling heck v0.4.0
[INFO] [stderr]    Compiling sct v0.7.0
[INFO] [stderr]     Checking idna v0.3.0
[INFO] [stderr]    Compiling instant v0.1.12
[INFO] [stderr]    Compiling strsim v0.10.0
[INFO] [stderr]     Checking try-lock v0.2.3
[INFO] [stderr]     Checking byteorder v1.4.3
[INFO] [stderr]    Compiling proc-macro-hack v0.5.19
[INFO] [stderr]    Compiling darling_core v0.14.2
[INFO] [stderr]     Checking url v2.3.1
[INFO] [stderr]     Checking want v0.3.0
[INFO] [stderr]     Checking aho-corasick v0.7.19
[INFO] [stderr]     Checking base64 v0.13.1
[INFO] [stderr]    Compiling openssl v0.10.42
[INFO] [stderr]    Compiling cpufeatures v0.2.5
[INFO] [stderr]    Compiling percent-encoding v2.2.0
[INFO] [stderr]     Checking new_debug_unreachable v1.0.4
[INFO] [stderr]    Compiling form_urlencoded v1.1.0
[INFO] [stderr]     Checking sycamore-reactive v0.8.1
[INFO] [stderr]     Checking regex v1.6.0
[INFO] [stderr]    Compiling parking_lot v0.11.2
[INFO] [stderr]    Compiling string_cache_codegen v0.5.2
[INFO] [stderr]    Compiling tokio-macros v1.8.2
[INFO] [stderr]    Compiling futures-macro v0.3.25
[INFO] [stderr]    Compiling tracing-attributes v0.1.23
[INFO] [stderr]    Compiling wasm-bindgen-macro v0.2.83
[INFO] [stderr]    Compiling thiserror-impl v1.0.37
[INFO] [stderr]     Checking js-sys v0.3.60
[INFO] [stderr]     Checking tracing v0.1.37
[INFO] [stderr]    Compiling pin-project-internal v1.0.12
[INFO] [stderr]    Compiling darling_macro v0.14.2
[INFO] [stderr]    Compiling openssl-macros v0.1.0
[INFO] [stderr]    Compiling phf_codegen v0.10.0
[INFO] [stderr]     Checking web-sys v0.3.60
[INFO] [stderr]    Compiling hmac v0.12.1
[INFO] [stderr]     Checking pin-project v1.0.12
[INFO] [stderr]    Compiling dirs-sys v0.3.7
[INFO] [stderr]    Compiling proc-macro-error-attr v1.0.4
[INFO] [stderr]    Compiling unicode_categories v0.1.1
[INFO] [stderr]     Checking mac v0.1.1
[INFO] [stderr]     Checking precomputed-hash v0.1.1
[INFO] [stderr]    Compiling crc-catalog v2.1.0
[INFO] [stderr]     Checking tokio-util v0.7.4
[INFO] [stderr]     Checking mime v0.3.16
[INFO] [stderr]    Compiling ryu v1.0.11
[INFO] [stderr]    Compiling native-tls v0.2.10
[INFO] [stderr]    Compiling pin-utils v0.1.0
[INFO] [stderr]    Compiling io-lifetimes v1.0.3
[INFO] [stderr]    Compiling async-trait v0.1.60
[INFO] [stderr]     Checking h2 v0.3.15
[INFO] [stderr]    Compiling tokio-rustls v0.23.4
[INFO] [stderr]     Checking tower-layer v0.3.2
[INFO] [stderr]    Compiling sqlx-rt v0.6.2
[INFO] [stderr]    Compiling tokio-stream v0.1.11
[INFO] [stderr]    Compiling rustls-pemfile v1.0.1
[INFO] [stderr]    Compiling crc v3.0.0
[INFO] [stderr]     Checking futf v0.1.5
[INFO] [stderr]     Checking time v0.3.17
[INFO] [stderr]     Checking either v1.8.0
[INFO] [stderr]     Checking itertools v0.10.5
[INFO] [stderr]     Checking serde_urlencoded v0.7.1
[INFO] [stderr]     Checking hyper v0.14.23
[INFO] [stderr]    Compiling dirs v4.0.0
[INFO] [stderr]    Compiling atoi v1.0.0
[INFO] [stderr]    Compiling hkdf v0.12.3
[INFO] [stderr]     Checking futures-executor v0.3.25
[INFO] [stderr]    Compiling markup5ever v0.11.0
[INFO] [stderr]    Compiling darling v0.14.2
[INFO] [stderr]    Compiling phf_macros v0.8.0
[INFO] [stderr]    Compiling sqlformat v0.2.0
[INFO] [stderr]    Compiling cssparser v0.27.2
[INFO] [stderr]    Compiling futures-intrusive v0.4.2
[INFO] [stderr]    Compiling sha1 v0.10.5
[INFO] [stderr]    Compiling sha2 v0.10.6
[INFO] [stderr]    Compiling hashlink v0.8.1
[INFO] [stderr]    Compiling axum-core v0.3.0
[INFO] [stderr]    Compiling stringprep v0.1.2
[INFO] [stderr]    Compiling webpki-roots v0.22.6
[INFO] [stderr]    Compiling phf_codegen v0.8.0
[INFO] [stderr]    Compiling md-5 v0.10.5
[INFO] [stderr]    Compiling uuid v1.2.2
[INFO] [stderr]    Compiling proc-macro-error v1.0.4
[INFO] [stderr]    Compiling cookie v0.16.2
[INFO] [stderr]     Checking utf-8 v0.7.6
[INFO] [stderr]    Compiling whoami v1.2.3
[INFO] [stderr]    Compiling event-listener v2.5.3
[INFO] [stderr]    Compiling bitflags v1.3.2
[INFO] [stderr]    Compiling hex v0.4.3
[INFO] [stderr]    Compiling rustix v0.36.4
[INFO] [stderr]    Compiling dotenvy v0.15.6
[INFO] [stderr]    Compiling unicode-xid v0.2.4
[INFO] [stderr]     Checking dtoa v0.4.8
[INFO] [stderr]     Checking utf8-width v0.1.6
[INFO] [stderr]    Compiling anyhow v1.0.68
[INFO] [stderr]     Checking html-escape v0.2.12
[INFO] [stderr]     Checking dtoa-short v0.3.3
[INFO] [stderr]    Compiling sqlx-core v0.6.2
[INFO] [stderr]     Checking tendril v0.4.3
[INFO] [stderr]     Checking phf v0.8.0
[INFO] [stderr]    Compiling selectors v0.22.0
[INFO] [stderr]     Checking futures v0.3.25
[INFO] [stderr]    Compiling derive_builder_core v0.11.2
[INFO] [stderr]     Checking string_cache v0.8.4
[INFO] [stderr]     Checking tower v0.4.13
[INFO] [stderr]     Checking phf v0.10.1
[INFO] [stderr]     Checking wasm-bindgen-futures v0.4.33
[INFO] [stderr]    Compiling cssparser-macros v0.6.0
[INFO] [stderr]    Compiling html5ever v0.26.0
[INFO] [stderr]     Checking sycamore-core v0.8.2
[INFO] [stderr]    Compiling axum v0.6.1
[INFO] [stderr]     Checking itoa v0.4.8
[INFO] [stderr]     Checking matches v0.1.9
[INFO] [stderr]     Checking http-range-header v0.3.0
[INFO] [stderr]    Compiling portable-atomic v0.3.18
[INFO] [stderr]    Compiling convert_case v0.4.0
[INFO] [stderr]     Checking nodrop v0.1.14
[INFO] [stderr]     Checking bit-vec v0.6.3
[INFO] [stderr]     Checking linux-raw-sys v0.1.3
[INFO] [stderr]    Compiling encoding_rs v0.8.31
[INFO] [stderr]     Checking stable_deref_trait v1.2.0
[INFO] [stderr]     Checking servo_arc v0.1.1
[INFO] [stderr]     Checking bit-set v0.5.3
[INFO] [stderr]    Compiling derive_more v0.99.17
[INFO] [stderr]     Checking tower-http v0.3.5
[INFO] [stderr]     Checking sycamore-web v0.8.2
[INFO] [stderr]    Compiling derive_builder_macro v0.11.2
[INFO] [stderr]     Checking sycamore-futures v0.8.0
[INFO] [stderr]     Checking tokio-native-tls v0.3.0
[INFO] [stderr]     Checking speedwayrs-types v0.1.0 (/opt/rustwide/workdir/speedwayrs-types)
[INFO] [stderr]     Checking serde_path_to_error v0.1.8
[INFO] [stderr]    Compiling sycamore-macro v0.8.2
[INFO] [stderr]     Checking regex-automata v0.1.10
[INFO] [stderr]     Checking fxhash v0.2.1
[INFO] [stderr]     Checking terminal_size v0.1.17
[INFO] [stderr]     Checking os_str_bytes v6.3.1
[INFO] [stderr]     Checking sync_wrapper v0.1.1
[INFO] [stderr]     Checking overload v0.1.1
[INFO] [stderr]     Checking thin-slice v0.1.1
[INFO] [stderr]     Checking base64ct v1.5.3
[INFO] [stderr]     Checking matchit v0.7.0
[INFO] [stderr]     Checking clap_lex v0.3.0
[INFO] [stderr]     Checking password-hash v0.4.2
[INFO] [stderr]     Checking nu-ansi-term v0.46.0
[INFO] [stderr]     Checking matchers v0.1.0
[INFO] [stderr]     Checking console v0.15.2
[INFO] [stderr]     Checking hyper-tls v0.5.0
[INFO] [stderr]    Compiling clap_derive v4.0.21
[INFO] [stderr]     Checking derive_builder v0.11.2
[INFO] [stderr]     Checking is-terminal v0.4.1
[INFO] [stderr]     Checking fancy-regex v0.8.0
[INFO] [stderr]    Compiling sycamore-router-macro v0.8.0
[INFO] [stderr]    Compiling const_format_proc_macros v0.2.29
[INFO] [stderr]     Checking sycamore v0.8.2
[INFO] [stderr]     Checking getopts v0.2.21
[INFO] [stderr]     Checking gloo-utils v0.1.6
[INFO] [stderr]     Checking sharded-slab v0.1.4
[INFO] [stderr]     Checking tracing-log v0.1.3
[INFO] [stderr]     Checking blake2 v0.10.6
[INFO] [stderr]     Checking thread_local v1.1.4
[INFO] [stderr]     Checking termcolor v1.1.3
[INFO] [stderr]     Checking ipnet v2.5.0
[INFO] [stderr]    Compiling speedwayrs-backend v0.1.0 (/opt/rustwide/workdir/speedwayrs-backend)
[INFO] [stderr]     Checking quick-error v2.0.1
[INFO] [stderr]     Checking number_prefix v0.4.0
[INFO] [stderr]     Checking ego-tree v0.6.2
[INFO] [stderr]     Checking zxcvbn v2.2.1
[INFO] [stderr]     Checking indicatif v0.17.2
[INFO] [stderr]     Checking tracing-subscriber v0.3.16
[INFO] [stderr]     Checking reqwest v0.11.13
[INFO] [stderr]     Checking scraper v0.13.0
[INFO] [stderr]     Checking sycamore-router v0.8.0
[INFO] [stderr]     Checking const_format v0.2.30
[INFO] [stderr]     Checking argon2 v0.4.1
[INFO] [stderr]     Checking gloo-net v0.2.5
[INFO] [stderr]     Checking wasm-logger v0.2.0
[INFO] [stderr]     Checking clap v4.0.29
[INFO] [stderr]     Checking email_address v0.2.4
[INFO] [stderr]    Compiling sqlx-macros v0.6.2
[INFO] [stderr]    Compiling axum-macros v0.3.0
[INFO] [stderr]     Checking threadpool v1.8.1
[INFO] [stderr]  Documenting speedwayrs-frontend v0.1.0 (/opt/rustwide/workdir/speedwayrs-frontend)
[INFO] [stderr]  Documenting speedwayrs-types v0.1.0 (/opt/rustwide/workdir/speedwayrs-types)
[INFO] [stderr]     Checking axum-extra v0.4.2
[INFO] [stderr]  Documenting speedwayrs-scraper v0.1.0 (/opt/rustwide/workdir/speedwayrs-scraper)
[INFO] [stderr]     Checking sqlx v0.6.2
[INFO] [stderr]  Documenting speedwayrs-backend v0.1.0 (/opt/rustwide/workdir/speedwayrs-backend)
[INFO] [stderr]  Documenting speedwayrs-loader v0.1.0 (/opt/rustwide/workdir/speedwayrs-loader)
[INFO] [stdout] error: error communicating with database: Cannot assign requested address (os error 99)
[INFO] [stdout]  --> speedwayrs-loader/src/insertion.rs:8:23
[INFO] [stdout]   |
[INFO] [stdout] 8 |     let possible_id = sqlx::query_file!("queries/player_check.sql", name, sname)
[INFO] [stdout]   |                       ^^^^^^^^^^^^^^^^^^^^^^^^^^^^^^^^^^^^^^^^^^^^^^^^^^^^^^^^^^
[INFO] [stdout]   |
[INFO] [stdout]   = note: this error originates in the macro `$crate::sqlx_macros::expand_query` which comes from the expansion of the macro `sqlx::query_file` (in Nightly builds, run with -Z macro-backtrace for more info)
[INFO] [stdout] 
[INFO] [stdout] 
[INFO] [stdout] error: error communicating with database: Cannot assign requested address (os error 99)
[INFO] [stdout]   --> speedwayrs-loader/src/insertion.rs:15:31
[INFO] [stdout]    |
[INFO] [stdout] 15 |             let insert_stmt = sqlx::query_file!("queries/player_insert.sql", name, sname)
[INFO] [stdout]    |                               ^^^^^^^^^^^^^^^^^^^^^^^^^^^^^^^^^^^^^^^^^^^^^^^^^^^^^^^^^^^
[INFO] [stdout]    |
[INFO] [stdout]    = note: this error originates in the macro `$crate::sqlx_macros::expand_query` which comes from the expansion of the macro `sqlx::query_file` (in Nightly builds, run with -Z macro-backtrace for more info)
[INFO] [stdout] 
[INFO] [stdout] 
[INFO] [stdout] error: error communicating with database: Cannot assign requested address (os error 99)
[INFO] [stdout]   --> speedwayrs-backend/src/account.rs:79:9
[INFO] [stdout]    |
[INFO] [stdout] 79 |         sqlx::query_file!("queries/register_check.sql", form.username, form.email)
[INFO] [stdout]    |         ^^^^^^^^^^^^^^^^^^^^^^^^^^^^^^^^^^^^^^^^^^^^^^^^^^^^^^^^^^^^^^^^^^^^^^^^^^
[INFO] [stdout]    |
[INFO] [stdout]    = note: this error originates in the macro `$crate::sqlx_macros::expand_query` which comes from the expansion of the macro `sqlx::query_file` (in Nightly builds, run with -Z macro-backtrace for more info)
[INFO] [stdout] 
[INFO] [stdout] 
[INFO] [stdout] error: error communicating with database: Cannot assign requested address (os error 99)
[INFO] [stdout]   --> speedwayrs-loader/src/insertion.rs:25:42
[INFO] [stdout]    |
[INFO] [stdout] 25 | ...                   let id = sqlx::query_file!("queries/player_check.sql", name, sname)
[INFO] [stdout]    |                                ^^^^^^^^^^^^^^^^^^^^^^^^^^^^^^^^^^^^^^^^^^^^^^^^^^^^^^^^^^
[INFO] [stdout]    |
[INFO] [stdout]    = note: this error originates in the macro `$crate::sqlx_macros::expand_query` which comes from the expansion of the macro `sqlx::query_file` (in Nightly builds, run with -Z macro-backtrace for more info)
[INFO] [stdout] 
[INFO] [stdout] 
[INFO] [stdout] error: error communicating with database: Cannot assign requested address (os error 99)
[INFO] [stdout]   --> speedwayrs-loader/src/insertion.rs:44:23
[INFO] [stdout]    |
[INFO] [stdout] 44 |     let possible_id = sqlx::query_file!("queries/team_check.sql", name)
[INFO] [stdout]    |                       ^^^^^^^^^^^^^^^^^^^^^^^^^^^^^^^^^^^^^^^^^^^^^^^^^
[INFO] [stdout]    |
[INFO] [stdout]    = note: this error originates in the macro `$crate::sqlx_macros::expand_query` which comes from the expansion of the macro `sqlx::query_file` (in Nightly builds, run with -Z macro-backtrace for more info)
[INFO] [stdout] 
[INFO] [stdout] 
[INFO] [stdout] error: error communicating with database: Cannot assign requested address (os error 99)
[INFO] [stdout]   --> speedwayrs-loader/src/insertion.rs:51:31
[INFO] [stdout]    |
[INFO] [stdout] 51 |             let insert_stmt = sqlx::query_file!("queries/team_insert.sql", name)
[INFO] [stdout]    |                               ^^^^^^^^^^^^^^^^^^^^^^^^^^^^^^^^^^^^^^^^^^^^^^^^^^
[INFO] [stdout]    |
[INFO] [stdout]    = note: this error originates in the macro `$crate::sqlx_macros::expand_query` which comes from the expansion of the macro `sqlx::query_file` (in Nightly builds, run with -Z macro-backtrace for more info)
[INFO] [stdout] 
[INFO] [stdout] 
[INFO] [stdout] error: error communicating with database: Cannot assign requested address (os error 99)
[INFO] [stdout]   --> speedwayrs-loader/src/insertion.rs:61:42
[INFO] [stdout]    |
[INFO] [stdout] 61 | ...                   let id = sqlx::query_file!("queries/team_check.sql", name)
[INFO] [stdout]    |                                ^^^^^^^^^^^^^^^^^^^^^^^^^^^^^^^^^^^^^^^^^^^^^^^^^
[INFO] [stdout]    |
[INFO] [stdout]    = note: this error originates in the macro `$crate::sqlx_macros::expand_query` which comes from the expansion of the macro `sqlx::query_file` (in Nightly builds, run with -Z macro-backtrace for more info)
[INFO] [stdout] 
[INFO] [stdout] 
[INFO] [stdout] error: error communicating with database: Cannot assign requested address (os error 99)
[INFO] [stdout]   --> speedwayrs-loader/src/insertion.rs:84:23
[INFO] [stdout]    |
[INFO] [stdout] 84 |     let possible_id = sqlx::query_file!("queries/place_check.sql", description)
[INFO] [stdout]    |                       ^^^^^^^^^^^^^^^^^^^^^^^^^^^^^^^^^^^^^^^^^^^^^^^^^^^^^^^^^
[INFO] [stdout]    |
[INFO] [stdout]    = note: this error originates in the macro `$crate::sqlx_macros::expand_query` which comes from the expansion of the macro `sqlx::query_file` (in Nightly builds, run with -Z macro-backtrace for more info)
[INFO] [stdout] 
[INFO] [stdout] 
[INFO] [stdout] error: error communicating with database: Cannot assign requested address (os error 99)
[INFO] [stdout]   --> speedwayrs-loader/src/insertion.rs:91:31
[INFO] [stdout]    |
[INFO] [stdout] 91 |             let insert_stmt = sqlx::query_file!("queries/place_insert.sql", description)
[INFO] [stdout]    |                               ^^^^^^^^^^^^^^^^^^^^^^^^^^^^^^^^^^^^^^^^^^^^^^^^^^^^^^^^^^
[INFO] [stdout]    |
[INFO] [stdout]    = note: this error originates in the macro `$crate::sqlx_macros::expand_query` which comes from the expansion of the macro `sqlx::query_file` (in Nightly builds, run with -Z macro-backtrace for more info)
[INFO] [stdout] 
[INFO] [stdout] 
[INFO] [stdout] error: error communicating with database: Cannot assign requested address (os error 99)
[INFO] [stdout]    --> speedwayrs-backend/src/account.rs:119:9
[INFO] [stdout]     |
[INFO] [stdout] 119 |         sqlx::query_file!("queries/register_user.sql", form.username, hash, form.email)
[INFO] [stdout]     |         ^^^^^^^^^^^^^^^^^^^^^^^^^^^^^^^^^^^^^^^^^^^^^^^^^^^^^^^^^^^^^^^^^^^^^^^^^^^^^^^
[INFO] [stdout]     |
[INFO] [stdout]     = note: this error originates in the macro `$crate::sqlx_macros::expand_query` which comes from the expansion of the macro `sqlx::query_file` (in Nightly builds, run with -Z macro-backtrace for more info)
[INFO] [stdout] 
[INFO] [stdout] 
[INFO] [stdout] error: error communicating with database: Cannot assign requested address (os error 99)
[INFO] [stdout]    --> speedwayrs-loader/src/insertion.rs:101:42
[INFO] [stdout]     |
[INFO] [stdout] 101 | ...                   let id = sqlx::query_file!("queries/place_check.sql", description)
[INFO] [stdout]     |                                ^^^^^^^^^^^^^^^^^^^^^^^^^^^^^^^^^^^^^^^^^^^^^^^^^^^^^^^^^
[INFO] [stdout]     |
[INFO] [stdout]     = note: this error originates in the macro `$crate::sqlx_macros::expand_query` which comes from the expansion of the macro `sqlx::query_file` (in Nightly builds, run with -Z macro-backtrace for more info)
[INFO] [stdout] 
[INFO] [stdout] 
[INFO] [stdout] error: error communicating with database: Cannot assign requested address (os error 99)
[INFO] [stdout]    --> speedwayrs-loader/src/insertion.rs:164:25
[INFO] [stdout]     |
[INFO] [stdout] 164 |       let insert_result = sqlx::query_file!(
[INFO] [stdout]     |  _________________________^
[INFO] [stdout] 165 | |         "queries/insert_game.sql",
[INFO] [stdout] 166 | |         team1_id,
[INFO] [stdout] 167 | |         payload.team_one().score() as i32,
[INFO] [stdout] ...   |
[INFO] [stdout] 171 | |         date
[INFO] [stdout] 172 | |     )
[INFO] [stdout]     | |_____^
[INFO] [stdout]     |
[INFO] [stdout]     = note: this error originates in the macro `$crate::sqlx_macros::expand_query` which comes from the expansion of the macro `sqlx::query_file` (in Nightly builds, run with -Z macro-backtrace for more info)
[INFO] [stdout] 
[INFO] [stdout] 
[INFO] [stdout] error: error communicating with database: Cannot assign requested address (os error 99)
[INFO] [stdout]    --> speedwayrs-backend/src/account.rs:119:9
[INFO] [stdout]     |
[INFO] [stdout] 119 |         sqlx::query_file!("queries/register_user.sql", form.username, hash, form.email)
[INFO] [stdout]     |         ^^^^^^^^^^^^^^^^^^^^^^^^^^^^^^^^^^^^^^^^^^^^^^^^^^^^^^^^^^^^^^^^^^^^^^^^^^^^^^^
[INFO] [stdout]     |
[INFO] [stdout]     = note: this error originates in the macro `$crate::sqlx_macros::expand_query` which comes from the expansion of the macro `sqlx::query_file` (in Nightly builds, run with -Z macro-backtrace for more info)
[INFO] [stdout] 
[INFO] [stdout] 
[INFO] [stdout] error: error communicating with database: Cannot assign requested address (os error 99)
[INFO] [stdout]    --> speedwayrs-loader/src/insertion.rs:188:5
[INFO] [stdout]     |
[INFO] [stdout] 188 | /     sqlx::query_file!(
[INFO] [stdout] 189 | |         "queries/insert_player_score.sql",
[INFO] [stdout] 190 | |         game,
[INFO] [stdout] 191 | |         player,
[INFO] [stdout] 192 | |         round,
[INFO] [stdout] 193 | |         score_str
[INFO] [stdout] 194 | |     )
[INFO] [stdout]     | |_____^
[INFO] [stdout]     |
[INFO] [stdout]     = note: this error originates in the macro `$crate::sqlx_macros::expand_query` which comes from the expansion of the macro `sqlx::query_file` (in Nightly builds, run with -Z macro-backtrace for more info)
[INFO] [stdout] 
[INFO] [stdout] 
[INFO] [stdout] error: error communicating with database: Cannot assign requested address (os error 99)
[INFO] [stdout]    --> speedwayrs-loader/src/insertion.rs:208:24
[INFO] [stdout]     |
[INFO] [stdout] 208 |       let query_result = sqlx::query_file!(
[INFO] [stdout]     |  ________________________^
[INFO] [stdout] 209 | |         "queries/create_run.sql",
[INFO] [stdout] 210 | |         position,
[INFO] [stdout] 211 | |         time_integer,
[INFO] [stdout] 212 | |         time_decimal,
[INFO] [stdout] 213 | |         game_id
[INFO] [stdout] 214 | |     )
[INFO] [stdout]     | |_____^
[INFO] [stdout]     |
[INFO] [stdout]     = note: this error originates in the macro `$crate::sqlx_macros::expand_query` which comes from the expansion of the macro `sqlx::query_file` (in Nightly builds, run with -Z macro-backtrace for more info)
[INFO] [stdout] 
[INFO] [stdout] 
[INFO] [stdout] error: error communicating with database: Cannot assign requested address (os error 99)
[INFO] [stdout]    --> speedwayrs-backend/src/account.rs:119:9
[INFO] [stdout]     |
[INFO] [stdout] 119 |         sqlx::query_file!("queries/register_user.sql", form.username, hash, form.email)
[INFO] [stdout]     |         ^^^^^^^^^^^^^^^^^^^^^^^^^^^^^^^^^^^^^^^^^^^^^^^^^^^^^^^^^^^^^^^^^^^^^^^^^^^^^^^
[INFO] [stdout]     |
[INFO] [stdout]     = note: this error originates in the macro `$crate::sqlx_macros::expand_query` which comes from the expansion of the macro `sqlx::query_file` (in Nightly builds, run with -Z macro-backtrace for more info)
[INFO] [stdout] 
[INFO] [stdout] 
[INFO] [stdout] error: error communicating with database: Cannot assign requested address (os error 99)
[INFO] [stdout]    --> speedwayrs-loader/src/insertion.rs:227:5
[INFO] [stdout]     |
[INFO] [stdout] 227 | /     sqlx::query_file!(
[INFO] [stdout] 228 | |         "queries/insert_run_squad_score.sql",
[INFO] [stdout] 229 | |         run,
[INFO] [stdout] 230 | |         player,
[INFO] [stdout] 231 | |         result.to_string()
[INFO] [stdout] 232 | |     )
[INFO] [stdout]     | |_____^
[INFO] [stdout]     |
[INFO] [stdout]     = note: this error originates in the macro `$crate::sqlx_macros::expand_query` which comes from the expansion of the macro `sqlx::query_file` (in Nightly builds, run with -Z macro-backtrace for more info)
[INFO] [stdout] 
[INFO] [stdout] 
[INFO] [stdout] error: error communicating with database: Cannot assign requested address (os error 99)
[INFO] [stdout]    --> speedwayrs-loader/src/insertion.rs:240:13
[INFO] [stdout]     |
[INFO] [stdout] 240 |     let _ = sqlx::query_file!("queries/insert_game_team.sql", player, team, game)
[INFO] [stdout]     |             ^^^^^^^^^^^^^^^^^^^^^^^^^^^^^^^^^^^^^^^^^^^^^^^^^^^^^^^^^^^^^^^^^^^^^
[INFO] [stdout]     |
[INFO] [stdout]     = note: this error originates in the macro `$crate::sqlx_macros::expand_query` which comes from the expansion of the macro `sqlx::query_file` (in Nightly builds, run with -Z macro-backtrace for more info)
[INFO] [stdout] 
[INFO] [stdout] 
[INFO] [stdout] error: error communicating with database: Cannot assign requested address (os error 99)
[INFO] [stdout]    --> speedwayrs-backend/src/account.rs:162:9
[INFO] [stdout]     |
[INFO] [stdout] 162 |         sqlx::query_file!("queries/login_user.sql", form.username)
[INFO] [stdout]     |         ^^^^^^^^^^^^^^^^^^^^^^^^^^^^^^^^^^^^^^^^^^^^^^^^^^^^^^^^^^
[INFO] [stdout]     |
[INFO] [stdout]     = note: this error originates in the macro `$crate::sqlx_macros::expand_query` which comes from the expansion of the macro `sqlx::query_file` (in Nightly builds, run with -Z macro-backtrace for more info)
[INFO] [stdout] 
[INFO] [stdout] 
[INFO] [stdout] error: error communicating with database: Cannot assign requested address (os error 99)
[INFO] [stdout]    --> speedwayrs-backend/src/account.rs:221:17
[INFO] [stdout]     |
[INFO] [stdout] 221 |     let query = sqlx::query_file!("queries/session_logout.sql", session_id)
[INFO] [stdout]     |                 ^^^^^^^^^^^^^^^^^^^^^^^^^^^^^^^^^^^^^^^^^^^^^^^^^^^^^^^^^^^
[INFO] [stdout]     |
[INFO] [stdout]     = note: this error originates in the macro `$crate::sqlx_macros::expand_query` which comes from the expansion of the macro `sqlx::query_file` (in Nightly builds, run with -Z macro-backtrace for more info)
[INFO] [stdout] 
[INFO] [stdout] 
[INFO] [stdout] error: error communicating with database: Cannot assign requested address (os error 99)
[INFO] [stdout]   --> speedwayrs-backend/src/data/player_data.rs:38:17
[INFO] [stdout]    |
[INFO] [stdout] 38 |     let query = sqlx::query_file!("queries/utils/check_like_player.sql", username, player_id)
[INFO] [stdout]    |                 ^^^^^^^^^^^^^^^^^^^^^^^^^^^^^^^^^^^^^^^^^^^^^^^^^^^^^^^^^^^^^^^^^^^^^^^^^^^^^
[INFO] [stdout]    |
[INFO] [stdout]    = note: this error originates in the macro `$crate::sqlx_macros::expand_query` which comes from the expansion of the macro `sqlx::query_file` (in Nightly builds, run with -Z macro-backtrace for more info)
[INFO] [stdout] 
[INFO] [stdout] 
[INFO] [stdout] error: error communicating with database: Cannot assign requested address (os error 99)
[INFO] [stdout]   --> speedwayrs-backend/src/data/player_data.rs:46:24
[INFO] [stdout]    |
[INFO] [stdout] 46 |     let query_result = sqlx::query_file!("queries/data/get_player_stats.sql", id)
[INFO] [stdout]    |                        ^^^^^^^^^^^^^^^^^^^^^^^^^^^^^^^^^^^^^^^^^^^^^^^^^^^^^^^^^^
[INFO] [stdout]    |
[INFO] [stdout]    = note: this error originates in the macro `$crate::sqlx_macros::expand_query` which comes from the expansion of the macro `sqlx::query_file` (in Nightly builds, run with -Z macro-backtrace for more info)
[INFO] [stdout] 
[INFO] [stdout] 
[INFO] [stdout] error: error communicating with database: Cannot assign requested address (os error 99)
[INFO] [stdout]   --> speedwayrs-backend/src/data/player_data.rs:89:24
[INFO] [stdout]    |
[INFO] [stdout] 89 |     let former_teams = sqlx::query_file!("queries/data/get_player_teams.sql", id)
[INFO] [stdout]    |                        ^^^^^^^^^^^^^^^^^^^^^^^^^^^^^^^^^^^^^^^^^^^^^^^^^^^^^^^^^^
[INFO] [stdout]    |
[INFO] [stdout]    = note: this error originates in the macro `$crate::sqlx_macros::expand_query` which comes from the expansion of the macro `sqlx::query_file` (in Nightly builds, run with -Z macro-backtrace for more info)
[INFO] [stdout] 
[INFO] [stdout] 
[INFO] [stdout] error: error communicating with database: Cannot assign requested address (os error 99)
[INFO] [stdout]   --> speedwayrs-backend/src/data/player_data.rs:97:17
[INFO] [stdout]    |
[INFO] [stdout] 97 |     let query = sqlx::query_file!("queries/data/get_player_name.sql", id)
[INFO] [stdout]    |                 ^^^^^^^^^^^^^^^^^^^^^^^^^^^^^^^^^^^^^^^^^^^^^^^^^^^^^^^^^
[INFO] [stdout]    |
[INFO] [stdout]    = note: this error originates in the macro `$crate::sqlx_macros::expand_query` which comes from the expansion of the macro `sqlx::query_file` (in Nightly builds, run with -Z macro-backtrace for more info)
[INFO] [stdout] 
[INFO] [stdout] 
[INFO] [stdout] error: error communicating with database: Cannot assign requested address (os error 99)
[INFO] [stdout]   --> speedwayrs-backend/src/data/main_info.rs:30:17
[INFO] [stdout]    |
[INFO] [stdout] 30 |     let query = sqlx::query_file_as!(ResponseForm, "queries/data/get_last_games.sql", PAGE_SIZE, (info.page - 1) * PAGE_SIZE)
[INFO] [stdout]    |                 ^^^^^^^^^^^^^^^^^^^^^^^^^^^^^^^^^^^^^^^^^^^^^^^^^^^^^^^^^^^^^^^^^^^^^^^^^^^^^^^^^^^^^^^^^^^^^^^^^^^^^^^^^^^^^
[INFO] [stdout]    |
[INFO] [stdout]    = note: this error originates in the macro `$crate::sqlx_macros::expand_query` which comes from the expansion of the macro `sqlx::query_file_as` (in Nightly builds, run with -Z macro-backtrace for more info)
[INFO] [stdout] 
[INFO] [stdout] 
[INFO] [stdout] error: error communicating with database: Cannot assign requested address (os error 99)
[INFO] [stdout]   --> speedwayrs-backend/src/data/main_info.rs:49:17
[INFO] [stdout]    |
[INFO] [stdout] 49 |     let query = sqlx::query_file_as!(ResponseForm, "queries/data/get_liked_teams.sql", session_id, PAGE_SIZE)
[INFO] [stdout]    |                 ^^^^^^^^^^^^^^^^^^^^^^^^^^^^^^^^^^^^^^^^^^^^^^^^^^^^^^^^^^^^^^^^^^^^^^^^^^^^^^^^^^^^^^^^^^^^^
[INFO] [stdout]    |
[INFO] [stdout]    = note: this error originates in the macro `$crate::sqlx_macros::expand_query` which comes from the expansion of the macro `sqlx::query_file_as` (in Nightly builds, run with -Z macro-backtrace for more info)
[INFO] [stdout] 
[INFO] [stdout] 
[INFO] [stdout] error: error communicating with database: Cannot assign requested address (os error 99)
[INFO] [stdout]   --> speedwayrs-backend/src/data/main_info.rs:68:17
[INFO] [stdout]    |
[INFO] [stdout] 68 |     let query = sqlx::query_file_as!(ResponseForm, "queries/data/get_liked_players.sql", session_id, PAGE_SIZE)
[INFO] [stdout]    |                 ^^^^^^^^^^^^^^^^^^^^^^^^^^^^^^^^^^^^^^^^^^^^^^^^^^^^^^^^^^^^^^^^^^^^^^^^^^^^^^^^^^^^^^^^^^^^^^^
[INFO] [stdout]    |
[INFO] [stdout]    = note: this error originates in the macro `$crate::sqlx_macros::expand_query` which comes from the expansion of the macro `sqlx::query_file_as` (in Nightly builds, run with -Z macro-backtrace for more info)
[INFO] [stdout] 
[INFO] [stdout] 
[INFO] [stdout] error: error communicating with database: Cannot assign requested address (os error 99)
[INFO] [stdout]   --> speedwayrs-backend/src/data/match_info.rs:34:24
[INFO] [stdout]    |
[INFO] [stdout] 34 |     let query_result = sqlx::query_file!("queries/data/match_info_team_name.sql", team_1, team_2)
[INFO] [stdout]    |                        ^^^^^^^^^^^^^^^^^^^^^^^^^^^^^^^^^^^^^^^^^^^^^^^^^^^^^^^^^^^^^^^^^^^^^^^^^^
[INFO] [stdout]    |
[INFO] [stdout]    = note: this error originates in the macro `$crate::sqlx_macros::expand_query` which comes from the expansion of the macro `sqlx::query_file` (in Nightly builds, run with -Z macro-backtrace for more info)
[INFO] [stdout] 
[INFO] [stdout] 
[INFO] [stdout] error: error communicating with database: Cannot assign requested address (os error 99)
[INFO] [stdout]   --> speedwayrs-backend/src/data/match_info.rs:54:18
[INFO] [stdout]    |
[INFO] [stdout] 54 |     let result = sqlx::query_file!("queries/data/match_info_main.sql", game_id)
[INFO] [stdout]    |                  ^^^^^^^^^^^^^^^^^^^^^^^^^^^^^^^^^^^^^^^^^^^^^^^^^^^^^^^^^^^^^^
[INFO] [stdout]    |
[INFO] [stdout]    = note: this error originates in the macro `$crate::sqlx_macros::expand_query` which comes from the expansion of the macro `sqlx::query_file` (in Nightly builds, run with -Z macro-backtrace for more info)
[INFO] [stdout] 
[INFO] [stdout] 
[INFO] [stdout] error: error communicating with database: Cannot assign requested address (os error 99)
[INFO] [stdout]   --> speedwayrs-backend/src/data/match_info.rs:87:5
[INFO] [stdout]    |
[INFO] [stdout] 87 |     sqlx::query_file_as!(RunPlayerInfo, "queries/data/match_info_games.sql", game_id)
[INFO] [stdout]    |     ^^^^^^^^^^^^^^^^^^^^^^^^^^^^^^^^^^^^^^^^^^^^^^^^^^^^^^^^^^^^^^^^^^^^^^^^^^^^^^^^^
[INFO] [stdout]    |
[INFO] [stdout]    = note: this error originates in the macro `$crate::sqlx_macros::expand_query` which comes from the expansion of the macro `sqlx::query_file_as` (in Nightly builds, run with -Z macro-backtrace for more info)
[INFO] [stdout] 
[INFO] [stdout] 
[INFO] [stdout] error: error communicating with database: Cannot assign requested address (os error 99)
[INFO] [stdout]    --> speedwayrs-backend/src/data/match_info.rs:103:5
[INFO] [stdout]     |
[INFO] [stdout] 103 | /     sqlx::query_file_as!(
[INFO] [stdout] 104 | |         RunTimesInfo,
[INFO] [stdout] 105 | |         "queries/data/match_info_run_times.sql",
[INFO] [stdout] 106 | |         game_id
[INFO] [stdout] 107 | |     )
[INFO] [stdout]     | |_____^
[INFO] [stdout]     |
[INFO] [stdout]     = note: this error originates in the macro `$crate::sqlx_macros::expand_query` which comes from the expansion of the macro `sqlx::query_file_as` (in Nightly builds, run with -Z macro-backtrace for more info)
[INFO] [stdout] 
[INFO] [stdout] 
[INFO] [stdout] error: error communicating with database: Cannot assign requested address (os error 99)
[INFO] [stdout]    --> speedwayrs-backend/src/data/match_info.rs:215:24
[INFO] [stdout]     |
[INFO] [stdout] 215 |     let query_result = sqlx::query_file!("queries/data/match_info_player_score.sql", game_id)
[INFO] [stdout]     |                        ^^^^^^^^^^^^^^^^^^^^^^^^^^^^^^^^^^^^^^^^^^^^^^^^^^^^^^^^^^^^^^^^^^^^^^
[INFO] [stdout]     |
[INFO] [stdout]     = note: this error originates in the macro `$crate::sqlx_macros::expand_query` which comes from the expansion of the macro `sqlx::query_file` (in Nightly builds, run with -Z macro-backtrace for more info)
[INFO] [stdout] 
[INFO] [stdout] 
[INFO] [stdout] error: error communicating with database: Cannot assign requested address (os error 99)
[INFO] [stdout]   --> speedwayrs-backend/src/data/team_data.rs:33:24
[INFO] [stdout]    |
[INFO] [stdout] 33 |     let query_result = sqlx::query_file!("queries/data/team_data_name.sql", team_id)
[INFO] [stdout]    |                        ^^^^^^^^^^^^^^^^^^^^^^^^^^^^^^^^^^^^^^^^^^^^^^^^^^^^^^^^^^^^^
[INFO] [stdout]    |
[INFO] [stdout]    = note: this error originates in the macro `$crate::sqlx_macros::expand_query` which comes from the expansion of the macro `sqlx::query_file` (in Nightly builds, run with -Z macro-backtrace for more info)
[INFO] [stdout] 
[INFO] [stdout] 
[INFO] [stdout] error: error communicating with database: Cannot assign requested address (os error 99)
[INFO] [stdout]   --> speedwayrs-backend/src/data/team_data.rs:47:24
[INFO] [stdout]    |
[INFO] [stdout] 47 |       let query_result = sqlx::query_file!(
[INFO] [stdout]    |  ________________________^
[INFO] [stdout] 48 | |         "queries/data/team_data_matches.sql",
[INFO] [stdout] 49 | |         team_info.team_id,
[INFO] [stdout] 50 | |         team_info.skip_first as i32,
[INFO] [stdout] 51 | |         team_info.step as i32
[INFO] [stdout] 52 | |     )
[INFO] [stdout]    | |_____^
[INFO] [stdout]    |
[INFO] [stdout]    = note: this error originates in the macro `$crate::sqlx_macros::expand_query` which comes from the expansion of the macro `sqlx::query_file` (in Nightly builds, run with -Z macro-backtrace for more info)
[INFO] [stdout] 
[INFO] [stdout] 
[INFO] [stdout] error: error communicating with database: Cannot assign requested address (os error 99)
[INFO] [stdout]   --> speedwayrs-backend/src/data/team_data.rs:72:11
[INFO] [stdout]    |
[INFO] [stdout] 72 |     match sqlx::query_file!("queries/data/team_data_like.sql", username, team_id)
[INFO] [stdout]    |           ^^^^^^^^^^^^^^^^^^^^^^^^^^^^^^^^^^^^^^^^^^^^^^^^^^^^^^^^^^^^^^^^^^^^^^^
[INFO] [stdout]    |
[INFO] [stdout]    = note: this error originates in the macro `$crate::sqlx_macros::expand_query` which comes from the expansion of the macro `sqlx::query_file` (in Nightly builds, run with -Z macro-backtrace for more info)
[INFO] [stdout] 
[INFO] [stdout] 
[INFO] [stdout] error: error communicating with database: Cannot assign requested address (os error 99)
[INFO] [stdout]   --> speedwayrs-backend/src/data/team_stats.rs:44:17
[INFO] [stdout]    |
[INFO] [stdout] 44 |     let query = sqlx::query_file!("queries/team_winratio.sql", team_id)
[INFO] [stdout]    |                 ^^^^^^^^^^^^^^^^^^^^^^^^^^^^^^^^^^^^^^^^^^^^^^^^^^^^^^^
[INFO] [stdout]    |
[INFO] [stdout]    = note: this error originates in the macro `$crate::sqlx_macros::expand_query` which comes from the expansion of the macro `sqlx::query_file` (in Nightly builds, run with -Z macro-backtrace for more info)
[INFO] [stdout] 
[INFO] [stdout] 
[INFO] [stdout] error: error communicating with database: Cannot assign requested address (os error 99)
[INFO] [stdout]   --> speedwayrs-backend/src/data/team_stats.rs:58:17
[INFO] [stdout]    |
[INFO] [stdout] 58 |     let query = sqlx::query_file!("queries/team_looses.sql", team_id, STATS_LIMIT)
[INFO] [stdout]    |                 ^^^^^^^^^^^^^^^^^^^^^^^^^^^^^^^^^^^^^^^^^^^^^^^^^^^^^^^^^^^^^^^^^^
[INFO] [stdout]    |
[INFO] [stdout]    = note: this error originates in the macro `$crate::sqlx_macros::expand_query` which comes from the expansion of the macro `sqlx::query_file` (in Nightly builds, run with -Z macro-backtrace for more info)
[INFO] [stdout] 
[INFO] [stdout] 
[INFO] [stdout] error: error communicating with database: Cannot assign requested address (os error 99)
[INFO] [stdout]   --> speedwayrs-backend/src/data/team_stats.rs:75:17
[INFO] [stdout]    |
[INFO] [stdout] 75 |     let query = sqlx::query_file!("queries/team_wins.sql", team_id, STATS_LIMIT)
[INFO] [stdout]    |                 ^^^^^^^^^^^^^^^^^^^^^^^^^^^^^^^^^^^^^^^^^^^^^^^^^^^^^^^^^^^^^^^^
[INFO] [stdout]    |
[INFO] [stdout]    = note: this error originates in the macro `$crate::sqlx_macros::expand_query` which comes from the expansion of the macro `sqlx::query_file` (in Nightly builds, run with -Z macro-backtrace for more info)
[INFO] [stdout] 
[INFO] [stdout] 
[INFO] [stdout] error: error communicating with database: Cannot assign requested address (os error 99)
[INFO] [stdout]   --> speedwayrs-backend/src/data/mod.rs:46:9
[INFO] [stdout]    |
[INFO] [stdout] 46 |         sqlx::query_file!("queries/player_search.sql", format!("%{name}%"))
[INFO] [stdout]    |         ^^^^^^^^^^^^^^^^^^^^^^^^^^^^^^^^^^^^^^^^^^^^^^^^^^^^^^^^^^^^^^^^^^^
[INFO] [stdout]    |
[INFO] [stdout]    = note: this error originates in the macro `$crate::sqlx_macros::expand_query` which comes from the expansion of the macro `sqlx::query_file` (in Nightly builds, run with -Z macro-backtrace for more info)
[INFO] [stdout] 
[INFO] [stdout] 
[INFO] [stdout] error: error communicating with database: Cannot assign requested address (os error 99)
[INFO] [stdout]   --> speedwayrs-backend/src/data/mod.rs:83:9
[INFO] [stdout]    |
[INFO] [stdout] 83 |         sqlx::query_file!("queries/team_search.sql", format!("%{name}%"))
[INFO] [stdout]    |         ^^^^^^^^^^^^^^^^^^^^^^^^^^^^^^^^^^^^^^^^^^^^^^^^^^^^^^^^^^^^^^^^^
[INFO] [stdout]    |
[INFO] [stdout]    = note: this error originates in the macro `$crate::sqlx_macros::expand_query` which comes from the expansion of the macro `sqlx::query_file` (in Nightly builds, run with -Z macro-backtrace for more info)
[INFO] [stdout] 
[INFO] [stdout] 
[INFO] [stdout] error: aborting due to 14 previous errors
[INFO] [stdout] 
[INFO] [stdout] 
[INFO] [stdout] error: error communicating with database: Cannot assign requested address (os error 99)
[INFO] [stdout]   --> speedwayrs-backend/src/session.rs:45:39
[INFO] [stdout]    |
[INFO] [stdout] 45 |     let expiration: sqlx::Result<_> = sqlx::query_file!("queries/session_expiration.sql", uuid)
[INFO] [stdout]    |                                       ^^^^^^^^^^^^^^^^^^^^^^^^^^^^^^^^^^^^^^^^^^^^^^^^^^^^^^^^^
[INFO] [stdout]    |
[INFO] [stdout]    = note: this error originates in the macro `$crate::sqlx_macros::expand_query` which comes from the expansion of the macro `sqlx::query_file` (in Nightly builds, run with -Z macro-backtrace for more info)
[INFO] [stdout] 
[INFO] [stdout] 
[INFO] [stdout] error: error communicating with database: Cannot assign requested address (os error 99)
[INFO] [stdout]   --> speedwayrs-backend/src/session.rs:58:43
[INFO] [stdout]    |
[INFO] [stdout] 58 |               let update: sqlx::Result<_> = sqlx::query_file!(
[INFO] [stdout]    |  ___________________________________________^
[INFO] [stdout] 59 | |                 "queries/session_update.sql",
[INFO] [stdout] 60 | |                 uuid,
[INFO] [stdout] 61 | |                 username,
[INFO] [stdout] 62 | |                 future_expiration
[INFO] [stdout] 63 | |             )
[INFO] [stdout]    | |_____________^
[INFO] [stdout]    |
[INFO] [stdout]    = note: this error originates in the macro `$crate::sqlx_macros::expand_query` which comes from the expansion of the macro `sqlx::query_file` (in Nightly builds, run with -Z macro-backtrace for more info)
[INFO] [stdout] 
[INFO] [stdout] 
[INFO] [stdout] error: error communicating with database: Cannot assign requested address (os error 99)
[INFO] [stdout]   --> speedwayrs-backend/src/session.rs:84:46
[INFO] [stdout]    |
[INFO] [stdout] 84 |         let query: sqlx::Result<Option<_>> = sqlx::query_file!("queries/session_select.sql", uuid)
[INFO] [stdout]    |                                              ^^^^^^^^^^^^^^^^^^^^^^^^^^^^^^^^^^^^^^^^^^^^^^^^^^^^^
[INFO] [stdout]    |
[INFO] [stdout]    = note: this error originates in the macro `$crate::sqlx_macros::expand_query` which comes from the expansion of the macro `sqlx::query_file` (in Nightly builds, run with -Z macro-backtrace for more info)
[INFO] [stdout] 
[INFO] [stdout] 
[INFO] [stdout] error: error communicating with database: Cannot assign requested address (os error 99)
[INFO] [stdout]   --> speedwayrs-backend/src/session.rs:98:25
[INFO] [stdout]    |
[INFO] [stdout] 98 |                         sqlx::query_file!("queries/session_insert.sql", uuid, expiration)
[INFO] [stdout]    |                         ^^^^^^^^^^^^^^^^^^^^^^^^^^^^^^^^^^^^^^^^^^^^^^^^^^^^^^^^^^^^^^^^^
[INFO] [stdout]    |
[INFO] [stdout]    = note: this error originates in the macro `$crate::sqlx_macros::expand_query` which comes from the expansion of the macro `sqlx::query_file` (in Nightly builds, run with -Z macro-backtrace for more info)
[INFO] [stdout] 
[INFO] [stdout] 
[INFO] [stderr] error: could not document `speedwayrs-loader`
[INFO] [stderr] 
[INFO] [stderr] Caused by:
[INFO] [stdout] error: error communicating with database: Cannot assign requested address (os error 99)
[INFO] [stdout]    --> speedwayrs-backend/src/session.rs:118:50
[INFO] [stdout]     |
[INFO] [stdout] 118 |                       let query: sqlx::Result<_> = sqlx::query_file!(
[INFO] [stdout]     |  __________________________________________________^
[INFO] [stdout] 119 | |                         "queries/session_update.sql",
[INFO] [stdout] 120 | |                         uuid,
[INFO] [stdout] 121 | |                         future_username,
[INFO] [stdout] 122 | |                         current_time + SESSION_EXPIRATION
[INFO] [stdout] 123 | |                     )
[INFO] [stdout]     | |_____________________^
[INFO] [stdout]     |
[INFO] [stdout]     = note: this error originates in the macro `$crate::sqlx_macros::expand_query` which comes from the expansion of the macro `sqlx::query_file` (in Nightly builds, run with -Z macro-backtrace for more info)
[INFO] [stdout] 
[INFO] [stdout] 
[INFO] [stderr]   process didn't exit successfully: `/opt/rustwide/rustup-home/toolchains/1.75.0-x86_64-unknown-linux-gnu/bin/rustdoc --edition=2021 --crate-type bin --crate-name speedwayrs_loader speedwayrs-loader/src/main.rs -o /opt/rustwide/target/doc --error-format=json --json=diagnostic-rendered-ansi,artifacts,future-incompat --document-private-items '-Arustdoc::private-intra-doc-links' -C metadata=ea449259c8357ab8 -L dependency=/opt/rustwide/target/debug/deps --extern anyhow=/opt/rustwide/target/debug/deps/libanyhow-35060b31d05c36bc.rmeta --extern dotenvy=/opt/rustwide/target/debug/deps/libdotenvy-3f57dc83b31d450f.rmeta --extern serde=/opt/rustwide/target/debug/deps/libserde-5387794f4ffc441b.rmeta --extern serde_json=/opt/rustwide/target/debug/deps/libserde_json-8591feaa2ffe6f84.rmeta --extern speedwayrs_types=/opt/rustwide/target/debug/deps/libspeedwayrs_types-d7f27f07f50ad82e.rmeta --extern sqlx=/opt/rustwide/target/debug/deps/libsqlx-6491cb0aa1850307.rmeta --extern time=/opt/rustwide/target/debug/deps/libtime-9a4f10565cce55ec.rmeta --extern tokio=/opt/rustwide/target/debug/deps/libtokio-3e9e0304f7d076a8.rmeta --cap-lints=warn --crate-version 0.1.0` (exit status: 1)
[INFO] [stderr] warning: build failed, waiting for other jobs to finish...
[INFO] [stdout] error: error communicating with database: Cannot assign requested address (os error 99)
[INFO] [stdout]    --> speedwayrs-backend/src/session.rs:145:13
[INFO] [stdout]     |
[INFO] [stdout] 145 |             sqlx::query_file!("queries/session_insert.sql", new_uuid, expiration)
[INFO] [stdout]     |             ^^^^^^^^^^^^^^^^^^^^^^^^^^^^^^^^^^^^^^^^^^^^^^^^^^^^^^^^^^^^^^^^^^^^^
[INFO] [stdout]     |
[INFO] [stdout]     = note: this error originates in the macro `$crate::sqlx_macros::expand_query` which comes from the expansion of the macro `sqlx::query_file` (in Nightly builds, run with -Z macro-backtrace for more info)
[INFO] [stdout] 
[INFO] [stdout] 
[INFO] [stdout] error: error communicating with database: Cannot assign requested address (os error 99)
[INFO] [stdout]    --> speedwayrs-backend/src/session.rs:250:34
[INFO] [stdout]     |
[INFO] [stdout] 250 |     let query: sqlx::Result<_> = sqlx::query_file!("queries/session_select.sql", uuid)
[INFO] [stdout]     |                                  ^^^^^^^^^^^^^^^^^^^^^^^^^^^^^^^^^^^^^^^^^^^^^^^^^^^^^
[INFO] [stdout]     |
[INFO] [stdout]     = note: this error originates in the macro `$crate::sqlx_macros::expand_query` which comes from the expansion of the macro `sqlx::query_file` (in Nightly builds, run with -Z macro-backtrace for more info)
[INFO] [stdout] 
[INFO] [stdout] 
[INFO] [stdout] error: error communicating with database: Cannot assign requested address (os error 99)
[INFO] [stdout]   --> speedwayrs-backend/src/utils/chat.rs:29:26
[INFO] [stdout]    |
[INFO] [stdout] 29 |     let query_username = sqlx::query_file!("queries/session_select.sql", uuid)
[INFO] [stdout]    |                          ^^^^^^^^^^^^^^^^^^^^^^^^^^^^^^^^^^^^^^^^^^^^^^^^^^^^^
[INFO] [stdout]    |
[INFO] [stdout]    = note: this error originates in the macro `$crate::sqlx_macros::expand_query` which comes from the expansion of the macro `sqlx::query_file` (in Nightly builds, run with -Z macro-backtrace for more info)
[INFO] [stdout] 
[INFO] [stdout] 
[INFO] [stdout] error: error communicating with database: Cannot assign requested address (os error 99)
[INFO] [stdout]   --> speedwayrs-backend/src/utils/chat.rs:45:32
[INFO] [stdout]    |
[INFO] [stdout] 45 |             let query_insert = sqlx::query_file!("queries/utils/post_message.sql", record.username, msg.message, current_date)
[INFO] [stdout]    |                                ^^^^^^^^^^^^^^^^^^^^^^^^^^^^^^^^^^^^^^^^^^^^^^^^^^^^^^^^^^^^^^^^^^^^^^^^^^^^^^^^^^^^^^^^^^^^^^^
[INFO] [stdout]    |
[INFO] [stdout]    = note: this error originates in the macro `$crate::sqlx_macros::expand_query` which comes from the expansion of the macro `sqlx::query_file` (in Nightly builds, run with -Z macro-backtrace for more info)
[INFO] [stdout] 
[INFO] [stdout] 
[INFO] [stdout] error: error communicating with database: Cannot assign requested address (os error 99)
[INFO] [stdout]   --> speedwayrs-backend/src/utils/chat.rs:29:26
[INFO] [stdout]    |
[INFO] [stdout] 29 |     let query_username = sqlx::query_file!("queries/session_select.sql", uuid)
[INFO] [stdout]    |                          ^^^^^^^^^^^^^^^^^^^^^^^^^^^^^^^^^^^^^^^^^^^^^^^^^^^^^
[INFO] [stdout]    |
[INFO] [stdout]    = note: this error originates in the macro `$crate::sqlx_macros::expand_query` which comes from the expansion of the macro `sqlx::query_file` (in Nightly builds, run with -Z macro-backtrace for more info)
[INFO] [stdout] 
[INFO] [stdout] 
[INFO] [stdout] error: error communicating with database: Cannot assign requested address (os error 99)
[INFO] [stdout]   --> speedwayrs-backend/src/utils/chat.rs:45:32
[INFO] [stdout]    |
[INFO] [stdout] 45 |             let query_insert = sqlx::query_file!("queries/utils/post_message.sql", record.username, msg.message, current_date)
[INFO] [stdout]    |                                ^^^^^^^^^^^^^^^^^^^^^^^^^^^^^^^^^^^^^^^^^^^^^^^^^^^^^^^^^^^^^^^^^^^^^^^^^^^^^^^^^^^^^^^^^^^^^^^
[INFO] [stdout]    |
[INFO] [stdout]    = note: this error originates in the macro `$crate::sqlx_macros::expand_query` which comes from the expansion of the macro `sqlx::query_file` (in Nightly builds, run with -Z macro-backtrace for more info)
[INFO] [stdout] 
[INFO] [stdout] 
[INFO] [stdout] error: error communicating with database: Cannot assign requested address (os error 99)
[INFO] [stdout]   --> speedwayrs-backend/src/utils/chat.rs:29:26
[INFO] [stdout]    |
[INFO] [stdout] 29 |     let query_username = sqlx::query_file!("queries/session_select.sql", uuid)
[INFO] [stdout]    |                          ^^^^^^^^^^^^^^^^^^^^^^^^^^^^^^^^^^^^^^^^^^^^^^^^^^^^^
[INFO] [stdout]    |
[INFO] [stdout]    = note: this error originates in the macro `$crate::sqlx_macros::expand_query` which comes from the expansion of the macro `sqlx::query_file` (in Nightly builds, run with -Z macro-backtrace for more info)
[INFO] [stdout] 
[INFO] [stdout] 
[INFO] [stdout] error: error communicating with database: Cannot assign requested address (os error 99)
[INFO] [stdout]   --> speedwayrs-backend/src/utils/chat.rs:45:32
[INFO] [stdout]    |
[INFO] [stdout] 45 |             let query_insert = sqlx::query_file!("queries/utils/post_message.sql", record.username, msg.message, current_date)
[INFO] [stdout]    |                                ^^^^^^^^^^^^^^^^^^^^^^^^^^^^^^^^^^^^^^^^^^^^^^^^^^^^^^^^^^^^^^^^^^^^^^^^^^^^^^^^^^^^^^^^^^^^^^^
[INFO] [stdout]    |
[INFO] [stdout]    = note: this error originates in the macro `$crate::sqlx_macros::expand_query` which comes from the expansion of the macro `sqlx::query_file` (in Nightly builds, run with -Z macro-backtrace for more info)
[INFO] [stdout] 
[INFO] [stdout] 
[INFO] [stdout] error: error communicating with database: Cannot assign requested address (os error 99)
[INFO] [stdout]   --> speedwayrs-backend/src/utils/chat.rs:75:25
[INFO] [stdout]    |
[INFO] [stdout] 75 | ...age = sqlx::query_file_as!(Message, "queries/utils/get_messages.sql", (msg_info.page - 1) * MESSAGES_ON_PAGE, MESSAGES_ON_PAGE)
[INFO] [stdout]    |          ^^^^^^^^^^^^^^^^^^^^^^^^^^^^^^^^^^^^^^^^^^^^^^^^^^^^^^^^^^^^^^^^^^^^^^^^^^^^^^^^^^^^^^^^^^^^^^^^^^^^^^^^^^^^^^^^^^^^^^^^^
[INFO] [stdout]    |
[INFO] [stdout]    = note: this error originates in the macro `$crate::sqlx_macros::expand_query` which comes from the expansion of the macro `sqlx::query_file_as` (in Nightly builds, run with -Z macro-backtrace for more info)
[INFO] [stdout] 
[INFO] [stdout] 
[INFO] [stdout] error: error communicating with database: Cannot assign requested address (os error 99)
[INFO] [stdout]   --> speedwayrs-backend/src/utils/mod.rs:49:13
[INFO] [stdout]    |
[INFO] [stdout] 49 |             sqlx::query_file!("queries/utils/check_like_team.sql", username, team_id)
[INFO] [stdout]    |             ^^^^^^^^^^^^^^^^^^^^^^^^^^^^^^^^^^^^^^^^^^^^^^^^^^^^^^^^^^^^^^^^^^^^^^^^^
[INFO] [stdout]    |
[INFO] [stdout]    = note: this error originates in the macro `$crate::sqlx_macros::expand_query` which comes from the expansion of the macro `sqlx::query_file` (in Nightly builds, run with -Z macro-backtrace for more info)
[INFO] [stdout] 
[INFO] [stdout] 
[INFO] [stdout] error: error communicating with database: Cannot assign requested address (os error 99)
[INFO] [stdout]   --> speedwayrs-backend/src/utils/mod.rs:62:21
[INFO] [stdout]    |
[INFO] [stdout] 62 |                     sqlx::query_file!("queries/utils/post_like_team.sql", username, team_id)
[INFO] [stdout]    |                     ^^^^^^^^^^^^^^^^^^^^^^^^^^^^^^^^^^^^^^^^^^^^^^^^^^^^^^^^^^^^^^^^^^^^^^^^
[INFO] [stdout]    |
[INFO] [stdout]    = note: this error originates in the macro `$crate::sqlx_macros::expand_query` which comes from the expansion of the macro `sqlx::query_file` (in Nightly builds, run with -Z macro-backtrace for more info)
[INFO] [stdout] 
[INFO] [stdout] 
[INFO] [stdout] error: error communicating with database: Cannot assign requested address (os error 99)
[INFO] [stdout]   --> speedwayrs-backend/src/utils/mod.rs:77:21
[INFO] [stdout]    |
[INFO] [stdout] 77 |                     sqlx::query_file!("queries/utils/remove_like_team.sql", username, team_id)
[INFO] [stdout]    |                     ^^^^^^^^^^^^^^^^^^^^^^^^^^^^^^^^^^^^^^^^^^^^^^^^^^^^^^^^^^^^^^^^^^^^^^^^^^
[INFO] [stdout]    |
[INFO] [stdout]    = note: this error originates in the macro `$crate::sqlx_macros::expand_query` which comes from the expansion of the macro `sqlx::query_file` (in Nightly builds, run with -Z macro-backtrace for more info)
[INFO] [stdout] 
[INFO] [stdout] 
[INFO] [stdout] error: error communicating with database: Cannot assign requested address (os error 99)
[INFO] [stdout]   --> speedwayrs-backend/src/utils/mod.rs:94:13
[INFO] [stdout]    |
[INFO] [stdout] 94 |             sqlx::query_file!("queries/utils/check_like_player.sql", username, player_id)
[INFO] [stdout]    |             ^^^^^^^^^^^^^^^^^^^^^^^^^^^^^^^^^^^^^^^^^^^^^^^^^^^^^^^^^^^^^^^^^^^^^^^^^^^^^
[INFO] [stdout]    |
[INFO] [stdout]    = note: this error originates in the macro `$crate::sqlx_macros::expand_query` which comes from the expansion of the macro `sqlx::query_file` (in Nightly builds, run with -Z macro-backtrace for more info)
[INFO] [stdout] 
[INFO] [stdout] 
[INFO] [stdout] error: error communicating with database: Cannot assign requested address (os error 99)
[INFO] [stdout]    --> speedwayrs-backend/src/utils/mod.rs:109:21
[INFO] [stdout]     |
[INFO] [stdout] 109 |                     sqlx::query_file!("queries/utils/post_like_player.sql", username, player_id)
[INFO] [stdout]     |                     ^^^^^^^^^^^^^^^^^^^^^^^^^^^^^^^^^^^^^^^^^^^^^^^^^^^^^^^^^^^^^^^^^^^^^^^^^^^^
[INFO] [stdout]     |
[INFO] [stdout]     = note: this error originates in the macro `$crate::sqlx_macros::expand_query` which comes from the expansion of the macro `sqlx::query_file` (in Nightly builds, run with -Z macro-backtrace for more info)
[INFO] [stdout] 
[INFO] [stdout] 
[INFO] [stdout] error: error communicating with database: Cannot assign requested address (os error 99)
[INFO] [stdout]    --> speedwayrs-backend/src/utils/mod.rs:124:21
[INFO] [stdout]     |
[INFO] [stdout] 124 |                     sqlx::query_file!("queries/utils/remove_like_player.sql", username, player_id)
[INFO] [stdout]     |                     ^^^^^^^^^^^^^^^^^^^^^^^^^^^^^^^^^^^^^^^^^^^^^^^^^^^^^^^^^^^^^^^^^^^^^^^^^^^^^^
[INFO] [stdout]     |
[INFO] [stdout]     = note: this error originates in the macro `$crate::sqlx_macros::expand_query` which comes from the expansion of the macro `sqlx::query_file` (in Nightly builds, run with -Z macro-backtrace for more info)
[INFO] [stdout] 
[INFO] [stdout] 
[INFO] [stdout] error: error communicating with database: Cannot assign requested address (os error 99)
[INFO] [stdout]   --> speedwayrs-backend/src/utils/mod.rs:49:13
[INFO] [stdout]    |
[INFO] [stdout] 49 |             sqlx::query_file!("queries/utils/check_like_team.sql", username, team_id)
[INFO] [stdout]    |             ^^^^^^^^^^^^^^^^^^^^^^^^^^^^^^^^^^^^^^^^^^^^^^^^^^^^^^^^^^^^^^^^^^^^^^^^^
[INFO] [stdout]    |
[INFO] [stdout]    = note: this error originates in the macro `$crate::sqlx_macros::expand_query` which comes from the expansion of the macro `sqlx::query_file` (in Nightly builds, run with -Z macro-backtrace for more info)
[INFO] [stdout] 
[INFO] [stdout] 
[INFO] [stdout] error: error communicating with database: Cannot assign requested address (os error 99)
[INFO] [stdout]   --> speedwayrs-backend/src/utils/mod.rs:62:21
[INFO] [stdout]    |
[INFO] [stdout] 62 |                     sqlx::query_file!("queries/utils/post_like_team.sql", username, team_id)
[INFO] [stdout]    |                     ^^^^^^^^^^^^^^^^^^^^^^^^^^^^^^^^^^^^^^^^^^^^^^^^^^^^^^^^^^^^^^^^^^^^^^^^
[INFO] [stdout]    |
[INFO] [stdout]    = note: this error originates in the macro `$crate::sqlx_macros::expand_query` which comes from the expansion of the macro `sqlx::query_file` (in Nightly builds, run with -Z macro-backtrace for more info)
[INFO] [stdout] 
[INFO] [stdout] 
[INFO] [stdout] error: error communicating with database: Cannot assign requested address (os error 99)
[INFO] [stdout]   --> speedwayrs-backend/src/utils/mod.rs:77:21
[INFO] [stdout]    |
[INFO] [stdout] 77 |                     sqlx::query_file!("queries/utils/remove_like_team.sql", username, team_id)
[INFO] [stdout]    |                     ^^^^^^^^^^^^^^^^^^^^^^^^^^^^^^^^^^^^^^^^^^^^^^^^^^^^^^^^^^^^^^^^^^^^^^^^^^
[INFO] [stdout]    |
[INFO] [stdout]    = note: this error originates in the macro `$crate::sqlx_macros::expand_query` which comes from the expansion of the macro `sqlx::query_file` (in Nightly builds, run with -Z macro-backtrace for more info)
[INFO] [stdout] 
[INFO] [stdout] 
[INFO] [stdout] error: error communicating with database: Cannot assign requested address (os error 99)
[INFO] [stdout]   --> speedwayrs-backend/src/utils/mod.rs:94:13
[INFO] [stdout]    |
[INFO] [stdout] 94 |             sqlx::query_file!("queries/utils/check_like_player.sql", username, player_id)
[INFO] [stdout]    |             ^^^^^^^^^^^^^^^^^^^^^^^^^^^^^^^^^^^^^^^^^^^^^^^^^^^^^^^^^^^^^^^^^^^^^^^^^^^^^
[INFO] [stdout]    |
[INFO] [stdout]    = note: this error originates in the macro `$crate::sqlx_macros::expand_query` which comes from the expansion of the macro `sqlx::query_file` (in Nightly builds, run with -Z macro-backtrace for more info)
[INFO] [stdout] 
[INFO] [stdout] 
[INFO] [stdout] error: error communicating with database: Cannot assign requested address (os error 99)
[INFO] [stdout]    --> speedwayrs-backend/src/utils/mod.rs:109:21
[INFO] [stdout]     |
[INFO] [stdout] 109 |                     sqlx::query_file!("queries/utils/post_like_player.sql", username, player_id)
[INFO] [stdout]     |                     ^^^^^^^^^^^^^^^^^^^^^^^^^^^^^^^^^^^^^^^^^^^^^^^^^^^^^^^^^^^^^^^^^^^^^^^^^^^^
[INFO] [stdout]     |
[INFO] [stdout]     = note: this error originates in the macro `$crate::sqlx_macros::expand_query` which comes from the expansion of the macro `sqlx::query_file` (in Nightly builds, run with -Z macro-backtrace for more info)
[INFO] [stdout] 
[INFO] [stdout] 
[INFO] [stdout] error: error communicating with database: Cannot assign requested address (os error 99)
[INFO] [stdout]    --> speedwayrs-backend/src/utils/mod.rs:124:21
[INFO] [stdout]     |
[INFO] [stdout] 124 |                     sqlx::query_file!("queries/utils/remove_like_player.sql", username, player_id)
[INFO] [stdout]     |                     ^^^^^^^^^^^^^^^^^^^^^^^^^^^^^^^^^^^^^^^^^^^^^^^^^^^^^^^^^^^^^^^^^^^^^^^^^^^^^^
[INFO] [stdout]     |
[INFO] [stdout]     = note: this error originates in the macro `$crate::sqlx_macros::expand_query` which comes from the expansion of the macro `sqlx::query_file` (in Nightly builds, run with -Z macro-backtrace for more info)
[INFO] [stdout] 
[INFO] [stdout] 
[INFO] [stdout] error: error communicating with database: Cannot assign requested address (os error 99)
[INFO] [stdout]   --> speedwayrs-backend/src/utils/mod.rs:49:13
[INFO] [stdout]    |
[INFO] [stdout] 49 |             sqlx::query_file!("queries/utils/check_like_team.sql", username, team_id)
[INFO] [stdout]    |             ^^^^^^^^^^^^^^^^^^^^^^^^^^^^^^^^^^^^^^^^^^^^^^^^^^^^^^^^^^^^^^^^^^^^^^^^^
[INFO] [stdout]    |
[INFO] [stdout]    = note: this error originates in the macro `$crate::sqlx_macros::expand_query` which comes from the expansion of the macro `sqlx::query_file` (in Nightly builds, run with -Z macro-backtrace for more info)
[INFO] [stdout] 
[INFO] [stdout] 
[INFO] [stdout] error: error communicating with database: Cannot assign requested address (os error 99)
[INFO] [stdout]   --> speedwayrs-backend/src/utils/mod.rs:62:21
[INFO] [stdout]    |
[INFO] [stdout] 62 |                     sqlx::query_file!("queries/utils/post_like_team.sql", username, team_id)
[INFO] [stdout]    |                     ^^^^^^^^^^^^^^^^^^^^^^^^^^^^^^^^^^^^^^^^^^^^^^^^^^^^^^^^^^^^^^^^^^^^^^^^
[INFO] [stdout]    |
[INFO] [stdout]    = note: this error originates in the macro `$crate::sqlx_macros::expand_query` which comes from the expansion of the macro `sqlx::query_file` (in Nightly builds, run with -Z macro-backtrace for more info)
[INFO] [stdout] 
[INFO] [stdout] 
[INFO] [stdout] error: error communicating with database: Cannot assign requested address (os error 99)
[INFO] [stdout]   --> speedwayrs-backend/src/utils/mod.rs:77:21
[INFO] [stdout]    |
[INFO] [stdout] 77 |                     sqlx::query_file!("queries/utils/remove_like_team.sql", username, team_id)
[INFO] [stdout]    |                     ^^^^^^^^^^^^^^^^^^^^^^^^^^^^^^^^^^^^^^^^^^^^^^^^^^^^^^^^^^^^^^^^^^^^^^^^^^
[INFO] [stdout]    |
[INFO] [stdout]    = note: this error originates in the macro `$crate::sqlx_macros::expand_query` which comes from the expansion of the macro `sqlx::query_file` (in Nightly builds, run with -Z macro-backtrace for more info)
[INFO] [stdout] 
[INFO] [stdout] 
[INFO] [stdout] error: error communicating with database: Cannot assign requested address (os error 99)
[INFO] [stdout]   --> speedwayrs-backend/src/utils/mod.rs:94:13
[INFO] [stdout]    |
[INFO] [stdout] 94 |             sqlx::query_file!("queries/utils/check_like_player.sql", username, player_id)
[INFO] [stdout]    |             ^^^^^^^^^^^^^^^^^^^^^^^^^^^^^^^^^^^^^^^^^^^^^^^^^^^^^^^^^^^^^^^^^^^^^^^^^^^^^
[INFO] [stdout]    |
[INFO] [stdout]    = note: this error originates in the macro `$crate::sqlx_macros::expand_query` which comes from the expansion of the macro `sqlx::query_file` (in Nightly builds, run with -Z macro-backtrace for more info)
[INFO] [stdout] 
[INFO] [stdout] 
[INFO] [stdout] error: error communicating with database: Cannot assign requested address (os error 99)
[INFO] [stdout]    --> speedwayrs-backend/src/utils/mod.rs:109:21
[INFO] [stdout]     |
[INFO] [stdout] 109 |                     sqlx::query_file!("queries/utils/post_like_player.sql", username, player_id)
[INFO] [stdout]     |                     ^^^^^^^^^^^^^^^^^^^^^^^^^^^^^^^^^^^^^^^^^^^^^^^^^^^^^^^^^^^^^^^^^^^^^^^^^^^^
[INFO] [stdout]     |
[INFO] [stdout]     = note: this error originates in the macro `$crate::sqlx_macros::expand_query` which comes from the expansion of the macro `sqlx::query_file` (in Nightly builds, run with -Z macro-backtrace for more info)
[INFO] [stdout] 
[INFO] [stdout] 
[INFO] [stdout] error: error communicating with database: Cannot assign requested address (os error 99)
[INFO] [stdout]    --> speedwayrs-backend/src/utils/mod.rs:124:21
[INFO] [stdout]     |
[INFO] [stdout] 124 |                     sqlx::query_file!("queries/utils/remove_like_player.sql", username, player_id)
[INFO] [stdout]     |                     ^^^^^^^^^^^^^^^^^^^^^^^^^^^^^^^^^^^^^^^^^^^^^^^^^^^^^^^^^^^^^^^^^^^^^^^^^^^^^^
[INFO] [stdout]     |
[INFO] [stdout]     = note: this error originates in the macro `$crate::sqlx_macros::expand_query` which comes from the expansion of the macro `sqlx::query_file` (in Nightly builds, run with -Z macro-backtrace for more info)
[INFO] [stdout] 
[INFO] [stdout] 
[INFO] [stdout] error: aborting due to 58 previous errors
[INFO] [stdout] 
[INFO] [stdout] 
[INFO] [stderr] error: could not document `speedwayrs-backend`
[INFO] [stderr] 
[INFO] [stderr] Caused by:
[INFO] [stderr]   process didn't exit successfully: `/opt/rustwide/rustup-home/toolchains/1.75.0-x86_64-unknown-linux-gnu/bin/rustdoc --edition=2021 --crate-type bin --crate-name speedwayrs_backend speedwayrs-backend/src/main.rs -o /opt/rustwide/target/doc --error-format=json --json=diagnostic-rendered-ansi,artifacts,future-incompat --document-private-items '-Arustdoc::private-intra-doc-links' -C metadata=72b9f9bc5d8c69c9 -L dependency=/opt/rustwide/target/debug/deps --extern anyhow=/opt/rustwide/target/debug/deps/libanyhow-35060b31d05c36bc.rmeta --extern argon2=/opt/rustwide/target/debug/deps/libargon2-d9b025e5e84db008.rmeta --extern axum=/opt/rustwide/target/debug/deps/libaxum-6606462fa6e9c27b.rmeta --extern axum_extra=/opt/rustwide/target/debug/deps/libaxum_extra-b28000930015cf79.rmeta --extern axum_macros=/opt/rustwide/target/debug/deps/libaxum_macros-0f955b21acc0b880.so --extern dotenvy=/opt/rustwide/target/debug/deps/libdotenvy-3f57dc83b31d450f.rmeta --extern email_address=/opt/rustwide/target/debug/deps/libemail_address-0bf48958df1983a2.rmeta --extern http=/opt/rustwide/target/debug/deps/libhttp-1e10cd7e5dccd49f.rmeta --extern rand=/opt/rustwide/target/debug/deps/librand-b7ec8baab97f0863.rmeta --extern serde=/opt/rustwide/target/debug/deps/libserde-5387794f4ffc441b.rmeta --extern serde_json=/opt/rustwide/target/debug/deps/libserde_json-8591feaa2ffe6f84.rmeta --extern speedwayrs_types=/opt/rustwide/target/debug/deps/libspeedwayrs_types-d7f27f07f50ad82e.rmeta --extern sqlx=/opt/rustwide/target/debug/deps/libsqlx-6491cb0aa1850307.rmeta --extern time=/opt/rustwide/target/debug/deps/libtime-9a4f10565cce55ec.rmeta --extern tokio=/opt/rustwide/target/debug/deps/libtokio-3e9e0304f7d076a8.rmeta --extern tower_http=/opt/rustwide/target/debug/deps/libtower_http-2daffa904c2ad2a4.rmeta --extern tracing=/opt/rustwide/target/debug/deps/libtracing-a873edde0d046d2b.rmeta --extern tracing_subscriber=/opt/rustwide/target/debug/deps/libtracing_subscriber-9bf58935f334fdc7.rmeta --extern uuid=/opt/rustwide/target/debug/deps/libuuid-dcaa165c82e8404b.rmeta --cap-lints=warn --crate-version 0.1.0` (exit status: 1)
[INFO] running `Command { std: "docker" "inspect" "0ba548a6b2c5ac47fa72072911cb75f20425d3f6b2f1e3e5660186db5536c3f3", kill_on_drop: false }`
[INFO] running `Command { std: "docker" "rm" "-f" "0ba548a6b2c5ac47fa72072911cb75f20425d3f6b2f1e3e5660186db5536c3f3", kill_on_drop: false }`
[INFO] [stdout] 0ba548a6b2c5ac47fa72072911cb75f20425d3f6b2f1e3e5660186db5536c3f3
[INFO] documenting Fuchczyk/Speedwayrs against beta-2023-12-22 for beta-1.76-rustdoc-1
[INFO] running `Command { std: "git" "clone" "/workspace/cache/git-repos/https%3A%2F%2Fgithub.com%2FFuchczyk%2FSpeedwayrs" "/workspace/builds/worker-1-tc2/source", kill_on_drop: false }`
[INFO] [stderr] Cloning into '/workspace/builds/worker-1-tc2/source'...
[INFO] [stderr] done.
[INFO] validating manifest of git repo https://github.com/Fuchczyk/Speedwayrs on toolchain beta-2023-12-22
[INFO] running `Command { std: CARGO_HOME="/workspace/cargo-home" RUSTUP_HOME="/workspace/rustup-home" "/workspace/cargo-home/bin/cargo" "+beta-2023-12-22" "metadata" "--manifest-path" "Cargo.toml" "--no-deps", kill_on_drop: false }`
[INFO] started tweaking git repo https://github.com/Fuchczyk/Speedwayrs
[INFO] finished tweaking git repo https://github.com/Fuchczyk/Speedwayrs
[INFO] tweaked toml for git repo https://github.com/Fuchczyk/Speedwayrs written to /workspace/builds/worker-1-tc2/source/Cargo.toml
[INFO] crate git repo https://github.com/Fuchczyk/Speedwayrs already has a lockfile, it will not be regenerated
[INFO] running `Command { std: CARGO_HOME="/workspace/cargo-home" RUSTUP_HOME="/workspace/rustup-home" "/workspace/cargo-home/bin/cargo" "+beta-2023-12-22" "fetch" "--manifest-path" "Cargo.toml", kill_on_drop: false }`
[INFO] [stderr] warning: virtual workspace defaulting to `resolver = "1"` despite one or more workspace members being on edition 2021 which implies `resolver = "2"`
[INFO] [stderr] note: to keep the current resolver, specify `workspace.resolver = "1"` in the workspace root's manifest
[INFO] [stderr] note: to use the edition 2021 resolver, specify `workspace.resolver = "2"` in the workspace root's manifest
[INFO] [stderr] note: for more details see https://doc.rust-lang.org/cargo/reference/resolver.html#resolver-versions
[INFO] running `Command { std: "docker" "create" "-v" "/var/lib/crater-agent-workspace/builds/worker-1-tc2/target:/opt/rustwide/target:rw,Z" "-v" "/var/lib/crater-agent-workspace/builds/worker-1-tc2/source:/opt/rustwide/workdir:ro,Z" "-v" "/var/lib/crater-agent-workspace/cargo-home:/opt/rustwide/cargo-home:ro,Z" "-v" "/var/lib/crater-agent-workspace/rustup-home:/opt/rustwide/rustup-home:ro,Z" "-e" "SOURCE_DIR=/opt/rustwide/workdir" "-e" "CARGO_TARGET_DIR=/opt/rustwide/target" "-e" "CARGO_HOME=/opt/rustwide/cargo-home" "-e" "RUSTUP_HOME=/opt/rustwide/rustup-home" "-w" "/opt/rustwide/workdir" "-m" "1610612736" "--user" "0:0" "--network" "none" "ghcr.io/rust-lang/crates-build-env/linux@sha256:2788e3201cd34a07e3172128adcd8b3090168a8e3bcc40d7c032b9dda1df7d1c" "/opt/rustwide/cargo-home/bin/cargo" "+beta-2023-12-22" "metadata" "--no-deps" "--format-version=1", kill_on_drop: false }`
[INFO] [stdout] 01cee8ca6ba8376dc0329107ae55432b46b44a9ec01d47e9172485bd6904ba2d
[INFO] running `Command { std: "docker" "start" "-a" "01cee8ca6ba8376dc0329107ae55432b46b44a9ec01d47e9172485bd6904ba2d", kill_on_drop: false }`
[INFO] running `Command { std: "docker" "inspect" "01cee8ca6ba8376dc0329107ae55432b46b44a9ec01d47e9172485bd6904ba2d", kill_on_drop: false }`
[INFO] running `Command { std: "docker" "rm" "-f" "01cee8ca6ba8376dc0329107ae55432b46b44a9ec01d47e9172485bd6904ba2d", kill_on_drop: false }`
[INFO] [stdout] 01cee8ca6ba8376dc0329107ae55432b46b44a9ec01d47e9172485bd6904ba2d
[INFO] running `Command { std: "docker" "create" "-v" "/var/lib/crater-agent-workspace/builds/worker-1-tc2/target:/opt/rustwide/target:rw,Z" "-v" "/var/lib/crater-agent-workspace/builds/worker-1-tc2/source:/opt/rustwide/workdir:ro,Z" "-v" "/var/lib/crater-agent-workspace/cargo-home:/opt/rustwide/cargo-home:ro,Z" "-v" "/var/lib/crater-agent-workspace/rustup-home:/opt/rustwide/rustup-home:ro,Z" "-e" "SOURCE_DIR=/opt/rustwide/workdir" "-e" "CARGO_TARGET_DIR=/opt/rustwide/target" "-e" "CARGO_INCREMENTAL=0" "-e" "RUST_BACKTRACE=full" "-e" "RUSTFLAGS=--cap-lints=warn" "-e" "RUSTDOCFLAGS=--cap-lints=warn" "-e" "CARGO_HOME=/opt/rustwide/cargo-home" "-e" "RUSTUP_HOME=/opt/rustwide/rustup-home" "-w" "/opt/rustwide/workdir" "-m" "1610612736" "--user" "0:0" "--network" "none" "ghcr.io/rust-lang/crates-build-env/linux@sha256:2788e3201cd34a07e3172128adcd8b3090168a8e3bcc40d7c032b9dda1df7d1c" "/opt/rustwide/cargo-home/bin/cargo" "+beta-2023-12-22" "doc" "--frozen" "--no-deps" "--document-private-items" "--message-format=json", kill_on_drop: false }`
[INFO] [stdout] 86b79aaba9b845ca1d6f8ce21396b4f7fe36e09854038f37e7896414b095effa
[INFO] running `Command { std: "docker" "start" "-a" "86b79aaba9b845ca1d6f8ce21396b4f7fe36e09854038f37e7896414b095effa", kill_on_drop: false }`
[INFO] [stderr] warning: virtual workspace defaulting to `resolver = "1"` despite one or more workspace members being on edition 2021 which implies `resolver = "2"`
[INFO] [stderr] note: to keep the current resolver, specify `workspace.resolver = "1"` in the workspace root's manifest
[INFO] [stderr] note: to use the edition 2021 resolver, specify `workspace.resolver = "2"` in the workspace root's manifest
[INFO] [stderr] note: for more details see https://doc.rust-lang.org/cargo/reference/resolver.html#resolver-versions
[INFO] [stderr]    Compiling libc v0.2.137
[INFO] [stderr]    Compiling proc-macro2 v1.0.47
[INFO] [stderr]    Compiling unicode-ident v1.0.5
[INFO] [stderr]    Compiling syn v1.0.105
[INFO] [stderr]    Compiling log v0.4.17
[INFO] [stderr]     Checking once_cell v1.16.0
[INFO] [stderr]     Checking smallvec v1.10.0
[INFO] [stderr]    Compiling serde_derive v1.0.151
[INFO] [stderr]    Compiling parking_lot_core v0.9.4
[INFO] [stderr]    Compiling serde v1.0.151
[INFO] [stderr]    Compiling futures-core v0.3.25
[INFO] [stderr]    Compiling cc v1.0.74
[INFO] [stderr]    Compiling tokio v1.24.2
[INFO] [stderr]    Compiling ahash v0.7.6
[INFO] [stderr]    Compiling futures-channel v0.3.25
[INFO] [stderr]    Compiling generic-array v0.14.6
[INFO] [stderr]    Compiling slab v0.4.7
[INFO] [stderr]    Compiling futures-task v0.3.25
[INFO] [stderr]    Compiling quote v1.0.21
[INFO] [stderr]     Checking bytes v1.2.1
[INFO] [stderr]    Compiling ppv-lite86 v0.2.16
[INFO] [stderr]     Checking itoa v1.0.4
[INFO] [stderr]    Compiling futures-util v0.3.25
[INFO] [stderr]     Checking futures-sink v0.3.25
[INFO] [stderr]    Compiling indexmap v1.9.1
[INFO] [stderr]     Checking futures-io v0.3.25
[INFO] [stderr]    Compiling serde_json v1.0.89
[INFO] [stderr]    Compiling wasm-bindgen-shared v0.2.83
[INFO] [stderr]    Compiling time-core v0.1.0
[INFO] [stderr]     Checking getrandom v0.2.8
[INFO] [stderr]     Checking num_cpus v1.13.1
[INFO] [stderr]     Checking mio v0.8.5
[INFO] [stderr]     Checking socket2 v0.4.7
[INFO] [stderr]     Checking signal-hook-registry v1.4.0
[INFO] [stderr]     Checking parking_lot v0.12.1
[INFO] [stderr]    Compiling ring v0.16.20
[INFO] [stderr]    Compiling rand_core v0.6.4
[INFO] [stderr]    Compiling time-macros v0.2.6
[INFO] [stderr]    Compiling getrandom v0.1.16
[INFO] [stderr]    Compiling memchr v2.5.0
[INFO] [stderr]     Checking hashbrown v0.12.3
[INFO] [stderr]    Compiling rand_chacha v0.3.1
[INFO] [stderr]    Compiling typenum v1.16.0
[INFO] [stderr]    Compiling rand v0.8.5
[INFO] [stderr]     Checking tracing-core v0.1.30
[INFO] [stderr]    Compiling bumpalo v3.11.1
[INFO] [stderr]    Compiling rand_core v0.5.1
[INFO] [stderr]    Compiling parking_lot_core v0.8.6
[INFO] [stderr]     Checking subtle v2.4.1
[INFO] [stderr]    Compiling scopeguard v1.1.0
[INFO] [stderr]    Compiling rustls v0.20.7
[INFO] [stderr]     Checking http v0.2.8
[INFO] [stderr]    Compiling lock_api v0.4.9
[INFO] [stderr]     Checking crypto-common v0.1.6
[INFO] [stderr]     Checking block-buffer v0.10.3
[INFO] [stderr]    Compiling wasm-bindgen v0.2.83
[INFO] [stderr]    Compiling spin v0.5.2
[INFO] [stderr]     Checking tinyvec_macros v0.1.0
[INFO] [stderr]    Compiling untrusted v0.7.1
[INFO] [stderr]     Checking tinyvec v1.6.0
[INFO] [stderr]     Checking digest v0.10.6
[INFO] [stderr]    Compiling rand_pcg v0.2.1
[INFO] [stderr]    Compiling rand_chacha v0.2.2
[INFO] [stderr]    Compiling num-traits v0.2.15
[INFO] [stderr]    Compiling thiserror v1.0.37
[INFO] [stderr]    Compiling paste v1.0.10
[INFO] [stderr]    Compiling crossbeam-utils v0.8.14
[INFO] [stderr]    Compiling rand v0.7.3
[INFO] [stderr]    Compiling openssl-sys v0.9.77
[INFO] [stderr]     Checking unicode-normalization v0.1.22
[INFO] [stderr]    Compiling phf_shared v0.8.0
[INFO] [stderr]     Checking unicode-bidi v0.3.8
[INFO] [stderr]    Compiling minimal-lexical v0.2.1
[INFO] [stderr]    Compiling rustversion v1.0.9
[INFO] [stderr]    Compiling pin-project-lite v0.2.9
[INFO] [stderr]    Compiling nom v7.1.1
[INFO] [stderr]     Checking http-body v0.4.5
[INFO] [stderr]    Compiling phf_generator v0.8.0
[INFO] [stderr]    Compiling wasm-bindgen-backend v0.2.83
[INFO] [stderr]    Compiling phf_shared v0.10.0
[INFO] [stderr]    Compiling slotmap v1.0.6
[INFO] [stderr]    Compiling unicode-segmentation v1.10.0
[INFO] [stderr]     Checking lazy_static v1.4.0
[INFO] [stderr]    Compiling crossbeam-queue v0.3.8
[INFO] [stderr]    Compiling wasm-bindgen-macro-support v0.2.83
[INFO] [stderr]    Compiling webpki v0.22.0
[INFO] [stderr]     Checking regex-syntax v0.6.27
[INFO] [stderr]    Compiling heck v0.4.0
[INFO] [stderr]    Compiling sct v0.7.0
[INFO] [stderr]    Compiling phf_generator v0.10.0
[INFO] [stderr]     Checking idna v0.3.0
[INFO] [stderr]    Compiling instant v0.1.12
[INFO] [stderr]    Compiling proc-macro-hack v0.5.19
[INFO] [stderr]    Compiling strsim v0.10.0
[INFO] [stderr]     Checking try-lock v0.2.3
[INFO] [stderr]     Checking byteorder v1.4.3
[INFO] [stderr]    Compiling darling_core v0.14.2
[INFO] [stderr]     Checking want v0.3.0
[INFO] [stderr]     Checking url v2.3.1
[INFO] [stderr]     Checking aho-corasick v0.7.19
[INFO] [stderr]    Compiling cpufeatures v0.2.5
[INFO] [stderr]    Compiling percent-encoding v2.2.0
[INFO] [stderr]     Checking new_debug_unreachable v1.0.4
[INFO] [stderr]    Compiling openssl v0.10.42
[INFO] [stderr]     Checking base64 v0.13.1
[INFO] [stderr]     Checking sycamore-reactive v0.8.1
[INFO] [stderr]    Compiling tokio-macros v1.8.2
[INFO] [stderr]    Compiling futures-macro v0.3.25
[INFO] [stderr]    Compiling tracing-attributes v0.1.23
[INFO] [stderr]    Compiling wasm-bindgen-macro v0.2.83
[INFO] [stderr]    Compiling thiserror-impl v1.0.37
[INFO] [stderr]     Checking js-sys v0.3.60
[INFO] [stderr]    Compiling pin-project-internal v1.0.12
[INFO] [stderr]     Checking tracing v0.1.37
[INFO] [stderr]    Compiling darling_macro v0.14.2
[INFO] [stderr]     Checking regex v1.6.0
[INFO] [stderr]     Checking web-sys v0.3.60
[INFO] [stderr]    Compiling openssl-macros v0.1.0
[INFO] [stderr]     Checking pin-project v1.0.12
[INFO] [stderr]    Compiling form_urlencoded v1.1.0
[INFO] [stderr]     Checking tokio-util v0.7.4
[INFO] [stderr]    Compiling parking_lot v0.11.2
[INFO] [stderr]     Checking h2 v0.3.15
[INFO] [stderr]    Compiling phf_codegen v0.10.0
[INFO] [stderr]    Compiling string_cache_codegen v0.5.2
[INFO] [stderr]    Compiling tokio-rustls v0.23.4
[INFO] [stderr]    Compiling hmac v0.12.1
[INFO] [stderr]    Compiling dirs-sys v0.3.7
[INFO] [stderr]    Compiling proc-macro-error-attr v1.0.4
[INFO] [stderr]     Checking mime v0.3.16
[INFO] [stderr]    Compiling async-trait v0.1.60
[INFO] [stderr]     Checking precomputed-hash v0.1.1
[INFO] [stderr]    Compiling io-lifetimes v1.0.3
[INFO] [stderr]     Checking time v0.3.17
[INFO] [stderr]     Checking either v1.8.0
[INFO] [stderr]     Checking mac v0.1.1
[INFO] [stderr]     Checking tower-layer v0.3.2
[INFO] [stderr]    Compiling native-tls v0.2.10
[INFO] [stderr]     Checking itertools v0.10.5
[INFO] [stderr]     Checking hyper v0.14.23
[INFO] [stderr]    Compiling ryu v1.0.11
[INFO] [stderr]    Compiling unicode_categories v0.1.1
[INFO] [stderr]    Compiling crc-catalog v2.1.0
[INFO] [stderr]    Compiling pin-utils v0.1.0
[INFO] [stderr]    Compiling crc v3.0.0
[INFO] [stderr]     Checking futf v0.1.5
[INFO] [stderr]     Checking serde_urlencoded v0.7.1
[INFO] [stderr]    Compiling rustls-pemfile v1.0.1
[INFO] [stderr]    Compiling sqlx-rt v0.6.2
[INFO] [stderr]    Compiling sqlformat v0.2.0
[INFO] [stderr]    Compiling dirs v4.0.0
[INFO] [stderr]    Compiling hkdf v0.12.3
[INFO] [stderr]    Compiling atoi v1.0.0
[INFO] [stderr]    Compiling tokio-stream v0.1.11
[INFO] [stderr]    Compiling markup5ever v0.11.0
[INFO] [stderr]    Compiling phf_macros v0.8.0
[INFO] [stderr]    Compiling futures-intrusive v0.4.2
[INFO] [stderr]     Checking futures-executor v0.3.25
[INFO] [stderr]    Compiling darling v0.14.2
[INFO] [stderr]    Compiling cssparser v0.27.2
[INFO] [stderr]    Compiling hashlink v0.8.1
[INFO] [stderr]    Compiling sha2 v0.10.6
[INFO] [stderr]    Compiling sha1 v0.10.5
[INFO] [stderr]    Compiling axum-core v0.3.0
[INFO] [stderr]    Compiling stringprep v0.1.2
[INFO] [stderr]    Compiling webpki-roots v0.22.6
[INFO] [stderr]    Compiling phf_codegen v0.8.0
[INFO] [stderr]    Compiling md-5 v0.10.5
[INFO] [stderr]    Compiling uuid v1.2.2
[INFO] [stderr]    Compiling proc-macro-error v1.0.4
[INFO] [stderr]    Compiling cookie v0.16.2
[INFO] [stderr]    Compiling unicode-xid v0.2.4
[INFO] [stderr]    Compiling whoami v1.2.3
[INFO] [stderr]    Compiling hex v0.4.3
[INFO] [stderr]    Compiling dotenvy v0.15.6
[INFO] [stderr]     Checking dtoa v0.4.8
[INFO] [stderr]     Checking utf8-width v0.1.6
[INFO] [stderr]    Compiling anyhow v1.0.68
[INFO] [stderr]    Compiling event-listener v2.5.3
[INFO] [stderr]    Compiling rustix v0.36.4
[INFO] [stderr]     Checking utf-8 v0.7.6
[INFO] [stderr]    Compiling bitflags v1.3.2
[INFO] [stderr]     Checking html-escape v0.2.12
[INFO] [stderr]     Checking tendril v0.4.3
[INFO] [stderr]    Compiling sqlx-core v0.6.2
[INFO] [stderr]     Checking dtoa-short v0.3.3
[INFO] [stderr]     Checking phf v0.8.0
[INFO] [stderr]    Compiling selectors v0.22.0
[INFO] [stderr]    Compiling derive_builder_core v0.11.2
[INFO] [stderr]     Checking futures v0.3.25
[INFO] [stderr]     Checking tower v0.4.13
[INFO] [stderr]     Checking string_cache v0.8.4
[INFO] [stderr]     Checking phf v0.10.1
[INFO] [stderr]     Checking wasm-bindgen-futures v0.4.33
[INFO] [stderr]     Checking sycamore-core v0.8.2
[INFO] [stderr]    Compiling cssparser-macros v0.6.0
[INFO] [stderr]    Compiling html5ever v0.26.0
[INFO] [stderr]    Compiling axum v0.6.1
[INFO] [stderr]    Compiling encoding_rs v0.8.31
[INFO] [stderr]     Checking http-range-header v0.3.0
[INFO] [stderr]    Compiling convert_case v0.4.0
[INFO] [stderr]     Checking stable_deref_trait v1.2.0
[INFO] [stderr]     Checking matches v0.1.9
[INFO] [stderr]     Checking nodrop v0.1.14
[INFO] [stderr]    Compiling portable-atomic v0.3.18
[INFO] [stderr]     Checking bit-vec v0.6.3
[INFO] [stderr]     Checking linux-raw-sys v0.1.3
[INFO] [stderr]     Checking itoa v0.4.8
[INFO] [stderr]    Compiling derive_more v0.99.17
[INFO] [stderr]     Checking bit-set v0.5.3
[INFO] [stderr]     Checking servo_arc v0.1.1
[INFO] [stderr]     Checking tower-http v0.3.5
[INFO] [stderr]     Checking sycamore-web v0.8.2
[INFO] [stderr]    Compiling derive_builder_macro v0.11.2
[INFO] [stderr]     Checking sycamore-futures v0.8.0
[INFO] [stderr]     Checking tokio-native-tls v0.3.0
[INFO] [stderr]     Checking speedwayrs-types v0.1.0 (/opt/rustwide/workdir/speedwayrs-types)
[INFO] [stderr]     Checking serde_path_to_error v0.1.8
[INFO] [stderr]    Compiling sycamore-macro v0.8.2
[INFO] [stderr]     Checking regex-automata v0.1.10
[INFO] [stderr]     Checking fxhash v0.2.1
[INFO] [stderr]     Checking terminal_size v0.1.17
[INFO] [stderr]     Checking base64ct v1.5.3
[INFO] [stderr]     Checking overload v0.1.1
[INFO] [stderr]     Checking thin-slice v0.1.1
[INFO] [stderr]     Checking sync_wrapper v0.1.1
[INFO] [stderr]     Checking os_str_bytes v6.3.1
[INFO] [stderr]     Checking matchit v0.7.0
[INFO] [stderr]     Checking password-hash v0.4.2
[INFO] [stderr]     Checking matchers v0.1.0
[INFO] [stderr]     Checking clap_lex v0.3.0
[INFO] [stderr]     Checking nu-ansi-term v0.46.0
[INFO] [stderr]     Checking console v0.15.2
[INFO] [stderr]    Compiling clap_derive v4.0.21
[INFO] [stderr]     Checking hyper-tls v0.5.0
[INFO] [stderr]     Checking derive_builder v0.11.2
[INFO] [stderr]     Checking is-terminal v0.4.1
[INFO] [stderr]     Checking fancy-regex v0.8.0
[INFO] [stderr]    Compiling const_format_proc_macros v0.2.29
[INFO] [stderr]    Compiling sycamore-router-macro v0.8.0
[INFO] [stderr]     Checking getopts v0.2.21
[INFO] [stderr]     Checking gloo-utils v0.1.6
[INFO] [stderr]     Checking sharded-slab v0.1.4
[INFO] [stderr]     Checking tracing-log v0.1.3
[INFO] [stderr]     Checking sycamore v0.8.2
[INFO] [stderr]     Checking blake2 v0.10.6
[INFO] [stderr]     Checking thread_local v1.1.4
[INFO] [stderr]     Checking termcolor v1.1.3
[INFO] [stderr]     Checking number_prefix v0.4.0
[INFO] [stderr]     Checking quick-error v2.0.1
[INFO] [stderr]    Compiling speedwayrs-backend v0.1.0 (/opt/rustwide/workdir/speedwayrs-backend)
[INFO] [stderr]     Checking ipnet v2.5.0
[INFO] [stderr]     Checking ego-tree v0.6.2
[INFO] [stderr]     Checking zxcvbn v2.2.1
[INFO] [stderr]     Checking scraper v0.13.0
[INFO] [stderr]     Checking reqwest v0.11.13
[INFO] [stderr]     Checking tracing-subscriber v0.3.16
[INFO] [stderr]     Checking sycamore-router v0.8.0
[INFO] [stderr]     Checking indicatif v0.17.2
[INFO] [stderr]     Checking clap v4.0.29
[INFO] [stderr]     Checking argon2 v0.4.1
[INFO] [stderr]     Checking const_format v0.2.30
[INFO] [stderr]     Checking gloo-net v0.2.5
[INFO] [stderr]     Checking wasm-logger v0.2.0
[INFO] [stderr]     Checking email_address v0.2.4
[INFO] [stderr]    Compiling axum-macros v0.3.0
[INFO] [stderr]     Checking threadpool v1.8.1
[INFO] [stderr]    Compiling sqlx-macros v0.6.2
[INFO] [stderr]  Documenting speedwayrs-frontend v0.1.0 (/opt/rustwide/workdir/speedwayrs-frontend)
[INFO] [stderr]  Documenting speedwayrs-types v0.1.0 (/opt/rustwide/workdir/speedwayrs-types)
[INFO] [stderr]     Checking axum-extra v0.4.2
[INFO] [stderr]  Documenting speedwayrs-scraper v0.1.0 (/opt/rustwide/workdir/speedwayrs-scraper)
[INFO] [stderr]     Checking sqlx v0.6.2
[INFO] [stderr]  Documenting speedwayrs-loader v0.1.0 (/opt/rustwide/workdir/speedwayrs-loader)
[INFO] [stderr]  Documenting speedwayrs-backend v0.1.0 (/opt/rustwide/workdir/speedwayrs-backend)
[INFO] [stdout] error: error communicating with database: Cannot assign requested address (os error 99)
[INFO] [stdout]  --> speedwayrs-loader/src/insertion.rs:8:23
[INFO] [stdout]   |
[INFO] [stdout] 8 |     let possible_id = sqlx::query_file!("queries/player_check.sql", name, sname)
[INFO] [stdout]   |                       ^^^^^^^^^^^^^^^^^^^^^^^^^^^^^^^^^^^^^^^^^^^^^^^^^^^^^^^^^^
[INFO] [stdout]   |
[INFO] [stdout]   = note: this error originates in the macro `$crate::sqlx_macros::expand_query` which comes from the expansion of the macro `sqlx::query_file` (in Nightly builds, run with -Z macro-backtrace for more info)
[INFO] [stdout] 
[INFO] [stdout] 
[INFO] [stdout] error: error communicating with database: Cannot assign requested address (os error 99)
[INFO] [stdout]   --> speedwayrs-loader/src/insertion.rs:15:31
[INFO] [stdout]    |
[INFO] [stdout] 15 |             let insert_stmt = sqlx::query_file!("queries/player_insert.sql", name, sname)
[INFO] [stdout]    |                               ^^^^^^^^^^^^^^^^^^^^^^^^^^^^^^^^^^^^^^^^^^^^^^^^^^^^^^^^^^^
[INFO] [stdout]    |
[INFO] [stdout]    = note: this error originates in the macro `$crate::sqlx_macros::expand_query` which comes from the expansion of the macro `sqlx::query_file` (in Nightly builds, run with -Z macro-backtrace for more info)
[INFO] [stdout] 
[INFO] [stdout] 
[INFO] [stdout] error: error communicating with database: Cannot assign requested address (os error 99)
[INFO] [stdout]   --> speedwayrs-loader/src/insertion.rs:25:42
[INFO] [stdout]    |
[INFO] [stdout] 25 | ...                   let id = sqlx::query_file!("queries/player_check.sql", name, sname)
[INFO] [stdout]    |                                ^^^^^^^^^^^^^^^^^^^^^^^^^^^^^^^^^^^^^^^^^^^^^^^^^^^^^^^^^^
[INFO] [stdout]    |
[INFO] [stdout]    = note: this error originates in the macro `$crate::sqlx_macros::expand_query` which comes from the expansion of the macro `sqlx::query_file` (in Nightly builds, run with -Z macro-backtrace for more info)
[INFO] [stdout] 
[INFO] [stdout] 
[INFO] [stdout] error: error communicating with database: Cannot assign requested address (os error 99)
[INFO] [stdout]   --> speedwayrs-loader/src/insertion.rs:44:23
[INFO] [stdout]    |
[INFO] [stdout] 44 |     let possible_id = sqlx::query_file!("queries/team_check.sql", name)
[INFO] [stdout]    |                       ^^^^^^^^^^^^^^^^^^^^^^^^^^^^^^^^^^^^^^^^^^^^^^^^^
[INFO] [stdout]    |
[INFO] [stdout]    = note: this error originates in the macro `$crate::sqlx_macros::expand_query` which comes from the expansion of the macro `sqlx::query_file` (in Nightly builds, run with -Z macro-backtrace for more info)
[INFO] [stdout] 
[INFO] [stdout] 
[INFO] [stdout] error: error communicating with database: Cannot assign requested address (os error 99)
[INFO] [stdout]   --> speedwayrs-loader/src/insertion.rs:51:31
[INFO] [stdout]    |
[INFO] [stdout] 51 |             let insert_stmt = sqlx::query_file!("queries/team_insert.sql", name)
[INFO] [stdout]    |                               ^^^^^^^^^^^^^^^^^^^^^^^^^^^^^^^^^^^^^^^^^^^^^^^^^^
[INFO] [stdout]    |
[INFO] [stdout]    = note: this error originates in the macro `$crate::sqlx_macros::expand_query` which comes from the expansion of the macro `sqlx::query_file` (in Nightly builds, run with -Z macro-backtrace for more info)
[INFO] [stdout] 
[INFO] [stdout] 
[INFO] [stdout] error: error communicating with database: Cannot assign requested address (os error 99)
[INFO] [stdout]   --> speedwayrs-loader/src/insertion.rs:61:42
[INFO] [stdout]    |
[INFO] [stdout] 61 | ...                   let id = sqlx::query_file!("queries/team_check.sql", name)
[INFO] [stdout]    |                                ^^^^^^^^^^^^^^^^^^^^^^^^^^^^^^^^^^^^^^^^^^^^^^^^^
[INFO] [stdout]    |
[INFO] [stdout]    = note: this error originates in the macro `$crate::sqlx_macros::expand_query` which comes from the expansion of the macro `sqlx::query_file` (in Nightly builds, run with -Z macro-backtrace for more info)
[INFO] [stdout] 
[INFO] [stdout] 
[INFO] [stdout] error: error communicating with database: Cannot assign requested address (os error 99)
[INFO] [stdout]   --> speedwayrs-loader/src/insertion.rs:84:23
[INFO] [stdout]    |
[INFO] [stdout] 84 |     let possible_id = sqlx::query_file!("queries/place_check.sql", description)
[INFO] [stdout]    |                       ^^^^^^^^^^^^^^^^^^^^^^^^^^^^^^^^^^^^^^^^^^^^^^^^^^^^^^^^^
[INFO] [stdout]    |
[INFO] [stdout]    = note: this error originates in the macro `$crate::sqlx_macros::expand_query` which comes from the expansion of the macro `sqlx::query_file` (in Nightly builds, run with -Z macro-backtrace for more info)
[INFO] [stdout] 
[INFO] [stdout] 
[INFO] [stdout] error: error communicating with database: Cannot assign requested address (os error 99)
[INFO] [stdout]   --> speedwayrs-loader/src/insertion.rs:91:31
[INFO] [stdout]    |
[INFO] [stdout] 91 |             let insert_stmt = sqlx::query_file!("queries/place_insert.sql", description)
[INFO] [stdout]    |                               ^^^^^^^^^^^^^^^^^^^^^^^^^^^^^^^^^^^^^^^^^^^^^^^^^^^^^^^^^^
[INFO] [stdout]    |
[INFO] [stdout]    = note: this error originates in the macro `$crate::sqlx_macros::expand_query` which comes from the expansion of the macro `sqlx::query_file` (in Nightly builds, run with -Z macro-backtrace for more info)
[INFO] [stdout] 
[INFO] [stdout] 
[INFO] [stdout] error: error communicating with database: Cannot assign requested address (os error 99)
[INFO] [stdout]    --> speedwayrs-loader/src/insertion.rs:101:42
[INFO] [stdout]     |
[INFO] [stdout] 101 | ...                   let id = sqlx::query_file!("queries/place_check.sql", description)
[INFO] [stdout]     |                                ^^^^^^^^^^^^^^^^^^^^^^^^^^^^^^^^^^^^^^^^^^^^^^^^^^^^^^^^^
[INFO] [stdout]     |
[INFO] [stdout]     = note: this error originates in the macro `$crate::sqlx_macros::expand_query` which comes from the expansion of the macro `sqlx::query_file` (in Nightly builds, run with -Z macro-backtrace for more info)
[INFO] [stdout] 
[INFO] [stdout] 
[INFO] [stdout] error: error communicating with database: Cannot assign requested address (os error 99)
[INFO] [stdout]    --> speedwayrs-loader/src/insertion.rs:164:25
[INFO] [stdout]     |
[INFO] [stdout] 164 |       let insert_result = sqlx::query_file!(
[INFO] [stdout]     |  _________________________^
[INFO] [stdout] 165 | |         "queries/insert_game.sql",
[INFO] [stdout] 166 | |         team1_id,
[INFO] [stdout] 167 | |         payload.team_one().score() as i32,
[INFO] [stdout] ...   |
[INFO] [stdout] 171 | |         date
[INFO] [stdout] 172 | |     )
[INFO] [stdout]     | |_____^
[INFO] [stdout]     |
[INFO] [stdout]     = note: this error originates in the macro `$crate::sqlx_macros::expand_query` which comes from the expansion of the macro `sqlx::query_file` (in Nightly builds, run with -Z macro-backtrace for more info)
[INFO] [stdout] 
[INFO] [stdout] 
[INFO] [stdout] error: error communicating with database: Cannot assign requested address (os error 99)
[INFO] [stdout]    --> speedwayrs-loader/src/insertion.rs:188:5
[INFO] [stdout]     |
[INFO] [stdout] 188 | /     sqlx::query_file!(
[INFO] [stdout] 189 | |         "queries/insert_player_score.sql",
[INFO] [stdout] 190 | |         game,
[INFO] [stdout] 191 | |         player,
[INFO] [stdout] 192 | |         round,
[INFO] [stdout] 193 | |         score_str
[INFO] [stdout] 194 | |     )
[INFO] [stdout]     | |_____^
[INFO] [stdout]     |
[INFO] [stdout]     = note: this error originates in the macro `$crate::sqlx_macros::expand_query` which comes from the expansion of the macro `sqlx::query_file` (in Nightly builds, run with -Z macro-backtrace for more info)
[INFO] [stdout] 
[INFO] [stdout] 
[INFO] [stdout] error: error communicating with database: Cannot assign requested address (os error 99)
[INFO] [stdout]    --> speedwayrs-loader/src/insertion.rs:208:24
[INFO] [stdout]     |
[INFO] [stdout] 208 |       let query_result = sqlx::query_file!(
[INFO] [stdout]     |  ________________________^
[INFO] [stdout] 209 | |         "queries/create_run.sql",
[INFO] [stdout] 210 | |         position,
[INFO] [stdout] 211 | |         time_integer,
[INFO] [stdout] 212 | |         time_decimal,
[INFO] [stdout] 213 | |         game_id
[INFO] [stdout] 214 | |     )
[INFO] [stdout]     | |_____^
[INFO] [stdout]     |
[INFO] [stdout]     = note: this error originates in the macro `$crate::sqlx_macros::expand_query` which comes from the expansion of the macro `sqlx::query_file` (in Nightly builds, run with -Z macro-backtrace for more info)
[INFO] [stdout] 
[INFO] [stdout] 
[INFO] [stdout] error: error communicating with database: Cannot assign requested address (os error 99)
[INFO] [stdout]    --> speedwayrs-loader/src/insertion.rs:227:5
[INFO] [stdout]     |
[INFO] [stdout] 227 | /     sqlx::query_file!(
[INFO] [stdout] 228 | |         "queries/insert_run_squad_score.sql",
[INFO] [stdout] 229 | |         run,
[INFO] [stdout] 230 | |         player,
[INFO] [stdout] 231 | |         result.to_string()
[INFO] [stdout] 232 | |     )
[INFO] [stdout]     | |_____^
[INFO] [stdout]     |
[INFO] [stdout]     = note: this error originates in the macro `$crate::sqlx_macros::expand_query` which comes from the expansion of the macro `sqlx::query_file` (in Nightly builds, run with -Z macro-backtrace for more info)
[INFO] [stdout] 
[INFO] [stdout] 
[INFO] [stdout] error: error communicating with database: Cannot assign requested address (os error 99)
[INFO] [stdout]    --> speedwayrs-loader/src/insertion.rs:240:13
[INFO] [stdout]     |
[INFO] [stdout] 240 |     let _ = sqlx::query_file!("queries/insert_game_team.sql", player, team, game)
[INFO] [stdout]     |             ^^^^^^^^^^^^^^^^^^^^^^^^^^^^^^^^^^^^^^^^^^^^^^^^^^^^^^^^^^^^^^^^^^^^^
[INFO] [stdout]     |
[INFO] [stdout]     = note: this error originates in the macro `$crate::sqlx_macros::expand_query` which comes from the expansion of the macro `sqlx::query_file` (in Nightly builds, run with -Z macro-backtrace for more info)
[INFO] [stdout] 
[INFO] [stdout] 
[INFO] [stdout] error: error communicating with database: Cannot assign requested address (os error 99)
[INFO] [stdout]   --> speedwayrs-backend/src/account.rs:79:9
[INFO] [stdout]    |
[INFO] [stdout] 79 |         sqlx::query_file!("queries/register_check.sql", form.username, form.email)
[INFO] [stdout]    |         ^^^^^^^^^^^^^^^^^^^^^^^^^^^^^^^^^^^^^^^^^^^^^^^^^^^^^^^^^^^^^^^^^^^^^^^^^^
[INFO] [stdout]    |
[INFO] [stdout]    = note: this error originates in the macro `$crate::sqlx_macros::expand_query` which comes from the expansion of the macro `sqlx::query_file` (in Nightly builds, run with -Z macro-backtrace for more info)
[INFO] [stdout] 
[INFO] [stdout] 
[INFO] [stdout] error: error communicating with database: Cannot assign requested address (os error 99)
[INFO] [stdout]    --> speedwayrs-backend/src/account.rs:119:9
[INFO] [stdout]     |
[INFO] [stdout] 119 |         sqlx::query_file!("queries/register_user.sql", form.username, hash, form.email)
[INFO] [stdout]     |         ^^^^^^^^^^^^^^^^^^^^^^^^^^^^^^^^^^^^^^^^^^^^^^^^^^^^^^^^^^^^^^^^^^^^^^^^^^^^^^^
[INFO] [stdout]     |
[INFO] [stdout]     = note: this error originates in the macro `$crate::sqlx_macros::expand_query` which comes from the expansion of the macro `sqlx::query_file` (in Nightly builds, run with -Z macro-backtrace for more info)
[INFO] [stdout] 
[INFO] [stdout] 
[INFO] [stdout] error: error communicating with database: Cannot assign requested address (os error 99)
[INFO] [stdout]    --> speedwayrs-backend/src/account.rs:119:9
[INFO] [stdout]     |
[INFO] [stdout] 119 |         sqlx::query_file!("queries/register_user.sql", form.username, hash, form.email)
[INFO] [stdout]     |         ^^^^^^^^^^^^^^^^^^^^^^^^^^^^^^^^^^^^^^^^^^^^^^^^^^^^^^^^^^^^^^^^^^^^^^^^^^^^^^^
[INFO] [stdout]     |
[INFO] [stdout]     = note: this error originates in the macro `$crate::sqlx_macros::expand_query` which comes from the expansion of the macro `sqlx::query_file` (in Nightly builds, run with -Z macro-backtrace for more info)
[INFO] [stdout] 
[INFO] [stdout] 
[INFO] [stdout] error: error communicating with database: Cannot assign requested address (os error 99)
[INFO] [stdout]    --> speedwayrs-backend/src/account.rs:119:9
[INFO] [stdout]     |
[INFO] [stdout] 119 |         sqlx::query_file!("queries/register_user.sql", form.username, hash, form.email)
[INFO] [stdout]     |         ^^^^^^^^^^^^^^^^^^^^^^^^^^^^^^^^^^^^^^^^^^^^^^^^^^^^^^^^^^^^^^^^^^^^^^^^^^^^^^^
[INFO] [stdout]     |
[INFO] [stdout]     = note: this error originates in the macro `$crate::sqlx_macros::expand_query` which comes from the expansion of the macro `sqlx::query_file` (in Nightly builds, run with -Z macro-backtrace for more info)
[INFO] [stdout] 
[INFO] [stdout] 
[INFO] [stdout] error: error communicating with database: Cannot assign requested address (os error 99)
[INFO] [stdout]    --> speedwayrs-backend/src/account.rs:162:9
[INFO] [stdout]     |
[INFO] [stdout] 162 |         sqlx::query_file!("queries/login_user.sql", form.username)
[INFO] [stdout]     |         ^^^^^^^^^^^^^^^^^^^^^^^^^^^^^^^^^^^^^^^^^^^^^^^^^^^^^^^^^^
[INFO] [stdout]     |
[INFO] [stdout]     = note: this error originates in the macro `$crate::sqlx_macros::expand_query` which comes from the expansion of the macro `sqlx::query_file` (in Nightly builds, run with -Z macro-backtrace for more info)
[INFO] [stdout] 
[INFO] [stdout] 
[INFO] [stdout] error: error communicating with database: Cannot assign requested address (os error 99)
[INFO] [stdout]    --> speedwayrs-backend/src/account.rs:221:17
[INFO] [stdout]     |
[INFO] [stdout] 221 |     let query = sqlx::query_file!("queries/session_logout.sql", session_id)
[INFO] [stdout]     |                 ^^^^^^^^^^^^^^^^^^^^^^^^^^^^^^^^^^^^^^^^^^^^^^^^^^^^^^^^^^^
[INFO] [stdout]     |
[INFO] [stdout]     = note: this error originates in the macro `$crate::sqlx_macros::expand_query` which comes from the expansion of the macro `sqlx::query_file` (in Nightly builds, run with -Z macro-backtrace for more info)
[INFO] [stdout] 
[INFO] [stdout] 
[INFO] [stdout] error: error communicating with database: Cannot assign requested address (os error 99)
[INFO] [stdout]   --> speedwayrs-backend/src/data/player_data.rs:38:17
[INFO] [stdout]    |
[INFO] [stdout] 38 |     let query = sqlx::query_file!("queries/utils/check_like_player.sql", username, player_id)
[INFO] [stdout]    |                 ^^^^^^^^^^^^^^^^^^^^^^^^^^^^^^^^^^^^^^^^^^^^^^^^^^^^^^^^^^^^^^^^^^^^^^^^^^^^^
[INFO] [stdout]    |
[INFO] [stdout]    = note: this error originates in the macro `$crate::sqlx_macros::expand_query` which comes from the expansion of the macro `sqlx::query_file` (in Nightly builds, run with -Z macro-backtrace for more info)
[INFO] [stdout] 
[INFO] [stdout] 
[INFO] [stdout] error: error communicating with database: Cannot assign requested address (os error 99)
[INFO] [stdout]   --> speedwayrs-backend/src/data/player_data.rs:46:24
[INFO] [stdout]    |
[INFO] [stdout] 46 |     let query_result = sqlx::query_file!("queries/data/get_player_stats.sql", id)
[INFO] [stdout]    |                        ^^^^^^^^^^^^^^^^^^^^^^^^^^^^^^^^^^^^^^^^^^^^^^^^^^^^^^^^^^
[INFO] [stdout]    |
[INFO] [stdout]    = note: this error originates in the macro `$crate::sqlx_macros::expand_query` which comes from the expansion of the macro `sqlx::query_file` (in Nightly builds, run with -Z macro-backtrace for more info)
[INFO] [stdout] 
[INFO] [stdout] 
[INFO] [stdout] error: error communicating with database: Cannot assign requested address (os error 99)
[INFO] [stdout]   --> speedwayrs-backend/src/data/player_data.rs:89:24
[INFO] [stdout]    |
[INFO] [stdout] 89 |     let former_teams = sqlx::query_file!("queries/data/get_player_teams.sql", id)
[INFO] [stdout]    |                        ^^^^^^^^^^^^^^^^^^^^^^^^^^^^^^^^^^^^^^^^^^^^^^^^^^^^^^^^^^
[INFO] [stdout]    |
[INFO] [stdout]    = note: this error originates in the macro `$crate::sqlx_macros::expand_query` which comes from the expansion of the macro `sqlx::query_file` (in Nightly builds, run with -Z macro-backtrace for more info)
[INFO] [stdout] 
[INFO] [stdout] 
[INFO] [stdout] error: error communicating with database: Cannot assign requested address (os error 99)
[INFO] [stdout]   --> speedwayrs-backend/src/data/player_data.rs:97:17
[INFO] [stdout]    |
[INFO] [stdout] 97 |     let query = sqlx::query_file!("queries/data/get_player_name.sql", id)
[INFO] [stdout]    |                 ^^^^^^^^^^^^^^^^^^^^^^^^^^^^^^^^^^^^^^^^^^^^^^^^^^^^^^^^^
[INFO] [stdout]    |
[INFO] [stdout]    = note: this error originates in the macro `$crate::sqlx_macros::expand_query` which comes from the expansion of the macro `sqlx::query_file` (in Nightly builds, run with -Z macro-backtrace for more info)
[INFO] [stdout] 
[INFO] [stdout] 
[INFO] [stdout] error: error communicating with database: Cannot assign requested address (os error 99)
[INFO] [stdout]   --> speedwayrs-backend/src/data/main_info.rs:30:17
[INFO] [stdout]    |
[INFO] [stdout] 30 |     let query = sqlx::query_file_as!(ResponseForm, "queries/data/get_last_games.sql", PAGE_SIZE, (info.page - 1) * PAGE_SIZE)
[INFO] [stdout]    |                 ^^^^^^^^^^^^^^^^^^^^^^^^^^^^^^^^^^^^^^^^^^^^^^^^^^^^^^^^^^^^^^^^^^^^^^^^^^^^^^^^^^^^^^^^^^^^^^^^^^^^^^^^^^^^^
[INFO] [stdout]    |
[INFO] [stdout]    = note: this error originates in the macro `$crate::sqlx_macros::expand_query` which comes from the expansion of the macro `sqlx::query_file_as` (in Nightly builds, run with -Z macro-backtrace for more info)
[INFO] [stdout] 
[INFO] [stdout] 
[INFO] [stdout] error: error communicating with database: Cannot assign requested address (os error 99)
[INFO] [stdout]   --> speedwayrs-backend/src/data/main_info.rs:49:17
[INFO] [stdout]    |
[INFO] [stdout] 49 |     let query = sqlx::query_file_as!(ResponseForm, "queries/data/get_liked_teams.sql", session_id, PAGE_SIZE)
[INFO] [stdout]    |                 ^^^^^^^^^^^^^^^^^^^^^^^^^^^^^^^^^^^^^^^^^^^^^^^^^^^^^^^^^^^^^^^^^^^^^^^^^^^^^^^^^^^^^^^^^^^^^
[INFO] [stdout]    |
[INFO] [stdout]    = note: this error originates in the macro `$crate::sqlx_macros::expand_query` which comes from the expansion of the macro `sqlx::query_file_as` (in Nightly builds, run with -Z macro-backtrace for more info)
[INFO] [stdout] 
[INFO] [stdout] 
[INFO] [stdout] error: error communicating with database: Cannot assign requested address (os error 99)
[INFO] [stdout]   --> speedwayrs-backend/src/data/main_info.rs:68:17
[INFO] [stdout]    |
[INFO] [stdout] 68 |     let query = sqlx::query_file_as!(ResponseForm, "queries/data/get_liked_players.sql", session_id, PAGE_SIZE)
[INFO] [stdout]    |                 ^^^^^^^^^^^^^^^^^^^^^^^^^^^^^^^^^^^^^^^^^^^^^^^^^^^^^^^^^^^^^^^^^^^^^^^^^^^^^^^^^^^^^^^^^^^^^^^
[INFO] [stdout]    |
[INFO] [stdout]    = note: this error originates in the macro `$crate::sqlx_macros::expand_query` which comes from the expansion of the macro `sqlx::query_file_as` (in Nightly builds, run with -Z macro-backtrace for more info)
[INFO] [stdout] 
[INFO] [stdout] 
[INFO] [stdout] error: error communicating with database: Cannot assign requested address (os error 99)
[INFO] [stdout]   --> speedwayrs-backend/src/data/match_info.rs:34:24
[INFO] [stdout]    |
[INFO] [stdout] 34 |     let query_result = sqlx::query_file!("queries/data/match_info_team_name.sql", team_1, team_2)
[INFO] [stdout]    |                        ^^^^^^^^^^^^^^^^^^^^^^^^^^^^^^^^^^^^^^^^^^^^^^^^^^^^^^^^^^^^^^^^^^^^^^^^^^
[INFO] [stdout]    |
[INFO] [stdout]    = note: this error originates in the macro `$crate::sqlx_macros::expand_query` which comes from the expansion of the macro `sqlx::query_file` (in Nightly builds, run with -Z macro-backtrace for more info)
[INFO] [stdout] 
[INFO] [stdout] 
[INFO] [stdout] error: error communicating with database: Cannot assign requested address (os error 99)
[INFO] [stdout]   --> speedwayrs-backend/src/data/match_info.rs:54:18
[INFO] [stdout]    |
[INFO] [stdout] 54 |     let result = sqlx::query_file!("queries/data/match_info_main.sql", game_id)
[INFO] [stdout]    |                  ^^^^^^^^^^^^^^^^^^^^^^^^^^^^^^^^^^^^^^^^^^^^^^^^^^^^^^^^^^^^^^
[INFO] [stdout]    |
[INFO] [stdout]    = note: this error originates in the macro `$crate::sqlx_macros::expand_query` which comes from the expansion of the macro `sqlx::query_file` (in Nightly builds, run with -Z macro-backtrace for more info)
[INFO] [stdout] 
[INFO] [stdout] 
[INFO] [stdout] error: error communicating with database: Cannot assign requested address (os error 99)
[INFO] [stdout]   --> speedwayrs-backend/src/data/match_info.rs:87:5
[INFO] [stdout]    |
[INFO] [stdout] 87 |     sqlx::query_file_as!(RunPlayerInfo, "queries/data/match_info_games.sql", game_id)
[INFO] [stdout]    |     ^^^^^^^^^^^^^^^^^^^^^^^^^^^^^^^^^^^^^^^^^^^^^^^^^^^^^^^^^^^^^^^^^^^^^^^^^^^^^^^^^
[INFO] [stdout]    |
[INFO] [stdout]    = note: this error originates in the macro `$crate::sqlx_macros::expand_query` which comes from the expansion of the macro `sqlx::query_file_as` (in Nightly builds, run with -Z macro-backtrace for more info)
[INFO] [stdout] 
[INFO] [stdout] 
[INFO] [stdout] error: error communicating with database: Cannot assign requested address (os error 99)
[INFO] [stdout]    --> speedwayrs-backend/src/data/match_info.rs:103:5
[INFO] [stdout]     |
[INFO] [stdout] 103 | /     sqlx::query_file_as!(
[INFO] [stdout] 104 | |         RunTimesInfo,
[INFO] [stdout] 105 | |         "queries/data/match_info_run_times.sql",
[INFO] [stdout] 106 | |         game_id
[INFO] [stdout] 107 | |     )
[INFO] [stdout]     | |_____^
[INFO] [stdout]     |
[INFO] [stdout]     = note: this error originates in the macro `$crate::sqlx_macros::expand_query` which comes from the expansion of the macro `sqlx::query_file_as` (in Nightly builds, run with -Z macro-backtrace for more info)
[INFO] [stdout] 
[INFO] [stdout] 
[INFO] [stdout] error: error communicating with database: Cannot assign requested address (os error 99)
[INFO] [stdout]    --> speedwayrs-backend/src/data/match_info.rs:215:24
[INFO] [stdout]     |
[INFO] [stdout] 215 |     let query_result = sqlx::query_file!("queries/data/match_info_player_score.sql", game_id)
[INFO] [stdout]     |                        ^^^^^^^^^^^^^^^^^^^^^^^^^^^^^^^^^^^^^^^^^^^^^^^^^^^^^^^^^^^^^^^^^^^^^^
[INFO] [stdout]     |
[INFO] [stdout]     = note: this error originates in the macro `$crate::sqlx_macros::expand_query` which comes from the expansion of the macro `sqlx::query_file` (in Nightly builds, run with -Z macro-backtrace for more info)
[INFO] [stdout] 
[INFO] [stdout] 
[INFO] [stdout] error: error communicating with database: Cannot assign requested address (os error 99)
[INFO] [stdout]   --> speedwayrs-backend/src/data/team_data.rs:33:24
[INFO] [stdout]    |
[INFO] [stdout] 33 |     let query_result = sqlx::query_file!("queries/data/team_data_name.sql", team_id)
[INFO] [stdout]    |                        ^^^^^^^^^^^^^^^^^^^^^^^^^^^^^^^^^^^^^^^^^^^^^^^^^^^^^^^^^^^^^
[INFO] [stdout]    |
[INFO] [stdout]    = note: this error originates in the macro `$crate::sqlx_macros::expand_query` which comes from the expansion of the macro `sqlx::query_file` (in Nightly builds, run with -Z macro-backtrace for more info)
[INFO] [stdout] 
[INFO] [stdout] 
[INFO] [stdout] error: error communicating with database: Cannot assign requested address (os error 99)
[INFO] [stdout]   --> speedwayrs-backend/src/data/team_data.rs:47:24
[INFO] [stdout]    |
[INFO] [stdout] 47 |       let query_result = sqlx::query_file!(
[INFO] [stdout]    |  ________________________^
[INFO] [stdout] 48 | |         "queries/data/team_data_matches.sql",
[INFO] [stdout] 49 | |         team_info.team_id,
[INFO] [stdout] 50 | |         team_info.skip_first as i32,
[INFO] [stdout] 51 | |         team_info.step as i32
[INFO] [stdout] 52 | |     )
[INFO] [stdout]    | |_____^
[INFO] [stdout]    |
[INFO] [stdout]    = note: this error originates in the macro `$crate::sqlx_macros::expand_query` which comes from the expansion of the macro `sqlx::query_file` (in Nightly builds, run with -Z macro-backtrace for more info)
[INFO] [stdout] 
[INFO] [stdout] 
[INFO] [stdout] error: error communicating with database: Cannot assign requested address (os error 99)
[INFO] [stdout]   --> speedwayrs-backend/src/data/team_data.rs:72:11
[INFO] [stdout]    |
[INFO] [stdout] 72 |     match sqlx::query_file!("queries/data/team_data_like.sql", username, team_id)
[INFO] [stdout]    |           ^^^^^^^^^^^^^^^^^^^^^^^^^^^^^^^^^^^^^^^^^^^^^^^^^^^^^^^^^^^^^^^^^^^^^^^
[INFO] [stdout]    |
[INFO] [stdout]    = note: this error originates in the macro `$crate::sqlx_macros::expand_query` which comes from the expansion of the macro `sqlx::query_file` (in Nightly builds, run with -Z macro-backtrace for more info)
[INFO] [stdout] 
[INFO] [stdout] 
[INFO] [stdout] error: error communicating with database: Cannot assign requested address (os error 99)
[INFO] [stdout]   --> speedwayrs-backend/src/data/team_stats.rs:44:17
[INFO] [stdout]    |
[INFO] [stdout] 44 |     let query = sqlx::query_file!("queries/team_winratio.sql", team_id)
[INFO] [stdout]    |                 ^^^^^^^^^^^^^^^^^^^^^^^^^^^^^^^^^^^^^^^^^^^^^^^^^^^^^^^
[INFO] [stdout]    |
[INFO] [stdout]    = note: this error originates in the macro `$crate::sqlx_macros::expand_query` which comes from the expansion of the macro `sqlx::query_file` (in Nightly builds, run with -Z macro-backtrace for more info)
[INFO] [stdout] 
[INFO] [stdout] 
[INFO] [stdout] error: error communicating with database: Cannot assign requested address (os error 99)
[INFO] [stdout]   --> speedwayrs-backend/src/data/team_stats.rs:58:17
[INFO] [stdout]    |
[INFO] [stdout] 58 |     let query = sqlx::query_file!("queries/team_looses.sql", team_id, STATS_LIMIT)
[INFO] [stdout]    |                 ^^^^^^^^^^^^^^^^^^^^^^^^^^^^^^^^^^^^^^^^^^^^^^^^^^^^^^^^^^^^^^^^^^
[INFO] [stdout]    |
[INFO] [stdout]    = note: this error originates in the macro `$crate::sqlx_macros::expand_query` which comes from the expansion of the macro `sqlx::query_file` (in Nightly builds, run with -Z macro-backtrace for more info)
[INFO] [stdout] 
[INFO] [stdout] 
[INFO] [stdout] error: error communicating with database: Cannot assign requested address (os error 99)
[INFO] [stdout]   --> speedwayrs-backend/src/data/team_stats.rs:75:17
[INFO] [stdout]    |
[INFO] [stdout] 75 |     let query = sqlx::query_file!("queries/team_wins.sql", team_id, STATS_LIMIT)
[INFO] [stdout]    |                 ^^^^^^^^^^^^^^^^^^^^^^^^^^^^^^^^^^^^^^^^^^^^^^^^^^^^^^^^^^^^^^^^
[INFO] [stdout]    |
[INFO] [stdout]    = note: this error originates in the macro `$crate::sqlx_macros::expand_query` which comes from the expansion of the macro `sqlx::query_file` (in Nightly builds, run with -Z macro-backtrace for more info)
[INFO] [stdout] 
[INFO] [stdout] 
[INFO] [stdout] error: error communicating with database: Cannot assign requested address (os error 99)
[INFO] [stdout]   --> speedwayrs-backend/src/data/mod.rs:46:9
[INFO] [stdout]    |
[INFO] [stdout] 46 |         sqlx::query_file!("queries/player_search.sql", format!("%{name}%"))
[INFO] [stdout]    |         ^^^^^^^^^^^^^^^^^^^^^^^^^^^^^^^^^^^^^^^^^^^^^^^^^^^^^^^^^^^^^^^^^^^
[INFO] [stdout]    |
[INFO] [stdout]    = note: this error originates in the macro `$crate::sqlx_macros::expand_query` which comes from the expansion of the macro `sqlx::query_file` (in Nightly builds, run with -Z macro-backtrace for more info)
[INFO] [stdout] 
[INFO] [stdout] 
[INFO] [stdout] error: error communicating with database: Cannot assign requested address (os error 99)
[INFO] [stdout]   --> speedwayrs-backend/src/data/mod.rs:83:9
[INFO] [stdout]    |
[INFO] [stdout] 83 |         sqlx::query_file!("queries/team_search.sql", format!("%{name}%"))
[INFO] [stdout]    |         ^^^^^^^^^^^^^^^^^^^^^^^^^^^^^^^^^^^^^^^^^^^^^^^^^^^^^^^^^^^^^^^^^
[INFO] [stdout]    |
[INFO] [stdout]    = note: this error originates in the macro `$crate::sqlx_macros::expand_query` which comes from the expansion of the macro `sqlx::query_file` (in Nightly builds, run with -Z macro-backtrace for more info)
[INFO] [stdout] 
[INFO] [stdout] 
[INFO] [stdout] error: error communicating with database: Cannot assign requested address (os error 99)
[INFO] [stdout]   --> speedwayrs-backend/src/session.rs:45:39
[INFO] [stdout]    |
[INFO] [stdout] 45 |     let expiration: sqlx::Result<_> = sqlx::query_file!("queries/session_expiration.sql", uuid)
[INFO] [stdout]    |                                       ^^^^^^^^^^^^^^^^^^^^^^^^^^^^^^^^^^^^^^^^^^^^^^^^^^^^^^^^^
[INFO] [stdout]    |
[INFO] [stdout]    = note: this error originates in the macro `$crate::sqlx_macros::expand_query` which comes from the expansion of the macro `sqlx::query_file` (in Nightly builds, run with -Z macro-backtrace for more info)
[INFO] [stdout] 
[INFO] [stdout] 
[INFO] [stdout] error: error communicating with database: Cannot assign requested address (os error 99)
[INFO] [stdout]   --> speedwayrs-backend/src/session.rs:58:43
[INFO] [stdout]    |
[INFO] [stdout] 58 |               let update: sqlx::Result<_> = sqlx::query_file!(
[INFO] [stdout]    |  ___________________________________________^
[INFO] [stdout] 59 | |                 "queries/session_update.sql",
[INFO] [stdout] 60 | |                 uuid,
[INFO] [stdout] 61 | |                 username,
[INFO] [stdout] 62 | |                 future_expiration
[INFO] [stdout] 63 | |             )
[INFO] [stdout]    | |_____________^
[INFO] [stdout]    |
[INFO] [stdout]    = note: this error originates in the macro `$crate::sqlx_macros::expand_query` which comes from the expansion of the macro `sqlx::query_file` (in Nightly builds, run with -Z macro-backtrace for more info)
[INFO] [stdout] 
[INFO] [stdout] 
[INFO] [stdout] error: aborting due to 14 previous errors
[INFO] [stdout] 
[INFO] [stdout] 
[INFO] [stdout] error: error communicating with database: Cannot assign requested address (os error 99)
[INFO] [stdout]   --> speedwayrs-backend/src/session.rs:84:46
[INFO] [stdout]    |
[INFO] [stdout] 84 |         let query: sqlx::Result<Option<_>> = sqlx::query_file!("queries/session_select.sql", uuid)
[INFO] [stdout]    |                                              ^^^^^^^^^^^^^^^^^^^^^^^^^^^^^^^^^^^^^^^^^^^^^^^^^^^^^
[INFO] [stdout]    |
[INFO] [stdout]    = note: this error originates in the macro `$crate::sqlx_macros::expand_query` which comes from the expansion of the macro `sqlx::query_file` (in Nightly builds, run with -Z macro-backtrace for more info)
[INFO] [stdout] 
[INFO] [stdout] 
[INFO] [stdout] error: error communicating with database: Cannot assign requested address (os error 99)
[INFO] [stdout]   --> speedwayrs-backend/src/session.rs:98:25
[INFO] [stdout]    |
[INFO] [stdout] 98 |                         sqlx::query_file!("queries/session_insert.sql", uuid, expiration)
[INFO] [stdout]    |                         ^^^^^^^^^^^^^^^^^^^^^^^^^^^^^^^^^^^^^^^^^^^^^^^^^^^^^^^^^^^^^^^^^
[INFO] [stdout]    |
[INFO] [stdout]    = note: this error originates in the macro `$crate::sqlx_macros::expand_query` which comes from the expansion of the macro `sqlx::query_file` (in Nightly builds, run with -Z macro-backtrace for more info)
[INFO] [stdout] 
[INFO] [stdout] 
[INFO] [stdout] error: error communicating with database: Cannot assign requested address (os error 99)
[INFO] [stdout]    --> speedwayrs-backend/src/session.rs:118:50
[INFO] [stdout]     |
[INFO] [stdout] 118 |                       let query: sqlx::Result<_> = sqlx::query_file!(
[INFO] [stdout]     |  __________________________________________________^
[INFO] [stdout] 119 | |                         "queries/session_update.sql",
[INFO] [stdout] 120 | |                         uuid,
[INFO] [stdout] 121 | |                         future_username,
[INFO] [stdout] 122 | |                         current_time + SESSION_EXPIRATION
[INFO] [stdout] 123 | |                     )
[INFO] [stdout]     | |_____________________^
[INFO] [stdout]     |
[INFO] [stdout]     = note: this error originates in the macro `$crate::sqlx_macros::expand_query` which comes from the expansion of the macro `sqlx::query_file` (in Nightly builds, run with -Z macro-backtrace for more info)
[INFO] [stdout] 
[INFO] [stdout] 
[INFO] [stdout] error: error communicating with database: Cannot assign requested address (os error 99)
[INFO] [stdout]    --> speedwayrs-backend/src/session.rs:145:13
[INFO] [stdout]     |
[INFO] [stdout] 145 |             sqlx::query_file!("queries/session_insert.sql", new_uuid, expiration)
[INFO] [stdout]     |             ^^^^^^^^^^^^^^^^^^^^^^^^^^^^^^^^^^^^^^^^^^^^^^^^^^^^^^^^^^^^^^^^^^^^^
[INFO] [stdout]     |
[INFO] [stdout]     = note: this error originates in the macro `$crate::sqlx_macros::expand_query` which comes from the expansion of the macro `sqlx::query_file` (in Nightly builds, run with -Z macro-backtrace for more info)
[INFO] [stdout] 
[INFO] [stdout] 
[INFO] [stderr] error: could not document `speedwayrs-loader`
[INFO] [stderr] 
[INFO] [stderr] Caused by:
[INFO] [stderr]   process didn't exit successfully: `/opt/rustwide/rustup-home/toolchains/beta-2023-12-22-x86_64-unknown-linux-gnu/bin/rustdoc --edition=2021 --crate-type bin --crate-name speedwayrs_loader speedwayrs-loader/src/main.rs -o /opt/rustwide/target/doc --error-format=json --json=diagnostic-rendered-ansi,artifacts,future-incompat --document-private-items '-Arustdoc::private-intra-doc-links' -C metadata=4067e685c5e0097c -L dependency=/opt/rustwide/target/debug/deps --extern anyhow=/opt/rustwide/target/debug/deps/libanyhow-c58ca26ed7e3b3d6.rmeta --extern dotenvy=/opt/rustwide/target/debug/deps/libdotenvy-a68b745ea3e09456.rmeta --extern serde=/opt/rustwide/target/debug/deps/libserde-175fd08502ff0443.rmeta --extern serde_json=/opt/rustwide/target/debug/deps/libserde_json-ef47d5421738d74d.rmeta --extern speedwayrs_types=/opt/rustwide/target/debug/deps/libspeedwayrs_types-d54ee0dc0bee6f0f.rmeta --extern sqlx=/opt/rustwide/target/debug/deps/libsqlx-af1cec8165b24ca0.rmeta --extern time=/opt/rustwide/target/debug/deps/libtime-508972eff6ca7be0.rmeta --extern tokio=/opt/rustwide/target/debug/deps/libtokio-7bb9c8cca3b6e0f0.rmeta --cap-lints=warn --crate-version 0.1.0` (exit status: 1)
[INFO] [stderr] warning: build failed, waiting for other jobs to finish...
[INFO] [stdout] error: error communicating with database: Cannot assign requested address (os error 99)
[INFO] [stdout]    --> speedwayrs-backend/src/session.rs:250:34
[INFO] [stdout]     |
[INFO] [stdout] 250 |     let query: sqlx::Result<_> = sqlx::query_file!("queries/session_select.sql", uuid)
[INFO] [stdout]     |                                  ^^^^^^^^^^^^^^^^^^^^^^^^^^^^^^^^^^^^^^^^^^^^^^^^^^^^^
[INFO] [stdout]     |
[INFO] [stdout]     = note: this error originates in the macro `$crate::sqlx_macros::expand_query` which comes from the expansion of the macro `sqlx::query_file` (in Nightly builds, run with -Z macro-backtrace for more info)
[INFO] [stdout] 
[INFO] [stdout] 
[INFO] [stdout] error: error communicating with database: Cannot assign requested address (os error 99)
[INFO] [stdout]   --> speedwayrs-backend/src/utils/chat.rs:29:26
[INFO] [stdout]    |
[INFO] [stdout] 29 |     let query_username = sqlx::query_file!("queries/session_select.sql", uuid)
[INFO] [stdout]    |                          ^^^^^^^^^^^^^^^^^^^^^^^^^^^^^^^^^^^^^^^^^^^^^^^^^^^^^
[INFO] [stdout]    |
[INFO] [stdout]    = note: this error originates in the macro `$crate::sqlx_macros::expand_query` which comes from the expansion of the macro `sqlx::query_file` (in Nightly builds, run with -Z macro-backtrace for more info)
[INFO] [stdout] 
[INFO] [stdout] 
[INFO] [stdout] error: error communicating with database: Cannot assign requested address (os error 99)
[INFO] [stdout]   --> speedwayrs-backend/src/utils/chat.rs:45:32
[INFO] [stdout]    |
[INFO] [stdout] 45 |             let query_insert = sqlx::query_file!("queries/utils/post_message.sql", record.username, msg.message, current_date)
[INFO] [stdout]    |                                ^^^^^^^^^^^^^^^^^^^^^^^^^^^^^^^^^^^^^^^^^^^^^^^^^^^^^^^^^^^^^^^^^^^^^^^^^^^^^^^^^^^^^^^^^^^^^^^
[INFO] [stdout]    |
[INFO] [stdout]    = note: this error originates in the macro `$crate::sqlx_macros::expand_query` which comes from the expansion of the macro `sqlx::query_file` (in Nightly builds, run with -Z macro-backtrace for more info)
[INFO] [stdout] 
[INFO] [stdout] 
[INFO] [stdout] error: error communicating with database: Cannot assign requested address (os error 99)
[INFO] [stdout]   --> speedwayrs-backend/src/utils/chat.rs:29:26
[INFO] [stdout]    |
[INFO] [stdout] 29 |     let query_username = sqlx::query_file!("queries/session_select.sql", uuid)
[INFO] [stdout]    |                          ^^^^^^^^^^^^^^^^^^^^^^^^^^^^^^^^^^^^^^^^^^^^^^^^^^^^^
[INFO] [stdout]    |
[INFO] [stdout]    = note: this error originates in the macro `$crate::sqlx_macros::expand_query` which comes from the expansion of the macro `sqlx::query_file` (in Nightly builds, run with -Z macro-backtrace for more info)
[INFO] [stdout] 
[INFO] [stdout] 
[INFO] [stdout] error: error communicating with database: Cannot assign requested address (os error 99)
[INFO] [stdout]   --> speedwayrs-backend/src/utils/chat.rs:45:32
[INFO] [stdout]    |
[INFO] [stdout] 45 |             let query_insert = sqlx::query_file!("queries/utils/post_message.sql", record.username, msg.message, current_date)
[INFO] [stdout]    |                                ^^^^^^^^^^^^^^^^^^^^^^^^^^^^^^^^^^^^^^^^^^^^^^^^^^^^^^^^^^^^^^^^^^^^^^^^^^^^^^^^^^^^^^^^^^^^^^^
[INFO] [stdout]    |
[INFO] [stdout]    = note: this error originates in the macro `$crate::sqlx_macros::expand_query` which comes from the expansion of the macro `sqlx::query_file` (in Nightly builds, run with -Z macro-backtrace for more info)
[INFO] [stdout] 
[INFO] [stdout] 
[INFO] [stdout] error: error communicating with database: Cannot assign requested address (os error 99)
[INFO] [stdout]   --> speedwayrs-backend/src/utils/chat.rs:29:26
[INFO] [stdout]    |
[INFO] [stdout] 29 |     let query_username = sqlx::query_file!("queries/session_select.sql", uuid)
[INFO] [stdout]    |                          ^^^^^^^^^^^^^^^^^^^^^^^^^^^^^^^^^^^^^^^^^^^^^^^^^^^^^
[INFO] [stdout]    |
[INFO] [stdout]    = note: this error originates in the macro `$crate::sqlx_macros::expand_query` which comes from the expansion of the macro `sqlx::query_file` (in Nightly builds, run with -Z macro-backtrace for more info)
[INFO] [stdout] 
[INFO] [stdout] 
[INFO] [stdout] error: error communicating with database: Cannot assign requested address (os error 99)
[INFO] [stdout]   --> speedwayrs-backend/src/utils/chat.rs:45:32
[INFO] [stdout]    |
[INFO] [stdout] 45 |             let query_insert = sqlx::query_file!("queries/utils/post_message.sql", record.username, msg.message, current_date)
[INFO] [stdout]    |                                ^^^^^^^^^^^^^^^^^^^^^^^^^^^^^^^^^^^^^^^^^^^^^^^^^^^^^^^^^^^^^^^^^^^^^^^^^^^^^^^^^^^^^^^^^^^^^^^
[INFO] [stdout]    |
[INFO] [stdout]    = note: this error originates in the macro `$crate::sqlx_macros::expand_query` which comes from the expansion of the macro `sqlx::query_file` (in Nightly builds, run with -Z macro-backtrace for more info)
[INFO] [stdout] 
[INFO] [stdout] 
[INFO] [stdout] error: error communicating with database: Cannot assign requested address (os error 99)
[INFO] [stdout]   --> speedwayrs-backend/src/utils/chat.rs:75:25
[INFO] [stdout]    |
[INFO] [stdout] 75 | ...age = sqlx::query_file_as!(Message, "queries/utils/get_messages.sql", (msg_info.page - 1) * MESSAGES_ON_PAGE, MESSAGES_ON_PAGE)
[INFO] [stdout]    |          ^^^^^^^^^^^^^^^^^^^^^^^^^^^^^^^^^^^^^^^^^^^^^^^^^^^^^^^^^^^^^^^^^^^^^^^^^^^^^^^^^^^^^^^^^^^^^^^^^^^^^^^^^^^^^^^^^^^^^^^^^
[INFO] [stdout]    |
[INFO] [stdout]    = note: this error originates in the macro `$crate::sqlx_macros::expand_query` which comes from the expansion of the macro `sqlx::query_file_as` (in Nightly builds, run with -Z macro-backtrace for more info)
[INFO] [stdout] 
[INFO] [stdout] 
[INFO] [stdout] error: error communicating with database: Cannot assign requested address (os error 99)
[INFO] [stdout]   --> speedwayrs-backend/src/utils/mod.rs:49:13
[INFO] [stdout]    |
[INFO] [stdout] 49 |             sqlx::query_file!("queries/utils/check_like_team.sql", username, team_id)
[INFO] [stdout]    |             ^^^^^^^^^^^^^^^^^^^^^^^^^^^^^^^^^^^^^^^^^^^^^^^^^^^^^^^^^^^^^^^^^^^^^^^^^
[INFO] [stdout]    |
[INFO] [stdout]    = note: this error originates in the macro `$crate::sqlx_macros::expand_query` which comes from the expansion of the macro `sqlx::query_file` (in Nightly builds, run with -Z macro-backtrace for more info)
[INFO] [stdout] 
[INFO] [stdout] 
[INFO] [stdout] error: error communicating with database: Cannot assign requested address (os error 99)
[INFO] [stdout]   --> speedwayrs-backend/src/utils/mod.rs:62:21
[INFO] [stdout]    |
[INFO] [stdout] 62 |                     sqlx::query_file!("queries/utils/post_like_team.sql", username, team_id)
[INFO] [stdout]    |                     ^^^^^^^^^^^^^^^^^^^^^^^^^^^^^^^^^^^^^^^^^^^^^^^^^^^^^^^^^^^^^^^^^^^^^^^^
[INFO] [stdout]    |
[INFO] [stdout]    = note: this error originates in the macro `$crate::sqlx_macros::expand_query` which comes from the expansion of the macro `sqlx::query_file` (in Nightly builds, run with -Z macro-backtrace for more info)
[INFO] [stdout] 
[INFO] [stdout] 
[INFO] [stdout] error: error communicating with database: Cannot assign requested address (os error 99)
[INFO] [stdout]   --> speedwayrs-backend/src/utils/mod.rs:77:21
[INFO] [stdout]    |
[INFO] [stdout] 77 |                     sqlx::query_file!("queries/utils/remove_like_team.sql", username, team_id)
[INFO] [stdout]    |                     ^^^^^^^^^^^^^^^^^^^^^^^^^^^^^^^^^^^^^^^^^^^^^^^^^^^^^^^^^^^^^^^^^^^^^^^^^^
[INFO] [stdout]    |
[INFO] [stdout]    = note: this error originates in the macro `$crate::sqlx_macros::expand_query` which comes from the expansion of the macro `sqlx::query_file` (in Nightly builds, run with -Z macro-backtrace for more info)
[INFO] [stdout] 
[INFO] [stdout] 
[INFO] [stdout] error: error communicating with database: Cannot assign requested address (os error 99)
[INFO] [stdout]   --> speedwayrs-backend/src/utils/mod.rs:94:13
[INFO] [stdout]    |
[INFO] [stdout] 94 |             sqlx::query_file!("queries/utils/check_like_player.sql", username, player_id)
[INFO] [stdout]    |             ^^^^^^^^^^^^^^^^^^^^^^^^^^^^^^^^^^^^^^^^^^^^^^^^^^^^^^^^^^^^^^^^^^^^^^^^^^^^^
[INFO] [stdout]    |
[INFO] [stdout]    = note: this error originates in the macro `$crate::sqlx_macros::expand_query` which comes from the expansion of the macro `sqlx::query_file` (in Nightly builds, run with -Z macro-backtrace for more info)
[INFO] [stdout] 
[INFO] [stdout] 
[INFO] [stdout] error: error communicating with database: Cannot assign requested address (os error 99)
[INFO] [stdout]    --> speedwayrs-backend/src/utils/mod.rs:109:21
[INFO] [stdout]     |
[INFO] [stdout] 109 |                     sqlx::query_file!("queries/utils/post_like_player.sql", username, player_id)
[INFO] [stdout]     |                     ^^^^^^^^^^^^^^^^^^^^^^^^^^^^^^^^^^^^^^^^^^^^^^^^^^^^^^^^^^^^^^^^^^^^^^^^^^^^
[INFO] [stdout]     |
[INFO] [stdout]     = note: this error originates in the macro `$crate::sqlx_macros::expand_query` which comes from the expansion of the macro `sqlx::query_file` (in Nightly builds, run with -Z macro-backtrace for more info)
[INFO] [stdout] 
[INFO] [stdout] 
[INFO] [stdout] error: error communicating with database: Cannot assign requested address (os error 99)
[INFO] [stdout]    --> speedwayrs-backend/src/utils/mod.rs:124:21
[INFO] [stdout]     |
[INFO] [stdout] 124 |                     sqlx::query_file!("queries/utils/remove_like_player.sql", username, player_id)
[INFO] [stdout]     |                     ^^^^^^^^^^^^^^^^^^^^^^^^^^^^^^^^^^^^^^^^^^^^^^^^^^^^^^^^^^^^^^^^^^^^^^^^^^^^^^
[INFO] [stdout]     |
[INFO] [stdout]     = note: this error originates in the macro `$crate::sqlx_macros::expand_query` which comes from the expansion of the macro `sqlx::query_file` (in Nightly builds, run with -Z macro-backtrace for more info)
[INFO] [stdout] 
[INFO] [stdout] 
[INFO] [stdout] error: error communicating with database: Cannot assign requested address (os error 99)
[INFO] [stdout]   --> speedwayrs-backend/src/utils/mod.rs:49:13
[INFO] [stdout]    |
[INFO] [stdout] 49 |             sqlx::query_file!("queries/utils/check_like_team.sql", username, team_id)
[INFO] [stdout]    |             ^^^^^^^^^^^^^^^^^^^^^^^^^^^^^^^^^^^^^^^^^^^^^^^^^^^^^^^^^^^^^^^^^^^^^^^^^
[INFO] [stdout]    |
[INFO] [stdout]    = note: this error originates in the macro `$crate::sqlx_macros::expand_query` which comes from the expansion of the macro `sqlx::query_file` (in Nightly builds, run with -Z macro-backtrace for more info)
[INFO] [stdout] 
[INFO] [stdout] 
[INFO] [stdout] error: error communicating with database: Cannot assign requested address (os error 99)
[INFO] [stdout]   --> speedwayrs-backend/src/utils/mod.rs:62:21
[INFO] [stdout]    |
[INFO] [stdout] 62 |                     sqlx::query_file!("queries/utils/post_like_team.sql", username, team_id)
[INFO] [stdout]    |                     ^^^^^^^^^^^^^^^^^^^^^^^^^^^^^^^^^^^^^^^^^^^^^^^^^^^^^^^^^^^^^^^^^^^^^^^^
[INFO] [stdout]    |
[INFO] [stdout]    = note: this error originates in the macro `$crate::sqlx_macros::expand_query` which comes from the expansion of the macro `sqlx::query_file` (in Nightly builds, run with -Z macro-backtrace for more info)
[INFO] [stdout] 
[INFO] [stdout] 
[INFO] [stdout] error: error communicating with database: Cannot assign requested address (os error 99)
[INFO] [stdout]   --> speedwayrs-backend/src/utils/mod.rs:77:21
[INFO] [stdout]    |
[INFO] [stdout] 77 |                     sqlx::query_file!("queries/utils/remove_like_team.sql", username, team_id)
[INFO] [stdout]    |                     ^^^^^^^^^^^^^^^^^^^^^^^^^^^^^^^^^^^^^^^^^^^^^^^^^^^^^^^^^^^^^^^^^^^^^^^^^^
[INFO] [stdout]    |
[INFO] [stdout]    = note: this error originates in the macro `$crate::sqlx_macros::expand_query` which comes from the expansion of the macro `sqlx::query_file` (in Nightly builds, run with -Z macro-backtrace for more info)
[INFO] [stdout] 
[INFO] [stdout] 
[INFO] [stdout] error: error communicating with database: Cannot assign requested address (os error 99)
[INFO] [stdout]   --> speedwayrs-backend/src/utils/mod.rs:94:13
[INFO] [stdout]    |
[INFO] [stdout] 94 |             sqlx::query_file!("queries/utils/check_like_player.sql", username, player_id)
[INFO] [stdout]    |             ^^^^^^^^^^^^^^^^^^^^^^^^^^^^^^^^^^^^^^^^^^^^^^^^^^^^^^^^^^^^^^^^^^^^^^^^^^^^^
[INFO] [stdout]    |
[INFO] [stdout]    = note: this error originates in the macro `$crate::sqlx_macros::expand_query` which comes from the expansion of the macro `sqlx::query_file` (in Nightly builds, run with -Z macro-backtrace for more info)
[INFO] [stdout] 
[INFO] [stdout] 
[INFO] [stdout] error: error communicating with database: Cannot assign requested address (os error 99)
[INFO] [stdout]    --> speedwayrs-backend/src/utils/mod.rs:109:21
[INFO] [stdout]     |
[INFO] [stdout] 109 |                     sqlx::query_file!("queries/utils/post_like_player.sql", username, player_id)
[INFO] [stdout]     |                     ^^^^^^^^^^^^^^^^^^^^^^^^^^^^^^^^^^^^^^^^^^^^^^^^^^^^^^^^^^^^^^^^^^^^^^^^^^^^
[INFO] [stdout]     |
[INFO] [stdout]     = note: this error originates in the macro `$crate::sqlx_macros::expand_query` which comes from the expansion of the macro `sqlx::query_file` (in Nightly builds, run with -Z macro-backtrace for more info)
[INFO] [stdout] 
[INFO] [stdout] 
[INFO] [stdout] error: error communicating with database: Cannot assign requested address (os error 99)
[INFO] [stdout]    --> speedwayrs-backend/src/utils/mod.rs:124:21
[INFO] [stdout]     |
[INFO] [stdout] 124 |                     sqlx::query_file!("queries/utils/remove_like_player.sql", username, player_id)
[INFO] [stdout]     |                     ^^^^^^^^^^^^^^^^^^^^^^^^^^^^^^^^^^^^^^^^^^^^^^^^^^^^^^^^^^^^^^^^^^^^^^^^^^^^^^
[INFO] [stdout]     |
[INFO] [stdout]     = note: this error originates in the macro `$crate::sqlx_macros::expand_query` which comes from the expansion of the macro `sqlx::query_file` (in Nightly builds, run with -Z macro-backtrace for more info)
[INFO] [stdout] 
[INFO] [stdout] 
[INFO] [stdout] error: error communicating with database: Cannot assign requested address (os error 99)
[INFO] [stdout]   --> speedwayrs-backend/src/utils/mod.rs:49:13
[INFO] [stdout]    |
[INFO] [stdout] 49 |             sqlx::query_file!("queries/utils/check_like_team.sql", username, team_id)
[INFO] [stdout]    |             ^^^^^^^^^^^^^^^^^^^^^^^^^^^^^^^^^^^^^^^^^^^^^^^^^^^^^^^^^^^^^^^^^^^^^^^^^
[INFO] [stdout]    |
[INFO] [stdout]    = note: this error originates in the macro `$crate::sqlx_macros::expand_query` which comes from the expansion of the macro `sqlx::query_file` (in Nightly builds, run with -Z macro-backtrace for more info)
[INFO] [stdout] 
[INFO] [stdout] 
[INFO] [stdout] error: error communicating with database: Cannot assign requested address (os error 99)
[INFO] [stdout]   --> speedwayrs-backend/src/utils/mod.rs:62:21
[INFO] [stdout]    |
[INFO] [stdout] 62 |                     sqlx::query_file!("queries/utils/post_like_team.sql", username, team_id)
[INFO] [stdout]    |                     ^^^^^^^^^^^^^^^^^^^^^^^^^^^^^^^^^^^^^^^^^^^^^^^^^^^^^^^^^^^^^^^^^^^^^^^^
[INFO] [stdout]    |
[INFO] [stdout]    = note: this error originates in the macro `$crate::sqlx_macros::expand_query` which comes from the expansion of the macro `sqlx::query_file` (in Nightly builds, run with -Z macro-backtrace for more info)
[INFO] [stdout] 
[INFO] [stdout] 
[INFO] [stdout] error: error communicating with database: Cannot assign requested address (os error 99)
[INFO] [stdout]   --> speedwayrs-backend/src/utils/mod.rs:77:21
[INFO] [stdout]    |
[INFO] [stdout] 77 |                     sqlx::query_file!("queries/utils/remove_like_team.sql", username, team_id)
[INFO] [stdout]    |                     ^^^^^^^^^^^^^^^^^^^^^^^^^^^^^^^^^^^^^^^^^^^^^^^^^^^^^^^^^^^^^^^^^^^^^^^^^^
[INFO] [stdout]    |
[INFO] [stdout]    = note: this error originates in the macro `$crate::sqlx_macros::expand_query` which comes from the expansion of the macro `sqlx::query_file` (in Nightly builds, run with -Z macro-backtrace for more info)
[INFO] [stdout] 
[INFO] [stdout] 
[INFO] [stdout] error: error communicating with database: Cannot assign requested address (os error 99)
[INFO] [stdout]   --> speedwayrs-backend/src/utils/mod.rs:94:13
[INFO] [stdout]    |
[INFO] [stdout] 94 |             sqlx::query_file!("queries/utils/check_like_player.sql", username, player_id)
[INFO] [stdout]    |             ^^^^^^^^^^^^^^^^^^^^^^^^^^^^^^^^^^^^^^^^^^^^^^^^^^^^^^^^^^^^^^^^^^^^^^^^^^^^^
[INFO] [stdout]    |
[INFO] [stdout]    = note: this error originates in the macro `$crate::sqlx_macros::expand_query` which comes from the expansion of the macro `sqlx::query_file` (in Nightly builds, run with -Z macro-backtrace for more info)
[INFO] [stdout] 
[INFO] [stdout] 
[INFO] [stdout] error: error communicating with database: Cannot assign requested address (os error 99)
[INFO] [stdout]    --> speedwayrs-backend/src/utils/mod.rs:109:21
[INFO] [stdout]     |
[INFO] [stdout] 109 |                     sqlx::query_file!("queries/utils/post_like_player.sql", username, player_id)
[INFO] [stdout]     |                     ^^^^^^^^^^^^^^^^^^^^^^^^^^^^^^^^^^^^^^^^^^^^^^^^^^^^^^^^^^^^^^^^^^^^^^^^^^^^
[INFO] [stdout]     |
[INFO] [stdout]     = note: this error originates in the macro `$crate::sqlx_macros::expand_query` which comes from the expansion of the macro `sqlx::query_file` (in Nightly builds, run with -Z macro-backtrace for more info)
[INFO] [stdout] 
[INFO] [stdout] 
[INFO] [stdout] error: error communicating with database: Cannot assign requested address (os error 99)
[INFO] [stdout]    --> speedwayrs-backend/src/utils/mod.rs:124:21
[INFO] [stdout]     |
[INFO] [stdout] 124 |                     sqlx::query_file!("queries/utils/remove_like_player.sql", username, player_id)
[INFO] [stdout]     |                     ^^^^^^^^^^^^^^^^^^^^^^^^^^^^^^^^^^^^^^^^^^^^^^^^^^^^^^^^^^^^^^^^^^^^^^^^^^^^^^
[INFO] [stdout]     |
[INFO] [stdout]     = note: this error originates in the macro `$crate::sqlx_macros::expand_query` which comes from the expansion of the macro `sqlx::query_file` (in Nightly builds, run with -Z macro-backtrace for more info)
[INFO] [stdout] 
[INFO] [stdout] 
[INFO] [stdout] error: aborting due to 58 previous errors
[INFO] [stdout] 
[INFO] [stdout] 
[INFO] [stderr] error: could not document `speedwayrs-backend`
[INFO] [stderr] 
[INFO] [stderr] Caused by:
[INFO] [stderr]   process didn't exit successfully: `/opt/rustwide/rustup-home/toolchains/beta-2023-12-22-x86_64-unknown-linux-gnu/bin/rustdoc --edition=2021 --crate-type bin --crate-name speedwayrs_backend speedwayrs-backend/src/main.rs -o /opt/rustwide/target/doc --error-format=json --json=diagnostic-rendered-ansi,artifacts,future-incompat --document-private-items '-Arustdoc::private-intra-doc-links' -C metadata=c6e5be77bf513486 -L dependency=/opt/rustwide/target/debug/deps --extern anyhow=/opt/rustwide/target/debug/deps/libanyhow-c58ca26ed7e3b3d6.rmeta --extern argon2=/opt/rustwide/target/debug/deps/libargon2-070ad36a8b3c4950.rmeta --extern axum=/opt/rustwide/target/debug/deps/libaxum-e45e2c34ba3ddd49.rmeta --extern axum_extra=/opt/rustwide/target/debug/deps/libaxum_extra-c5e7e034bee91426.rmeta --extern axum_macros=/opt/rustwide/target/debug/deps/libaxum_macros-c20814246781046b.so --extern dotenvy=/opt/rustwide/target/debug/deps/libdotenvy-a68b745ea3e09456.rmeta --extern email_address=/opt/rustwide/target/debug/deps/libemail_address-208cb362a5e07e6f.rmeta --extern http=/opt/rustwide/target/debug/deps/libhttp-1d3249462d06572d.rmeta --extern rand=/opt/rustwide/target/debug/deps/librand-b13463725912157b.rmeta --extern serde=/opt/rustwide/target/debug/deps/libserde-175fd08502ff0443.rmeta --extern serde_json=/opt/rustwide/target/debug/deps/libserde_json-ef47d5421738d74d.rmeta --extern speedwayrs_types=/opt/rustwide/target/debug/deps/libspeedwayrs_types-d54ee0dc0bee6f0f.rmeta --extern sqlx=/opt/rustwide/target/debug/deps/libsqlx-af1cec8165b24ca0.rmeta --extern time=/opt/rustwide/target/debug/deps/libtime-508972eff6ca7be0.rmeta --extern tokio=/opt/rustwide/target/debug/deps/libtokio-7bb9c8cca3b6e0f0.rmeta --extern tower_http=/opt/rustwide/target/debug/deps/libtower_http-e703509012e0fafa.rmeta --extern tracing=/opt/rustwide/target/debug/deps/libtracing-f68b9b3f801676e3.rmeta --extern tracing_subscriber=/opt/rustwide/target/debug/deps/libtracing_subscriber-24651e85516dd9dd.rmeta --extern uuid=/opt/rustwide/target/debug/deps/libuuid-4d34cf7dbfbc2698.rmeta --cap-lints=warn --crate-version 0.1.0` (exit status: 1)
[INFO] running `Command { std: "docker" "inspect" "86b79aaba9b845ca1d6f8ce21396b4f7fe36e09854038f37e7896414b095effa", kill_on_drop: false }`
[INFO] running `Command { std: "docker" "rm" "-f" "86b79aaba9b845ca1d6f8ce21396b4f7fe36e09854038f37e7896414b095effa", kill_on_drop: false }`
[INFO] [stdout] 86b79aaba9b845ca1d6f8ce21396b4f7fe36e09854038f37e7896414b095effa
