[INFO] cloning repository https://github.com/Fryuni/advent-of-code-2021
[INFO] running `Command { std: "git" "-c" "credential.helper=" "-c" "credential.helper=/workspace/cargo-home/bin/git-credential-null" "clone" "--bare" "https://github.com/Fryuni/advent-of-code-2021" "/workspace/cache/git-repos/https%3A%2F%2Fgithub.com%2FFryuni%2Fadvent-of-code-2021", kill_on_drop: false }`
[INFO] [stderr] Cloning into bare repository '/workspace/cache/git-repos/https%3A%2F%2Fgithub.com%2FFryuni%2Fadvent-of-code-2021'...
[INFO] running `Command { std: "git" "rev-parse" "HEAD", kill_on_drop: false }`
[INFO] [stdout] 832121aba87516b4c2727eee9869348e1a5a7840
[INFO] documenting Fryuni/advent-of-code-2021 against 1.75.0 for beta-1.76-rustdoc-1
[INFO] running `Command { std: "git" "clone" "/workspace/cache/git-repos/https%3A%2F%2Fgithub.com%2FFryuni%2Fadvent-of-code-2021" "/workspace/builds/worker-1-tc1/source", kill_on_drop: false }`
[INFO] [stderr] Cloning into '/workspace/builds/worker-1-tc1/source'...
[INFO] [stderr] done.
[INFO] validating manifest of git repo https://github.com/Fryuni/advent-of-code-2021 on toolchain 1.75.0
[INFO] running `Command { std: CARGO_HOME="/workspace/cargo-home" RUSTUP_HOME="/workspace/rustup-home" "/workspace/cargo-home/bin/cargo" "+1.75.0" "metadata" "--manifest-path" "Cargo.toml" "--no-deps", kill_on_drop: false }`
[INFO] started tweaking git repo https://github.com/Fryuni/advent-of-code-2021
[INFO] finished tweaking git repo https://github.com/Fryuni/advent-of-code-2021
[INFO] tweaked toml for git repo https://github.com/Fryuni/advent-of-code-2021 written to /workspace/builds/worker-1-tc1/source/Cargo.toml
[INFO] crate git repo https://github.com/Fryuni/advent-of-code-2021 already has a lockfile, it will not be regenerated
[INFO] running `Command { std: CARGO_HOME="/workspace/cargo-home" RUSTUP_HOME="/workspace/rustup-home" "/workspace/cargo-home/bin/cargo" "+1.75.0" "fetch" "--manifest-path" "Cargo.toml", kill_on_drop: false }`
[INFO] [stderr]     Updating crates.io index
[INFO] [stderr]  Downloading crates ...
[INFO] [stderr]   Downloaded serde v1.0.132
[INFO] [stderr]   Downloaded tui v0.16.0
[INFO] [stderr]   Downloaded test-case v2.0.2
[INFO] [stderr]   Downloaded tee_readwrite v0.1.0
[INFO] running `Command { std: "docker" "create" "-v" "/var/lib/crater-agent-workspace/builds/worker-1-tc1/target:/opt/rustwide/target:rw,Z" "-v" "/var/lib/crater-agent-workspace/builds/worker-1-tc1/source:/opt/rustwide/workdir:ro,Z" "-v" "/var/lib/crater-agent-workspace/cargo-home:/opt/rustwide/cargo-home:ro,Z" "-v" "/var/lib/crater-agent-workspace/rustup-home:/opt/rustwide/rustup-home:ro,Z" "-e" "SOURCE_DIR=/opt/rustwide/workdir" "-e" "CARGO_TARGET_DIR=/opt/rustwide/target" "-e" "CARGO_HOME=/opt/rustwide/cargo-home" "-e" "RUSTUP_HOME=/opt/rustwide/rustup-home" "-w" "/opt/rustwide/workdir" "-m" "1610612736" "--user" "0:0" "--network" "none" "ghcr.io/rust-lang/crates-build-env/linux@sha256:2788e3201cd34a07e3172128adcd8b3090168a8e3bcc40d7c032b9dda1df7d1c" "/opt/rustwide/cargo-home/bin/cargo" "+1.75.0" "metadata" "--no-deps" "--format-version=1", kill_on_drop: false }`
[INFO] [stdout] 12a7f8893c3a51cbe49948f675bb7fabead63434fa7b07db7e91f659ca68e7f3
[INFO] running `Command { std: "docker" "start" "-a" "12a7f8893c3a51cbe49948f675bb7fabead63434fa7b07db7e91f659ca68e7f3", kill_on_drop: false }`
[INFO] running `Command { std: "docker" "inspect" "12a7f8893c3a51cbe49948f675bb7fabead63434fa7b07db7e91f659ca68e7f3", kill_on_drop: false }`
[INFO] running `Command { std: "docker" "rm" "-f" "12a7f8893c3a51cbe49948f675bb7fabead63434fa7b07db7e91f659ca68e7f3", kill_on_drop: false }`
[INFO] [stdout] 12a7f8893c3a51cbe49948f675bb7fabead63434fa7b07db7e91f659ca68e7f3
[INFO] running `Command { std: "docker" "create" "-v" "/var/lib/crater-agent-workspace/builds/worker-1-tc1/target:/opt/rustwide/target:rw,Z" "-v" "/var/lib/crater-agent-workspace/builds/worker-1-tc1/source:/opt/rustwide/workdir:ro,Z" "-v" "/var/lib/crater-agent-workspace/cargo-home:/opt/rustwide/cargo-home:ro,Z" "-v" "/var/lib/crater-agent-workspace/rustup-home:/opt/rustwide/rustup-home:ro,Z" "-e" "SOURCE_DIR=/opt/rustwide/workdir" "-e" "CARGO_TARGET_DIR=/opt/rustwide/target" "-e" "CARGO_INCREMENTAL=0" "-e" "RUST_BACKTRACE=full" "-e" "RUSTFLAGS=--cap-lints=warn" "-e" "RUSTDOCFLAGS=--cap-lints=warn" "-e" "CARGO_HOME=/opt/rustwide/cargo-home" "-e" "RUSTUP_HOME=/opt/rustwide/rustup-home" "-w" "/opt/rustwide/workdir" "-m" "1610612736" "--user" "0:0" "--network" "none" "ghcr.io/rust-lang/crates-build-env/linux@sha256:2788e3201cd34a07e3172128adcd8b3090168a8e3bcc40d7c032b9dda1df7d1c" "/opt/rustwide/cargo-home/bin/cargo" "+1.75.0" "doc" "--frozen" "--no-deps" "--document-private-items" "--message-format=json", kill_on_drop: false }`
[INFO] [stdout] 564e41dbe7a2f3b74949cfddf3a007371261480545cae181dc3175b89b35dce3
[INFO] running `Command { std: "docker" "start" "-a" "564e41dbe7a2f3b74949cfddf3a007371261480545cae181dc3175b89b35dce3", kill_on_drop: false }`
[INFO] [stderr]    Compiling proc-macro2 v1.0.36
[INFO] [stderr]    Compiling autocfg v1.0.1
[INFO] [stderr]    Compiling libc v0.2.112
[INFO] [stderr]    Compiling unicode-xid v0.2.2
[INFO] [stderr]    Compiling syn v1.0.84
[INFO] [stderr]    Compiling crossbeam-utils v0.8.6
[INFO] [stderr]    Compiling serde v1.0.132
[INFO] [stderr]    Compiling crossbeam-epoch v0.9.6
[INFO] [stderr]    Compiling rayon-core v1.9.1
[INFO] [stderr]    Compiling memchr v2.4.1
[INFO] [stderr]    Compiling version_check v0.9.3
[INFO] [stderr]    Compiling anyhow v1.0.57
[INFO] [stderr]     Checking numtoa v0.1.0
[INFO] [stderr]     Checking either v1.6.1
[INFO] [stderr]     Checking unicode-segmentation v1.8.0
[INFO] [stderr]     Checking cassowary v0.3.0
[INFO] [stderr]     Checking unicode-width v0.1.9
[INFO] [stderr]     Checking itertools v0.10.1
[INFO] [stderr]     Checking arrayvec v0.7.2
[INFO] [stderr]     Checking hex v0.4.3
[INFO] [stderr]     Checking tee_readwrite v0.1.0
[INFO] [stderr]     Checking tap v1.0.1
[INFO] [stderr]    Compiling memoffset v0.6.5
[INFO] [stderr]    Compiling rayon v1.5.1
[INFO] [stderr]    Compiling nom v7.1.0
[INFO] [stderr]     Checking crossbeam-channel v0.5.2
[INFO] [stderr]    Compiling quote v1.0.14
[INFO] [stderr]     Checking num_cpus v1.13.1
[INFO] [stderr]     Checking termion v1.5.6
[INFO] [stderr]     Checking atty v0.2.14
[INFO] [stderr]     Checking colored v2.0.0
[INFO] [stderr]     Checking crossbeam-deque v0.8.1
[INFO] [stderr]     Checking tui v0.16.0
[INFO] [stderr]    Compiling thiserror-impl v1.0.30
[INFO] [stderr]    Compiling toml v0.5.8
[INFO] [stderr]    Compiling thiserror v1.0.30
[INFO] [stderr]    Compiling proc-macro-crate v1.1.0
[INFO] [stderr]    Compiling num_enum_derive v0.5.6
[INFO] [stderr]     Checking num_enum v0.5.6
[INFO] [stderr]  Documenting aoc2021 v0.1.0 (/opt/rustwide/workdir)
[INFO] [stderr]     Checking aoc2021 v0.1.0 (/opt/rustwide/workdir)
[INFO] [stdout] error[E0554]: `#![feature]` may not be used on the stable release channel
[INFO] [stdout]   --> src/day8/main.rs:26:1
[INFO] [stdout]    |
[INFO] [stdout] 26 | #![feature(type_alias_impl_trait)]
[INFO] [stdout]    | ^^^^^^^^^^^^^^^^^^^^^^^^^^^^^^^^^^
[INFO] [stdout] 
[INFO] [stdout] 
[INFO] [stdout] error[E0554]: `#![feature]` may not be used on the stable release channel
[INFO] [stdout]   --> src/day4/main.rs:26:1
[INFO] [stdout]    |
[INFO] [stdout] 26 | #![feature(type_alias_impl_trait)]
[INFO] [stdout]    | ^^^^^^^^^^^^^^^^^^^^^^^^^^^^^^^^^^
[INFO] [stdout] 
[INFO] [stdout] 
[INFO] [stdout] error[E0658]: `impl Trait` in associated types is unstable
[INFO] [stdout]   --> src/day8/input.rs:60:21
[INFO] [stdout]    |
[INFO] [stdout] 60 |     type IntoIter = impl Iterator<Item = Self::Item>;
[INFO] [stdout]    |                     ^^^^^^^^^^^^^^^^^^^^^^^^^^^^^^^^
[INFO] [stdout]    |
[INFO] [stdout]    = note: see issue #63063 <https://github.com/rust-lang/rust/issues/63063> for more information
[INFO] [stdout] 
[INFO] [stdout] 
[INFO] [stdout] error[E0554]: `#![feature]` may not be used on the stable release channel
[INFO] [stdout]   --> src/day3/main.rs:26:1
[INFO] [stdout]    |
[INFO] [stdout] 26 | #![feature(type_alias_impl_trait)]
[INFO] [stdout]    | ^^^^^^^^^^^^^^^^^^^^^^^^^^^^^^^^^^
[INFO] [stdout] 
[INFO] [stdout] 
[INFO] [stdout] error[E0658]: `impl Trait` in associated types is unstable
[INFO] [stdout]   --> src/day3/challenge_one.rs:45:21
[INFO] [stdout]    |
[INFO] [stdout] 45 |     type IntoIter = impl Iterator<Item = Self::Item>;
[INFO] [stdout]    |                     ^^^^^^^^^^^^^^^^^^^^^^^^^^^^^^^^
[INFO] [stdout]    |
[INFO] [stdout]    = note: see issue #63063 <https://github.com/rust-lang/rust/issues/63063> for more information
[INFO] [stdout] 
[INFO] [stdout] 
[INFO] [stdout] error[E0554]: `#![feature]` may not be used on the stable release channel
[INFO] [stdout]   --> src/day18/main.rs:27:1
[INFO] [stdout]    |
[INFO] [stdout] 27 | #![feature(box_patterns)]
[INFO] [stdout]    | ^^^^^^^^^^^^^^^^^^^^^^^^^
[INFO] [stdout] 
[INFO] [stdout] 
[INFO] [stdout] error: aborting due to previous error
[INFO] [stdout] 
[INFO] [stdout] 
[INFO] [stdout] For more information about this error, try `rustc --explain E0554`.
[INFO] [stdout] 
[INFO] [stdout] error: aborting due to 2 previous errors
[INFO] [stdout] 
[INFO] [stdout] 
[INFO] [stdout] error[E0554]: `#![feature]` may not be used on the stable release channel
[INFO] [stdout]   --> src/day5/main.rs:26:12
[INFO] [stdout]    |
[INFO] [stdout] 26 | #![feature(int_abs_diff)]
[INFO] [stdout]    |            ^^^^^^^^^^^^
[INFO] [stdout] 
[INFO] [stdout] 
[INFO] [stdout] Some errors have detailed explanations: E0554, E0658.
[INFO] [stdout] 
[INFO] [stdout] For more information about an error, try `rustc --explain E0554`.
[INFO] [stdout] 
[INFO] [stdout] error: aborting due to 2 previous errors
[INFO] [stdout] 
[INFO] [stdout] 
[INFO] [stdout] Some errors have detailed explanations: E0554, E0658.
[INFO] [stdout] 
[INFO] [stdout] For more information about an error, try `rustc --explain E0554`.
[INFO] [stdout] 
[INFO] [stderr] error: could not document `aoc2021`
[INFO] [stdout] error: aborting due to previous error
[INFO] [stdout] 
[INFO] [stdout] 
[INFO] [stderr] 
[INFO] [stdout] For more information about this error, try `rustc --explain E0554`.
[INFO] [stdout] 
[INFO] [stderr] Caused by:
[INFO] [stderr]   process didn't exit successfully: `/opt/rustwide/rustup-home/toolchains/1.75.0-x86_64-unknown-linux-gnu/bin/rustdoc --edition=2021 --crate-type bin --crate-name day4 src/day4/main.rs -o /opt/rustwide/target/doc --error-format=json --json=diagnostic-rendered-ansi,artifacts,future-incompat --document-private-items '-Arustdoc::private-intra-doc-links' -C metadata=cfed715eba0d4121 -L dependency=/opt/rustwide/target/debug/deps --extern anyhow=/opt/rustwide/target/debug/deps/libanyhow-9d85f35b329923bb.rmeta --extern aoc2021=/opt/rustwide/target/debug/deps/libaoc2021-ed28a0119334c59e.rmeta --extern arrayvec=/opt/rustwide/target/debug/deps/libarrayvec-601c416dd35a7fcc.rmeta --extern colored=/opt/rustwide/target/debug/deps/libcolored-397b69c80daa41aa.rmeta --extern hex=/opt/rustwide/target/debug/deps/libhex-154257be2cdb5bdc.rmeta --extern itertools=/opt/rustwide/target/debug/deps/libitertools-46496f8164fa850b.rmeta --extern lazy_static=/opt/rustwide/target/debug/deps/liblazy_static-e7445b4e8703c20b.rmeta --extern nom=/opt/rustwide/target/debug/deps/libnom-b5dc18b3e36ce61c.rmeta --extern num_enum=/opt/rustwide/target/debug/deps/libnum_enum-fd85a785e01c3ef2.rmeta --extern rayon=/opt/rustwide/target/debug/deps/librayon-a2221910a0ba864e.rmeta --extern tap=/opt/rustwide/target/debug/deps/libtap-f998cb5ae77851d3.rmeta --extern tee_readwrite=/opt/rustwide/target/debug/deps/libtee_readwrite-82e36f55b223b5f0.rmeta --extern termion=/opt/rustwide/target/debug/deps/libtermion-3c3b26d29b9430a7.rmeta --extern tui=/opt/rustwide/target/debug/deps/libtui-81bba72b5b5f4a16.rmeta --cap-lints=warn --crate-version 0.1.0` (exit status: 1)
[INFO] [stderr] warning: build failed, waiting for other jobs to finish...
[INFO] [stderr] error: could not document `aoc2021`
[INFO] [stderr] 
[INFO] [stderr] Caused by:
[INFO] [stderr]   process didn't exit successfully: `/opt/rustwide/rustup-home/toolchains/1.75.0-x86_64-unknown-linux-gnu/bin/rustdoc --edition=2021 --crate-type bin --crate-name day3 src/day3/main.rs -o /opt/rustwide/target/doc --error-format=json --json=diagnostic-rendered-ansi,artifacts,future-incompat --document-private-items '-Arustdoc::private-intra-doc-links' -C metadata=3633778f29fa79f6 -L dependency=/opt/rustwide/target/debug/deps --extern anyhow=/opt/rustwide/target/debug/deps/libanyhow-9d85f35b329923bb.rmeta --extern aoc2021=/opt/rustwide/target/debug/deps/libaoc2021-ed28a0119334c59e.rmeta --extern arrayvec=/opt/rustwide/target/debug/deps/libarrayvec-601c416dd35a7fcc.rmeta --extern colored=/opt/rustwide/target/debug/deps/libcolored-397b69c80daa41aa.rmeta --extern hex=/opt/rustwide/target/debug/deps/libhex-154257be2cdb5bdc.rmeta --extern itertools=/opt/rustwide/target/debug/deps/libitertools-46496f8164fa850b.rmeta --extern lazy_static=/opt/rustwide/target/debug/deps/liblazy_static-e7445b4e8703c20b.rmeta --extern nom=/opt/rustwide/target/debug/deps/libnom-b5dc18b3e36ce61c.rmeta --extern num_enum=/opt/rustwide/target/debug/deps/libnum_enum-fd85a785e01c3ef2.rmeta --extern rayon=/opt/rustwide/target/debug/deps/librayon-a2221910a0ba864e.rmeta --extern tap=/opt/rustwide/target/debug/deps/libtap-f998cb5ae77851d3.rmeta --extern tee_readwrite=/opt/rustwide/target/debug/deps/libtee_readwrite-82e36f55b223b5f0.rmeta --extern termion=/opt/rustwide/target/debug/deps/libtermion-3c3b26d29b9430a7.rmeta --extern tui=/opt/rustwide/target/debug/deps/libtui-81bba72b5b5f4a16.rmeta --cap-lints=warn --crate-version 0.1.0` (exit status: 1)
[INFO] [stderr] error: could not document `aoc2021`
[INFO] [stderr] 
[INFO] [stderr] Caused by:
[INFO] [stderr]   process didn't exit successfully: `/opt/rustwide/rustup-home/toolchains/1.75.0-x86_64-unknown-linux-gnu/bin/rustdoc --edition=2021 --crate-type bin --crate-name day8 src/day8/main.rs -o /opt/rustwide/target/doc --error-format=json --json=diagnostic-rendered-ansi,artifacts,future-incompat --document-private-items '-Arustdoc::private-intra-doc-links' -C metadata=700041c784052805 -L dependency=/opt/rustwide/target/debug/deps --extern anyhow=/opt/rustwide/target/debug/deps/libanyhow-9d85f35b329923bb.rmeta --extern aoc2021=/opt/rustwide/target/debug/deps/libaoc2021-ed28a0119334c59e.rmeta --extern arrayvec=/opt/rustwide/target/debug/deps/libarrayvec-601c416dd35a7fcc.rmeta --extern colored=/opt/rustwide/target/debug/deps/libcolored-397b69c80daa41aa.rmeta --extern hex=/opt/rustwide/target/debug/deps/libhex-154257be2cdb5bdc.rmeta --extern itertools=/opt/rustwide/target/debug/deps/libitertools-46496f8164fa850b.rmeta --extern lazy_static=/opt/rustwide/target/debug/deps/liblazy_static-e7445b4e8703c20b.rmeta --extern nom=/opt/rustwide/target/debug/deps/libnom-b5dc18b3e36ce61c.rmeta --extern num_enum=/opt/rustwide/target/debug/deps/libnum_enum-fd85a785e01c3ef2.rmeta --extern rayon=/opt/rustwide/target/debug/deps/librayon-a2221910a0ba864e.rmeta --extern tap=/opt/rustwide/target/debug/deps/libtap-f998cb5ae77851d3.rmeta --extern tee_readwrite=/opt/rustwide/target/debug/deps/libtee_readwrite-82e36f55b223b5f0.rmeta --extern termion=/opt/rustwide/target/debug/deps/libtermion-3c3b26d29b9430a7.rmeta --extern tui=/opt/rustwide/target/debug/deps/libtui-81bba72b5b5f4a16.rmeta --cap-lints=warn --crate-version 0.1.0` (exit status: 1)
[INFO] [stderr] error: could not document `aoc2021`
[INFO] [stderr] 
[INFO] [stderr] Caused by:
[INFO] [stderr]   process didn't exit successfully: `/opt/rustwide/rustup-home/toolchains/1.75.0-x86_64-unknown-linux-gnu/bin/rustdoc --edition=2021 --crate-type bin --crate-name day18 src/day18/main.rs -o /opt/rustwide/target/doc --error-format=json --json=diagnostic-rendered-ansi,artifacts,future-incompat --document-private-items '-Arustdoc::private-intra-doc-links' -C metadata=6474736bfa2c8945 -L dependency=/opt/rustwide/target/debug/deps --extern anyhow=/opt/rustwide/target/debug/deps/libanyhow-9d85f35b329923bb.rmeta --extern aoc2021=/opt/rustwide/target/debug/deps/libaoc2021-ed28a0119334c59e.rmeta --extern arrayvec=/opt/rustwide/target/debug/deps/libarrayvec-601c416dd35a7fcc.rmeta --extern colored=/opt/rustwide/target/debug/deps/libcolored-397b69c80daa41aa.rmeta --extern hex=/opt/rustwide/target/debug/deps/libhex-154257be2cdb5bdc.rmeta --extern itertools=/opt/rustwide/target/debug/deps/libitertools-46496f8164fa850b.rmeta --extern lazy_static=/opt/rustwide/target/debug/deps/liblazy_static-e7445b4e8703c20b.rmeta --extern nom=/opt/rustwide/target/debug/deps/libnom-b5dc18b3e36ce61c.rmeta --extern num_enum=/opt/rustwide/target/debug/deps/libnum_enum-fd85a785e01c3ef2.rmeta --extern rayon=/opt/rustwide/target/debug/deps/librayon-a2221910a0ba864e.rmeta --extern tap=/opt/rustwide/target/debug/deps/libtap-f998cb5ae77851d3.rmeta --extern tee_readwrite=/opt/rustwide/target/debug/deps/libtee_readwrite-82e36f55b223b5f0.rmeta --extern termion=/opt/rustwide/target/debug/deps/libtermion-3c3b26d29b9430a7.rmeta --extern tui=/opt/rustwide/target/debug/deps/libtui-81bba72b5b5f4a16.rmeta --cap-lints=warn --crate-version 0.1.0` (exit status: 1)
[INFO] [stdout] error[E0554]: `#![feature]` may not be used on the stable release channel
[INFO] [stdout]   --> src/day11/main.rs:26:12
[INFO] [stdout]    |
[INFO] [stdout] 26 | #![feature(backtrace)]
[INFO] [stdout]    |            ^^^^^^^^^
[INFO] [stdout] 
[INFO] [stdout] 
[INFO] [stdout] error: aborting due to previous error
[INFO] [stdout] 
[INFO] [stdout] 
[INFO] [stdout] For more information about this error, try `rustc --explain E0554`.
[INFO] [stdout] 
[INFO] [stderr] error: could not document `aoc2021`
[INFO] [stderr] 
[INFO] [stderr] Caused by:
[INFO] [stderr]   process didn't exit successfully: `/opt/rustwide/rustup-home/toolchains/1.75.0-x86_64-unknown-linux-gnu/bin/rustdoc --edition=2021 --crate-type bin --crate-name day5 src/day5/main.rs -o /opt/rustwide/target/doc --error-format=json --json=diagnostic-rendered-ansi,artifacts,future-incompat --document-private-items '-Arustdoc::private-intra-doc-links' -C metadata=7bfa51a048cf5009 -L dependency=/opt/rustwide/target/debug/deps --extern anyhow=/opt/rustwide/target/debug/deps/libanyhow-9d85f35b329923bb.rmeta --extern aoc2021=/opt/rustwide/target/debug/deps/libaoc2021-ed28a0119334c59e.rmeta --extern arrayvec=/opt/rustwide/target/debug/deps/libarrayvec-601c416dd35a7fcc.rmeta --extern colored=/opt/rustwide/target/debug/deps/libcolored-397b69c80daa41aa.rmeta --extern hex=/opt/rustwide/target/debug/deps/libhex-154257be2cdb5bdc.rmeta --extern itertools=/opt/rustwide/target/debug/deps/libitertools-46496f8164fa850b.rmeta --extern lazy_static=/opt/rustwide/target/debug/deps/liblazy_static-e7445b4e8703c20b.rmeta --extern nom=/opt/rustwide/target/debug/deps/libnom-b5dc18b3e36ce61c.rmeta --extern num_enum=/opt/rustwide/target/debug/deps/libnum_enum-fd85a785e01c3ef2.rmeta --extern rayon=/opt/rustwide/target/debug/deps/librayon-a2221910a0ba864e.rmeta --extern tap=/opt/rustwide/target/debug/deps/libtap-f998cb5ae77851d3.rmeta --extern tee_readwrite=/opt/rustwide/target/debug/deps/libtee_readwrite-82e36f55b223b5f0.rmeta --extern termion=/opt/rustwide/target/debug/deps/libtermion-3c3b26d29b9430a7.rmeta --extern tui=/opt/rustwide/target/debug/deps/libtui-81bba72b5b5f4a16.rmeta --cap-lints=warn --crate-version 0.1.0` (exit status: 1)
[INFO] [stdout] error: aborting due to previous error
[INFO] [stdout] 
[INFO] [stdout] 
[INFO] [stdout] For more information about this error, try `rustc --explain E0554`.
[INFO] [stdout] 
[INFO] [stderr] error: could not document `aoc2021`
[INFO] [stderr] 
[INFO] [stderr] Caused by:
[INFO] [stderr]   process didn't exit successfully: `/opt/rustwide/rustup-home/toolchains/1.75.0-x86_64-unknown-linux-gnu/bin/rustdoc --edition=2021 --crate-type bin --crate-name day11 src/day11/main.rs -o /opt/rustwide/target/doc --error-format=json --json=diagnostic-rendered-ansi,artifacts,future-incompat --document-private-items '-Arustdoc::private-intra-doc-links' -C metadata=27aaae8d34c10906 -L dependency=/opt/rustwide/target/debug/deps --extern anyhow=/opt/rustwide/target/debug/deps/libanyhow-9d85f35b329923bb.rmeta --extern aoc2021=/opt/rustwide/target/debug/deps/libaoc2021-ed28a0119334c59e.rmeta --extern arrayvec=/opt/rustwide/target/debug/deps/libarrayvec-601c416dd35a7fcc.rmeta --extern colored=/opt/rustwide/target/debug/deps/libcolored-397b69c80daa41aa.rmeta --extern hex=/opt/rustwide/target/debug/deps/libhex-154257be2cdb5bdc.rmeta --extern itertools=/opt/rustwide/target/debug/deps/libitertools-46496f8164fa850b.rmeta --extern lazy_static=/opt/rustwide/target/debug/deps/liblazy_static-e7445b4e8703c20b.rmeta --extern nom=/opt/rustwide/target/debug/deps/libnom-b5dc18b3e36ce61c.rmeta --extern num_enum=/opt/rustwide/target/debug/deps/libnum_enum-fd85a785e01c3ef2.rmeta --extern rayon=/opt/rustwide/target/debug/deps/librayon-a2221910a0ba864e.rmeta --extern tap=/opt/rustwide/target/debug/deps/libtap-f998cb5ae77851d3.rmeta --extern tee_readwrite=/opt/rustwide/target/debug/deps/libtee_readwrite-82e36f55b223b5f0.rmeta --extern termion=/opt/rustwide/target/debug/deps/libtermion-3c3b26d29b9430a7.rmeta --extern tui=/opt/rustwide/target/debug/deps/libtui-81bba72b5b5f4a16.rmeta --cap-lints=warn --crate-version 0.1.0` (exit status: 1)
[INFO] running `Command { std: "docker" "inspect" "564e41dbe7a2f3b74949cfddf3a007371261480545cae181dc3175b89b35dce3", kill_on_drop: false }`
[INFO] running `Command { std: "docker" "rm" "-f" "564e41dbe7a2f3b74949cfddf3a007371261480545cae181dc3175b89b35dce3", kill_on_drop: false }`
[INFO] [stdout] 564e41dbe7a2f3b74949cfddf3a007371261480545cae181dc3175b89b35dce3
