[INFO] cloning repository https://github.com/Fredemus/svf_filter
[INFO] running `Command { std: "git" "-c" "credential.helper=" "-c" "credential.helper=/workspace/cargo-home/bin/git-credential-null" "clone" "--bare" "https://github.com/Fredemus/svf_filter" "/workspace/cache/git-repos/https%3A%2F%2Fgithub.com%2FFredemus%2Fsvf_filter", kill_on_drop: false }`
[INFO] [stderr] Cloning into bare repository '/workspace/cache/git-repos/https%3A%2F%2Fgithub.com%2FFredemus%2Fsvf_filter'...
[INFO] running `Command { std: "git" "rev-parse" "HEAD", kill_on_drop: false }`
[INFO] [stdout] 4d936956802733732cb86dcacde621e947d0f1a9
[INFO] documenting Fredemus/svf_filter against 1.75.0 for beta-1.76-rustdoc-1
[INFO] running `Command { std: "git" "clone" "/workspace/cache/git-repos/https%3A%2F%2Fgithub.com%2FFredemus%2Fsvf_filter" "/workspace/builds/worker-7-tc1/source", kill_on_drop: false }`
[INFO] [stderr] Cloning into '/workspace/builds/worker-7-tc1/source'...
[INFO] [stderr] done.
[INFO] validating manifest of git repo https://github.com/Fredemus/svf_filter on toolchain 1.75.0
[INFO] running `Command { std: CARGO_HOME="/workspace/cargo-home" RUSTUP_HOME="/workspace/rustup-home" "/workspace/cargo-home/bin/cargo" "+1.75.0" "metadata" "--manifest-path" "Cargo.toml" "--no-deps", kill_on_drop: false }`
[INFO] removed /workspace/builds/worker-7-tc1/source/.cargo/config
[INFO] started tweaking git repo https://github.com/Fredemus/svf_filter
[INFO] finished tweaking git repo https://github.com/Fredemus/svf_filter
[INFO] tweaked toml for git repo https://github.com/Fredemus/svf_filter written to /workspace/builds/worker-7-tc1/source/Cargo.toml
[INFO] running `Command { std: CARGO_HOME="/workspace/cargo-home" RUSTUP_HOME="/workspace/rustup-home" "/workspace/cargo-home/bin/cargo" "+1.75.0" "generate-lockfile" "--manifest-path" "Cargo.toml", kill_on_drop: false }`
[INFO] [stderr]     Updating git repository `https://github.com/robbert-vdh/nih-plug`
[INFO] [stderr]     Updating git repository `https://github.com/RustAudio/baseview.git`
[INFO] [stderr]     Updating git repository `https://github.com/rust-lang/portable-simd`
[INFO] [stderr]     Updating crates.io index
[INFO] [stderr]     Updating git repository `https://github.com/robbert-vdh/nih-plug`
[INFO] [stderr]     Updating git repository `https://github.com/vizia/vizia`
[INFO] [stderr]     Updating git repository `https://github.com/nicokoch/reflink.git`
[INFO] [stderr]     Updating git repository `https://github.com/robbert-vdh/rust-assert-no-alloc.git`
[INFO] [stderr]     Updating git repository `https://github.com/robbert-vdh/baseview.git`
[INFO] [stderr]     Updating git repository `https://github.com/robbert-vdh/rust-jack.git`
[INFO] [stderr]     Updating git repository `https://github.com/robbert-vdh/vst3-sys.git`
[INFO] [stderr]     Updating git repository `https://github.com/femtovg/femtovg`
[INFO] [stderr]     Updating git repository `https://github.com/vizia/morphorm`
[INFO] running `Command { std: CARGO_HOME="/workspace/cargo-home" RUSTUP_HOME="/workspace/rustup-home" "/workspace/cargo-home/bin/cargo" "+1.75.0" "fetch" "--manifest-path" "Cargo.toml", kill_on_drop: false }`
[INFO] [stderr]  Downloading crates ...
[INFO] [stderr]   Downloaded rtrb v0.2.3
[INFO] [stderr]   Downloaded atomic_float v0.1.0
[INFO] [stderr]   Downloaded sys-locale v0.2.4
[INFO] [stderr]   Downloaded midi-consts v0.1.0
[INFO] [stderr]   Downloaded clap-sys v0.3.0
[INFO] [stderr]   Downloaded win_dbg_logger v0.1.0
[INFO] [stderr]   Downloaded xcb-util v0.3.0
[INFO] running `Command { std: "docker" "create" "-v" "/var/lib/crater-agent-workspace/builds/worker-7-tc1/target:/opt/rustwide/target:rw,Z" "-v" "/var/lib/crater-agent-workspace/builds/worker-7-tc1/source:/opt/rustwide/workdir:ro,Z" "-v" "/var/lib/crater-agent-workspace/cargo-home:/opt/rustwide/cargo-home:ro,Z" "-v" "/var/lib/crater-agent-workspace/rustup-home:/opt/rustwide/rustup-home:ro,Z" "-e" "SOURCE_DIR=/opt/rustwide/workdir" "-e" "CARGO_TARGET_DIR=/opt/rustwide/target" "-e" "CARGO_HOME=/opt/rustwide/cargo-home" "-e" "RUSTUP_HOME=/opt/rustwide/rustup-home" "-w" "/opt/rustwide/workdir" "-m" "1610612736" "--user" "0:0" "--network" "none" "ghcr.io/rust-lang/crates-build-env/linux@sha256:2788e3201cd34a07e3172128adcd8b3090168a8e3bcc40d7c032b9dda1df7d1c" "/opt/rustwide/cargo-home/bin/cargo" "+1.75.0" "metadata" "--no-deps" "--format-version=1", kill_on_drop: false }`
[INFO] [stdout] d50f82e589f2bbfe585aa96c10a0f8e04dc1d67f2ce7b08e8940f0ef141c2ba2
[INFO] running `Command { std: "docker" "start" "-a" "d50f82e589f2bbfe585aa96c10a0f8e04dc1d67f2ce7b08e8940f0ef141c2ba2", kill_on_drop: false }`
[INFO] running `Command { std: "docker" "inspect" "d50f82e589f2bbfe585aa96c10a0f8e04dc1d67f2ce7b08e8940f0ef141c2ba2", kill_on_drop: false }`
[INFO] running `Command { std: "docker" "rm" "-f" "d50f82e589f2bbfe585aa96c10a0f8e04dc1d67f2ce7b08e8940f0ef141c2ba2", kill_on_drop: false }`
[INFO] [stdout] d50f82e589f2bbfe585aa96c10a0f8e04dc1d67f2ce7b08e8940f0ef141c2ba2
[INFO] running `Command { std: "docker" "create" "-v" "/var/lib/crater-agent-workspace/builds/worker-7-tc1/target:/opt/rustwide/target:rw,Z" "-v" "/var/lib/crater-agent-workspace/builds/worker-7-tc1/source:/opt/rustwide/workdir:ro,Z" "-v" "/var/lib/crater-agent-workspace/cargo-home:/opt/rustwide/cargo-home:ro,Z" "-v" "/var/lib/crater-agent-workspace/rustup-home:/opt/rustwide/rustup-home:ro,Z" "-e" "SOURCE_DIR=/opt/rustwide/workdir" "-e" "CARGO_TARGET_DIR=/opt/rustwide/target" "-e" "CARGO_INCREMENTAL=0" "-e" "RUST_BACKTRACE=full" "-e" "RUSTFLAGS=--cap-lints=warn" "-e" "RUSTDOCFLAGS=--cap-lints=warn" "-e" "CARGO_HOME=/opt/rustwide/cargo-home" "-e" "RUSTUP_HOME=/opt/rustwide/rustup-home" "-w" "/opt/rustwide/workdir" "-m" "1610612736" "--user" "0:0" "--network" "none" "ghcr.io/rust-lang/crates-build-env/linux@sha256:2788e3201cd34a07e3172128adcd8b3090168a8e3bcc40d7c032b9dda1df7d1c" "/opt/rustwide/cargo-home/bin/cargo" "+1.75.0" "doc" "--frozen" "--no-deps" "--document-private-items" "--message-format=json", kill_on_drop: false }`
[INFO] [stdout] edc57d6bf916faa9c802386a7639f29af7edcb0a1a581968e0eabf0e96622fd8
[INFO] running `Command { std: "docker" "start" "-a" "edc57d6bf916faa9c802386a7639f29af7edcb0a1a581968e0eabf0e96622fd8", kill_on_drop: false }`
[INFO] [stderr]    Compiling libc v0.2.151
[INFO] [stderr]    Compiling proc-macro2 v1.0.76
[INFO] [stderr]    Compiling unicode-ident v1.0.12
[INFO] [stderr]    Compiling syn v1.0.109
[INFO] [stderr]    Compiling pkg-config v0.3.28
[INFO] [stderr]     Checking smallvec v1.11.2
[INFO] [stderr]    Compiling getrandom v0.1.16
[INFO] [stderr]    Compiling cfg-if v1.0.0
[INFO] [stderr]     Checking simd-adler32 v0.3.7
[INFO] [stderr]     Checking adler v1.0.2
[INFO] [stderr]     Checking log v0.4.20
[INFO] [stderr]    Compiling thiserror v1.0.56
[INFO] [stderr]    Compiling num-traits v0.2.17
[INFO] [stderr]    Compiling proc-macro-error-attr v1.0.4
[INFO] [stderr]    Compiling memoffset v0.6.5
[INFO] [stderr]    Compiling num-integer v0.1.45
[INFO] [stderr]    Compiling proc-macro-error v1.0.4
[INFO] [stderr]    Compiling num-bigint v0.4.4
[INFO] [stderr]    Compiling ppv-lite86 v0.2.17
[INFO] [stderr]     Checking miniz_oxide v0.7.1
[INFO] [stderr]    Compiling crc32fast v1.3.2
[INFO] [stderr]     Checking keyboard-types v0.6.2
[INFO] [stderr]    Compiling num-rational v0.4.1
[INFO] [stderr]    Compiling crossbeam-utils v0.8.18
[INFO] [stderr]    Compiling siphasher v0.3.11
[INFO] [stderr]     Checking instant v0.1.12
[INFO] [stderr]     Checking cty v0.2.2
[INFO] [stderr]     Checking bytemuck v1.14.0
[INFO] [stderr]    Compiling unicode-general-category v0.4.0
[INFO] [stderr]     Checking raw-window-handle v0.4.3
[INFO] [stderr]     Checking fdeflate v0.3.3
[INFO] [stderr]    Compiling phf_shared v0.8.0
[INFO] [stderr]    Compiling lock_api v0.4.11
[INFO] [stderr]    Compiling Inflector v0.11.4
[INFO] [stderr]    Compiling bitflags v1.3.2
[INFO] [stderr]     Checking vizia_id v0.1.0 (https://github.com/vizia/vizia?rev=676afdf46ca73365e34f0c6d9cb838cc5b778e0b#676afdf4)
[INFO] [stderr]     Checking rustc-hash v1.1.0
[INFO] [stderr]     Checking morphorm v0.3.0 (https://github.com/vizia/morphorm?rev=c14e888b1d66719fc3f13ccdb1ea01a10368ef9e#c14e888b)
[INFO] [stderr]     Checking flate2 v1.0.28
[INFO] [stderr]     Checking dtoa v1.0.9
[INFO] [stderr]     Checking ttf-parser v0.15.2
[INFO] [stderr]     Checking type-map v0.4.0
[INFO] [stderr]     Checking byteorder v1.5.0
[INFO] [stderr]    Compiling x11 v2.21.0
[INFO] [stderr]    Compiling jack-sys v0.5.0 (https://github.com/robbert-vdh/rust-jack.git?branch=feature/handle-library-failure#3242396a)
[INFO] [stderr]    Compiling alsa-sys v0.3.1
[INFO] [stderr]     Checking unicode-bidi-mirroring v0.1.0
[INFO] [stderr]     Checking lazy_static v1.4.0
[INFO] [stderr]    Compiling parking_lot_core v0.8.6
[INFO] [stderr]    Compiling quote v1.0.35
[INFO] [stderr]     Checking scopeguard v1.2.0
[INFO] [stderr]     Checking aliasable v0.1.3
[INFO] [stderr]     Checking color_quant v1.1.0
[INFO] [stderr]     Checking self_cell v1.0.3
[INFO] [stderr]     Checking png v0.17.10
[INFO] [stderr]     Checking unicode-ccc v0.1.2
[INFO] [stderr]     Checking unicode-script v0.5.5
[INFO] [stderr]     Checking self_cell v0.10.3
[INFO] [stderr]    Compiling syn v2.0.48
[INFO] [stderr]     Checking dtoa-short v0.3.4
[INFO] [stderr]     Checking vizia_input v0.1.0 (https://github.com/vizia/vizia?rev=676afdf46ca73365e34f0c6d9cb838cc5b778e0b#676afdf4)
[INFO] [stderr]     Checking rgb v0.8.37
[INFO] [stderr]    Compiling indexmap v1.9.3
[INFO] [stderr]     Checking generational-arena v0.2.9
[INFO] [stderr]     Checking itoa v0.4.8
[INFO] [stderr]     Checking lru v0.7.8
[INFO] [stderr]    Compiling parking_lot_core v0.9.9
[INFO] [stderr]     Checking memchr v2.7.1
[INFO] [stderr]     Checking powerfmt v0.2.0
[INFO] [stderr]     Checking matches v0.1.10
[INFO] [stderr]     Checking gimli v0.28.1
[INFO] [stderr]     Checking unicode-bidi v0.3.14
[INFO] [stderr]     Checking imgref v1.10.0
[INFO] [stderr]    Compiling time-core v0.1.2
[INFO] [stderr]     Checking itoa v1.0.10
[INFO] [stderr]    Compiling serde v1.0.195
[INFO] [stderr]     Checking unicode-segmentation v1.10.1
[INFO] [stderr]     Checking glow v0.11.2
[INFO] [stderr]    Compiling time-macros v0.2.16
[INFO] [stderr]     Checking deranged v0.3.11
[INFO] [stderr]     Checking vizia_window v0.1.0 (https://github.com/vizia/vizia?rev=676afdf46ca73365e34f0c6d9cb838cc5b778e0b#676afdf4)
[INFO] [stderr]     Checking object v0.32.2
[INFO] [stderr]     Checking crossbeam-epoch v0.9.17
[INFO] [stderr]     Checking vizia_storage v0.1.0 (https://github.com/vizia/vizia?rev=676afdf46ca73365e34f0c6d9cb838cc5b778e0b#676afdf4)
[INFO] [stderr]     Checking libloading v0.7.4
[INFO] [stderr]    Compiling num-iter v0.1.43
[INFO] [stderr]    Compiling jobserver v0.1.27
[INFO] [stderr]    Compiling serde_json v1.0.111
[INFO] [stderr]    Compiling rand_core v0.5.1
[INFO] [stderr]    Compiling xcb v0.9.0
[INFO] [stderr]     Checking nix v0.22.3
[INFO] [stderr]    Compiling cc v1.0.83
[INFO] [stderr]    Compiling rand_chacha v0.2.2
[INFO] [stderr]    Compiling rand_pcg v0.2.1
[INFO] [stderr]     Checking nix v0.23.2
[INFO] [stderr]     Checking getrandom v0.2.11
[INFO] [stderr]    Compiling rand v0.7.3
[INFO] [stderr]     Checking rustybuzz v0.5.1
[INFO] [stderr]    Compiling cpal v0.13.5
[INFO] [stderr]    Compiling heck v0.4.1
[INFO] [stderr]     Checking rustc-demangle v0.1.23
[INFO] [stderr]    Compiling jack v0.11.0 (https://github.com/robbert-vdh/rust-jack.git?branch=feature/handle-library-failure#3242396a)
[INFO] [stderr]     Checking os_str_bytes v6.6.1
[INFO] [stderr]     Checking num_threads v0.1.6
[INFO] [stderr]     Checking sys-locale v0.2.4
[INFO] [stderr]    Compiling anyhow v1.0.79
[INFO] [stderr]     Checking termcolor v1.1.3
[INFO] [stderr]     Checking image v0.24.7
[INFO] [stderr]    Compiling phf_generator v0.8.0
[INFO] [stderr]     Checking clap_lex v0.2.4
[INFO] [stderr]     Checking rand_core v0.6.4
[INFO] [stderr]     Checking parking_lot v0.11.2
[INFO] [stderr]     Checking atty v0.2.14
[INFO] [stderr]     Checking crossbeam-deque v0.8.4
[INFO] [stderr]     Checking crossbeam-queue v0.3.10
[INFO] [stderr]     Checking time v0.3.31
[INFO] [stderr]     Checking crossbeam-channel v0.5.10
[INFO] [stderr]     Checking addr2line v0.21.0
[INFO] [stderr]     Checking strsim v0.10.0
[INFO] [stderr]     Checking once_cell v1.19.0
[INFO] [stderr]    Compiling backtrace v0.3.69
[INFO] [stderr]     Checking cache-padded v1.3.0
[INFO] [stderr]     Checking textwrap v0.16.0
[INFO] [stderr]     Checking ryu v1.0.16
[INFO] [stderr]     Checking rtrb v0.2.3
[INFO] [stderr]     Checking parking_lot v0.12.1
[INFO] [stderr]     Checking crossbeam v0.8.3
[INFO] [stderr]     Checking rand_chacha v0.3.1
[INFO] [stderr]     Checking num-complex v0.4.4
[INFO] [stderr]     Checking widestring v1.0.2
[INFO] [stderr]     Checking midi-consts v0.1.0
[INFO] [stderr]     Checking clap-sys v0.3.0
[INFO] [stderr]     Checking core_simd v0.1.0 (https://github.com/rust-lang/portable-simd#97007cc2)
[INFO] [stderr]     Checking atomic_refcell v0.1.13
[INFO] [stderr]     Checking atomic_float v0.1.0
[INFO] [stdout] error[E0433]: failed to resolve: could not find `simd` in `intrinsics`
[INFO] [stdout]   --> /opt/rustwide/cargo-home/git/checkouts/portable-simd-311bd65e6952a0da/97007cc/crates/core_simd/src/swizzle.rs:90:31
[INFO] [stdout]    |
[INFO] [stdout] 90 |             core::intrinsics::simd::simd_shuffle(
[INFO] [stdout]    |                               ^^^^ could not find `simd` in `intrinsics`
[INFO] [stdout] 
[INFO] [stdout] 
[INFO] [stdout] error[E0433]: failed to resolve: could not find `simd` in `intrinsics`
[INFO] [stdout]    --> /opt/rustwide/cargo-home/git/checkouts/portable-simd-311bd65e6952a0da/97007cc/crates/core_simd/src/swizzle.rs:126:31
[INFO] [stdout]     |
[INFO] [stdout] 126 |             core::intrinsics::simd::simd_shuffle(
[INFO] [stdout]     |                               ^^^^ could not find `simd` in `intrinsics`
[INFO] [stdout] 
[INFO] [stdout] 
[INFO] [stdout] error[E0433]: failed to resolve: could not find `simd` in `intrinsics`
[INFO] [stdout]    --> /opt/rustwide/cargo-home/git/checkouts/portable-simd-311bd65e6952a0da/97007cc/crates/core_simd/src/masks/full_masks.rs:140:41
[INFO] [stdout]     |
[INFO] [stdout] 140 |         unsafe { Mask(core::intrinsics::simd::simd_cast(self.0)) }
[INFO] [stdout]     |                                         ^^^^ could not find `simd` in `intrinsics`
[INFO] [stdout] 
[INFO] [stdout] 
[INFO] [stdout] error[E0433]: failed to resolve: could not find `simd` in `intrinsics`
[INFO] [stdout]    --> /opt/rustwide/cargo-home/git/checkouts/portable-simd-311bd65e6952a0da/97007cc/crates/core_simd/src/masks/full_masks.rs:152:35
[INFO] [stdout]     |
[INFO] [stdout] 152 |                 core::intrinsics::simd::simd_bitmask(self.0);
[INFO] [stdout]     |                                   ^^^^ could not find `simd` in `intrinsics`
[INFO] [stdout] 
[INFO] [stdout] 
[INFO] [stdout] error[E0433]: failed to resolve: could not find `simd` in `intrinsics`
[INFO] [stdout]    --> /opt/rustwide/cargo-home/git/checkouts/portable-simd-311bd65e6952a0da/97007cc/crates/core_simd/src/masks/full_masks.rs:185:56
[INFO] [stdout]     |
[INFO] [stdout] 185 |             Self::from_int_unchecked(core::intrinsics::simd::simd_select_bitmask(
[INFO] [stdout]     |                                                        ^^^^ could not find `simd` in `intrinsics`
[INFO] [stdout] 
[INFO] [stdout] 
[INFO] [stdout] error[E0433]: failed to resolve: could not find `simd` in `intrinsics`
[INFO] [stdout]    --> /opt/rustwide/cargo-home/git/checkouts/portable-simd-311bd65e6952a0da/97007cc/crates/core_simd/src/masks/full_masks.rs:201:53
[INFO] [stdout]     |
[INFO] [stdout] 201 |         let bitmask: U = unsafe { core::intrinsics::simd::simd_bitmask(resized) };
[INFO] [stdout]     |                                                     ^^^^ could not find `simd` in `intrinsics`
[INFO] [stdout] 
[INFO] [stdout] 
[INFO] [stdout] error[E0433]: failed to resolve: could not find `simd` in `intrinsics`
[INFO] [stdout]    --> /opt/rustwide/cargo-home/git/checkouts/portable-simd-311bd65e6952a0da/97007cc/crates/core_simd/src/masks/full_masks.rs:225:31
[INFO] [stdout]     |
[INFO] [stdout] 225 |             core::intrinsics::simd::simd_select_bitmask(
[INFO] [stdout]     |                               ^^^^ could not find `simd` in `intrinsics`
[INFO] [stdout] 
[INFO] [stdout] 
[INFO] [stdout] error[E0433]: failed to resolve: could not find `simd` in `intrinsics`
[INFO] [stdout]    --> /opt/rustwide/cargo-home/git/checkouts/portable-simd-311bd65e6952a0da/97007cc/crates/core_simd/src/masks/full_masks.rs:276:36
[INFO] [stdout]     |
[INFO] [stdout] 276 |         unsafe { core::intrinsics::simd::simd_reduce_any(self.to_int()) }
[INFO] [stdout]     |                                    ^^^^ could not find `simd` in `intrinsics`
[INFO] [stdout] 
[INFO] [stdout] 
[INFO] [stdout] error[E0433]: failed to resolve: could not find `simd` in `intrinsics`
[INFO] [stdout]    --> /opt/rustwide/cargo-home/git/checkouts/portable-simd-311bd65e6952a0da/97007cc/crates/core_simd/src/masks/full_masks.rs:283:36
[INFO] [stdout]     |
[INFO] [stdout] 283 |         unsafe { core::intrinsics::simd::simd_reduce_all(self.to_int()) }
[INFO] [stdout]     |                                    ^^^^ could not find `simd` in `intrinsics`
[INFO] [stdout] 
[INFO] [stdout] 
[INFO] [stdout] error[E0433]: failed to resolve: could not find `simd` in `intrinsics`
[INFO] [stdout]    --> /opt/rustwide/cargo-home/git/checkouts/portable-simd-311bd65e6952a0da/97007cc/crates/core_simd/src/masks/full_masks.rs:308:41
[INFO] [stdout]     |
[INFO] [stdout] 308 |         unsafe { Self(core::intrinsics::simd::simd_and(self.0, rhs.0)) }
[INFO] [stdout]     |                                         ^^^^ could not find `simd` in `intrinsics`
[INFO] [stdout] 
[INFO] [stdout] 
[INFO] [stdout] error[E0433]: failed to resolve: could not find `simd` in `intrinsics`
[INFO] [stdout]    --> /opt/rustwide/cargo-home/git/checkouts/portable-simd-311bd65e6952a0da/97007cc/crates/core_simd/src/masks/full_masks.rs:322:41
[INFO] [stdout]     |
[INFO] [stdout] 322 |         unsafe { Self(core::intrinsics::simd::simd_or(self.0, rhs.0)) }
[INFO] [stdout]     |                                         ^^^^ could not find `simd` in `intrinsics`
[INFO] [stdout] 
[INFO] [stdout] 
[INFO] [stdout] error[E0433]: failed to resolve: could not find `simd` in `intrinsics`
[INFO] [stdout]    --> /opt/rustwide/cargo-home/git/checkouts/portable-simd-311bd65e6952a0da/97007cc/crates/core_simd/src/masks/full_masks.rs:336:41
[INFO] [stdout]     |
[INFO] [stdout] 336 |         unsafe { Self(core::intrinsics::simd::simd_xor(self.0, rhs.0)) }
[INFO] [stdout]     |                                         ^^^^ could not find `simd` in `intrinsics`
[INFO] [stdout] 
[INFO] [stdout] 
[INFO] [stdout] error[E0433]: failed to resolve: could not find `simd` in `intrinsics`
[INFO] [stdout]    --> /opt/rustwide/cargo-home/git/checkouts/portable-simd-311bd65e6952a0da/97007cc/crates/core_simd/src/masks.rs:143:35
[INFO] [stdout]     |
[INFO] [stdout] 143 |                 core::intrinsics::simd::simd_ne(Simd::from_array(bytes), Simd::splat(0u8));
[INFO] [stdout]     |                                   ^^^^ could not find `simd` in `intrinsics`
[INFO] [stdout] 
[INFO] [stdout] 
[INFO] [stderr]     Checking rand v0.8.5
[INFO] [stdout] error[E0433]: failed to resolve: could not find `simd` in `intrinsics`
[INFO] [stdout]    --> /opt/rustwide/cargo-home/git/checkouts/portable-simd-311bd65e6952a0da/97007cc/crates/core_simd/src/masks.rs:144:56
[INFO] [stdout]     |
[INFO] [stdout] 144 |             Mask::from_int_unchecked(core::intrinsics::simd::simd_cast(bools))
[INFO] [stdout]     |                                                        ^^^^ could not find `simd` in `intrinsics`
[INFO] [stdout] 
[INFO] [stdout] 
[INFO] [stdout] error[E0433]: failed to resolve: could not find `simd` in `intrinsics`
[INFO] [stdout]    --> /opt/rustwide/cargo-home/git/checkouts/portable-simd-311bd65e6952a0da/97007cc/crates/core_simd/src/masks.rs:162:60
[INFO] [stdout]     |
[INFO] [stdout] 162 |             let mut bytes: Simd<i8, N> = core::intrinsics::simd::simd_cast(self.to_int());
[INFO] [stdout]     |                                                            ^^^^ could not find `simd` in `intrinsics`
[INFO] [stdout] 
[INFO] [stdout] 
[INFO] [stdout] error[E0433]: failed to resolve: could not find `simd` in `intrinsics`
[INFO] [stdout]    --> /opt/rustwide/cargo-home/git/checkouts/portable-simd-311bd65e6952a0da/97007cc/crates/core_simd/src/masks.rs:376:60
[INFO] [stdout]     |
[INFO] [stdout] 376 |         let index: Simd<T, N> = unsafe { core::intrinsics::simd::simd_cast(index) };
[INFO] [stdout]     |                                                            ^^^^ could not find `simd` in `intrinsics`
[INFO] [stdout] 
[INFO] [stdout] 
[INFO] [stdout] error[E0433]: failed to resolve: could not find `simd` in `intrinsics`
[INFO] [stdout]    --> /opt/rustwide/cargo-home/git/checkouts/portable-simd-311bd65e6952a0da/97007cc/crates/core_simd/src/masks.rs:382:40
[INFO] [stdout]     |
[INFO] [stdout] 382 |             unsafe { core::intrinsics::simd::simd_cast(masked_index) };
[INFO] [stdout]     |                                        ^^^^ could not find `simd` in `intrinsics`
[INFO] [stdout] 
[INFO] [stdout] 
[INFO] [stdout] error[E0433]: failed to resolve: could not find `simd` in `intrinsics`
[INFO] [stdout]    --> /opt/rustwide/cargo-home/git/checkouts/portable-simd-311bd65e6952a0da/97007cc/crates/core_simd/src/masks.rs:386:40
[INFO] [stdout]     |
[INFO] [stdout] 386 |             unsafe { core::intrinsics::simd::simd_reduce_min(masked_index) };
[INFO] [stdout]     |                                        ^^^^ could not find `simd` in `intrinsics`
[INFO] [stdout] 
[INFO] [stdout] 
[INFO] [stdout] error[E0433]: failed to resolve: could not find `simd` in `intrinsics`
[INFO] [stdout]   --> /opt/rustwide/cargo-home/git/checkouts/portable-simd-311bd65e6952a0da/97007cc/crates/core_simd/src/ops/unary.rs:17:44
[INFO] [stdout]    |
[INFO] [stdout] 17 |                   unsafe { core::intrinsics::simd::simd_neg(self) }
[INFO] [stdout]    |                                              ^^^^ could not find `simd` in `intrinsics`
[INFO] [stdout] ...
[INFO] [stdout] 23 | / neg! {
[INFO] [stdout] 24 | |     impl<const N: usize> Neg for Simd<f32, N>
[INFO] [stdout] 25 | |
[INFO] [stdout] 26 | |     impl<const N: usize> Neg for Simd<f64, N>
[INFO] [stdout] ...  |
[INFO] [stdout] 36 | |     impl<const N: usize> Neg for Simd<isize, N>
[INFO] [stdout] 37 | | }
[INFO] [stdout]    | |_- in this macro invocation
[INFO] [stdout]    |
[INFO] [stdout]    = note: this error originates in the macro `neg` (in Nightly builds, run with -Z macro-backtrace for more info)
[INFO] [stdout] 
[INFO] [stdout] 
[INFO] [stderr]     Checking raw-window-handle v0.3.4
[INFO] [stdout] error[E0433]: failed to resolve: could not find `simd` in `intrinsics`
[INFO] [stdout]    --> /opt/rustwide/cargo-home/git/checkouts/portable-simd-311bd65e6952a0da/97007cc/crates/core_simd/src/ops.rs:40:36
[INFO] [stdout]     |
[INFO] [stdout] 40  |           unsafe { core::intrinsics::simd::$simd_call($lhs, $rhs) }
[INFO] [stdout]     |                                      ^^^^ could not find `simd` in `intrinsics`
[INFO] [stdout] ...
[INFO] [stdout] 175 | / for_base_ops! {
[INFO] [stdout] 176 | |     T = (i8, i16, i32, i64, isize, u8, u16, u32, u64, usize);
[INFO] [stdout] 177 | |     type Lhs = Simd<T, N>;
[INFO] [stdout] 178 | |     type Rhs = Simd<T, N>;
[INFO] [stdout] ...   |
[INFO] [stdout] 231 | |     }
[INFO] [stdout] 232 | | }
[INFO] [stdout]     | |_- in this macro invocation
[INFO] [stdout]     |
[INFO] [stdout]     = note: this error originates in the macro `unsafe_base` which comes from the expansion of the macro `for_base_ops` (in Nightly builds, run with -Z macro-backtrace for more info)
[INFO] [stdout] 
[INFO] [stdout] 
[INFO] [stdout] error[E0433]: failed to resolve: could not find `simd` in `intrinsics`
[INFO] [stdout]    --> /opt/rustwide/cargo-home/git/checkouts/portable-simd-311bd65e6952a0da/97007cc/crates/core_simd/src/ops.rs:40:36
[INFO] [stdout]     |
[INFO] [stdout] 40  |           unsafe { core::intrinsics::simd::$simd_call($lhs, $rhs) }
[INFO] [stdout]     |                                      ^^^^ could not find `simd` in `intrinsics`
[INFO] [stdout] ...
[INFO] [stdout] 175 | / for_base_ops! {
[INFO] [stdout] 176 | |     T = (i8, i16, i32, i64, isize, u8, u16, u32, u64, usize);
[INFO] [stdout] 177 | |     type Lhs = Simd<T, N>;
[INFO] [stdout] 178 | |     type Rhs = Simd<T, N>;
[INFO] [stdout] ...   |
[INFO] [stdout] 231 | |     }
[INFO] [stdout] 232 | | }
[INFO] [stdout]     | |_- in this macro invocation
[INFO] [stdout]     |
[INFO] [stdout]     = note: this error originates in the macro `unsafe_base` which comes from the expansion of the macro `for_base_ops` (in Nightly builds, run with -Z macro-backtrace for more info)
[INFO] [stdout] 
[INFO] [stdout] 
[INFO] [stdout] error[E0433]: failed to resolve: could not find `simd` in `intrinsics`
[INFO] [stdout]    --> /opt/rustwide/cargo-home/git/checkouts/portable-simd-311bd65e6952a0da/97007cc/crates/core_simd/src/ops.rs:40:36
[INFO] [stdout]     |
[INFO] [stdout] 40  |           unsafe { core::intrinsics::simd::$simd_call($lhs, $rhs) }
[INFO] [stdout]     |                                      ^^^^ could not find `simd` in `intrinsics`
[INFO] [stdout] ...
[INFO] [stdout] 175 | / for_base_ops! {
[INFO] [stdout] 176 | |     T = (i8, i16, i32, i64, isize, u8, u16, u32, u64, usize);
[INFO] [stdout] 177 | |     type Lhs = Simd<T, N>;
[INFO] [stdout] 178 | |     type Rhs = Simd<T, N>;
[INFO] [stdout] ...   |
[INFO] [stdout] 231 | |     }
[INFO] [stdout] 232 | | }
[INFO] [stdout]     | |_- in this macro invocation
[INFO] [stdout]     |
[INFO] [stdout]     = note: this error originates in the macro `unsafe_base` which comes from the expansion of the macro `for_base_ops` (in Nightly builds, run with -Z macro-backtrace for more info)
[INFO] [stdout] 
[INFO] [stdout] 
[INFO] [stderr]     Checking hound v3.5.1
[INFO] [stdout] error[E0433]: failed to resolve: could not find `simd` in `intrinsics`
[INFO] [stdout]    --> /opt/rustwide/cargo-home/git/checkouts/portable-simd-311bd65e6952a0da/97007cc/crates/core_simd/src/ops.rs:40:36
[INFO] [stdout]     |
[INFO] [stdout] 40  |           unsafe { core::intrinsics::simd::$simd_call($lhs, $rhs) }
[INFO] [stdout]     |                                      ^^^^ could not find `simd` in `intrinsics`
[INFO] [stdout] ...
[INFO] [stdout] 175 | / for_base_ops! {
[INFO] [stdout] 176 | |     T = (i8, i16, i32, i64, isize, u8, u16, u32, u64, usize);
[INFO] [stdout] 177 | |     type Lhs = Simd<T, N>;
[INFO] [stdout] 178 | |     type Rhs = Simd<T, N>;
[INFO] [stdout] ...   |
[INFO] [stdout] 231 | |     }
[INFO] [stdout] 232 | | }
[INFO] [stdout]     | |_- in this macro invocation
[INFO] [stdout]     |
[INFO] [stdout]     = note: this error originates in the macro `unsafe_base` which comes from the expansion of the macro `for_base_ops` (in Nightly builds, run with -Z macro-backtrace for more info)
[INFO] [stdout] 
[INFO] [stdout] 
[INFO] [stdout] error[E0433]: failed to resolve: could not find `simd` in `intrinsics`
[INFO] [stdout]    --> /opt/rustwide/cargo-home/git/checkouts/portable-simd-311bd65e6952a0da/97007cc/crates/core_simd/src/ops.rs:40:36
[INFO] [stdout]     |
[INFO] [stdout] 40  |           unsafe { core::intrinsics::simd::$simd_call($lhs, $rhs) }
[INFO] [stdout]     |                                      ^^^^ could not find `simd` in `intrinsics`
[INFO] [stdout] ...
[INFO] [stdout] 175 | / for_base_ops! {
[INFO] [stdout] 176 | |     T = (i8, i16, i32, i64, isize, u8, u16, u32, u64, usize);
[INFO] [stdout] 177 | |     type Lhs = Simd<T, N>;
[INFO] [stdout] 178 | |     type Rhs = Simd<T, N>;
[INFO] [stdout] ...   |
[INFO] [stdout] 231 | |     }
[INFO] [stdout] 232 | | }
[INFO] [stdout]     | |_- in this macro invocation
[INFO] [stdout]     |
[INFO] [stdout]     = note: this error originates in the macro `unsafe_base` which comes from the expansion of the macro `for_base_ops` (in Nightly builds, run with -Z macro-backtrace for more info)
[INFO] [stdout] 
[INFO] [stdout] 
[INFO] [stdout] error[E0433]: failed to resolve: could not find `simd` in `intrinsics`
[INFO] [stdout]    --> /opt/rustwide/cargo-home/git/checkouts/portable-simd-311bd65e6952a0da/97007cc/crates/core_simd/src/ops.rs:40:36
[INFO] [stdout]     |
[INFO] [stdout] 40  |           unsafe { core::intrinsics::simd::$simd_call($lhs, $rhs) }
[INFO] [stdout]     |                                      ^^^^ could not find `simd` in `intrinsics`
[INFO] [stdout] ...
[INFO] [stdout] 175 | / for_base_ops! {
[INFO] [stdout] 176 | |     T = (i8, i16, i32, i64, isize, u8, u16, u32, u64, usize);
[INFO] [stdout] 177 | |     type Lhs = Simd<T, N>;
[INFO] [stdout] 178 | |     type Rhs = Simd<T, N>;
[INFO] [stdout] ...   |
[INFO] [stdout] 231 | |     }
[INFO] [stdout] 232 | | }
[INFO] [stdout]     | |_- in this macro invocation
[INFO] [stdout]     |
[INFO] [stdout]     = note: this error originates in the macro `unsafe_base` which comes from the expansion of the macro `for_base_ops` (in Nightly builds, run with -Z macro-backtrace for more info)
[INFO] [stdout] 
[INFO] [stdout] 
[INFO] [stdout] error[E0433]: failed to resolve: could not find `simd` in `intrinsics`
[INFO] [stdout]    --> /opt/rustwide/cargo-home/git/checkouts/portable-simd-311bd65e6952a0da/97007cc/crates/core_simd/src/ops.rs:40:36
[INFO] [stdout]     |
[INFO] [stdout] 40  |           unsafe { core::intrinsics::simd::$simd_call($lhs, $rhs) }
[INFO] [stdout]     |                                      ^^^^ could not find `simd` in `intrinsics`
[INFO] [stdout] ...
[INFO] [stdout] 175 | / for_base_ops! {
[INFO] [stdout] 176 | |     T = (i8, i16, i32, i64, isize, u8, u16, u32, u64, usize);
[INFO] [stdout] 177 | |     type Lhs = Simd<T, N>;
[INFO] [stdout] 178 | |     type Rhs = Simd<T, N>;
[INFO] [stdout] ...   |
[INFO] [stdout] 231 | |     }
[INFO] [stdout] 232 | | }
[INFO] [stdout]     | |_- in this macro invocation
[INFO] [stdout]     |
[INFO] [stdout]     = note: this error originates in the macro `unsafe_base` which comes from the expansion of the macro `for_base_ops` (in Nightly builds, run with -Z macro-backtrace for more info)
[INFO] [stdout] 
[INFO] [stdout] 
[INFO] [stdout] error[E0433]: failed to resolve: could not find `simd` in `intrinsics`
[INFO] [stdout]    --> /opt/rustwide/cargo-home/git/checkouts/portable-simd-311bd65e6952a0da/97007cc/crates/core_simd/src/ops.rs:40:36
[INFO] [stdout]     |
[INFO] [stdout] 40  |           unsafe { core::intrinsics::simd::$simd_call($lhs, $rhs) }
[INFO] [stdout]     |                                      ^^^^ could not find `simd` in `intrinsics`
[INFO] [stdout] ...
[INFO] [stdout] 175 | / for_base_ops! {
[INFO] [stdout] 176 | |     T = (i8, i16, i32, i64, isize, u8, u16, u32, u64, usize);
[INFO] [stdout] 177 | |     type Lhs = Simd<T, N>;
[INFO] [stdout] 178 | |     type Rhs = Simd<T, N>;
[INFO] [stdout] ...   |
[INFO] [stdout] 231 | |     }
[INFO] [stdout] 232 | | }
[INFO] [stdout]     | |_- in this macro invocation
[INFO] [stdout]     |
[INFO] [stdout]     = note: this error originates in the macro `unsafe_base` which comes from the expansion of the macro `for_base_ops` (in Nightly builds, run with -Z macro-backtrace for more info)
[INFO] [stdout] 
[INFO] [stdout] 
[INFO] [stdout] error[E0433]: failed to resolve: could not find `simd` in `intrinsics`
[INFO] [stdout]    --> /opt/rustwide/cargo-home/git/checkouts/portable-simd-311bd65e6952a0da/97007cc/crates/core_simd/src/ops.rs:40:36
[INFO] [stdout]     |
[INFO] [stdout] 40  |           unsafe { core::intrinsics::simd::$simd_call($lhs, $rhs) }
[INFO] [stdout]     |                                      ^^^^ could not find `simd` in `intrinsics`
[INFO] [stdout] ...
[INFO] [stdout] 175 | / for_base_ops! {
[INFO] [stdout] 176 | |     T = (i8, i16, i32, i64, isize, u8, u16, u32, u64, usize);
[INFO] [stdout] 177 | |     type Lhs = Simd<T, N>;
[INFO] [stdout] 178 | |     type Rhs = Simd<T, N>;
[INFO] [stdout] ...   |
[INFO] [stdout] 231 | |     }
[INFO] [stdout] 232 | | }
[INFO] [stdout]     | |_- in this macro invocation
[INFO] [stdout]     |
[INFO] [stdout]     = note: this error originates in the macro `unsafe_base` which comes from the expansion of the macro `for_base_ops` (in Nightly builds, run with -Z macro-backtrace for more info)
[INFO] [stdout] 
[INFO] [stdout] 
[INFO] [stdout] error[E0433]: failed to resolve: could not find `simd` in `intrinsics`
[INFO] [stdout]    --> /opt/rustwide/cargo-home/git/checkouts/portable-simd-311bd65e6952a0da/97007cc/crates/core_simd/src/ops.rs:40:36
[INFO] [stdout]     |
[INFO] [stdout] 40  |           unsafe { core::intrinsics::simd::$simd_call($lhs, $rhs) }
[INFO] [stdout]     |                                      ^^^^ could not find `simd` in `intrinsics`
[INFO] [stdout] ...
[INFO] [stdout] 175 | / for_base_ops! {
[INFO] [stdout] 176 | |     T = (i8, i16, i32, i64, isize, u8, u16, u32, u64, usize);
[INFO] [stdout] 177 | |     type Lhs = Simd<T, N>;
[INFO] [stdout] 178 | |     type Rhs = Simd<T, N>;
[INFO] [stdout] ...   |
[INFO] [stdout] 231 | |     }
[INFO] [stdout] 232 | | }
[INFO] [stdout]     | |_- in this macro invocation
[INFO] [stdout]     |
[INFO] [stdout]     = note: this error originates in the macro `unsafe_base` which comes from the expansion of the macro `for_base_ops` (in Nightly builds, run with -Z macro-backtrace for more info)
[INFO] [stdout] 
[INFO] [stdout] 
[INFO] [stdout] error[E0433]: failed to resolve: could not find `simd` in `intrinsics`
[INFO] [stdout]    --> /opt/rustwide/cargo-home/git/checkouts/portable-simd-311bd65e6952a0da/97007cc/crates/core_simd/src/ops.rs:40:36
[INFO] [stdout]     |
[INFO] [stdout] 40  |           unsafe { core::intrinsics::simd::$simd_call($lhs, $rhs) }
[INFO] [stdout]     |                                      ^^^^ could not find `simd` in `intrinsics`
[INFO] [stdout] ...
[INFO] [stdout] 175 | / for_base_ops! {
[INFO] [stdout] 176 | |     T = (i8, i16, i32, i64, isize, u8, u16, u32, u64, usize);
[INFO] [stdout] 177 | |     type Lhs = Simd<T, N>;
[INFO] [stdout] 178 | |     type Rhs = Simd<T, N>;
[INFO] [stdout] ...   |
[INFO] [stdout] 231 | |     }
[INFO] [stdout] 232 | | }
[INFO] [stdout]     | |_- in this macro invocation
[INFO] [stdout]     |
[INFO] [stdout]     = note: this error originates in the macro `unsafe_base` which comes from the expansion of the macro `for_base_ops` (in Nightly builds, run with -Z macro-backtrace for more info)
[INFO] [stdout] 
[INFO] [stdout] 
[INFO] [stdout] error[E0433]: failed to resolve: could not find `simd` in `intrinsics`
[INFO] [stdout]    --> /opt/rustwide/cargo-home/git/checkouts/portable-simd-311bd65e6952a0da/97007cc/crates/core_simd/src/ops.rs:40:36
[INFO] [stdout]     |
[INFO] [stdout] 40  |           unsafe { core::intrinsics::simd::$simd_call($lhs, $rhs) }
[INFO] [stdout]     |                                      ^^^^ could not find `simd` in `intrinsics`
[INFO] [stdout] ...
[INFO] [stdout] 175 | / for_base_ops! {
[INFO] [stdout] 176 | |     T = (i8, i16, i32, i64, isize, u8, u16, u32, u64, usize);
[INFO] [stdout] 177 | |     type Lhs = Simd<T, N>;
[INFO] [stdout] 178 | |     type Rhs = Simd<T, N>;
[INFO] [stdout] ...   |
[INFO] [stdout] 231 | |     }
[INFO] [stdout] 232 | | }
[INFO] [stdout]     | |_- in this macro invocation
[INFO] [stdout]     |
[INFO] [stdout]     = note: this error originates in the macro `unsafe_base` which comes from the expansion of the macro `for_base_ops` (in Nightly builds, run with -Z macro-backtrace for more info)
[INFO] [stdout] 
[INFO] [stdout] 
[INFO] [stdout] error[E0433]: failed to resolve: could not find `simd` in `intrinsics`
[INFO] [stdout]    --> /opt/rustwide/cargo-home/git/checkouts/portable-simd-311bd65e6952a0da/97007cc/crates/core_simd/src/ops.rs:40:36
[INFO] [stdout]     |
[INFO] [stdout] 40  |           unsafe { core::intrinsics::simd::$simd_call($lhs, $rhs) }
[INFO] [stdout]     |                                      ^^^^ could not find `simd` in `intrinsics`
[INFO] [stdout] ...
[INFO] [stdout] 175 | / for_base_ops! {
[INFO] [stdout] 176 | |     T = (i8, i16, i32, i64, isize, u8, u16, u32, u64, usize);
[INFO] [stdout] 177 | |     type Lhs = Simd<T, N>;
[INFO] [stdout] 178 | |     type Rhs = Simd<T, N>;
[INFO] [stdout] ...   |
[INFO] [stdout] 231 | |     }
[INFO] [stdout] 232 | | }
[INFO] [stdout]     | |_- in this macro invocation
[INFO] [stdout]     |
[INFO] [stdout]     = note: this error originates in the macro `unsafe_base` which comes from the expansion of the macro `for_base_ops` (in Nightly builds, run with -Z macro-backtrace for more info)
[INFO] [stdout] 
[INFO] [stdout] 
[INFO] [stdout] error[E0433]: failed to resolve: could not find `simd` in `intrinsics`
[INFO] [stdout]    --> /opt/rustwide/cargo-home/git/checkouts/portable-simd-311bd65e6952a0da/97007cc/crates/core_simd/src/ops.rs:40:36
[INFO] [stdout]     |
[INFO] [stdout] 40  |           unsafe { core::intrinsics::simd::$simd_call($lhs, $rhs) }
[INFO] [stdout]     |                                      ^^^^ could not find `simd` in `intrinsics`
[INFO] [stdout] ...
[INFO] [stdout] 175 | / for_base_ops! {
[INFO] [stdout] 176 | |     T = (i8, i16, i32, i64, isize, u8, u16, u32, u64, usize);
[INFO] [stdout] 177 | |     type Lhs = Simd<T, N>;
[INFO] [stdout] 178 | |     type Rhs = Simd<T, N>;
[INFO] [stdout] ...   |
[INFO] [stdout] 231 | |     }
[INFO] [stdout] 232 | | }
[INFO] [stdout]     | |_- in this macro invocation
[INFO] [stdout]     |
[INFO] [stdout]     = note: this error originates in the macro `unsafe_base` which comes from the expansion of the macro `for_base_ops` (in Nightly builds, run with -Z macro-backtrace for more info)
[INFO] [stdout] 
[INFO] [stdout] 
[INFO] [stdout] error[E0433]: failed to resolve: could not find `simd` in `intrinsics`
[INFO] [stdout]    --> /opt/rustwide/cargo-home/git/checkouts/portable-simd-311bd65e6952a0da/97007cc/crates/core_simd/src/ops.rs:40:36
[INFO] [stdout]     |
[INFO] [stdout] 40  |           unsafe { core::intrinsics::simd::$simd_call($lhs, $rhs) }
[INFO] [stdout]     |                                      ^^^^ could not find `simd` in `intrinsics`
[INFO] [stdout] ...
[INFO] [stdout] 175 | / for_base_ops! {
[INFO] [stdout] 176 | |     T = (i8, i16, i32, i64, isize, u8, u16, u32, u64, usize);
[INFO] [stdout] 177 | |     type Lhs = Simd<T, N>;
[INFO] [stdout] 178 | |     type Rhs = Simd<T, N>;
[INFO] [stdout] ...   |
[INFO] [stdout] 231 | |     }
[INFO] [stdout] 232 | | }
[INFO] [stdout]     | |_- in this macro invocation
[INFO] [stdout]     |
[INFO] [stdout]     = note: this error originates in the macro `unsafe_base` which comes from the expansion of the macro `for_base_ops` (in Nightly builds, run with -Z macro-backtrace for more info)
[INFO] [stdout] 
[INFO] [stdout] 
[INFO] [stdout] error[E0433]: failed to resolve: could not find `simd` in `intrinsics`
[INFO] [stdout]    --> /opt/rustwide/cargo-home/git/checkouts/portable-simd-311bd65e6952a0da/97007cc/crates/core_simd/src/ops.rs:40:36
[INFO] [stdout]     |
[INFO] [stdout] 40  |           unsafe { core::intrinsics::simd::$simd_call($lhs, $rhs) }
[INFO] [stdout]     |                                      ^^^^ could not find `simd` in `intrinsics`
[INFO] [stdout] ...
[INFO] [stdout] 175 | / for_base_ops! {
[INFO] [stdout] 176 | |     T = (i8, i16, i32, i64, isize, u8, u16, u32, u64, usize);
[INFO] [stdout] 177 | |     type Lhs = Simd<T, N>;
[INFO] [stdout] 178 | |     type Rhs = Simd<T, N>;
[INFO] [stdout] ...   |
[INFO] [stdout] 231 | |     }
[INFO] [stdout] 232 | | }
[INFO] [stdout]     | |_- in this macro invocation
[INFO] [stdout]     |
[INFO] [stdout]     = note: this error originates in the macro `unsafe_base` which comes from the expansion of the macro `for_base_ops` (in Nightly builds, run with -Z macro-backtrace for more info)
[INFO] [stdout] 
[INFO] [stdout] 
[INFO] [stdout] error[E0433]: failed to resolve: could not find `simd` in `intrinsics`
[INFO] [stdout]    --> /opt/rustwide/cargo-home/git/checkouts/portable-simd-311bd65e6952a0da/97007cc/crates/core_simd/src/ops.rs:40:36
[INFO] [stdout]     |
[INFO] [stdout] 40  |           unsafe { core::intrinsics::simd::$simd_call($lhs, $rhs) }
[INFO] [stdout]     |                                      ^^^^ could not find `simd` in `intrinsics`
[INFO] [stdout] ...
[INFO] [stdout] 175 | / for_base_ops! {
[INFO] [stdout] 176 | |     T = (i8, i16, i32, i64, isize, u8, u16, u32, u64, usize);
[INFO] [stdout] 177 | |     type Lhs = Simd<T, N>;
[INFO] [stdout] 178 | |     type Rhs = Simd<T, N>;
[INFO] [stdout] ...   |
[INFO] [stdout] 231 | |     }
[INFO] [stdout] 232 | | }
[INFO] [stdout]     | |_- in this macro invocation
[INFO] [stdout]     |
[INFO] [stdout]     = note: this error originates in the macro `unsafe_base` which comes from the expansion of the macro `for_base_ops` (in Nightly builds, run with -Z macro-backtrace for more info)
[INFO] [stdout] 
[INFO] [stdout] 
[INFO] [stdout] error[E0433]: failed to resolve: could not find `simd` in `intrinsics`
[INFO] [stdout]    --> /opt/rustwide/cargo-home/git/checkouts/portable-simd-311bd65e6952a0da/97007cc/crates/core_simd/src/ops.rs:40:36
[INFO] [stdout]     |
[INFO] [stdout] 40  |           unsafe { core::intrinsics::simd::$simd_call($lhs, $rhs) }
[INFO] [stdout]     |                                      ^^^^ could not find `simd` in `intrinsics`
[INFO] [stdout] ...
[INFO] [stdout] 175 | / for_base_ops! {
[INFO] [stdout] 176 | |     T = (i8, i16, i32, i64, isize, u8, u16, u32, u64, usize);
[INFO] [stdout] 177 | |     type Lhs = Simd<T, N>;
[INFO] [stdout] 178 | |     type Rhs = Simd<T, N>;
[INFO] [stdout] ...   |
[INFO] [stdout] 231 | |     }
[INFO] [stdout] 232 | | }
[INFO] [stdout]     | |_- in this macro invocation
[INFO] [stdout]     |
[INFO] [stdout]     = note: this error originates in the macro `unsafe_base` which comes from the expansion of the macro `for_base_ops` (in Nightly builds, run with -Z macro-backtrace for more info)
[INFO] [stdout] 
[INFO] [stdout] 
[INFO] [stdout] error[E0433]: failed to resolve: could not find `simd` in `intrinsics`
[INFO] [stdout]    --> /opt/rustwide/cargo-home/git/checkouts/portable-simd-311bd65e6952a0da/97007cc/crates/core_simd/src/ops.rs:40:36
[INFO] [stdout]     |
[INFO] [stdout] 40  |           unsafe { core::intrinsics::simd::$simd_call($lhs, $rhs) }
[INFO] [stdout]     |                                      ^^^^ could not find `simd` in `intrinsics`
[INFO] [stdout] ...
[INFO] [stdout] 175 | / for_base_ops! {
[INFO] [stdout] 176 | |     T = (i8, i16, i32, i64, isize, u8, u16, u32, u64, usize);
[INFO] [stdout] 177 | |     type Lhs = Simd<T, N>;
[INFO] [stdout] 178 | |     type Rhs = Simd<T, N>;
[INFO] [stdout] ...   |
[INFO] [stdout] 231 | |     }
[INFO] [stdout] 232 | | }
[INFO] [stdout]     | |_- in this macro invocation
[INFO] [stdout]     |
[INFO] [stdout]     = note: this error originates in the macro `unsafe_base` which comes from the expansion of the macro `for_base_ops` (in Nightly builds, run with -Z macro-backtrace for more info)
[INFO] [stdout] 
[INFO] [stdout] 
[INFO] [stdout] error[E0433]: failed to resolve: could not find `simd` in `intrinsics`
[INFO] [stdout]    --> /opt/rustwide/cargo-home/git/checkouts/portable-simd-311bd65e6952a0da/97007cc/crates/core_simd/src/ops.rs:40:36
[INFO] [stdout]     |
[INFO] [stdout] 40  |           unsafe { core::intrinsics::simd::$simd_call($lhs, $rhs) }
[INFO] [stdout]     |                                      ^^^^ could not find `simd` in `intrinsics`
[INFO] [stdout] ...
[INFO] [stdout] 175 | / for_base_ops! {
[INFO] [stdout] 176 | |     T = (i8, i16, i32, i64, isize, u8, u16, u32, u64, usize);
[INFO] [stdout] 177 | |     type Lhs = Simd<T, N>;
[INFO] [stdout] 178 | |     type Rhs = Simd<T, N>;
[INFO] [stdout] ...   |
[INFO] [stdout] 231 | |     }
[INFO] [stdout] 232 | | }
[INFO] [stdout]     | |_- in this macro invocation
[INFO] [stdout]     |
[INFO] [stdout]     = note: this error originates in the macro `unsafe_base` which comes from the expansion of the macro `for_base_ops` (in Nightly builds, run with -Z macro-backtrace for more info)
[INFO] [stdout] 
[INFO] [stdout] 
[INFO] [stdout] error[E0433]: failed to resolve: could not find `simd` in `intrinsics`
[INFO] [stdout]    --> /opt/rustwide/cargo-home/git/checkouts/portable-simd-311bd65e6952a0da/97007cc/crates/core_simd/src/ops.rs:40:36
[INFO] [stdout]     |
[INFO] [stdout] 40  |           unsafe { core::intrinsics::simd::$simd_call($lhs, $rhs) }
[INFO] [stdout]     |                                      ^^^^ could not find `simd` in `intrinsics`
[INFO] [stdout] ...
[INFO] [stdout] 175 | / for_base_ops! {
[INFO] [stdout] 176 | |     T = (i8, i16, i32, i64, isize, u8, u16, u32, u64, usize);
[INFO] [stdout] 177 | |     type Lhs = Simd<T, N>;
[INFO] [stdout] 178 | |     type Rhs = Simd<T, N>;
[INFO] [stdout] ...   |
[INFO] [stdout] 231 | |     }
[INFO] [stdout] 232 | | }
[INFO] [stdout]     | |_- in this macro invocation
[INFO] [stdout]     |
[INFO] [stdout]     = note: this error originates in the macro `unsafe_base` which comes from the expansion of the macro `for_base_ops` (in Nightly builds, run with -Z macro-backtrace for more info)
[INFO] [stdout] 
[INFO] [stdout] 
[INFO] [stdout] error[E0433]: failed to resolve: could not find `simd` in `intrinsics`
[INFO] [stdout]    --> /opt/rustwide/cargo-home/git/checkouts/portable-simd-311bd65e6952a0da/97007cc/crates/core_simd/src/ops.rs:40:36
[INFO] [stdout]     |
[INFO] [stdout] 40  |           unsafe { core::intrinsics::simd::$simd_call($lhs, $rhs) }
[INFO] [stdout]     |                                      ^^^^ could not find `simd` in `intrinsics`
[INFO] [stdout] ...
[INFO] [stdout] 175 | / for_base_ops! {
[INFO] [stdout] 176 | |     T = (i8, i16, i32, i64, isize, u8, u16, u32, u64, usize);
[INFO] [stdout] 177 | |     type Lhs = Simd<T, N>;
[INFO] [stdout] 178 | |     type Rhs = Simd<T, N>;
[INFO] [stdout] ...   |
[INFO] [stdout] 231 | |     }
[INFO] [stdout] 232 | | }
[INFO] [stdout]     | |_- in this macro invocation
[INFO] [stdout]     |
[INFO] [stdout]     = note: this error originates in the macro `unsafe_base` which comes from the expansion of the macro `for_base_ops` (in Nightly builds, run with -Z macro-backtrace for more info)
[INFO] [stdout] 
[INFO] [stdout] 
[INFO] [stdout] error[E0433]: failed to resolve: could not find `simd` in `intrinsics`
[INFO] [stdout]    --> /opt/rustwide/cargo-home/git/checkouts/portable-simd-311bd65e6952a0da/97007cc/crates/core_simd/src/ops.rs:40:36
[INFO] [stdout]     |
[INFO] [stdout] 40  |           unsafe { core::intrinsics::simd::$simd_call($lhs, $rhs) }
[INFO] [stdout]     |                                      ^^^^ could not find `simd` in `intrinsics`
[INFO] [stdout] ...
[INFO] [stdout] 175 | / for_base_ops! {
[INFO] [stdout] 176 | |     T = (i8, i16, i32, i64, isize, u8, u16, u32, u64, usize);
[INFO] [stdout] 177 | |     type Lhs = Simd<T, N>;
[INFO] [stdout] 178 | |     type Rhs = Simd<T, N>;
[INFO] [stdout] ...   |
[INFO] [stdout] 231 | |     }
[INFO] [stdout] 232 | | }
[INFO] [stdout]     | |_- in this macro invocation
[INFO] [stdout]     |
[INFO] [stdout]     = note: this error originates in the macro `unsafe_base` which comes from the expansion of the macro `for_base_ops` (in Nightly builds, run with -Z macro-backtrace for more info)
[INFO] [stdout] 
[INFO] [stdout] 
[INFO] [stdout] error[E0433]: failed to resolve: could not find `simd` in `intrinsics`
[INFO] [stdout]    --> /opt/rustwide/cargo-home/git/checkouts/portable-simd-311bd65e6952a0da/97007cc/crates/core_simd/src/ops.rs:40:36
[INFO] [stdout]     |
[INFO] [stdout] 40  |           unsafe { core::intrinsics::simd::$simd_call($lhs, $rhs) }
[INFO] [stdout]     |                                      ^^^^ could not find `simd` in `intrinsics`
[INFO] [stdout] ...
[INFO] [stdout] 175 | / for_base_ops! {
[INFO] [stdout] 176 | |     T = (i8, i16, i32, i64, isize, u8, u16, u32, u64, usize);
[INFO] [stdout] 177 | |     type Lhs = Simd<T, N>;
[INFO] [stdout] 178 | |     type Rhs = Simd<T, N>;
[INFO] [stdout] ...   |
[INFO] [stdout] 231 | |     }
[INFO] [stdout] 232 | | }
[INFO] [stdout]     | |_- in this macro invocation
[INFO] [stdout]     |
[INFO] [stdout]     = note: this error originates in the macro `unsafe_base` which comes from the expansion of the macro `for_base_ops` (in Nightly builds, run with -Z macro-backtrace for more info)
[INFO] [stdout] 
[INFO] [stdout] 
[INFO] [stdout] error[E0433]: failed to resolve: could not find `simd` in `intrinsics`
[INFO] [stdout]    --> /opt/rustwide/cargo-home/git/checkouts/portable-simd-311bd65e6952a0da/97007cc/crates/core_simd/src/ops.rs:40:36
[INFO] [stdout]     |
[INFO] [stdout] 40  |           unsafe { core::intrinsics::simd::$simd_call($lhs, $rhs) }
[INFO] [stdout]     |                                      ^^^^ could not find `simd` in `intrinsics`
[INFO] [stdout] ...
[INFO] [stdout] 175 | / for_base_ops! {
[INFO] [stdout] 176 | |     T = (i8, i16, i32, i64, isize, u8, u16, u32, u64, usize);
[INFO] [stdout] 177 | |     type Lhs = Simd<T, N>;
[INFO] [stdout] 178 | |     type Rhs = Simd<T, N>;
[INFO] [stdout] ...   |
[INFO] [stdout] 231 | |     }
[INFO] [stdout] 232 | | }
[INFO] [stdout]     | |_- in this macro invocation
[INFO] [stdout]     |
[INFO] [stdout]     = note: this error originates in the macro `unsafe_base` which comes from the expansion of the macro `for_base_ops` (in Nightly builds, run with -Z macro-backtrace for more info)
[INFO] [stdout] 
[INFO] [stdout] 
[INFO] [stdout] error[E0433]: failed to resolve: could not find `simd` in `intrinsics`
[INFO] [stdout]    --> /opt/rustwide/cargo-home/git/checkouts/portable-simd-311bd65e6952a0da/97007cc/crates/core_simd/src/ops.rs:40:36
[INFO] [stdout]     |
[INFO] [stdout] 40  |           unsafe { core::intrinsics::simd::$simd_call($lhs, $rhs) }
[INFO] [stdout]     |                                      ^^^^ could not find `simd` in `intrinsics`
[INFO] [stdout] ...
[INFO] [stdout] 175 | / for_base_ops! {
[INFO] [stdout] 176 | |     T = (i8, i16, i32, i64, isize, u8, u16, u32, u64, usize);
[INFO] [stdout] 177 | |     type Lhs = Simd<T, N>;
[INFO] [stdout] 178 | |     type Rhs = Simd<T, N>;
[INFO] [stdout] ...   |
[INFO] [stdout] 231 | |     }
[INFO] [stdout] 232 | | }
[INFO] [stdout]     | |_- in this macro invocation
[INFO] [stdout]     |
[INFO] [stdout]     = note: this error originates in the macro `unsafe_base` which comes from the expansion of the macro `for_base_ops` (in Nightly builds, run with -Z macro-backtrace for more info)
[INFO] [stdout] 
[INFO] [stdout] 
[INFO] [stdout] error[E0433]: failed to resolve: could not find `simd` in `intrinsics`
[INFO] [stdout]    --> /opt/rustwide/cargo-home/git/checkouts/portable-simd-311bd65e6952a0da/97007cc/crates/core_simd/src/ops.rs:40:36
[INFO] [stdout]     |
[INFO] [stdout] 40  |           unsafe { core::intrinsics::simd::$simd_call($lhs, $rhs) }
[INFO] [stdout]     |                                      ^^^^ could not find `simd` in `intrinsics`
[INFO] [stdout] ...
[INFO] [stdout] 175 | / for_base_ops! {
[INFO] [stdout] 176 | |     T = (i8, i16, i32, i64, isize, u8, u16, u32, u64, usize);
[INFO] [stdout] 177 | |     type Lhs = Simd<T, N>;
[INFO] [stdout] 178 | |     type Rhs = Simd<T, N>;
[INFO] [stdout] ...   |
[INFO] [stdout] 231 | |     }
[INFO] [stdout] 232 | | }
[INFO] [stdout]     | |_- in this macro invocation
[INFO] [stdout]     |
[INFO] [stdout]     = note: this error originates in the macro `unsafe_base` which comes from the expansion of the macro `for_base_ops` (in Nightly builds, run with -Z macro-backtrace for more info)
[INFO] [stdout] 
[INFO] [stdout] 
[INFO] [stdout] error[E0433]: failed to resolve: could not find `simd` in `intrinsics`
[INFO] [stdout]    --> /opt/rustwide/cargo-home/git/checkouts/portable-simd-311bd65e6952a0da/97007cc/crates/core_simd/src/ops.rs:40:36
[INFO] [stdout]     |
[INFO] [stdout] 40  |           unsafe { core::intrinsics::simd::$simd_call($lhs, $rhs) }
[INFO] [stdout]     |                                      ^^^^ could not find `simd` in `intrinsics`
[INFO] [stdout] ...
[INFO] [stdout] 175 | / for_base_ops! {
[INFO] [stdout] 176 | |     T = (i8, i16, i32, i64, isize, u8, u16, u32, u64, usize);
[INFO] [stdout] 177 | |     type Lhs = Simd<T, N>;
[INFO] [stdout] 178 | |     type Rhs = Simd<T, N>;
[INFO] [stdout] ...   |
[INFO] [stdout] 231 | |     }
[INFO] [stdout] 232 | | }
[INFO] [stdout]     | |_- in this macro invocation
[INFO] [stdout]     |
[INFO] [stdout]     = note: this error originates in the macro `unsafe_base` which comes from the expansion of the macro `for_base_ops` (in Nightly builds, run with -Z macro-backtrace for more info)
[INFO] [stdout] 
[INFO] [stdout] 
[INFO] [stdout] error[E0433]: failed to resolve: could not find `simd` in `intrinsics`
[INFO] [stdout]    --> /opt/rustwide/cargo-home/git/checkouts/portable-simd-311bd65e6952a0da/97007cc/crates/core_simd/src/ops.rs:40:36
[INFO] [stdout]     |
[INFO] [stdout] 40  |           unsafe { core::intrinsics::simd::$simd_call($lhs, $rhs) }
[INFO] [stdout]     |                                      ^^^^ could not find `simd` in `intrinsics`
[INFO] [stdout] ...
[INFO] [stdout] 175 | / for_base_ops! {
[INFO] [stdout] 176 | |     T = (i8, i16, i32, i64, isize, u8, u16, u32, u64, usize);
[INFO] [stdout] 177 | |     type Lhs = Simd<T, N>;
[INFO] [stdout] 178 | |     type Rhs = Simd<T, N>;
[INFO] [stdout] ...   |
[INFO] [stdout] 231 | |     }
[INFO] [stdout] 232 | | }
[INFO] [stdout]     | |_- in this macro invocation
[INFO] [stdout]     |
[INFO] [stdout]     = note: this error originates in the macro `unsafe_base` which comes from the expansion of the macro `for_base_ops` (in Nightly builds, run with -Z macro-backtrace for more info)
[INFO] [stdout] 
[INFO] [stdout] 
[INFO] [stdout] error[E0433]: failed to resolve: could not find `simd` in `intrinsics`
[INFO] [stdout]    --> /opt/rustwide/cargo-home/git/checkouts/portable-simd-311bd65e6952a0da/97007cc/crates/core_simd/src/ops.rs:40:36
[INFO] [stdout]     |
[INFO] [stdout] 40  |           unsafe { core::intrinsics::simd::$simd_call($lhs, $rhs) }
[INFO] [stdout]     |                                      ^^^^ could not find `simd` in `intrinsics`
[INFO] [stdout] ...
[INFO] [stdout] 175 | / for_base_ops! {
[INFO] [stdout] 176 | |     T = (i8, i16, i32, i64, isize, u8, u16, u32, u64, usize);
[INFO] [stdout] 177 | |     type Lhs = Simd<T, N>;
[INFO] [stdout] 178 | |     type Rhs = Simd<T, N>;
[INFO] [stdout] ...   |
[INFO] [stdout] 231 | |     }
[INFO] [stdout] 232 | | }
[INFO] [stdout]     | |_- in this macro invocation
[INFO] [stdout]     |
[INFO] [stdout]     = note: this error originates in the macro `unsafe_base` which comes from the expansion of the macro `for_base_ops` (in Nightly builds, run with -Z macro-backtrace for more info)
[INFO] [stdout] 
[INFO] [stdout] 
[INFO] [stdout] error[E0433]: failed to resolve: could not find `simd` in `intrinsics`
[INFO] [stdout]    --> /opt/rustwide/cargo-home/git/checkouts/portable-simd-311bd65e6952a0da/97007cc/crates/core_simd/src/ops.rs:40:36
[INFO] [stdout]     |
[INFO] [stdout] 40  |           unsafe { core::intrinsics::simd::$simd_call($lhs, $rhs) }
[INFO] [stdout]     |                                      ^^^^ could not find `simd` in `intrinsics`
[INFO] [stdout] ...
[INFO] [stdout] 175 | / for_base_ops! {
[INFO] [stdout] 176 | |     T = (i8, i16, i32, i64, isize, u8, u16, u32, u64, usize);
[INFO] [stdout] 177 | |     type Lhs = Simd<T, N>;
[INFO] [stdout] 178 | |     type Rhs = Simd<T, N>;
[INFO] [stdout] ...   |
[INFO] [stdout] 231 | |     }
[INFO] [stdout] 232 | | }
[INFO] [stdout]     | |_- in this macro invocation
[INFO] [stdout]     |
[INFO] [stdout]     = note: this error originates in the macro `unsafe_base` which comes from the expansion of the macro `for_base_ops` (in Nightly builds, run with -Z macro-backtrace for more info)
[INFO] [stdout] 
[INFO] [stdout] 
[INFO] [stdout] error[E0433]: failed to resolve: could not find `simd` in `intrinsics`
[INFO] [stdout]    --> /opt/rustwide/cargo-home/git/checkouts/portable-simd-311bd65e6952a0da/97007cc/crates/core_simd/src/ops.rs:40:36
[INFO] [stdout]     |
[INFO] [stdout] 40  |           unsafe { core::intrinsics::simd::$simd_call($lhs, $rhs) }
[INFO] [stdout]     |                                      ^^^^ could not find `simd` in `intrinsics`
[INFO] [stdout] ...
[INFO] [stdout] 175 | / for_base_ops! {
[INFO] [stdout] 176 | |     T = (i8, i16, i32, i64, isize, u8, u16, u32, u64, usize);
[INFO] [stdout] 177 | |     type Lhs = Simd<T, N>;
[INFO] [stdout] 178 | |     type Rhs = Simd<T, N>;
[INFO] [stdout] ...   |
[INFO] [stdout] 231 | |     }
[INFO] [stdout] 232 | | }
[INFO] [stdout]     | |_- in this macro invocation
[INFO] [stdout]     |
[INFO] [stdout]     = note: this error originates in the macro `unsafe_base` which comes from the expansion of the macro `for_base_ops` (in Nightly builds, run with -Z macro-backtrace for more info)
[INFO] [stdout] 
[INFO] [stdout] 
[INFO] [stdout] error[E0433]: failed to resolve: could not find `simd` in `intrinsics`
[INFO] [stdout]    --> /opt/rustwide/cargo-home/git/checkouts/portable-simd-311bd65e6952a0da/97007cc/crates/core_simd/src/ops.rs:40:36
[INFO] [stdout]     |
[INFO] [stdout] 40  |           unsafe { core::intrinsics::simd::$simd_call($lhs, $rhs) }
[INFO] [stdout]     |                                      ^^^^ could not find `simd` in `intrinsics`
[INFO] [stdout] ...
[INFO] [stdout] 175 | / for_base_ops! {
[INFO] [stdout] 176 | |     T = (i8, i16, i32, i64, isize, u8, u16, u32, u64, usize);
[INFO] [stdout] 177 | |     type Lhs = Simd<T, N>;
[INFO] [stdout] 178 | |     type Rhs = Simd<T, N>;
[INFO] [stdout] ...   |
[INFO] [stdout] 231 | |     }
[INFO] [stdout] 232 | | }
[INFO] [stdout]     | |_- in this macro invocation
[INFO] [stdout]     |
[INFO] [stdout]     = note: this error originates in the macro `unsafe_base` which comes from the expansion of the macro `for_base_ops` (in Nightly builds, run with -Z macro-backtrace for more info)
[INFO] [stdout] 
[INFO] [stdout] 
[INFO] [stdout] error[E0433]: failed to resolve: could not find `simd` in `intrinsics`
[INFO] [stdout]    --> /opt/rustwide/cargo-home/git/checkouts/portable-simd-311bd65e6952a0da/97007cc/crates/core_simd/src/ops.rs:40:36
[INFO] [stdout]     |
[INFO] [stdout] 40  |           unsafe { core::intrinsics::simd::$simd_call($lhs, $rhs) }
[INFO] [stdout]     |                                      ^^^^ could not find `simd` in `intrinsics`
[INFO] [stdout] ...
[INFO] [stdout] 175 | / for_base_ops! {
[INFO] [stdout] 176 | |     T = (i8, i16, i32, i64, isize, u8, u16, u32, u64, usize);
[INFO] [stdout] 177 | |     type Lhs = Simd<T, N>;
[INFO] [stdout] 178 | |     type Rhs = Simd<T, N>;
[INFO] [stdout] ...   |
[INFO] [stdout] 231 | |     }
[INFO] [stdout] 232 | | }
[INFO] [stdout]     | |_- in this macro invocation
[INFO] [stdout]     |
[INFO] [stdout]     = note: this error originates in the macro `unsafe_base` which comes from the expansion of the macro `for_base_ops` (in Nightly builds, run with -Z macro-backtrace for more info)
[INFO] [stdout] 
[INFO] [stdout] 
[INFO] [stdout] error[E0433]: failed to resolve: could not find `simd` in `intrinsics`
[INFO] [stdout]    --> /opt/rustwide/cargo-home/git/checkouts/portable-simd-311bd65e6952a0da/97007cc/crates/core_simd/src/ops.rs:40:36
[INFO] [stdout]     |
[INFO] [stdout] 40  |           unsafe { core::intrinsics::simd::$simd_call($lhs, $rhs) }
[INFO] [stdout]     |                                      ^^^^ could not find `simd` in `intrinsics`
[INFO] [stdout] ...
[INFO] [stdout] 175 | / for_base_ops! {
[INFO] [stdout] 176 | |     T = (i8, i16, i32, i64, isize, u8, u16, u32, u64, usize);
[INFO] [stdout] 177 | |     type Lhs = Simd<T, N>;
[INFO] [stdout] 178 | |     type Rhs = Simd<T, N>;
[INFO] [stdout] ...   |
[INFO] [stdout] 231 | |     }
[INFO] [stdout] 232 | | }
[INFO] [stdout]     | |_- in this macro invocation
[INFO] [stdout]     |
[INFO] [stdout]     = note: this error originates in the macro `unsafe_base` which comes from the expansion of the macro `for_base_ops` (in Nightly builds, run with -Z macro-backtrace for more info)
[INFO] [stdout] 
[INFO] [stdout] 
[INFO] [stdout] error[E0433]: failed to resolve: could not find `simd` in `intrinsics`
[INFO] [stdout]    --> /opt/rustwide/cargo-home/git/checkouts/portable-simd-311bd65e6952a0da/97007cc/crates/core_simd/src/ops.rs:40:36
[INFO] [stdout]     |
[INFO] [stdout] 40  |           unsafe { core::intrinsics::simd::$simd_call($lhs, $rhs) }
[INFO] [stdout]     |                                      ^^^^ could not find `simd` in `intrinsics`
[INFO] [stdout] ...
[INFO] [stdout] 175 | / for_base_ops! {
[INFO] [stdout] 176 | |     T = (i8, i16, i32, i64, isize, u8, u16, u32, u64, usize);
[INFO] [stdout] 177 | |     type Lhs = Simd<T, N>;
[INFO] [stdout] 178 | |     type Rhs = Simd<T, N>;
[INFO] [stdout] ...   |
[INFO] [stdout] 231 | |     }
[INFO] [stdout] 232 | | }
[INFO] [stdout]     | |_- in this macro invocation
[INFO] [stdout]     |
[INFO] [stdout]     = note: this error originates in the macro `unsafe_base` which comes from the expansion of the macro `for_base_ops` (in Nightly builds, run with -Z macro-backtrace for more info)
[INFO] [stdout] 
[INFO] [stdout] 
[INFO] [stdout] error[E0433]: failed to resolve: could not find `simd` in `intrinsics`
[INFO] [stdout]    --> /opt/rustwide/cargo-home/git/checkouts/portable-simd-311bd65e6952a0da/97007cc/crates/core_simd/src/ops.rs:40:36
[INFO] [stdout]     |
[INFO] [stdout] 40  |           unsafe { core::intrinsics::simd::$simd_call($lhs, $rhs) }
[INFO] [stdout]     |                                      ^^^^ could not find `simd` in `intrinsics`
[INFO] [stdout] ...
[INFO] [stdout] 175 | / for_base_ops! {
[INFO] [stdout] 176 | |     T = (i8, i16, i32, i64, isize, u8, u16, u32, u64, usize);
[INFO] [stdout] 177 | |     type Lhs = Simd<T, N>;
[INFO] [stdout] 178 | |     type Rhs = Simd<T, N>;
[INFO] [stdout] ...   |
[INFO] [stdout] 231 | |     }
[INFO] [stdout] 232 | | }
[INFO] [stdout]     | |_- in this macro invocation
[INFO] [stdout]     |
[INFO] [stdout]     = note: this error originates in the macro `unsafe_base` which comes from the expansion of the macro `for_base_ops` (in Nightly builds, run with -Z macro-backtrace for more info)
[INFO] [stdout] 
[INFO] [stdout] 
[INFO] [stdout] error[E0433]: failed to resolve: could not find `simd` in `intrinsics`
[INFO] [stdout]    --> /opt/rustwide/cargo-home/git/checkouts/portable-simd-311bd65e6952a0da/97007cc/crates/core_simd/src/ops.rs:40:36
[INFO] [stdout]     |
[INFO] [stdout] 40  |           unsafe { core::intrinsics::simd::$simd_call($lhs, $rhs) }
[INFO] [stdout]     |                                      ^^^^ could not find `simd` in `intrinsics`
[INFO] [stdout] ...
[INFO] [stdout] 175 | / for_base_ops! {
[INFO] [stdout] 176 | |     T = (i8, i16, i32, i64, isize, u8, u16, u32, u64, usize);
[INFO] [stdout] 177 | |     type Lhs = Simd<T, N>;
[INFO] [stdout] 178 | |     type Rhs = Simd<T, N>;
[INFO] [stdout] ...   |
[INFO] [stdout] 231 | |     }
[INFO] [stdout] 232 | | }
[INFO] [stdout]     | |_- in this macro invocation
[INFO] [stdout]     |
[INFO] [stdout]     = note: this error originates in the macro `unsafe_base` which comes from the expansion of the macro `for_base_ops` (in Nightly builds, run with -Z macro-backtrace for more info)
[INFO] [stdout] 
[INFO] [stdout] 
[INFO] [stdout] error[E0433]: failed to resolve: could not find `simd` in `intrinsics`
[INFO] [stdout]    --> /opt/rustwide/cargo-home/git/checkouts/portable-simd-311bd65e6952a0da/97007cc/crates/core_simd/src/ops.rs:40:36
[INFO] [stdout]     |
[INFO] [stdout] 40  |           unsafe { core::intrinsics::simd::$simd_call($lhs, $rhs) }
[INFO] [stdout]     |                                      ^^^^ could not find `simd` in `intrinsics`
[INFO] [stdout] ...
[INFO] [stdout] 175 | / for_base_ops! {
[INFO] [stdout] 176 | |     T = (i8, i16, i32, i64, isize, u8, u16, u32, u64, usize);
[INFO] [stdout] 177 | |     type Lhs = Simd<T, N>;
[INFO] [stdout] 178 | |     type Rhs = Simd<T, N>;
[INFO] [stdout] ...   |
[INFO] [stdout] 231 | |     }
[INFO] [stdout] 232 | | }
[INFO] [stdout]     | |_- in this macro invocation
[INFO] [stdout]     |
[INFO] [stdout]     = note: this error originates in the macro `unsafe_base` which comes from the expansion of the macro `for_base_ops` (in Nightly builds, run with -Z macro-backtrace for more info)
[INFO] [stdout] 
[INFO] [stdout] 
[INFO] [stdout] error[E0433]: failed to resolve: could not find `simd` in `intrinsics`
[INFO] [stdout]    --> /opt/rustwide/cargo-home/git/checkouts/portable-simd-311bd65e6952a0da/97007cc/crates/core_simd/src/ops.rs:40:36
[INFO] [stdout]     |
[INFO] [stdout] 40  |           unsafe { core::intrinsics::simd::$simd_call($lhs, $rhs) }
[INFO] [stdout]     |                                      ^^^^ could not find `simd` in `intrinsics`
[INFO] [stdout] ...
[INFO] [stdout] 175 | / for_base_ops! {
[INFO] [stdout] 176 | |     T = (i8, i16, i32, i64, isize, u8, u16, u32, u64, usize);
[INFO] [stdout] 177 | |     type Lhs = Simd<T, N>;
[INFO] [stdout] 178 | |     type Rhs = Simd<T, N>;
[INFO] [stdout] ...   |
[INFO] [stdout] 231 | |     }
[INFO] [stdout] 232 | | }
[INFO] [stdout]     | |_- in this macro invocation
[INFO] [stdout]     |
[INFO] [stdout]     = note: this error originates in the macro `unsafe_base` which comes from the expansion of the macro `for_base_ops` (in Nightly builds, run with -Z macro-backtrace for more info)
[INFO] [stdout] 
[INFO] [stdout] 
[INFO] [stdout] error[E0433]: failed to resolve: could not find `simd` in `intrinsics`
[INFO] [stdout]    --> /opt/rustwide/cargo-home/git/checkouts/portable-simd-311bd65e6952a0da/97007cc/crates/core_simd/src/ops.rs:40:36
[INFO] [stdout]     |
[INFO] [stdout] 40  |           unsafe { core::intrinsics::simd::$simd_call($lhs, $rhs) }
[INFO] [stdout]     |                                      ^^^^ could not find `simd` in `intrinsics`
[INFO] [stdout] ...
[INFO] [stdout] 175 | / for_base_ops! {
[INFO] [stdout] 176 | |     T = (i8, i16, i32, i64, isize, u8, u16, u32, u64, usize);
[INFO] [stdout] 177 | |     type Lhs = Simd<T, N>;
[INFO] [stdout] 178 | |     type Rhs = Simd<T, N>;
[INFO] [stdout] ...   |
[INFO] [stdout] 231 | |     }
[INFO] [stdout] 232 | | }
[INFO] [stdout]     | |_- in this macro invocation
[INFO] [stdout]     |
[INFO] [stdout]     = note: this error originates in the macro `unsafe_base` which comes from the expansion of the macro `for_base_ops` (in Nightly builds, run with -Z macro-backtrace for more info)
[INFO] [stdout] 
[INFO] [stdout] 
[INFO] [stdout] error[E0433]: failed to resolve: could not find `simd` in `intrinsics`
[INFO] [stdout]    --> /opt/rustwide/cargo-home/git/checkouts/portable-simd-311bd65e6952a0da/97007cc/crates/core_simd/src/ops.rs:40:36
[INFO] [stdout]     |
[INFO] [stdout] 40  |           unsafe { core::intrinsics::simd::$simd_call($lhs, $rhs) }
[INFO] [stdout]     |                                      ^^^^ could not find `simd` in `intrinsics`
[INFO] [stdout] ...
[INFO] [stdout] 175 | / for_base_ops! {
[INFO] [stdout] 176 | |     T = (i8, i16, i32, i64, isize, u8, u16, u32, u64, usize);
[INFO] [stdout] 177 | |     type Lhs = Simd<T, N>;
[INFO] [stdout] 178 | |     type Rhs = Simd<T, N>;
[INFO] [stdout] ...   |
[INFO] [stdout] 231 | |     }
[INFO] [stdout] 232 | | }
[INFO] [stdout]     | |_- in this macro invocation
[INFO] [stdout]     |
[INFO] [stdout]     = note: this error originates in the macro `unsafe_base` which comes from the expansion of the macro `for_base_ops` (in Nightly builds, run with -Z macro-backtrace for more info)
[INFO] [stdout] 
[INFO] [stdout] 
[INFO] [stdout] error[E0433]: failed to resolve: could not find `simd` in `intrinsics`
[INFO] [stdout]    --> /opt/rustwide/cargo-home/git/checkouts/portable-simd-311bd65e6952a0da/97007cc/crates/core_simd/src/ops.rs:40:36
[INFO] [stdout]     |
[INFO] [stdout] 40  |           unsafe { core::intrinsics::simd::$simd_call($lhs, $rhs) }
[INFO] [stdout]     |                                      ^^^^ could not find `simd` in `intrinsics`
[INFO] [stdout] ...
[INFO] [stdout] 175 | / for_base_ops! {
[INFO] [stdout] 176 | |     T = (i8, i16, i32, i64, isize, u8, u16, u32, u64, usize);
[INFO] [stdout] 177 | |     type Lhs = Simd<T, N>;
[INFO] [stdout] 178 | |     type Rhs = Simd<T, N>;
[INFO] [stdout] ...   |
[INFO] [stdout] 231 | |     }
[INFO] [stdout] 232 | | }
[INFO] [stdout]     | |_- in this macro invocation
[INFO] [stdout]     |
[INFO] [stdout]     = note: this error originates in the macro `unsafe_base` which comes from the expansion of the macro `for_base_ops` (in Nightly builds, run with -Z macro-backtrace for more info)
[INFO] [stdout] 
[INFO] [stdout] 
[INFO] [stdout] error[E0433]: failed to resolve: could not find `simd` in `intrinsics`
[INFO] [stdout]    --> /opt/rustwide/cargo-home/git/checkouts/portable-simd-311bd65e6952a0da/97007cc/crates/core_simd/src/ops.rs:40:36
[INFO] [stdout]     |
[INFO] [stdout] 40  |           unsafe { core::intrinsics::simd::$simd_call($lhs, $rhs) }
[INFO] [stdout]     |                                      ^^^^ could not find `simd` in `intrinsics`
[INFO] [stdout] ...
[INFO] [stdout] 175 | / for_base_ops! {
[INFO] [stdout] 176 | |     T = (i8, i16, i32, i64, isize, u8, u16, u32, u64, usize);
[INFO] [stdout] 177 | |     type Lhs = Simd<T, N>;
[INFO] [stdout] 178 | |     type Rhs = Simd<T, N>;
[INFO] [stdout] ...   |
[INFO] [stdout] 231 | |     }
[INFO] [stdout] 232 | | }
[INFO] [stdout]     | |_- in this macro invocation
[INFO] [stdout]     |
[INFO] [stdout]     = note: this error originates in the macro `unsafe_base` which comes from the expansion of the macro `for_base_ops` (in Nightly builds, run with -Z macro-backtrace for more info)
[INFO] [stdout] 
[INFO] [stdout] 
[INFO] [stdout] error[E0433]: failed to resolve: could not find `simd` in `intrinsics`
[INFO] [stdout]    --> /opt/rustwide/cargo-home/git/checkouts/portable-simd-311bd65e6952a0da/97007cc/crates/core_simd/src/ops.rs:40:36
[INFO] [stdout]     |
[INFO] [stdout] 40  |           unsafe { core::intrinsics::simd::$simd_call($lhs, $rhs) }
[INFO] [stdout]     |                                      ^^^^ could not find `simd` in `intrinsics`
[INFO] [stdout] ...
[INFO] [stdout] 175 | / for_base_ops! {
[INFO] [stdout] 176 | |     T = (i8, i16, i32, i64, isize, u8, u16, u32, u64, usize);
[INFO] [stdout] 177 | |     type Lhs = Simd<T, N>;
[INFO] [stdout] 178 | |     type Rhs = Simd<T, N>;
[INFO] [stdout] ...   |
[INFO] [stdout] 231 | |     }
[INFO] [stdout] 232 | | }
[INFO] [stdout]     | |_- in this macro invocation
[INFO] [stdout]     |
[INFO] [stdout]     = note: this error originates in the macro `unsafe_base` which comes from the expansion of the macro `for_base_ops` (in Nightly builds, run with -Z macro-backtrace for more info)
[INFO] [stdout] 
[INFO] [stdout] 
[INFO] [stdout] error[E0433]: failed to resolve: could not find `simd` in `intrinsics`
[INFO] [stdout]    --> /opt/rustwide/cargo-home/git/checkouts/portable-simd-311bd65e6952a0da/97007cc/crates/core_simd/src/ops.rs:40:36
[INFO] [stdout]     |
[INFO] [stdout] 40  |           unsafe { core::intrinsics::simd::$simd_call($lhs, $rhs) }
[INFO] [stdout]     |                                      ^^^^ could not find `simd` in `intrinsics`
[INFO] [stdout] ...
[INFO] [stdout] 175 | / for_base_ops! {
[INFO] [stdout] 176 | |     T = (i8, i16, i32, i64, isize, u8, u16, u32, u64, usize);
[INFO] [stdout] 177 | |     type Lhs = Simd<T, N>;
[INFO] [stdout] 178 | |     type Rhs = Simd<T, N>;
[INFO] [stdout] ...   |
[INFO] [stdout] 231 | |     }
[INFO] [stdout] 232 | | }
[INFO] [stdout]     | |_- in this macro invocation
[INFO] [stdout]     |
[INFO] [stdout]     = note: this error originates in the macro `unsafe_base` which comes from the expansion of the macro `for_base_ops` (in Nightly builds, run with -Z macro-backtrace for more info)
[INFO] [stdout] 
[INFO] [stdout] 
[INFO] [stdout] error[E0433]: failed to resolve: could not find `simd` in `intrinsics`
[INFO] [stdout]    --> /opt/rustwide/cargo-home/git/checkouts/portable-simd-311bd65e6952a0da/97007cc/crates/core_simd/src/ops.rs:40:36
[INFO] [stdout]     |
[INFO] [stdout] 40  |           unsafe { core::intrinsics::simd::$simd_call($lhs, $rhs) }
[INFO] [stdout]     |                                      ^^^^ could not find `simd` in `intrinsics`
[INFO] [stdout] ...
[INFO] [stdout] 175 | / for_base_ops! {
[INFO] [stdout] 176 | |     T = (i8, i16, i32, i64, isize, u8, u16, u32, u64, usize);
[INFO] [stdout] 177 | |     type Lhs = Simd<T, N>;
[INFO] [stdout] 178 | |     type Rhs = Simd<T, N>;
[INFO] [stdout] ...   |
[INFO] [stdout] 231 | |     }
[INFO] [stdout] 232 | | }
[INFO] [stdout]     | |_- in this macro invocation
[INFO] [stdout]     |
[INFO] [stdout]     = note: this error originates in the macro `unsafe_base` which comes from the expansion of the macro `for_base_ops` (in Nightly builds, run with -Z macro-backtrace for more info)
[INFO] [stdout] 
[INFO] [stdout] 
[INFO] [stdout] error[E0433]: failed to resolve: could not find `simd` in `intrinsics`
[INFO] [stdout]    --> /opt/rustwide/cargo-home/git/checkouts/portable-simd-311bd65e6952a0da/97007cc/crates/core_simd/src/ops.rs:40:36
[INFO] [stdout]     |
[INFO] [stdout] 40  |           unsafe { core::intrinsics::simd::$simd_call($lhs, $rhs) }
[INFO] [stdout]     |                                      ^^^^ could not find `simd` in `intrinsics`
[INFO] [stdout] ...
[INFO] [stdout] 175 | / for_base_ops! {
[INFO] [stdout] 176 | |     T = (i8, i16, i32, i64, isize, u8, u16, u32, u64, usize);
[INFO] [stdout] 177 | |     type Lhs = Simd<T, N>;
[INFO] [stdout] 178 | |     type Rhs = Simd<T, N>;
[INFO] [stdout] ...   |
[INFO] [stdout] 231 | |     }
[INFO] [stdout] 232 | | }
[INFO] [stdout]     | |_- in this macro invocation
[INFO] [stdout]     |
[INFO] [stdout]     = note: this error originates in the macro `unsafe_base` which comes from the expansion of the macro `for_base_ops` (in Nightly builds, run with -Z macro-backtrace for more info)
[INFO] [stdout] 
[INFO] [stdout] 
[INFO] [stdout] error[E0433]: failed to resolve: could not find `simd` in `intrinsics`
[INFO] [stdout]    --> /opt/rustwide/cargo-home/git/checkouts/portable-simd-311bd65e6952a0da/97007cc/crates/core_simd/src/ops.rs:40:36
[INFO] [stdout]     |
[INFO] [stdout] 40  |           unsafe { core::intrinsics::simd::$simd_call($lhs, $rhs) }
[INFO] [stdout]     |                                      ^^^^ could not find `simd` in `intrinsics`
[INFO] [stdout] ...
[INFO] [stdout] 175 | / for_base_ops! {
[INFO] [stdout] 176 | |     T = (i8, i16, i32, i64, isize, u8, u16, u32, u64, usize);
[INFO] [stdout] 177 | |     type Lhs = Simd<T, N>;
[INFO] [stdout] 178 | |     type Rhs = Simd<T, N>;
[INFO] [stdout] ...   |
[INFO] [stdout] 231 | |     }
[INFO] [stdout] 232 | | }
[INFO] [stdout]     | |_- in this macro invocation
[INFO] [stdout]     |
[INFO] [stdout]     = note: this error originates in the macro `unsafe_base` which comes from the expansion of the macro `for_base_ops` (in Nightly builds, run with -Z macro-backtrace for more info)
[INFO] [stdout] 
[INFO] [stdout] 
[INFO] [stdout] error[E0433]: failed to resolve: could not find `simd` in `intrinsics`
[INFO] [stdout]    --> /opt/rustwide/cargo-home/git/checkouts/portable-simd-311bd65e6952a0da/97007cc/crates/core_simd/src/ops.rs:40:36
[INFO] [stdout]     |
[INFO] [stdout] 40  |           unsafe { core::intrinsics::simd::$simd_call($lhs, $rhs) }
[INFO] [stdout]     |                                      ^^^^ could not find `simd` in `intrinsics`
[INFO] [stdout] ...
[INFO] [stdout] 175 | / for_base_ops! {
[INFO] [stdout] 176 | |     T = (i8, i16, i32, i64, isize, u8, u16, u32, u64, usize);
[INFO] [stdout] 177 | |     type Lhs = Simd<T, N>;
[INFO] [stdout] 178 | |     type Rhs = Simd<T, N>;
[INFO] [stdout] ...   |
[INFO] [stdout] 231 | |     }
[INFO] [stdout] 232 | | }
[INFO] [stdout]     | |_- in this macro invocation
[INFO] [stdout]     |
[INFO] [stdout]     = note: this error originates in the macro `unsafe_base` which comes from the expansion of the macro `for_base_ops` (in Nightly builds, run with -Z macro-backtrace for more info)
[INFO] [stdout] 
[INFO] [stdout] 
[INFO] [stdout] error[E0433]: failed to resolve: could not find `simd` in `intrinsics`
[INFO] [stdout]    --> /opt/rustwide/cargo-home/git/checkouts/portable-simd-311bd65e6952a0da/97007cc/crates/core_simd/src/ops.rs:40:36
[INFO] [stdout]     |
[INFO] [stdout] 40  |           unsafe { core::intrinsics::simd::$simd_call($lhs, $rhs) }
[INFO] [stdout]     |                                      ^^^^ could not find `simd` in `intrinsics`
[INFO] [stdout] ...
[INFO] [stdout] 175 | / for_base_ops! {
[INFO] [stdout] 176 | |     T = (i8, i16, i32, i64, isize, u8, u16, u32, u64, usize);
[INFO] [stdout] 177 | |     type Lhs = Simd<T, N>;
[INFO] [stdout] 178 | |     type Rhs = Simd<T, N>;
[INFO] [stdout] ...   |
[INFO] [stdout] 231 | |     }
[INFO] [stdout] 232 | | }
[INFO] [stdout]     | |_- in this macro invocation
[INFO] [stdout]     |
[INFO] [stdout]     = note: this error originates in the macro `unsafe_base` which comes from the expansion of the macro `for_base_ops` (in Nightly builds, run with -Z macro-backtrace for more info)
[INFO] [stdout] 
[INFO] [stdout] 
[INFO] [stdout] error[E0433]: failed to resolve: could not find `simd` in `intrinsics`
[INFO] [stdout]    --> /opt/rustwide/cargo-home/git/checkouts/portable-simd-311bd65e6952a0da/97007cc/crates/core_simd/src/ops.rs:40:36
[INFO] [stdout]     |
[INFO] [stdout] 40  |           unsafe { core::intrinsics::simd::$simd_call($lhs, $rhs) }
[INFO] [stdout]     |                                      ^^^^ could not find `simd` in `intrinsics`
[INFO] [stdout] ...
[INFO] [stdout] 175 | / for_base_ops! {
[INFO] [stdout] 176 | |     T = (i8, i16, i32, i64, isize, u8, u16, u32, u64, usize);
[INFO] [stdout] 177 | |     type Lhs = Simd<T, N>;
[INFO] [stdout] 178 | |     type Rhs = Simd<T, N>;
[INFO] [stdout] ...   |
[INFO] [stdout] 231 | |     }
[INFO] [stdout] 232 | | }
[INFO] [stdout]     | |_- in this macro invocation
[INFO] [stdout]     |
[INFO] [stdout]     = note: this error originates in the macro `unsafe_base` which comes from the expansion of the macro `for_base_ops` (in Nightly builds, run with -Z macro-backtrace for more info)
[INFO] [stdout] 
[INFO] [stdout] 
[INFO] [stdout] error[E0433]: failed to resolve: could not find `simd` in `intrinsics`
[INFO] [stdout]    --> /opt/rustwide/cargo-home/git/checkouts/portable-simd-311bd65e6952a0da/97007cc/crates/core_simd/src/ops.rs:40:36
[INFO] [stdout]     |
[INFO] [stdout] 40  |           unsafe { core::intrinsics::simd::$simd_call($lhs, $rhs) }
[INFO] [stdout]     |                                      ^^^^ could not find `simd` in `intrinsics`
[INFO] [stdout] ...
[INFO] [stdout] 175 | / for_base_ops! {
[INFO] [stdout] 176 | |     T = (i8, i16, i32, i64, isize, u8, u16, u32, u64, usize);
[INFO] [stdout] 177 | |     type Lhs = Simd<T, N>;
[INFO] [stdout] 178 | |     type Rhs = Simd<T, N>;
[INFO] [stdout] ...   |
[INFO] [stdout] 231 | |     }
[INFO] [stdout] 232 | | }
[INFO] [stdout]     | |_- in this macro invocation
[INFO] [stdout]     |
[INFO] [stdout]     = note: this error originates in the macro `unsafe_base` which comes from the expansion of the macro `for_base_ops` (in Nightly builds, run with -Z macro-backtrace for more info)
[INFO] [stdout] 
[INFO] [stdout] 
[INFO] [stdout] error[E0433]: failed to resolve: could not find `simd` in `intrinsics`
[INFO] [stdout]    --> /opt/rustwide/cargo-home/git/checkouts/portable-simd-311bd65e6952a0da/97007cc/crates/core_simd/src/ops.rs:40:36
[INFO] [stdout]     |
[INFO] [stdout] 40  |           unsafe { core::intrinsics::simd::$simd_call($lhs, $rhs) }
[INFO] [stdout]     |                                      ^^^^ could not find `simd` in `intrinsics`
[INFO] [stdout] ...
[INFO] [stdout] 175 | / for_base_ops! {
[INFO] [stdout] 176 | |     T = (i8, i16, i32, i64, isize, u8, u16, u32, u64, usize);
[INFO] [stdout] 177 | |     type Lhs = Simd<T, N>;
[INFO] [stdout] 178 | |     type Rhs = Simd<T, N>;
[INFO] [stdout] ...   |
[INFO] [stdout] 231 | |     }
[INFO] [stdout] 232 | | }
[INFO] [stdout]     | |_- in this macro invocation
[INFO] [stdout]     |
[INFO] [stdout]     = note: this error originates in the macro `unsafe_base` which comes from the expansion of the macro `for_base_ops` (in Nightly builds, run with -Z macro-backtrace for more info)
[INFO] [stdout] 
[INFO] [stdout] 
[INFO] [stdout] error[E0433]: failed to resolve: could not find `simd` in `intrinsics`
[INFO] [stdout]    --> /opt/rustwide/cargo-home/git/checkouts/portable-simd-311bd65e6952a0da/97007cc/crates/core_simd/src/ops.rs:40:36
[INFO] [stdout]     |
[INFO] [stdout] 40  |           unsafe { core::intrinsics::simd::$simd_call($lhs, $rhs) }
[INFO] [stdout]     |                                      ^^^^ could not find `simd` in `intrinsics`
[INFO] [stdout] ...
[INFO] [stdout] 175 | / for_base_ops! {
[INFO] [stdout] 176 | |     T = (i8, i16, i32, i64, isize, u8, u16, u32, u64, usize);
[INFO] [stdout] 177 | |     type Lhs = Simd<T, N>;
[INFO] [stdout] 178 | |     type Rhs = Simd<T, N>;
[INFO] [stdout] ...   |
[INFO] [stdout] 231 | |     }
[INFO] [stdout] 232 | | }
[INFO] [stdout]     | |_- in this macro invocation
[INFO] [stdout]     |
[INFO] [stdout]     = note: this error originates in the macro `unsafe_base` which comes from the expansion of the macro `for_base_ops` (in Nightly builds, run with -Z macro-backtrace for more info)
[INFO] [stdout] 
[INFO] [stdout] 
[INFO] [stdout] error[E0433]: failed to resolve: could not find `simd` in `intrinsics`
[INFO] [stdout]    --> /opt/rustwide/cargo-home/git/checkouts/portable-simd-311bd65e6952a0da/97007cc/crates/core_simd/src/ops.rs:40:36
[INFO] [stdout]     |
[INFO] [stdout] 40  |           unsafe { core::intrinsics::simd::$simd_call($lhs, $rhs) }
[INFO] [stdout]     |                                      ^^^^ could not find `simd` in `intrinsics`
[INFO] [stdout] ...
[INFO] [stdout] 175 | / for_base_ops! {
[INFO] [stdout] 176 | |     T = (i8, i16, i32, i64, isize, u8, u16, u32, u64, usize);
[INFO] [stdout] 177 | |     type Lhs = Simd<T, N>;
[INFO] [stdout] 178 | |     type Rhs = Simd<T, N>;
[INFO] [stdout] ...   |
[INFO] [stdout] 231 | |     }
[INFO] [stdout] 232 | | }
[INFO] [stdout]     | |_- in this macro invocation
[INFO] [stdout]     |
[INFO] [stdout]     = note: this error originates in the macro `unsafe_base` which comes from the expansion of the macro `for_base_ops` (in Nightly builds, run with -Z macro-backtrace for more info)
[INFO] [stdout] 
[INFO] [stdout] 
[INFO] [stdout] error[E0433]: failed to resolve: could not find `simd` in `intrinsics`
[INFO] [stdout]    --> /opt/rustwide/cargo-home/git/checkouts/portable-simd-311bd65e6952a0da/97007cc/crates/core_simd/src/ops.rs:40:36
[INFO] [stdout]     |
[INFO] [stdout] 40  |           unsafe { core::intrinsics::simd::$simd_call($lhs, $rhs) }
[INFO] [stdout]     |                                      ^^^^ could not find `simd` in `intrinsics`
[INFO] [stdout] ...
[INFO] [stdout] 175 | / for_base_ops! {
[INFO] [stdout] 176 | |     T = (i8, i16, i32, i64, isize, u8, u16, u32, u64, usize);
[INFO] [stdout] 177 | |     type Lhs = Simd<T, N>;
[INFO] [stdout] 178 | |     type Rhs = Simd<T, N>;
[INFO] [stdout] ...   |
[INFO] [stdout] 231 | |     }
[INFO] [stdout] 232 | | }
[INFO] [stdout]     | |_- in this macro invocation
[INFO] [stdout]     |
[INFO] [stdout]     = note: this error originates in the macro `unsafe_base` which comes from the expansion of the macro `for_base_ops` (in Nightly builds, run with -Z macro-backtrace for more info)
[INFO] [stdout] 
[INFO] [stdout] 
[INFO] [stdout] error[E0433]: failed to resolve: could not find `simd` in `intrinsics`
[INFO] [stdout]    --> /opt/rustwide/cargo-home/git/checkouts/portable-simd-311bd65e6952a0da/97007cc/crates/core_simd/src/ops.rs:40:36
[INFO] [stdout]     |
[INFO] [stdout] 40  |           unsafe { core::intrinsics::simd::$simd_call($lhs, $rhs) }
[INFO] [stdout]     |                                      ^^^^ could not find `simd` in `intrinsics`
[INFO] [stdout] ...
[INFO] [stdout] 175 | / for_base_ops! {
[INFO] [stdout] 176 | |     T = (i8, i16, i32, i64, isize, u8, u16, u32, u64, usize);
[INFO] [stdout] 177 | |     type Lhs = Simd<T, N>;
[INFO] [stdout] 178 | |     type Rhs = Simd<T, N>;
[INFO] [stdout] ...   |
[INFO] [stdout] 231 | |     }
[INFO] [stdout] 232 | | }
[INFO] [stdout]     | |_- in this macro invocation
[INFO] [stdout]     |
[INFO] [stdout]     = note: this error originates in the macro `unsafe_base` which comes from the expansion of the macro `for_base_ops` (in Nightly builds, run with -Z macro-backtrace for more info)
[INFO] [stdout] 
[INFO] [stdout] 
[INFO] [stdout] error[E0433]: failed to resolve: could not find `simd` in `intrinsics`
[INFO] [stdout]    --> /opt/rustwide/cargo-home/git/checkouts/portable-simd-311bd65e6952a0da/97007cc/crates/core_simd/src/ops.rs:40:36
[INFO] [stdout]     |
[INFO] [stdout] 40  |           unsafe { core::intrinsics::simd::$simd_call($lhs, $rhs) }
[INFO] [stdout]     |                                      ^^^^ could not find `simd` in `intrinsics`
[INFO] [stdout] ...
[INFO] [stdout] 175 | / for_base_ops! {
[INFO] [stdout] 176 | |     T = (i8, i16, i32, i64, isize, u8, u16, u32, u64, usize);
[INFO] [stdout] 177 | |     type Lhs = Simd<T, N>;
[INFO] [stdout] 178 | |     type Rhs = Simd<T, N>;
[INFO] [stdout] ...   |
[INFO] [stdout] 231 | |     }
[INFO] [stdout] 232 | | }
[INFO] [stdout]     | |_- in this macro invocation
[INFO] [stdout]     |
[INFO] [stdout]     = note: this error originates in the macro `unsafe_base` which comes from the expansion of the macro `for_base_ops` (in Nightly builds, run with -Z macro-backtrace for more info)
[INFO] [stdout] 
[INFO] [stdout] 
[INFO] [stderr]     Checking num v0.4.1
[INFO] [stdout] error[E0433]: failed to resolve: could not find `simd` in `intrinsics`
[INFO] [stdout]    --> /opt/rustwide/cargo-home/git/checkouts/portable-simd-311bd65e6952a0da/97007cc/crates/core_simd/src/ops.rs:40:36
[INFO] [stdout]     |
[INFO] [stdout] 40  |           unsafe { core::intrinsics::simd::$simd_call($lhs, $rhs) }
[INFO] [stdout]     |                                      ^^^^ could not find `simd` in `intrinsics`
[INFO] [stdout] ...
[INFO] [stdout] 175 | / for_base_ops! {
[INFO] [stdout] 176 | |     T = (i8, i16, i32, i64, isize, u8, u16, u32, u64, usize);
[INFO] [stdout] 177 | |     type Lhs = Simd<T, N>;
[INFO] [stdout] 178 | |     type Rhs = Simd<T, N>;
[INFO] [stdout] ...   |
[INFO] [stdout] 231 | |     }
[INFO] [stdout] 232 | | }
[INFO] [stdout]     | |_- in this macro invocation
[INFO] [stdout]     |
[INFO] [stdout]     = note: this error originates in the macro `unsafe_base` which comes from the expansion of the macro `for_base_ops` (in Nightly builds, run with -Z macro-backtrace for more info)
[INFO] [stdout] 
[INFO] [stdout] 
[INFO] [stdout] error[E0433]: failed to resolve: could not find `simd` in `intrinsics`
[INFO] [stdout]    --> /opt/rustwide/cargo-home/git/checkouts/portable-simd-311bd65e6952a0da/97007cc/crates/core_simd/src/ops.rs:100:40
[INFO] [stdout]     |
[INFO] [stdout] 100 |               unsafe { core::intrinsics::simd::$simd_call($lhs, rhs) }
[INFO] [stdout]     |                                          ^^^^ could not find `simd` in `intrinsics`
[INFO] [stdout] ...
[INFO] [stdout] 175 | / for_base_ops! {
[INFO] [stdout] 176 | |     T = (i8, i16, i32, i64, isize, u8, u16, u32, u64, usize);
[INFO] [stdout] 177 | |     type Lhs = Simd<T, N>;
[INFO] [stdout] 178 | |     type Rhs = Simd<T, N>;
[INFO] [stdout] ...   |
[INFO] [stdout] 231 | |     }
[INFO] [stdout] 232 | | }
[INFO] [stdout]     | |_- in this macro invocation
[INFO] [stdout]     |
[INFO] [stdout]     = note: this error originates in the macro `int_divrem_guard` which comes from the expansion of the macro `for_base_ops` (in Nightly builds, run with -Z macro-backtrace for more info)
[INFO] [stdout] 
[INFO] [stdout] 
[INFO] [stdout] error[E0433]: failed to resolve: could not find `simd` in `intrinsics`
[INFO] [stdout]    --> /opt/rustwide/cargo-home/git/checkouts/portable-simd-311bd65e6952a0da/97007cc/crates/core_simd/src/ops.rs:100:40
[INFO] [stdout]     |
[INFO] [stdout] 100 |               unsafe { core::intrinsics::simd::$simd_call($lhs, rhs) }
[INFO] [stdout]     |                                          ^^^^ could not find `simd` in `intrinsics`
[INFO] [stdout] ...
[INFO] [stdout] 175 | / for_base_ops! {
[INFO] [stdout] 176 | |     T = (i8, i16, i32, i64, isize, u8, u16, u32, u64, usize);
[INFO] [stdout] 177 | |     type Lhs = Simd<T, N>;
[INFO] [stdout] 178 | |     type Rhs = Simd<T, N>;
[INFO] [stdout] ...   |
[INFO] [stdout] 231 | |     }
[INFO] [stdout] 232 | | }
[INFO] [stdout]     | |_- in this macro invocation
[INFO] [stdout]     |
[INFO] [stdout]     = note: this error originates in the macro `int_divrem_guard` which comes from the expansion of the macro `for_base_ops` (in Nightly builds, run with -Z macro-backtrace for more info)
[INFO] [stdout] 
[INFO] [stdout] 
[INFO] [stdout] error[E0433]: failed to resolve: could not find `simd` in `intrinsics`
[INFO] [stdout]    --> /opt/rustwide/cargo-home/git/checkouts/portable-simd-311bd65e6952a0da/97007cc/crates/core_simd/src/ops.rs:100:40
[INFO] [stdout]     |
[INFO] [stdout] 100 |               unsafe { core::intrinsics::simd::$simd_call($lhs, rhs) }
[INFO] [stdout]     |                                          ^^^^ could not find `simd` in `intrinsics`
[INFO] [stdout] ...
[INFO] [stdout] 175 | / for_base_ops! {
[INFO] [stdout] 176 | |     T = (i8, i16, i32, i64, isize, u8, u16, u32, u64, usize);
[INFO] [stdout] 177 | |     type Lhs = Simd<T, N>;
[INFO] [stdout] 178 | |     type Rhs = Simd<T, N>;
[INFO] [stdout] ...   |
[INFO] [stdout] 231 | |     }
[INFO] [stdout] 232 | | }
[INFO] [stdout]     | |_- in this macro invocation
[INFO] [stdout]     |
[INFO] [stdout]     = note: this error originates in the macro `int_divrem_guard` which comes from the expansion of the macro `for_base_ops` (in Nightly builds, run with -Z macro-backtrace for more info)
[INFO] [stdout] 
[INFO] [stdout] 
[INFO] [stdout] error[E0433]: failed to resolve: could not find `simd` in `intrinsics`
[INFO] [stdout]    --> /opt/rustwide/cargo-home/git/checkouts/portable-simd-311bd65e6952a0da/97007cc/crates/core_simd/src/ops.rs:100:40
[INFO] [stdout]     |
[INFO] [stdout] 100 |               unsafe { core::intrinsics::simd::$simd_call($lhs, rhs) }
[INFO] [stdout]     |                                          ^^^^ could not find `simd` in `intrinsics`
[INFO] [stdout] ...
[INFO] [stdout] 175 | / for_base_ops! {
[INFO] [stdout] 176 | |     T = (i8, i16, i32, i64, isize, u8, u16, u32, u64, usize);
[INFO] [stdout] 177 | |     type Lhs = Simd<T, N>;
[INFO] [stdout] 178 | |     type Rhs = Simd<T, N>;
[INFO] [stdout] ...   |
[INFO] [stdout] 231 | |     }
[INFO] [stdout] 232 | | }
[INFO] [stdout]     | |_- in this macro invocation
[INFO] [stdout]     |
[INFO] [stdout]     = note: this error originates in the macro `int_divrem_guard` which comes from the expansion of the macro `for_base_ops` (in Nightly builds, run with -Z macro-backtrace for more info)
[INFO] [stdout] 
[INFO] [stdout] 
[INFO] [stdout] error[E0433]: failed to resolve: could not find `simd` in `intrinsics`
[INFO] [stdout]    --> /opt/rustwide/cargo-home/git/checkouts/portable-simd-311bd65e6952a0da/97007cc/crates/core_simd/src/ops.rs:100:40
[INFO] [stdout]     |
[INFO] [stdout] 100 |               unsafe { core::intrinsics::simd::$simd_call($lhs, rhs) }
[INFO] [stdout]     |                                          ^^^^ could not find `simd` in `intrinsics`
[INFO] [stdout] ...
[INFO] [stdout] 175 | / for_base_ops! {
[INFO] [stdout] 176 | |     T = (i8, i16, i32, i64, isize, u8, u16, u32, u64, usize);
[INFO] [stdout] 177 | |     type Lhs = Simd<T, N>;
[INFO] [stdout] 178 | |     type Rhs = Simd<T, N>;
[INFO] [stdout] ...   |
[INFO] [stdout] 231 | |     }
[INFO] [stdout] 232 | | }
[INFO] [stdout]     | |_- in this macro invocation
[INFO] [stdout]     |
[INFO] [stdout]     = note: this error originates in the macro `int_divrem_guard` which comes from the expansion of the macro `for_base_ops` (in Nightly builds, run with -Z macro-backtrace for more info)
[INFO] [stdout] 
[INFO] [stdout] 
[INFO] [stdout] error[E0433]: failed to resolve: could not find `simd` in `intrinsics`
[INFO] [stdout]    --> /opt/rustwide/cargo-home/git/checkouts/portable-simd-311bd65e6952a0da/97007cc/crates/core_simd/src/ops.rs:100:40
[INFO] [stdout]     |
[INFO] [stdout] 100 |               unsafe { core::intrinsics::simd::$simd_call($lhs, rhs) }
[INFO] [stdout]     |                                          ^^^^ could not find `simd` in `intrinsics`
[INFO] [stdout] ...
[INFO] [stdout] 175 | / for_base_ops! {
[INFO] [stdout] 176 | |     T = (i8, i16, i32, i64, isize, u8, u16, u32, u64, usize);
[INFO] [stdout] 177 | |     type Lhs = Simd<T, N>;
[INFO] [stdout] 178 | |     type Rhs = Simd<T, N>;
[INFO] [stdout] ...   |
[INFO] [stdout] 231 | |     }
[INFO] [stdout] 232 | | }
[INFO] [stdout]     | |_- in this macro invocation
[INFO] [stdout]     |
[INFO] [stdout]     = note: this error originates in the macro `int_divrem_guard` which comes from the expansion of the macro `for_base_ops` (in Nightly builds, run with -Z macro-backtrace for more info)
[INFO] [stdout] 
[INFO] [stdout] 
[INFO] [stdout] error[E0433]: failed to resolve: could not find `simd` in `intrinsics`
[INFO] [stdout]    --> /opt/rustwide/cargo-home/git/checkouts/portable-simd-311bd65e6952a0da/97007cc/crates/core_simd/src/ops.rs:100:40
[INFO] [stdout]     |
[INFO] [stdout] 100 |               unsafe { core::intrinsics::simd::$simd_call($lhs, rhs) }
[INFO] [stdout]     |                                          ^^^^ could not find `simd` in `intrinsics`
[INFO] [stdout] ...
[INFO] [stdout] 175 | / for_base_ops! {
[INFO] [stdout] 176 | |     T = (i8, i16, i32, i64, isize, u8, u16, u32, u64, usize);
[INFO] [stdout] 177 | |     type Lhs = Simd<T, N>;
[INFO] [stdout] 178 | |     type Rhs = Simd<T, N>;
[INFO] [stdout] ...   |
[INFO] [stdout] 231 | |     }
[INFO] [stdout] 232 | | }
[INFO] [stdout]     | |_- in this macro invocation
[INFO] [stdout]     |
[INFO] [stdout]     = note: this error originates in the macro `int_divrem_guard` which comes from the expansion of the macro `for_base_ops` (in Nightly builds, run with -Z macro-backtrace for more info)
[INFO] [stdout] 
[INFO] [stdout] 
[INFO] [stdout] error[E0433]: failed to resolve: could not find `simd` in `intrinsics`
[INFO] [stdout]    --> /opt/rustwide/cargo-home/git/checkouts/portable-simd-311bd65e6952a0da/97007cc/crates/core_simd/src/ops.rs:100:40
[INFO] [stdout]     |
[INFO] [stdout] 100 |               unsafe { core::intrinsics::simd::$simd_call($lhs, rhs) }
[INFO] [stdout]     |                                          ^^^^ could not find `simd` in `intrinsics`
[INFO] [stdout] ...
[INFO] [stdout] 175 | / for_base_ops! {
[INFO] [stdout] 176 | |     T = (i8, i16, i32, i64, isize, u8, u16, u32, u64, usize);
[INFO] [stdout] 177 | |     type Lhs = Simd<T, N>;
[INFO] [stdout] 178 | |     type Rhs = Simd<T, N>;
[INFO] [stdout] ...   |
[INFO] [stdout] 231 | |     }
[INFO] [stdout] 232 | | }
[INFO] [stdout]     | |_- in this macro invocation
[INFO] [stdout]     |
[INFO] [stdout]     = note: this error originates in the macro `int_divrem_guard` which comes from the expansion of the macro `for_base_ops` (in Nightly builds, run with -Z macro-backtrace for more info)
[INFO] [stdout] 
[INFO] [stdout] 
[INFO] [stdout] error[E0433]: failed to resolve: could not find `simd` in `intrinsics`
[INFO] [stdout]    --> /opt/rustwide/cargo-home/git/checkouts/portable-simd-311bd65e6952a0da/97007cc/crates/core_simd/src/ops.rs:100:40
[INFO] [stdout]     |
[INFO] [stdout] 100 |               unsafe { core::intrinsics::simd::$simd_call($lhs, rhs) }
[INFO] [stdout]     |                                          ^^^^ could not find `simd` in `intrinsics`
[INFO] [stdout] ...
[INFO] [stdout] 175 | / for_base_ops! {
[INFO] [stdout] 176 | |     T = (i8, i16, i32, i64, isize, u8, u16, u32, u64, usize);
[INFO] [stdout] 177 | |     type Lhs = Simd<T, N>;
[INFO] [stdout] 178 | |     type Rhs = Simd<T, N>;
[INFO] [stdout] ...   |
[INFO] [stdout] 231 | |     }
[INFO] [stdout] 232 | | }
[INFO] [stdout]     | |_- in this macro invocation
[INFO] [stdout]     |
[INFO] [stdout]     = note: this error originates in the macro `int_divrem_guard` which comes from the expansion of the macro `for_base_ops` (in Nightly builds, run with -Z macro-backtrace for more info)
[INFO] [stdout] 
[INFO] [stdout] 
[INFO] [stdout] error[E0433]: failed to resolve: could not find `simd` in `intrinsics`
[INFO] [stdout]    --> /opt/rustwide/cargo-home/git/checkouts/portable-simd-311bd65e6952a0da/97007cc/crates/core_simd/src/ops.rs:100:40
[INFO] [stdout]     |
[INFO] [stdout] 100 |               unsafe { core::intrinsics::simd::$simd_call($lhs, rhs) }
[INFO] [stdout]     |                                          ^^^^ could not find `simd` in `intrinsics`
[INFO] [stdout] ...
[INFO] [stdout] 175 | / for_base_ops! {
[INFO] [stdout] 176 | |     T = (i8, i16, i32, i64, isize, u8, u16, u32, u64, usize);
[INFO] [stdout] 177 | |     type Lhs = Simd<T, N>;
[INFO] [stdout] 178 | |     type Rhs = Simd<T, N>;
[INFO] [stdout] ...   |
[INFO] [stdout] 231 | |     }
[INFO] [stdout] 232 | | }
[INFO] [stdout]     | |_- in this macro invocation
[INFO] [stdout]     |
[INFO] [stdout]     = note: this error originates in the macro `int_divrem_guard` which comes from the expansion of the macro `for_base_ops` (in Nightly builds, run with -Z macro-backtrace for more info)
[INFO] [stdout] 
[INFO] [stdout] 
[INFO] [stdout] error[E0433]: failed to resolve: could not find `simd` in `intrinsics`
[INFO] [stdout]    --> /opt/rustwide/cargo-home/git/checkouts/portable-simd-311bd65e6952a0da/97007cc/crates/core_simd/src/ops.rs:100:40
[INFO] [stdout]     |
[INFO] [stdout] 100 |               unsafe { core::intrinsics::simd::$simd_call($lhs, rhs) }
[INFO] [stdout]     |                                          ^^^^ could not find `simd` in `intrinsics`
[INFO] [stdout] ...
[INFO] [stdout] 175 | / for_base_ops! {
[INFO] [stdout] 176 | |     T = (i8, i16, i32, i64, isize, u8, u16, u32, u64, usize);
[INFO] [stdout] 177 | |     type Lhs = Simd<T, N>;
[INFO] [stdout] 178 | |     type Rhs = Simd<T, N>;
[INFO] [stdout] ...   |
[INFO] [stdout] 231 | |     }
[INFO] [stdout] 232 | | }
[INFO] [stdout]     | |_- in this macro invocation
[INFO] [stdout]     |
[INFO] [stdout]     = note: this error originates in the macro `int_divrem_guard` which comes from the expansion of the macro `for_base_ops` (in Nightly builds, run with -Z macro-backtrace for more info)
[INFO] [stdout] 
[INFO] [stdout] 
[INFO] [stdout] error[E0433]: failed to resolve: could not find `simd` in `intrinsics`
[INFO] [stdout]    --> /opt/rustwide/cargo-home/git/checkouts/portable-simd-311bd65e6952a0da/97007cc/crates/core_simd/src/ops.rs:100:40
[INFO] [stdout]     |
[INFO] [stdout] 100 |               unsafe { core::intrinsics::simd::$simd_call($lhs, rhs) }
[INFO] [stdout]     |                                          ^^^^ could not find `simd` in `intrinsics`
[INFO] [stdout] ...
[INFO] [stdout] 175 | / for_base_ops! {
[INFO] [stdout] 176 | |     T = (i8, i16, i32, i64, isize, u8, u16, u32, u64, usize);
[INFO] [stdout] 177 | |     type Lhs = Simd<T, N>;
[INFO] [stdout] 178 | |     type Rhs = Simd<T, N>;
[INFO] [stdout] ...   |
[INFO] [stdout] 231 | |     }
[INFO] [stdout] 232 | | }
[INFO] [stdout]     | |_- in this macro invocation
[INFO] [stdout]     |
[INFO] [stdout]     = note: this error originates in the macro `int_divrem_guard` which comes from the expansion of the macro `for_base_ops` (in Nightly builds, run with -Z macro-backtrace for more info)
[INFO] [stdout] 
[INFO] [stdout] 
[INFO] [stdout] error[E0433]: failed to resolve: could not find `simd` in `intrinsics`
[INFO] [stdout]    --> /opt/rustwide/cargo-home/git/checkouts/portable-simd-311bd65e6952a0da/97007cc/crates/core_simd/src/ops.rs:100:40
[INFO] [stdout]     |
[INFO] [stdout] 100 |               unsafe { core::intrinsics::simd::$simd_call($lhs, rhs) }
[INFO] [stdout]     |                                          ^^^^ could not find `simd` in `intrinsics`
[INFO] [stdout] ...
[INFO] [stdout] 175 | / for_base_ops! {
[INFO] [stdout] 176 | |     T = (i8, i16, i32, i64, isize, u8, u16, u32, u64, usize);
[INFO] [stdout] 177 | |     type Lhs = Simd<T, N>;
[INFO] [stdout] 178 | |     type Rhs = Simd<T, N>;
[INFO] [stdout] ...   |
[INFO] [stdout] 231 | |     }
[INFO] [stdout] 232 | | }
[INFO] [stdout]     | |_- in this macro invocation
[INFO] [stdout]     |
[INFO] [stdout]     = note: this error originates in the macro `int_divrem_guard` which comes from the expansion of the macro `for_base_ops` (in Nightly builds, run with -Z macro-backtrace for more info)
[INFO] [stdout] 
[INFO] [stdout] 
[INFO] [stdout] error[E0433]: failed to resolve: could not find `simd` in `intrinsics`
[INFO] [stdout]    --> /opt/rustwide/cargo-home/git/checkouts/portable-simd-311bd65e6952a0da/97007cc/crates/core_simd/src/ops.rs:100:40
[INFO] [stdout]     |
[INFO] [stdout] 100 |               unsafe { core::intrinsics::simd::$simd_call($lhs, rhs) }
[INFO] [stdout]     |                                          ^^^^ could not find `simd` in `intrinsics`
[INFO] [stdout] ...
[INFO] [stdout] 175 | / for_base_ops! {
[INFO] [stdout] 176 | |     T = (i8, i16, i32, i64, isize, u8, u16, u32, u64, usize);
[INFO] [stdout] 177 | |     type Lhs = Simd<T, N>;
[INFO] [stdout] 178 | |     type Rhs = Simd<T, N>;
[INFO] [stdout] ...   |
[INFO] [stdout] 231 | |     }
[INFO] [stdout] 232 | | }
[INFO] [stdout]     | |_- in this macro invocation
[INFO] [stdout]     |
[INFO] [stdout]     = note: this error originates in the macro `int_divrem_guard` which comes from the expansion of the macro `for_base_ops` (in Nightly builds, run with -Z macro-backtrace for more info)
[INFO] [stdout] 
[INFO] [stdout] 
[INFO] [stdout] error[E0433]: failed to resolve: could not find `simd` in `intrinsics`
[INFO] [stdout]    --> /opt/rustwide/cargo-home/git/checkouts/portable-simd-311bd65e6952a0da/97007cc/crates/core_simd/src/ops.rs:100:40
[INFO] [stdout]     |
[INFO] [stdout] 100 |               unsafe { core::intrinsics::simd::$simd_call($lhs, rhs) }
[INFO] [stdout]     |                                          ^^^^ could not find `simd` in `intrinsics`
[INFO] [stdout] ...
[INFO] [stdout] 175 | / for_base_ops! {
[INFO] [stdout] 176 | |     T = (i8, i16, i32, i64, isize, u8, u16, u32, u64, usize);
[INFO] [stdout] 177 | |     type Lhs = Simd<T, N>;
[INFO] [stdout] 178 | |     type Rhs = Simd<T, N>;
[INFO] [stdout] ...   |
[INFO] [stdout] 231 | |     }
[INFO] [stdout] 232 | | }
[INFO] [stdout]     | |_- in this macro invocation
[INFO] [stdout]     |
[INFO] [stdout]     = note: this error originates in the macro `int_divrem_guard` which comes from the expansion of the macro `for_base_ops` (in Nightly builds, run with -Z macro-backtrace for more info)
[INFO] [stdout] 
[INFO] [stdout] 
[INFO] [stdout] error[E0433]: failed to resolve: could not find `simd` in `intrinsics`
[INFO] [stdout]    --> /opt/rustwide/cargo-home/git/checkouts/portable-simd-311bd65e6952a0da/97007cc/crates/core_simd/src/ops.rs:100:40
[INFO] [stdout]     |
[INFO] [stdout] 100 |               unsafe { core::intrinsics::simd::$simd_call($lhs, rhs) }
[INFO] [stdout]     |                                          ^^^^ could not find `simd` in `intrinsics`
[INFO] [stdout] ...
[INFO] [stdout] 175 | / for_base_ops! {
[INFO] [stdout] 176 | |     T = (i8, i16, i32, i64, isize, u8, u16, u32, u64, usize);
[INFO] [stdout] 177 | |     type Lhs = Simd<T, N>;
[INFO] [stdout] 178 | |     type Rhs = Simd<T, N>;
[INFO] [stdout] ...   |
[INFO] [stdout] 231 | |     }
[INFO] [stdout] 232 | | }
[INFO] [stdout]     | |_- in this macro invocation
[INFO] [stdout]     |
[INFO] [stdout]     = note: this error originates in the macro `int_divrem_guard` which comes from the expansion of the macro `for_base_ops` (in Nightly builds, run with -Z macro-backtrace for more info)
[INFO] [stdout] 
[INFO] [stdout] 
[INFO] [stdout] error[E0433]: failed to resolve: could not find `simd` in `intrinsics`
[INFO] [stdout]    --> /opt/rustwide/cargo-home/git/checkouts/portable-simd-311bd65e6952a0da/97007cc/crates/core_simd/src/ops.rs:100:40
[INFO] [stdout]     |
[INFO] [stdout] 100 |               unsafe { core::intrinsics::simd::$simd_call($lhs, rhs) }
[INFO] [stdout]     |                                          ^^^^ could not find `simd` in `intrinsics`
[INFO] [stdout] ...
[INFO] [stdout] 175 | / for_base_ops! {
[INFO] [stdout] 176 | |     T = (i8, i16, i32, i64, isize, u8, u16, u32, u64, usize);
[INFO] [stdout] 177 | |     type Lhs = Simd<T, N>;
[INFO] [stdout] 178 | |     type Rhs = Simd<T, N>;
[INFO] [stdout] ...   |
[INFO] [stdout] 231 | |     }
[INFO] [stdout] 232 | | }
[INFO] [stdout]     | |_- in this macro invocation
[INFO] [stdout]     |
[INFO] [stdout]     = note: this error originates in the macro `int_divrem_guard` which comes from the expansion of the macro `for_base_ops` (in Nightly builds, run with -Z macro-backtrace for more info)
[INFO] [stdout] 
[INFO] [stdout] 
[INFO] [stdout] error[E0433]: failed to resolve: could not find `simd` in `intrinsics`
[INFO] [stdout]    --> /opt/rustwide/cargo-home/git/checkouts/portable-simd-311bd65e6952a0da/97007cc/crates/core_simd/src/ops.rs:100:40
[INFO] [stdout]     |
[INFO] [stdout] 100 |               unsafe { core::intrinsics::simd::$simd_call($lhs, rhs) }
[INFO] [stdout]     |                                          ^^^^ could not find `simd` in `intrinsics`
[INFO] [stdout] ...
[INFO] [stdout] 175 | / for_base_ops! {
[INFO] [stdout] 176 | |     T = (i8, i16, i32, i64, isize, u8, u16, u32, u64, usize);
[INFO] [stdout] 177 | |     type Lhs = Simd<T, N>;
[INFO] [stdout] 178 | |     type Rhs = Simd<T, N>;
[INFO] [stdout] ...   |
[INFO] [stdout] 231 | |     }
[INFO] [stdout] 232 | | }
[INFO] [stdout]     | |_- in this macro invocation
[INFO] [stdout]     |
[INFO] [stdout]     = note: this error originates in the macro `int_divrem_guard` which comes from the expansion of the macro `for_base_ops` (in Nightly builds, run with -Z macro-backtrace for more info)
[INFO] [stdout] 
[INFO] [stdout] 
[INFO] [stdout] error[E0433]: failed to resolve: could not find `simd` in `intrinsics`
[INFO] [stdout]    --> /opt/rustwide/cargo-home/git/checkouts/portable-simd-311bd65e6952a0da/97007cc/crates/core_simd/src/ops.rs:100:40
[INFO] [stdout]     |
[INFO] [stdout] 100 |               unsafe { core::intrinsics::simd::$simd_call($lhs, rhs) }
[INFO] [stdout]     |                                          ^^^^ could not find `simd` in `intrinsics`
[INFO] [stdout] ...
[INFO] [stdout] 175 | / for_base_ops! {
[INFO] [stdout] 176 | |     T = (i8, i16, i32, i64, isize, u8, u16, u32, u64, usize);
[INFO] [stdout] 177 | |     type Lhs = Simd<T, N>;
[INFO] [stdout] 178 | |     type Rhs = Simd<T, N>;
[INFO] [stdout] ...   |
[INFO] [stdout] 231 | |     }
[INFO] [stdout] 232 | | }
[INFO] [stdout]     | |_- in this macro invocation
[INFO] [stdout]     |
[INFO] [stdout]     = note: this error originates in the macro `int_divrem_guard` which comes from the expansion of the macro `for_base_ops` (in Nightly builds, run with -Z macro-backtrace for more info)
[INFO] [stdout] 
[INFO] [stdout] 
[INFO] [stdout] error[E0433]: failed to resolve: could not find `simd` in `intrinsics`
[INFO] [stdout]    --> /opt/rustwide/cargo-home/git/checkouts/portable-simd-311bd65e6952a0da/97007cc/crates/core_simd/src/ops.rs:100:40
[INFO] [stdout]     |
[INFO] [stdout] 100 |               unsafe { core::intrinsics::simd::$simd_call($lhs, rhs) }
[INFO] [stdout]     |                                          ^^^^ could not find `simd` in `intrinsics`
[INFO] [stdout] ...
[INFO] [stdout] 175 | / for_base_ops! {
[INFO] [stdout] 176 | |     T = (i8, i16, i32, i64, isize, u8, u16, u32, u64, usize);
[INFO] [stdout] 177 | |     type Lhs = Simd<T, N>;
[INFO] [stdout] 178 | |     type Rhs = Simd<T, N>;
[INFO] [stdout] ...   |
[INFO] [stdout] 231 | |     }
[INFO] [stdout] 232 | | }
[INFO] [stdout]     | |_- in this macro invocation
[INFO] [stdout]     |
[INFO] [stdout]     = note: this error originates in the macro `int_divrem_guard` which comes from the expansion of the macro `for_base_ops` (in Nightly builds, run with -Z macro-backtrace for more info)
[INFO] [stdout] 
[INFO] [stdout] 
[INFO] [stdout] error[E0433]: failed to resolve: could not find `simd` in `intrinsics`
[INFO] [stdout]    --> /opt/rustwide/cargo-home/git/checkouts/portable-simd-311bd65e6952a0da/97007cc/crates/core_simd/src/ops.rs:58:31
[INFO] [stdout]     |
[INFO] [stdout] 58  |               core::intrinsics::simd::$simd_call(
[INFO] [stdout]     |                                 ^^^^ could not find `simd` in `intrinsics`
[INFO] [stdout] ...
[INFO] [stdout] 175 | / for_base_ops! {
[INFO] [stdout] 176 | |     T = (i8, i16, i32, i64, isize, u8, u16, u32, u64, usize);
[INFO] [stdout] 177 | |     type Lhs = Simd<T, N>;
[INFO] [stdout] 178 | |     type Rhs = Simd<T, N>;
[INFO] [stdout] ...   |
[INFO] [stdout] 231 | |     }
[INFO] [stdout] 232 | | }
[INFO] [stdout]     | |_- in this macro invocation
[INFO] [stdout]     |
[INFO] [stdout]     = note: this error originates in the macro `wrap_bitshift` which comes from the expansion of the macro `for_base_ops` (in Nightly builds, run with -Z macro-backtrace for more info)
[INFO] [stdout] 
[INFO] [stdout] 
[INFO] [stdout] error[E0433]: failed to resolve: could not find `simd` in `intrinsics`
[INFO] [stdout]    --> /opt/rustwide/cargo-home/git/checkouts/portable-simd-311bd65e6952a0da/97007cc/crates/core_simd/src/ops.rs:58:31
[INFO] [stdout]     |
[INFO] [stdout] 58  |               core::intrinsics::simd::$simd_call(
[INFO] [stdout]     |                                 ^^^^ could not find `simd` in `intrinsics`
[INFO] [stdout] ...
[INFO] [stdout] 175 | / for_base_ops! {
[INFO] [stdout] 176 | |     T = (i8, i16, i32, i64, isize, u8, u16, u32, u64, usize);
[INFO] [stdout] 177 | |     type Lhs = Simd<T, N>;
[INFO] [stdout] 178 | |     type Rhs = Simd<T, N>;
[INFO] [stdout] ...   |
[INFO] [stdout] 231 | |     }
[INFO] [stdout] 232 | | }
[INFO] [stdout]     | |_- in this macro invocation
[INFO] [stdout]     |
[INFO] [stdout]     = note: this error originates in the macro `wrap_bitshift` which comes from the expansion of the macro `for_base_ops` (in Nightly builds, run with -Z macro-backtrace for more info)
[INFO] [stdout] 
[INFO] [stdout] 
[INFO] [stdout] error[E0433]: failed to resolve: could not find `simd` in `intrinsics`
[INFO] [stdout]    --> /opt/rustwide/cargo-home/git/checkouts/portable-simd-311bd65e6952a0da/97007cc/crates/core_simd/src/ops.rs:58:31
[INFO] [stdout]     |
[INFO] [stdout] 58  |               core::intrinsics::simd::$simd_call(
[INFO] [stdout]     |                                 ^^^^ could not find `simd` in `intrinsics`
[INFO] [stdout] ...
[INFO] [stdout] 175 | / for_base_ops! {
[INFO] [stdout] 176 | |     T = (i8, i16, i32, i64, isize, u8, u16, u32, u64, usize);
[INFO] [stdout] 177 | |     type Lhs = Simd<T, N>;
[INFO] [stdout] 178 | |     type Rhs = Simd<T, N>;
[INFO] [stdout] ...   |
[INFO] [stdout] 231 | |     }
[INFO] [stdout] 232 | | }
[INFO] [stdout]     | |_- in this macro invocation
[INFO] [stdout]     |
[INFO] [stdout]     = note: this error originates in the macro `wrap_bitshift` which comes from the expansion of the macro `for_base_ops` (in Nightly builds, run with -Z macro-backtrace for more info)
[INFO] [stdout] 
[INFO] [stdout] 
[INFO] [stdout] error[E0433]: failed to resolve: could not find `simd` in `intrinsics`
[INFO] [stdout]    --> /opt/rustwide/cargo-home/git/checkouts/portable-simd-311bd65e6952a0da/97007cc/crates/core_simd/src/ops.rs:58:31
[INFO] [stdout]     |
[INFO] [stdout] 58  |               core::intrinsics::simd::$simd_call(
[INFO] [stdout]     |                                 ^^^^ could not find `simd` in `intrinsics`
[INFO] [stdout] ...
[INFO] [stdout] 175 | / for_base_ops! {
[INFO] [stdout] 176 | |     T = (i8, i16, i32, i64, isize, u8, u16, u32, u64, usize);
[INFO] [stdout] 177 | |     type Lhs = Simd<T, N>;
[INFO] [stdout] 178 | |     type Rhs = Simd<T, N>;
[INFO] [stdout] ...   |
[INFO] [stdout] 231 | |     }
[INFO] [stdout] 232 | | }
[INFO] [stdout]     | |_- in this macro invocation
[INFO] [stdout]     |
[INFO] [stdout]     = note: this error originates in the macro `wrap_bitshift` which comes from the expansion of the macro `for_base_ops` (in Nightly builds, run with -Z macro-backtrace for more info)
[INFO] [stdout] 
[INFO] [stdout] 
[INFO] [stdout] error[E0433]: failed to resolve: could not find `simd` in `intrinsics`
[INFO] [stdout]    --> /opt/rustwide/cargo-home/git/checkouts/portable-simd-311bd65e6952a0da/97007cc/crates/core_simd/src/ops.rs:58:31
[INFO] [stdout]     |
[INFO] [stdout] 58  |               core::intrinsics::simd::$simd_call(
[INFO] [stdout]     |                                 ^^^^ could not find `simd` in `intrinsics`
[INFO] [stdout] ...
[INFO] [stdout] 175 | / for_base_ops! {
[INFO] [stdout] 176 | |     T = (i8, i16, i32, i64, isize, u8, u16, u32, u64, usize);
[INFO] [stdout] 177 | |     type Lhs = Simd<T, N>;
[INFO] [stdout] 178 | |     type Rhs = Simd<T, N>;
[INFO] [stdout] ...   |
[INFO] [stdout] 231 | |     }
[INFO] [stdout] 232 | | }
[INFO] [stdout]     | |_- in this macro invocation
[INFO] [stdout]     |
[INFO] [stdout]     = note: this error originates in the macro `wrap_bitshift` which comes from the expansion of the macro `for_base_ops` (in Nightly builds, run with -Z macro-backtrace for more info)
[INFO] [stdout] 
[INFO] [stdout] 
[INFO] [stdout] error[E0433]: failed to resolve: could not find `simd` in `intrinsics`
[INFO] [stdout]    --> /opt/rustwide/cargo-home/git/checkouts/portable-simd-311bd65e6952a0da/97007cc/crates/core_simd/src/ops.rs:58:31
[INFO] [stdout]     |
[INFO] [stdout] 58  |               core::intrinsics::simd::$simd_call(
[INFO] [stdout]     |                                 ^^^^ could not find `simd` in `intrinsics`
[INFO] [stdout] ...
[INFO] [stdout] 175 | / for_base_ops! {
[INFO] [stdout] 176 | |     T = (i8, i16, i32, i64, isize, u8, u16, u32, u64, usize);
[INFO] [stdout] 177 | |     type Lhs = Simd<T, N>;
[INFO] [stdout] 178 | |     type Rhs = Simd<T, N>;
[INFO] [stdout] ...   |
[INFO] [stdout] 231 | |     }
[INFO] [stdout] 232 | | }
[INFO] [stdout]     | |_- in this macro invocation
[INFO] [stdout]     |
[INFO] [stdout]     = note: this error originates in the macro `wrap_bitshift` which comes from the expansion of the macro `for_base_ops` (in Nightly builds, run with -Z macro-backtrace for more info)
[INFO] [stdout] 
[INFO] [stdout] 
[INFO] [stdout] error[E0433]: failed to resolve: could not find `simd` in `intrinsics`
[INFO] [stdout]    --> /opt/rustwide/cargo-home/git/checkouts/portable-simd-311bd65e6952a0da/97007cc/crates/core_simd/src/ops.rs:58:31
[INFO] [stdout]     |
[INFO] [stdout] 58  |               core::intrinsics::simd::$simd_call(
[INFO] [stdout]     |                                 ^^^^ could not find `simd` in `intrinsics`
[INFO] [stdout] ...
[INFO] [stdout] 175 | / for_base_ops! {
[INFO] [stdout] 176 | |     T = (i8, i16, i32, i64, isize, u8, u16, u32, u64, usize);
[INFO] [stdout] 177 | |     type Lhs = Simd<T, N>;
[INFO] [stdout] 178 | |     type Rhs = Simd<T, N>;
[INFO] [stdout] ...   |
[INFO] [stdout] 231 | |     }
[INFO] [stdout] 232 | | }
[INFO] [stdout]     | |_- in this macro invocation
[INFO] [stdout]     |
[INFO] [stdout]     = note: this error originates in the macro `wrap_bitshift` which comes from the expansion of the macro `for_base_ops` (in Nightly builds, run with -Z macro-backtrace for more info)
[INFO] [stdout] 
[INFO] [stdout] 
[INFO] [stdout] error[E0433]: failed to resolve: could not find `simd` in `intrinsics`
[INFO] [stdout]    --> /opt/rustwide/cargo-home/git/checkouts/portable-simd-311bd65e6952a0da/97007cc/crates/core_simd/src/ops.rs:58:31
[INFO] [stdout]     |
[INFO] [stdout] 58  |               core::intrinsics::simd::$simd_call(
[INFO] [stdout]     |                                 ^^^^ could not find `simd` in `intrinsics`
[INFO] [stdout] ...
[INFO] [stdout] 175 | / for_base_ops! {
[INFO] [stdout] 176 | |     T = (i8, i16, i32, i64, isize, u8, u16, u32, u64, usize);
[INFO] [stdout] 177 | |     type Lhs = Simd<T, N>;
[INFO] [stdout] 178 | |     type Rhs = Simd<T, N>;
[INFO] [stdout] ...   |
[INFO] [stdout] 231 | |     }
[INFO] [stdout] 232 | | }
[INFO] [stdout]     | |_- in this macro invocation
[INFO] [stdout]     |
[INFO] [stdout]     = note: this error originates in the macro `wrap_bitshift` which comes from the expansion of the macro `for_base_ops` (in Nightly builds, run with -Z macro-backtrace for more info)
[INFO] [stdout] 
[INFO] [stdout] 
[INFO] [stdout] error[E0433]: failed to resolve: could not find `simd` in `intrinsics`
[INFO] [stdout]    --> /opt/rustwide/cargo-home/git/checkouts/portable-simd-311bd65e6952a0da/97007cc/crates/core_simd/src/ops.rs:58:31
[INFO] [stdout]     |
[INFO] [stdout] 58  |               core::intrinsics::simd::$simd_call(
[INFO] [stdout]     |                                 ^^^^ could not find `simd` in `intrinsics`
[INFO] [stdout] ...
[INFO] [stdout] 175 | / for_base_ops! {
[INFO] [stdout] 176 | |     T = (i8, i16, i32, i64, isize, u8, u16, u32, u64, usize);
[INFO] [stdout] 177 | |     type Lhs = Simd<T, N>;
[INFO] [stdout] 178 | |     type Rhs = Simd<T, N>;
[INFO] [stdout] ...   |
[INFO] [stdout] 231 | |     }
[INFO] [stdout] 232 | | }
[INFO] [stdout]     | |_- in this macro invocation
[INFO] [stdout]     |
[INFO] [stdout]     = note: this error originates in the macro `wrap_bitshift` which comes from the expansion of the macro `for_base_ops` (in Nightly builds, run with -Z macro-backtrace for more info)
[INFO] [stdout] 
[INFO] [stdout] 
[INFO] [stdout] error[E0433]: failed to resolve: could not find `simd` in `intrinsics`
[INFO] [stdout]    --> /opt/rustwide/cargo-home/git/checkouts/portable-simd-311bd65e6952a0da/97007cc/crates/core_simd/src/ops.rs:58:31
[INFO] [stdout]     |
[INFO] [stdout] 58  |               core::intrinsics::simd::$simd_call(
[INFO] [stdout]     |                                 ^^^^ could not find `simd` in `intrinsics`
[INFO] [stdout] ...
[INFO] [stdout] 175 | / for_base_ops! {
[INFO] [stdout] 176 | |     T = (i8, i16, i32, i64, isize, u8, u16, u32, u64, usize);
[INFO] [stdout] 177 | |     type Lhs = Simd<T, N>;
[INFO] [stdout] 178 | |     type Rhs = Simd<T, N>;
[INFO] [stdout] ...   |
[INFO] [stdout] 231 | |     }
[INFO] [stdout] 232 | | }
[INFO] [stdout]     | |_- in this macro invocation
[INFO] [stdout]     |
[INFO] [stdout]     = note: this error originates in the macro `wrap_bitshift` which comes from the expansion of the macro `for_base_ops` (in Nightly builds, run with -Z macro-backtrace for more info)
[INFO] [stdout] 
[INFO] [stdout] 
[INFO] [stdout] error[E0433]: failed to resolve: could not find `simd` in `intrinsics`
[INFO] [stdout]    --> /opt/rustwide/cargo-home/git/checkouts/portable-simd-311bd65e6952a0da/97007cc/crates/core_simd/src/ops.rs:58:31
[INFO] [stdout]     |
[INFO] [stdout] 58  |               core::intrinsics::simd::$simd_call(
[INFO] [stdout]     |                                 ^^^^ could not find `simd` in `intrinsics`
[INFO] [stdout] ...
[INFO] [stdout] 175 | / for_base_ops! {
[INFO] [stdout] 176 | |     T = (i8, i16, i32, i64, isize, u8, u16, u32, u64, usize);
[INFO] [stdout] 177 | |     type Lhs = Simd<T, N>;
[INFO] [stdout] 178 | |     type Rhs = Simd<T, N>;
[INFO] [stdout] ...   |
[INFO] [stdout] 231 | |     }
[INFO] [stdout] 232 | | }
[INFO] [stdout]     | |_- in this macro invocation
[INFO] [stdout]     |
[INFO] [stdout]     = note: this error originates in the macro `wrap_bitshift` which comes from the expansion of the macro `for_base_ops` (in Nightly builds, run with -Z macro-backtrace for more info)
[INFO] [stdout] 
[INFO] [stdout] 
[INFO] [stdout] error[E0433]: failed to resolve: could not find `simd` in `intrinsics`
[INFO] [stdout]    --> /opt/rustwide/cargo-home/git/checkouts/portable-simd-311bd65e6952a0da/97007cc/crates/core_simd/src/ops.rs:58:31
[INFO] [stdout]     |
[INFO] [stdout] 58  |               core::intrinsics::simd::$simd_call(
[INFO] [stdout]     |                                 ^^^^ could not find `simd` in `intrinsics`
[INFO] [stdout] ...
[INFO] [stdout] 175 | / for_base_ops! {
[INFO] [stdout] 176 | |     T = (i8, i16, i32, i64, isize, u8, u16, u32, u64, usize);
[INFO] [stdout] 177 | |     type Lhs = Simd<T, N>;
[INFO] [stdout] 178 | |     type Rhs = Simd<T, N>;
[INFO] [stdout] ...   |
[INFO] [stdout] 231 | |     }
[INFO] [stdout] 232 | | }
[INFO] [stdout]     | |_- in this macro invocation
[INFO] [stdout]     |
[INFO] [stdout]     = note: this error originates in the macro `wrap_bitshift` which comes from the expansion of the macro `for_base_ops` (in Nightly builds, run with -Z macro-backtrace for more info)
[INFO] [stdout] 
[INFO] [stdout] 
[INFO] [stdout] error[E0433]: failed to resolve: could not find `simd` in `intrinsics`
[INFO] [stdout]    --> /opt/rustwide/cargo-home/git/checkouts/portable-simd-311bd65e6952a0da/97007cc/crates/core_simd/src/ops.rs:58:31
[INFO] [stdout]     |
[INFO] [stdout] 58  |               core::intrinsics::simd::$simd_call(
[INFO] [stdout]     |                                 ^^^^ could not find `simd` in `intrinsics`
[INFO] [stdout] ...
[INFO] [stdout] 175 | / for_base_ops! {
[INFO] [stdout] 176 | |     T = (i8, i16, i32, i64, isize, u8, u16, u32, u64, usize);
[INFO] [stdout] 177 | |     type Lhs = Simd<T, N>;
[INFO] [stdout] 178 | |     type Rhs = Simd<T, N>;
[INFO] [stdout] ...   |
[INFO] [stdout] 231 | |     }
[INFO] [stdout] 232 | | }
[INFO] [stdout]     | |_- in this macro invocation
[INFO] [stdout]     |
[INFO] [stdout]     = note: this error originates in the macro `wrap_bitshift` which comes from the expansion of the macro `for_base_ops` (in Nightly builds, run with -Z macro-backtrace for more info)
[INFO] [stdout] 
[INFO] [stdout] 
[INFO] [stdout] error[E0433]: failed to resolve: could not find `simd` in `intrinsics`
[INFO] [stdout]    --> /opt/rustwide/cargo-home/git/checkouts/portable-simd-311bd65e6952a0da/97007cc/crates/core_simd/src/ops.rs:58:31
[INFO] [stdout]     |
[INFO] [stdout] 58  |               core::intrinsics::simd::$simd_call(
[INFO] [stdout]     |                                 ^^^^ could not find `simd` in `intrinsics`
[INFO] [stdout] ...
[INFO] [stdout] 175 | / for_base_ops! {
[INFO] [stdout] 176 | |     T = (i8, i16, i32, i64, isize, u8, u16, u32, u64, usize);
[INFO] [stdout] 177 | |     type Lhs = Simd<T, N>;
[INFO] [stdout] 178 | |     type Rhs = Simd<T, N>;
[INFO] [stdout] ...   |
[INFO] [stdout] 231 | |     }
[INFO] [stdout] 232 | | }
[INFO] [stdout]     | |_- in this macro invocation
[INFO] [stdout]     |
[INFO] [stdout]     = note: this error originates in the macro `wrap_bitshift` which comes from the expansion of the macro `for_base_ops` (in Nightly builds, run with -Z macro-backtrace for more info)
[INFO] [stdout] 
[INFO] [stdout] 
[INFO] [stdout] error[E0433]: failed to resolve: could not find `simd` in `intrinsics`
[INFO] [stdout]    --> /opt/rustwide/cargo-home/git/checkouts/portable-simd-311bd65e6952a0da/97007cc/crates/core_simd/src/ops.rs:58:31
[INFO] [stdout]     |
[INFO] [stdout] 58  |               core::intrinsics::simd::$simd_call(
[INFO] [stdout]     |                                 ^^^^ could not find `simd` in `intrinsics`
[INFO] [stdout] ...
[INFO] [stdout] 175 | / for_base_ops! {
[INFO] [stdout] 176 | |     T = (i8, i16, i32, i64, isize, u8, u16, u32, u64, usize);
[INFO] [stdout] 177 | |     type Lhs = Simd<T, N>;
[INFO] [stdout] 178 | |     type Rhs = Simd<T, N>;
[INFO] [stdout] ...   |
[INFO] [stdout] 231 | |     }
[INFO] [stdout] 232 | | }
[INFO] [stdout]     | |_- in this macro invocation
[INFO] [stdout]     |
[INFO] [stdout]     = note: this error originates in the macro `wrap_bitshift` which comes from the expansion of the macro `for_base_ops` (in Nightly builds, run with -Z macro-backtrace for more info)
[INFO] [stdout] 
[INFO] [stdout] 
[INFO] [stdout] error[E0433]: failed to resolve: could not find `simd` in `intrinsics`
[INFO] [stdout]    --> /opt/rustwide/cargo-home/git/checkouts/portable-simd-311bd65e6952a0da/97007cc/crates/core_simd/src/ops.rs:58:31
[INFO] [stdout]     |
[INFO] [stdout] 58  |               core::intrinsics::simd::$simd_call(
[INFO] [stdout]     |                                 ^^^^ could not find `simd` in `intrinsics`
[INFO] [stdout] ...
[INFO] [stdout] 175 | / for_base_ops! {
[INFO] [stdout] 176 | |     T = (i8, i16, i32, i64, isize, u8, u16, u32, u64, usize);
[INFO] [stdout] 177 | |     type Lhs = Simd<T, N>;
[INFO] [stdout] 178 | |     type Rhs = Simd<T, N>;
[INFO] [stdout] ...   |
[INFO] [stdout] 231 | |     }
[INFO] [stdout] 232 | | }
[INFO] [stdout]     | |_- in this macro invocation
[INFO] [stdout]     |
[INFO] [stdout]     = note: this error originates in the macro `wrap_bitshift` which comes from the expansion of the macro `for_base_ops` (in Nightly builds, run with -Z macro-backtrace for more info)
[INFO] [stdout] 
[INFO] [stdout] 
[INFO] [stdout] error[E0433]: failed to resolve: could not find `simd` in `intrinsics`
[INFO] [stdout]    --> /opt/rustwide/cargo-home/git/checkouts/portable-simd-311bd65e6952a0da/97007cc/crates/core_simd/src/ops.rs:58:31
[INFO] [stdout]     |
[INFO] [stdout] 58  |               core::intrinsics::simd::$simd_call(
[INFO] [stdout]     |                                 ^^^^ could not find `simd` in `intrinsics`
[INFO] [stdout] ...
[INFO] [stdout] 175 | / for_base_ops! {
[INFO] [stdout] 176 | |     T = (i8, i16, i32, i64, isize, u8, u16, u32, u64, usize);
[INFO] [stdout] 177 | |     type Lhs = Simd<T, N>;
[INFO] [stdout] 178 | |     type Rhs = Simd<T, N>;
[INFO] [stdout] ...   |
[INFO] [stdout] 231 | |     }
[INFO] [stdout] 232 | | }
[INFO] [stdout]     | |_- in this macro invocation
[INFO] [stdout]     |
[INFO] [stdout]     = note: this error originates in the macro `wrap_bitshift` which comes from the expansion of the macro `for_base_ops` (in Nightly builds, run with -Z macro-backtrace for more info)
[INFO] [stdout] 
[INFO] [stdout] 
[INFO] [stdout] error[E0433]: failed to resolve: could not find `simd` in `intrinsics`
[INFO] [stdout]    --> /opt/rustwide/cargo-home/git/checkouts/portable-simd-311bd65e6952a0da/97007cc/crates/core_simd/src/ops.rs:58:31
[INFO] [stdout]     |
[INFO] [stdout] 58  |               core::intrinsics::simd::$simd_call(
[INFO] [stdout]     |                                 ^^^^ could not find `simd` in `intrinsics`
[INFO] [stdout] ...
[INFO] [stdout] 175 | / for_base_ops! {
[INFO] [stdout] 176 | |     T = (i8, i16, i32, i64, isize, u8, u16, u32, u64, usize);
[INFO] [stdout] 177 | |     type Lhs = Simd<T, N>;
[INFO] [stdout] 178 | |     type Rhs = Simd<T, N>;
[INFO] [stdout] ...   |
[INFO] [stdout] 231 | |     }
[INFO] [stdout] 232 | | }
[INFO] [stdout]     | |_- in this macro invocation
[INFO] [stdout]     |
[INFO] [stdout]     = note: this error originates in the macro `wrap_bitshift` which comes from the expansion of the macro `for_base_ops` (in Nightly builds, run with -Z macro-backtrace for more info)
[INFO] [stdout] 
[INFO] [stdout] 
[INFO] [stdout] error[E0433]: failed to resolve: could not find `simd` in `intrinsics`
[INFO] [stdout]    --> /opt/rustwide/cargo-home/git/checkouts/portable-simd-311bd65e6952a0da/97007cc/crates/core_simd/src/ops.rs:58:31
[INFO] [stdout]     |
[INFO] [stdout] 58  |               core::intrinsics::simd::$simd_call(
[INFO] [stdout]     |                                 ^^^^ could not find `simd` in `intrinsics`
[INFO] [stdout] ...
[INFO] [stdout] 175 | / for_base_ops! {
[INFO] [stdout] 176 | |     T = (i8, i16, i32, i64, isize, u8, u16, u32, u64, usize);
[INFO] [stdout] 177 | |     type Lhs = Simd<T, N>;
[INFO] [stdout] 178 | |     type Rhs = Simd<T, N>;
[INFO] [stdout] ...   |
[INFO] [stdout] 231 | |     }
[INFO] [stdout] 232 | | }
[INFO] [stdout]     | |_- in this macro invocation
[INFO] [stdout]     |
[INFO] [stdout]     = note: this error originates in the macro `wrap_bitshift` which comes from the expansion of the macro `for_base_ops` (in Nightly builds, run with -Z macro-backtrace for more info)
[INFO] [stdout] 
[INFO] [stdout] 
[INFO] [stdout] error[E0433]: failed to resolve: could not find `simd` in `intrinsics`
[INFO] [stdout]    --> /opt/rustwide/cargo-home/git/checkouts/portable-simd-311bd65e6952a0da/97007cc/crates/core_simd/src/ops.rs:58:31
[INFO] [stdout]     |
[INFO] [stdout] 58  |               core::intrinsics::simd::$simd_call(
[INFO] [stdout]     |                                 ^^^^ could not find `simd` in `intrinsics`
[INFO] [stdout] ...
[INFO] [stdout] 175 | / for_base_ops! {
[INFO] [stdout] 176 | |     T = (i8, i16, i32, i64, isize, u8, u16, u32, u64, usize);
[INFO] [stdout] 177 | |     type Lhs = Simd<T, N>;
[INFO] [stdout] 178 | |     type Rhs = Simd<T, N>;
[INFO] [stdout] ...   |
[INFO] [stdout] 231 | |     }
[INFO] [stdout] 232 | | }
[INFO] [stdout]     | |_- in this macro invocation
[INFO] [stdout]     |
[INFO] [stdout]     = note: this error originates in the macro `wrap_bitshift` which comes from the expansion of the macro `for_base_ops` (in Nightly builds, run with -Z macro-backtrace for more info)
[INFO] [stdout] 
[INFO] [stdout] 
[INFO] [stdout] error[E0433]: failed to resolve: could not find `simd` in `intrinsics`
[INFO] [stdout]    --> /opt/rustwide/cargo-home/git/checkouts/portable-simd-311bd65e6952a0da/97007cc/crates/core_simd/src/ops.rs:40:36
[INFO] [stdout]     |
[INFO] [stdout] 40  |           unsafe { core::intrinsics::simd::$simd_call($lhs, $rhs) }
[INFO] [stdout]     |                                      ^^^^ could not find `simd` in `intrinsics`
[INFO] [stdout] ...
[INFO] [stdout] 236 | / for_base_ops! {
[INFO] [stdout] 237 | |     T = (f32, f64);
[INFO] [stdout] 238 | |     type Lhs = Simd<T, N>;
[INFO] [stdout] 239 | |     type Rhs = Simd<T, N>;
[INFO] [stdout] ...   |
[INFO] [stdout] 260 | |     }
[INFO] [stdout] 261 | | }
[INFO] [stdout]     | |_- in this macro invocation
[INFO] [stdout]     |
[INFO] [stdout]     = note: this error originates in the macro `unsafe_base` which comes from the expansion of the macro `for_base_ops` (in Nightly builds, run with -Z macro-backtrace for more info)
[INFO] [stdout] 
[INFO] [stdout] 
[INFO] [stdout] error[E0433]: failed to resolve: could not find `simd` in `intrinsics`
[INFO] [stdout]    --> /opt/rustwide/cargo-home/git/checkouts/portable-simd-311bd65e6952a0da/97007cc/crates/core_simd/src/ops.rs:40:36
[INFO] [stdout]     |
[INFO] [stdout] 40  |           unsafe { core::intrinsics::simd::$simd_call($lhs, $rhs) }
[INFO] [stdout]     |                                      ^^^^ could not find `simd` in `intrinsics`
[INFO] [stdout] ...
[INFO] [stdout] 236 | / for_base_ops! {
[INFO] [stdout] 237 | |     T = (f32, f64);
[INFO] [stdout] 238 | |     type Lhs = Simd<T, N>;
[INFO] [stdout] 239 | |     type Rhs = Simd<T, N>;
[INFO] [stdout] ...   |
[INFO] [stdout] 260 | |     }
[INFO] [stdout] 261 | | }
[INFO] [stdout]     | |_- in this macro invocation
[INFO] [stdout]     |
[INFO] [stdout]     = note: this error originates in the macro `unsafe_base` which comes from the expansion of the macro `for_base_ops` (in Nightly builds, run with -Z macro-backtrace for more info)
[INFO] [stdout] 
[INFO] [stdout] 
[INFO] [stdout] error[E0433]: failed to resolve: could not find `simd` in `intrinsics`
[INFO] [stdout]    --> /opt/rustwide/cargo-home/git/checkouts/portable-simd-311bd65e6952a0da/97007cc/crates/core_simd/src/ops.rs:40:36
[INFO] [stdout]     |
[INFO] [stdout] 40  |           unsafe { core::intrinsics::simd::$simd_call($lhs, $rhs) }
[INFO] [stdout]     |                                      ^^^^ could not find `simd` in `intrinsics`
[INFO] [stdout] ...
[INFO] [stdout] 236 | / for_base_ops! {
[INFO] [stdout] 237 | |     T = (f32, f64);
[INFO] [stdout] 238 | |     type Lhs = Simd<T, N>;
[INFO] [stdout] 239 | |     type Rhs = Simd<T, N>;
[INFO] [stdout] ...   |
[INFO] [stdout] 260 | |     }
[INFO] [stdout] 261 | | }
[INFO] [stdout]     | |_- in this macro invocation
[INFO] [stdout]     |
[INFO] [stdout]     = note: this error originates in the macro `unsafe_base` which comes from the expansion of the macro `for_base_ops` (in Nightly builds, run with -Z macro-backtrace for more info)
[INFO] [stdout] 
[INFO] [stdout] 
[INFO] [stdout] error[E0433]: failed to resolve: could not find `simd` in `intrinsics`
[INFO] [stdout]    --> /opt/rustwide/cargo-home/git/checkouts/portable-simd-311bd65e6952a0da/97007cc/crates/core_simd/src/ops.rs:40:36
[INFO] [stdout]     |
[INFO] [stdout] 40  |           unsafe { core::intrinsics::simd::$simd_call($lhs, $rhs) }
[INFO] [stdout]     |                                      ^^^^ could not find `simd` in `intrinsics`
[INFO] [stdout] ...
[INFO] [stdout] 236 | / for_base_ops! {
[INFO] [stdout] 237 | |     T = (f32, f64);
[INFO] [stdout] 238 | |     type Lhs = Simd<T, N>;
[INFO] [stdout] 239 | |     type Rhs = Simd<T, N>;
[INFO] [stdout] ...   |
[INFO] [stdout] 260 | |     }
[INFO] [stdout] 261 | | }
[INFO] [stdout]     | |_- in this macro invocation
[INFO] [stdout]     |
[INFO] [stdout]     = note: this error originates in the macro `unsafe_base` which comes from the expansion of the macro `for_base_ops` (in Nightly builds, run with -Z macro-backtrace for more info)
[INFO] [stdout] 
[INFO] [stdout] 
[INFO] [stdout] error[E0433]: failed to resolve: could not find `simd` in `intrinsics`
[INFO] [stdout]    --> /opt/rustwide/cargo-home/git/checkouts/portable-simd-311bd65e6952a0da/97007cc/crates/core_simd/src/ops.rs:40:36
[INFO] [stdout]     |
[INFO] [stdout] 40  |           unsafe { core::intrinsics::simd::$simd_call($lhs, $rhs) }
[INFO] [stdout]     |                                      ^^^^ could not find `simd` in `intrinsics`
[INFO] [stdout] ...
[INFO] [stdout] 236 | / for_base_ops! {
[INFO] [stdout] 237 | |     T = (f32, f64);
[INFO] [stdout] 238 | |     type Lhs = Simd<T, N>;
[INFO] [stdout] 239 | |     type Rhs = Simd<T, N>;
[INFO] [stdout] ...   |
[INFO] [stdout] 260 | |     }
[INFO] [stdout] 261 | | }
[INFO] [stdout]     | |_- in this macro invocation
[INFO] [stdout]     |
[INFO] [stdout]     = note: this error originates in the macro `unsafe_base` which comes from the expansion of the macro `for_base_ops` (in Nightly builds, run with -Z macro-backtrace for more info)
[INFO] [stdout] 
[INFO] [stdout] 
[INFO] [stdout] error[E0433]: failed to resolve: could not find `simd` in `intrinsics`
[INFO] [stdout]    --> /opt/rustwide/cargo-home/git/checkouts/portable-simd-311bd65e6952a0da/97007cc/crates/core_simd/src/ops.rs:40:36
[INFO] [stdout]     |
[INFO] [stdout] 40  |           unsafe { core::intrinsics::simd::$simd_call($lhs, $rhs) }
[INFO] [stdout]     |                                      ^^^^ could not find `simd` in `intrinsics`
[INFO] [stdout] ...
[INFO] [stdout] 236 | / for_base_ops! {
[INFO] [stdout] 237 | |     T = (f32, f64);
[INFO] [stdout] 238 | |     type Lhs = Simd<T, N>;
[INFO] [stdout] 239 | |     type Rhs = Simd<T, N>;
[INFO] [stdout] ...   |
[INFO] [stdout] 260 | |     }
[INFO] [stdout] 261 | | }
[INFO] [stdout]     | |_- in this macro invocation
[INFO] [stdout]     |
[INFO] [stdout]     = note: this error originates in the macro `unsafe_base` which comes from the expansion of the macro `for_base_ops` (in Nightly builds, run with -Z macro-backtrace for more info)
[INFO] [stdout] 
[INFO] [stdout] 
[INFO] [stdout] error[E0433]: failed to resolve: could not find `simd` in `intrinsics`
[INFO] [stdout]    --> /opt/rustwide/cargo-home/git/checkouts/portable-simd-311bd65e6952a0da/97007cc/crates/core_simd/src/ops.rs:40:36
[INFO] [stdout]     |
[INFO] [stdout] 40  |           unsafe { core::intrinsics::simd::$simd_call($lhs, $rhs) }
[INFO] [stdout]     |                                      ^^^^ could not find `simd` in `intrinsics`
[INFO] [stdout] ...
[INFO] [stdout] 236 | / for_base_ops! {
[INFO] [stdout] 237 | |     T = (f32, f64);
[INFO] [stdout] 238 | |     type Lhs = Simd<T, N>;
[INFO] [stdout] 239 | |     type Rhs = Simd<T, N>;
[INFO] [stdout] ...   |
[INFO] [stdout] 260 | |     }
[INFO] [stdout] 261 | | }
[INFO] [stdout]     | |_- in this macro invocation
[INFO] [stdout]     |
[INFO] [stdout]     = note: this error originates in the macro `unsafe_base` which comes from the expansion of the macro `for_base_ops` (in Nightly builds, run with -Z macro-backtrace for more info)
[INFO] [stdout] 
[INFO] [stdout] 
[INFO] [stdout] error[E0433]: failed to resolve: could not find `simd` in `intrinsics`
[INFO] [stdout]    --> /opt/rustwide/cargo-home/git/checkouts/portable-simd-311bd65e6952a0da/97007cc/crates/core_simd/src/ops.rs:40:36
[INFO] [stdout]     |
[INFO] [stdout] 40  |           unsafe { core::intrinsics::simd::$simd_call($lhs, $rhs) }
[INFO] [stdout]     |                                      ^^^^ could not find `simd` in `intrinsics`
[INFO] [stdout] ...
[INFO] [stdout] 236 | / for_base_ops! {
[INFO] [stdout] 237 | |     T = (f32, f64);
[INFO] [stdout] 238 | |     type Lhs = Simd<T, N>;
[INFO] [stdout] 239 | |     type Rhs = Simd<T, N>;
[INFO] [stdout] ...   |
[INFO] [stdout] 260 | |     }
[INFO] [stdout] 261 | | }
[INFO] [stdout]     | |_- in this macro invocation
[INFO] [stdout]     |
[INFO] [stdout]     = note: this error originates in the macro `unsafe_base` which comes from the expansion of the macro `for_base_ops` (in Nightly builds, run with -Z macro-backtrace for more info)
[INFO] [stdout] 
[INFO] [stdout] 
[INFO] [stdout] error[E0433]: failed to resolve: could not find `simd` in `intrinsics`
[INFO] [stdout]    --> /opt/rustwide/cargo-home/git/checkouts/portable-simd-311bd65e6952a0da/97007cc/crates/core_simd/src/ops.rs:40:36
[INFO] [stdout]     |
[INFO] [stdout] 40  |           unsafe { core::intrinsics::simd::$simd_call($lhs, $rhs) }
[INFO] [stdout]     |                                      ^^^^ could not find `simd` in `intrinsics`
[INFO] [stdout] ...
[INFO] [stdout] 236 | / for_base_ops! {
[INFO] [stdout] 237 | |     T = (f32, f64);
[INFO] [stdout] 238 | |     type Lhs = Simd<T, N>;
[INFO] [stdout] 239 | |     type Rhs = Simd<T, N>;
[INFO] [stdout] ...   |
[INFO] [stdout] 260 | |     }
[INFO] [stdout] 261 | | }
[INFO] [stdout]     | |_- in this macro invocation
[INFO] [stdout]     |
[INFO] [stdout]     = note: this error originates in the macro `unsafe_base` which comes from the expansion of the macro `for_base_ops` (in Nightly builds, run with -Z macro-backtrace for more info)
[INFO] [stdout] 
[INFO] [stdout] 
[INFO] [stdout] error[E0433]: failed to resolve: could not find `simd` in `intrinsics`
[INFO] [stdout]    --> /opt/rustwide/cargo-home/git/checkouts/portable-simd-311bd65e6952a0da/97007cc/crates/core_simd/src/ops.rs:40:36
[INFO] [stdout]     |
[INFO] [stdout] 40  |           unsafe { core::intrinsics::simd::$simd_call($lhs, $rhs) }
[INFO] [stdout]     |                                      ^^^^ could not find `simd` in `intrinsics`
[INFO] [stdout] ...
[INFO] [stdout] 236 | / for_base_ops! {
[INFO] [stdout] 237 | |     T = (f32, f64);
[INFO] [stdout] 238 | |     type Lhs = Simd<T, N>;
[INFO] [stdout] 239 | |     type Rhs = Simd<T, N>;
[INFO] [stdout] ...   |
[INFO] [stdout] 260 | |     }
[INFO] [stdout] 261 | | }
[INFO] [stdout]     | |_- in this macro invocation
[INFO] [stdout]     |
[INFO] [stdout]     = note: this error originates in the macro `unsafe_base` which comes from the expansion of the macro `for_base_ops` (in Nightly builds, run with -Z macro-backtrace for more info)
[INFO] [stdout] 
[INFO] [stdout] 
[INFO] [stdout] error[E0433]: failed to resolve: could not find `simd` in `intrinsics`
[INFO] [stdout]   --> /opt/rustwide/cargo-home/git/checkouts/portable-simd-311bd65e6952a0da/97007cc/crates/core_simd/src/select.rs:31:36
[INFO] [stdout]    |
[INFO] [stdout] 31 |         unsafe { core::intrinsics::simd::simd_select(self.to_int(), true_values, false_values) }
[INFO] [stdout]    |                                    ^^^^ could not find `simd` in `intrinsics`
[INFO] [stdout] 
[INFO] [stdout] 
[INFO] [stdout] error[E0433]: failed to resolve: could not find `simd` in `intrinsics`
[INFO] [stdout]    --> /opt/rustwide/cargo-home/git/checkouts/portable-simd-311bd65e6952a0da/97007cc/crates/core_simd/src/vector.rs:493:36
[INFO] [stdout]     |
[INFO] [stdout] 493 |         unsafe { core::intrinsics::simd::simd_gather(or, source, enable.to_int()) }
[INFO] [stdout]     |                                    ^^^^ could not find `simd` in `intrinsics`
[INFO] [stdout] 
[INFO] [stdout] 
[INFO] [stdout] error[E0433]: failed to resolve: could not find `simd` in `intrinsics`
[INFO] [stdout]    --> /opt/rustwide/cargo-home/git/checkouts/portable-simd-311bd65e6952a0da/97007cc/crates/core_simd/src/vector.rs:652:36
[INFO] [stdout]     |
[INFO] [stdout] 652 |         unsafe { core::intrinsics::simd::simd_scatter(self, dest, enable.to_int()) }
[INFO] [stdout]     |                                    ^^^^ could not find `simd` in `intrinsics`
[INFO] [stdout] 
[INFO] [stdout] 
[INFO] [stdout] error[E0433]: failed to resolve: could not find `simd` in `intrinsics`
[INFO] [stdout]    --> /opt/rustwide/cargo-home/git/checkouts/portable-simd-311bd65e6952a0da/97007cc/crates/core_simd/src/vector.rs:695:35
[INFO] [stdout]     |
[INFO] [stdout] 695 |                 core::intrinsics::simd::simd_eq(*self, *other);
[INFO] [stdout]     |                                   ^^^^ could not find `simd` in `intrinsics`
[INFO] [stdout] 
[INFO] [stdout] 
[INFO] [stdout] error[E0433]: failed to resolve: could not find `simd` in `intrinsics`
[INFO] [stdout]    --> /opt/rustwide/cargo-home/git/checkouts/portable-simd-311bd65e6952a0da/97007cc/crates/core_simd/src/vector.rs:709:35
[INFO] [stdout]     |
[INFO] [stdout] 709 |                 core::intrinsics::simd::simd_ne(*self, *other);
[INFO] [stdout]     |                                   ^^^^ could not find `simd` in `intrinsics`
[INFO] [stdout] 
[INFO] [stdout] 
[INFO] [stdout] error[E0433]: failed to resolve: could not find `simd` in `intrinsics`
[INFO] [stdout]    --> /opt/rustwide/cargo-home/git/checkouts/portable-simd-311bd65e6952a0da/97007cc/crates/core_simd/src/simd/num/float.rs:262:44
[INFO] [stdout]     |
[INFO] [stdout] 262 |                 unsafe { core::intrinsics::simd::simd_as(self) }
[INFO] [stdout]     |                                            ^^^^ could not find `simd` in `intrinsics`
[INFO] [stdout] ...
[INFO] [stdout] 425 | impl_trait! { f32 { bits: u32, mask: i32 }, f64 { bits: u64, mask: i64 } }
[INFO] [stdout]     | -------------------------------------------------------------------------- in this macro invocation
[INFO] [stdout]     |
[INFO] [stdout]     = note: this error originates in the macro `impl_trait` (in Nightly builds, run with -Z macro-backtrace for more info)
[INFO] [stdout] 
[INFO] [stdout] 
[INFO] [stdout] error[E0433]: failed to resolve: could not find `simd` in `intrinsics`
[INFO] [stdout]    --> /opt/rustwide/cargo-home/git/checkouts/portable-simd-311bd65e6952a0da/97007cc/crates/core_simd/src/simd/num/float.rs:272:44
[INFO] [stdout]     |
[INFO] [stdout] 272 |                 unsafe { core::intrinsics::simd::simd_cast(self) }
[INFO] [stdout]     |                                            ^^^^ could not find `simd` in `intrinsics`
[INFO] [stdout] ...
[INFO] [stdout] 425 | impl_trait! { f32 { bits: u32, mask: i32 }, f64 { bits: u64, mask: i64 } }
[INFO] [stdout]     | -------------------------------------------------------------------------- in this macro invocation
[INFO] [stdout]     |
[INFO] [stdout]     = note: this error originates in the macro `impl_trait` (in Nightly builds, run with -Z macro-backtrace for more info)
[INFO] [stdout] 
[INFO] [stdout] 
[INFO] [stdout] error[E0433]: failed to resolve: could not find `simd` in `intrinsics`
[INFO] [stdout]    --> /opt/rustwide/cargo-home/git/checkouts/portable-simd-311bd65e6952a0da/97007cc/crates/core_simd/src/simd/num/float.rs:292:44
[INFO] [stdout]     |
[INFO] [stdout] 292 |                 unsafe { core::intrinsics::simd::simd_fabs(self) }
[INFO] [stdout]     |                                            ^^^^ could not find `simd` in `intrinsics`
[INFO] [stdout] ...
[INFO] [stdout] 425 | impl_trait! { f32 { bits: u32, mask: i32 }, f64 { bits: u64, mask: i64 } }
[INFO] [stdout]     | -------------------------------------------------------------------------- in this macro invocation
[INFO] [stdout]     |
[INFO] [stdout]     = note: this error originates in the macro `impl_trait` (in Nightly builds, run with -Z macro-backtrace for more info)
[INFO] [stdout] 
[INFO] [stdout] 
[INFO] [stdout] error[E0433]: failed to resolve: could not find `simd` in `intrinsics`
[INFO] [stdout]    --> /opt/rustwide/cargo-home/git/checkouts/portable-simd-311bd65e6952a0da/97007cc/crates/core_simd/src/simd/num/float.rs:366:44
[INFO] [stdout]     |
[INFO] [stdout] 366 |                 unsafe { core::intrinsics::simd::simd_fmin(self, other) }
[INFO] [stdout]     |                                            ^^^^ could not find `simd` in `intrinsics`
[INFO] [stdout] ...
[INFO] [stdout] 425 | impl_trait! { f32 { bits: u32, mask: i32 }, f64 { bits: u64, mask: i64 } }
[INFO] [stdout]     | -------------------------------------------------------------------------- in this macro invocation
[INFO] [stdout]     |
[INFO] [stdout]     = note: this error originates in the macro `impl_trait` (in Nightly builds, run with -Z macro-backtrace for more info)
[INFO] [stdout] 
[INFO] [stdout] 
[INFO] [stdout] error[E0433]: failed to resolve: could not find `simd` in `intrinsics`
[INFO] [stdout]    --> /opt/rustwide/cargo-home/git/checkouts/portable-simd-311bd65e6952a0da/97007cc/crates/core_simd/src/simd/num/float.rs:372:44
[INFO] [stdout]     |
[INFO] [stdout] 372 |                 unsafe { core::intrinsics::simd::simd_fmax(self, other) }
[INFO] [stdout]     |                                            ^^^^ could not find `simd` in `intrinsics`
[INFO] [stdout] ...
[INFO] [stdout] 425 | impl_trait! { f32 { bits: u32, mask: i32 }, f64 { bits: u64, mask: i64 } }
[INFO] [stdout]     | -------------------------------------------------------------------------- in this macro invocation
[INFO] [stdout]     |
[INFO] [stdout]     = note: this error originates in the macro `impl_trait` (in Nightly builds, run with -Z macro-backtrace for more info)
[INFO] [stdout] 
[INFO] [stdout] 
[INFO] [stdout] error[E0433]: failed to resolve: could not find `simd` in `intrinsics`
[INFO] [stdout]    --> /opt/rustwide/cargo-home/git/checkouts/portable-simd-311bd65e6952a0da/97007cc/crates/core_simd/src/simd/num/float.rs:394:48
[INFO] [stdout]     |
[INFO] [stdout] 394 |                     unsafe { core::intrinsics::simd::simd_reduce_add_ordered(self, 0.) }
[INFO] [stdout]     |                                                ^^^^ could not find `simd` in `intrinsics`
[INFO] [stdout] ...
[INFO] [stdout] 425 | impl_trait! { f32 { bits: u32, mask: i32 }, f64 { bits: u64, mask: i64 } }
[INFO] [stdout]     | -------------------------------------------------------------------------- in this macro invocation
[INFO] [stdout]     |
[INFO] [stdout]     = note: this error originates in the macro `impl_trait` (in Nightly builds, run with -Z macro-backtrace for more info)
[INFO] [stdout] 
[INFO] [stdout] 
[INFO] [stdout] error[E0433]: failed to resolve: could not find `simd` in `intrinsics`
[INFO] [stdout]    --> /opt/rustwide/cargo-home/git/checkouts/portable-simd-311bd65e6952a0da/97007cc/crates/core_simd/src/simd/num/float.rs:405:48
[INFO] [stdout]     |
[INFO] [stdout] 405 |                     unsafe { core::intrinsics::simd::simd_reduce_mul_ordered(self, 1.) }
[INFO] [stdout]     |                                                ^^^^ could not find `simd` in `intrinsics`
[INFO] [stdout] ...
[INFO] [stdout] 425 | impl_trait! { f32 { bits: u32, mask: i32 }, f64 { bits: u64, mask: i64 } }
[INFO] [stdout]     | -------------------------------------------------------------------------- in this macro invocation
[INFO] [stdout]     |
[INFO] [stdout]     = note: this error originates in the macro `impl_trait` (in Nightly builds, run with -Z macro-backtrace for more info)
[INFO] [stdout] 
[INFO] [stdout] 
[INFO] [stdout] error[E0433]: failed to resolve: could not find `simd` in `intrinsics`
[INFO] [stdout]    --> /opt/rustwide/cargo-home/git/checkouts/portable-simd-311bd65e6952a0da/97007cc/crates/core_simd/src/simd/num/float.rs:412:44
[INFO] [stdout]     |
[INFO] [stdout] 412 |                 unsafe { core::intrinsics::simd::simd_reduce_max(self) }
[INFO] [stdout]     |                                            ^^^^ could not find `simd` in `intrinsics`
[INFO] [stdout] ...
[INFO] [stdout] 425 | impl_trait! { f32 { bits: u32, mask: i32 }, f64 { bits: u64, mask: i64 } }
[INFO] [stdout]     | -------------------------------------------------------------------------- in this macro invocation
[INFO] [stdout]     |
[INFO] [stdout]     = note: this error originates in the macro `impl_trait` (in Nightly builds, run with -Z macro-backtrace for more info)
[INFO] [stdout] 
[INFO] [stdout] 
[INFO] [stdout] error[E0433]: failed to resolve: could not find `simd` in `intrinsics`
[INFO] [stdout]    --> /opt/rustwide/cargo-home/git/checkouts/portable-simd-311bd65e6952a0da/97007cc/crates/core_simd/src/simd/num/float.rs:418:44
[INFO] [stdout]     |
[INFO] [stdout] 418 |                 unsafe { core::intrinsics::simd::simd_reduce_min(self) }
[INFO] [stdout]     |                                            ^^^^ could not find `simd` in `intrinsics`
[INFO] [stdout] ...
[INFO] [stdout] 425 | impl_trait! { f32 { bits: u32, mask: i32 }, f64 { bits: u64, mask: i64 } }
[INFO] [stdout]     | -------------------------------------------------------------------------- in this macro invocation
[INFO] [stdout]     |
[INFO] [stdout]     = note: this error originates in the macro `impl_trait` (in Nightly builds, run with -Z macro-backtrace for more info)
[INFO] [stdout] 
[INFO] [stdout] 
[INFO] [stdout] error[E0433]: failed to resolve: could not find `simd` in `intrinsics`
[INFO] [stdout]    --> /opt/rustwide/cargo-home/git/checkouts/portable-simd-311bd65e6952a0da/97007cc/crates/core_simd/src/simd/num/int.rs:240:44
[INFO] [stdout]     |
[INFO] [stdout] 240 |                 unsafe { core::intrinsics::simd::simd_as(self) }
[INFO] [stdout]     |                                            ^^^^ could not find `simd` in `intrinsics`
[INFO] [stdout] ...
[INFO] [stdout] 371 | impl_trait! { i8 (u8), i16 (u16), i32 (u32), i64 (u64), isize (usize) }
[INFO] [stdout]     | ----------------------------------------------------------------------- in this macro invocation
[INFO] [stdout]     |
[INFO] [stdout]     = note: this error originates in the macro `impl_trait` (in Nightly builds, run with -Z macro-backtrace for more info)
[INFO] [stdout] 
[INFO] [stdout] 
[INFO] [stdout] error[E0433]: failed to resolve: could not find `simd` in `intrinsics`
[INFO] [stdout]    --> /opt/rustwide/cargo-home/git/checkouts/portable-simd-311bd65e6952a0da/97007cc/crates/core_simd/src/simd/num/int.rs:246:44
[INFO] [stdout]     |
[INFO] [stdout] 246 |                 unsafe { core::intrinsics::simd::simd_saturating_add(self, second) }
[INFO] [stdout]     |                                            ^^^^ could not find `simd` in `intrinsics`
[INFO] [stdout] ...
[INFO] [stdout] 371 | impl_trait! { i8 (u8), i16 (u16), i32 (u32), i64 (u64), isize (usize) }
[INFO] [stdout]     | ----------------------------------------------------------------------- in this macro invocation
[INFO] [stdout]     |
[INFO] [stdout]     = note: this error originates in the macro `impl_trait` (in Nightly builds, run with -Z macro-backtrace for more info)
[INFO] [stdout] 
[INFO] [stdout] 
[INFO] [stdout] error[E0433]: failed to resolve: could not find `simd` in `intrinsics`
[INFO] [stdout]    --> /opt/rustwide/cargo-home/git/checkouts/portable-simd-311bd65e6952a0da/97007cc/crates/core_simd/src/simd/num/int.rs:252:44
[INFO] [stdout]     |
[INFO] [stdout] 252 |                 unsafe { core::intrinsics::simd::simd_saturating_sub(self, second) }
[INFO] [stdout]     |                                            ^^^^ could not find `simd` in `intrinsics`
[INFO] [stdout] ...
[INFO] [stdout] 371 | impl_trait! { i8 (u8), i16 (u16), i32 (u32), i64 (u64), isize (usize) }
[INFO] [stdout]     | ----------------------------------------------------------------------- in this macro invocation
[INFO] [stdout]     |
[INFO] [stdout]     = note: this error originates in the macro `impl_trait` (in Nightly builds, run with -Z macro-backtrace for more info)
[INFO] [stdout] 
[INFO] [stdout] 
[INFO] [stdout] error[E0433]: failed to resolve: could not find `simd` in `intrinsics`
[INFO] [stdout]    --> /opt/rustwide/cargo-home/git/checkouts/portable-simd-311bd65e6952a0da/97007cc/crates/core_simd/src/simd/num/int.rs:296:44
[INFO] [stdout]     |
[INFO] [stdout] 296 |                 unsafe { core::intrinsics::simd::simd_reduce_add_ordered(self, 0) }
[INFO] [stdout]     |                                            ^^^^ could not find `simd` in `intrinsics`
[INFO] [stdout] ...
[INFO] [stdout] 371 | impl_trait! { i8 (u8), i16 (u16), i32 (u32), i64 (u64), isize (usize) }
[INFO] [stdout]     | ----------------------------------------------------------------------- in this macro invocation
[INFO] [stdout]     |
[INFO] [stdout]     = note: this error originates in the macro `impl_trait` (in Nightly builds, run with -Z macro-backtrace for more info)
[INFO] [stdout] 
[INFO] [stdout] 
[INFO] [stdout] error[E0433]: failed to resolve: could not find `simd` in `intrinsics`
[INFO] [stdout]    --> /opt/rustwide/cargo-home/git/checkouts/portable-simd-311bd65e6952a0da/97007cc/crates/core_simd/src/simd/num/int.rs:302:44
[INFO] [stdout]     |
[INFO] [stdout] 302 |                 unsafe { core::intrinsics::simd::simd_reduce_mul_ordered(self, 1) }
[INFO] [stdout]     |                                            ^^^^ could not find `simd` in `intrinsics`
[INFO] [stdout] ...
[INFO] [stdout] 371 | impl_trait! { i8 (u8), i16 (u16), i32 (u32), i64 (u64), isize (usize) }
[INFO] [stdout]     | ----------------------------------------------------------------------- in this macro invocation
[INFO] [stdout]     |
[INFO] [stdout]     = note: this error originates in the macro `impl_trait` (in Nightly builds, run with -Z macro-backtrace for more info)
[INFO] [stdout] 
[INFO] [stdout] 
[INFO] [stdout] error[E0433]: failed to resolve: could not find `simd` in `intrinsics`
[INFO] [stdout]    --> /opt/rustwide/cargo-home/git/checkouts/portable-simd-311bd65e6952a0da/97007cc/crates/core_simd/src/simd/num/int.rs:308:44
[INFO] [stdout]     |
[INFO] [stdout] 308 |                 unsafe { core::intrinsics::simd::simd_reduce_max(self) }
[INFO] [stdout]     |                                            ^^^^ could not find `simd` in `intrinsics`
[INFO] [stdout] ...
[INFO] [stdout] 371 | impl_trait! { i8 (u8), i16 (u16), i32 (u32), i64 (u64), isize (usize) }
[INFO] [stdout]     | ----------------------------------------------------------------------- in this macro invocation
[INFO] [stdout]     |
[INFO] [stdout]     = note: this error originates in the macro `impl_trait` (in Nightly builds, run with -Z macro-backtrace for more info)
[INFO] [stdout] 
[INFO] [stdout] 
[INFO] [stdout] error[E0433]: failed to resolve: could not find `simd` in `intrinsics`
[INFO] [stdout]    --> /opt/rustwide/cargo-home/git/checkouts/portable-simd-311bd65e6952a0da/97007cc/crates/core_simd/src/simd/num/int.rs:314:44
[INFO] [stdout]     |
[INFO] [stdout] 314 |                 unsafe { core::intrinsics::simd::simd_reduce_min(self) }
[INFO] [stdout]     |                                            ^^^^ could not find `simd` in `intrinsics`
[INFO] [stdout] ...
[INFO] [stdout] 371 | impl_trait! { i8 (u8), i16 (u16), i32 (u32), i64 (u64), isize (usize) }
[INFO] [stdout]     | ----------------------------------------------------------------------- in this macro invocation
[INFO] [stdout]     |
[INFO] [stdout]     = note: this error originates in the macro `impl_trait` (in Nightly builds, run with -Z macro-backtrace for more info)
[INFO] [stdout] 
[INFO] [stdout] 
[INFO] [stdout] error[E0433]: failed to resolve: could not find `simd` in `intrinsics`
[INFO] [stdout]    --> /opt/rustwide/cargo-home/git/checkouts/portable-simd-311bd65e6952a0da/97007cc/crates/core_simd/src/simd/num/int.rs:320:44
[INFO] [stdout]     |
[INFO] [stdout] 320 |                 unsafe { core::intrinsics::simd::simd_reduce_and(self) }
[INFO] [stdout]     |                                            ^^^^ could not find `simd` in `intrinsics`
[INFO] [stdout] ...
[INFO] [stdout] 371 | impl_trait! { i8 (u8), i16 (u16), i32 (u32), i64 (u64), isize (usize) }
[INFO] [stdout]     | ----------------------------------------------------------------------- in this macro invocation
[INFO] [stdout]     |
[INFO] [stdout]     = note: this error originates in the macro `impl_trait` (in Nightly builds, run with -Z macro-backtrace for more info)
[INFO] [stdout] 
[INFO] [stdout] 
[INFO] [stdout] error[E0433]: failed to resolve: could not find `simd` in `intrinsics`
[INFO] [stdout]    --> /opt/rustwide/cargo-home/git/checkouts/portable-simd-311bd65e6952a0da/97007cc/crates/core_simd/src/simd/num/int.rs:326:44
[INFO] [stdout]     |
[INFO] [stdout] 326 |                 unsafe { core::intrinsics::simd::simd_reduce_or(self) }
[INFO] [stdout]     |                                            ^^^^ could not find `simd` in `intrinsics`
[INFO] [stdout] ...
[INFO] [stdout] 371 | impl_trait! { i8 (u8), i16 (u16), i32 (u32), i64 (u64), isize (usize) }
[INFO] [stdout]     | ----------------------------------------------------------------------- in this macro invocation
[INFO] [stdout]     |
[INFO] [stdout]     = note: this error originates in the macro `impl_trait` (in Nightly builds, run with -Z macro-backtrace for more info)
[INFO] [stdout] 
[INFO] [stdout] 
[INFO] [stdout] error[E0433]: failed to resolve: could not find `simd` in `intrinsics`
[INFO] [stdout]    --> /opt/rustwide/cargo-home/git/checkouts/portable-simd-311bd65e6952a0da/97007cc/crates/core_simd/src/simd/num/int.rs:332:44
[INFO] [stdout]     |
[INFO] [stdout] 332 |                 unsafe { core::intrinsics::simd::simd_reduce_xor(self) }
[INFO] [stdout]     |                                            ^^^^ could not find `simd` in `intrinsics`
[INFO] [stdout] ...
[INFO] [stdout] 371 | impl_trait! { i8 (u8), i16 (u16), i32 (u32), i64 (u64), isize (usize) }
[INFO] [stdout]     | ----------------------------------------------------------------------- in this macro invocation
[INFO] [stdout]     |
[INFO] [stdout]     = note: this error originates in the macro `impl_trait` (in Nightly builds, run with -Z macro-backtrace for more info)
[INFO] [stdout] 
[INFO] [stdout] 
[INFO] [stdout] error[E0433]: failed to resolve: could not find `simd` in `intrinsics`
[INFO] [stdout]    --> /opt/rustwide/cargo-home/git/checkouts/portable-simd-311bd65e6952a0da/97007cc/crates/core_simd/src/simd/num/int.rs:338:44
[INFO] [stdout]     |
[INFO] [stdout] 338 |                 unsafe { core::intrinsics::simd::simd_bswap(self) }
[INFO] [stdout]     |                                            ^^^^ could not find `simd` in `intrinsics`
[INFO] [stdout] ...
[INFO] [stdout] 371 | impl_trait! { i8 (u8), i16 (u16), i32 (u32), i64 (u64), isize (usize) }
[INFO] [stdout]     | ----------------------------------------------------------------------- in this macro invocation
[INFO] [stdout]     |
[INFO] [stdout]     = note: this error originates in the macro `impl_trait` (in Nightly builds, run with -Z macro-backtrace for more info)
[INFO] [stdout] 
[INFO] [stdout] 
[INFO] [stdout] error[E0433]: failed to resolve: could not find `simd` in `intrinsics`
[INFO] [stdout]    --> /opt/rustwide/cargo-home/git/checkouts/portable-simd-311bd65e6952a0da/97007cc/crates/core_simd/src/simd/num/int.rs:344:44
[INFO] [stdout]     |
[INFO] [stdout] 344 |                 unsafe { core::intrinsics::simd::simd_bitreverse(self) }
[INFO] [stdout]     |                                            ^^^^ could not find `simd` in `intrinsics`
[INFO] [stdout] ...
[INFO] [stdout] 371 | impl_trait! { i8 (u8), i16 (u16), i32 (u32), i64 (u64), isize (usize) }
[INFO] [stdout]     | ----------------------------------------------------------------------- in this macro invocation
[INFO] [stdout]     |
[INFO] [stdout]     = note: this error originates in the macro `impl_trait` (in Nightly builds, run with -Z macro-backtrace for more info)
[INFO] [stdout] 
[INFO] [stdout] 
[INFO] [stderr]     Checking simplelog v0.12.1
[INFO] [stdout] error[E0433]: failed to resolve: could not find `simd` in `intrinsics`
[INFO] [stdout]    --> /opt/rustwide/cargo-home/git/checkouts/portable-simd-311bd65e6952a0da/97007cc/crates/core_simd/src/simd/num/uint.rs:120:44
[INFO] [stdout]     |
[INFO] [stdout] 120 |                 unsafe { core::intrinsics::simd::simd_as(self) }
[INFO] [stdout]     |                                            ^^^^ could not find `simd` in `intrinsics`
[INFO] [stdout] ...
[INFO] [stdout] 221 | impl_trait! { u8 (i8), u16 (i16), u32 (i32), u64 (i64), usize (isize) }
[INFO] [stdout]     | ----------------------------------------------------------------------- in this macro invocation
[INFO] [stdout]     |
[INFO] [stdout]     = note: this error originates in the macro `impl_trait` (in Nightly builds, run with -Z macro-backtrace for more info)
[INFO] [stdout] 
[INFO] [stdout] 
[INFO] [stdout] error[E0433]: failed to resolve: could not find `simd` in `intrinsics`
[INFO] [stdout]    --> /opt/rustwide/cargo-home/git/checkouts/portable-simd-311bd65e6952a0da/97007cc/crates/core_simd/src/simd/num/uint.rs:132:44
[INFO] [stdout]     |
[INFO] [stdout] 132 |                 unsafe { core::intrinsics::simd::simd_saturating_add(self, second) }
[INFO] [stdout]     |                                            ^^^^ could not find `simd` in `intrinsics`
[INFO] [stdout] ...
[INFO] [stdout] 221 | impl_trait! { u8 (i8), u16 (i16), u32 (i32), u64 (i64), usize (isize) }
[INFO] [stdout]     | ----------------------------------------------------------------------- in this macro invocation
[INFO] [stdout]     |
[INFO] [stdout]     = note: this error originates in the macro `impl_trait` (in Nightly builds, run with -Z macro-backtrace for more info)
[INFO] [stdout] 
[INFO] [stdout] 
[INFO] [stdout] error[E0433]: failed to resolve: could not find `simd` in `intrinsics`
[INFO] [stdout]    --> /opt/rustwide/cargo-home/git/checkouts/portable-simd-311bd65e6952a0da/97007cc/crates/core_simd/src/simd/num/uint.rs:138:44
[INFO] [stdout]     |
[INFO] [stdout] 138 |                 unsafe { core::intrinsics::simd::simd_saturating_sub(self, second) }
[INFO] [stdout]     |                                            ^^^^ could not find `simd` in `intrinsics`
[INFO] [stdout] ...
[INFO] [stdout] 221 | impl_trait! { u8 (i8), u16 (i16), u32 (i32), u64 (i64), usize (isize) }
[INFO] [stdout]     | ----------------------------------------------------------------------- in this macro invocation
[INFO] [stdout]     |
[INFO] [stdout]     = note: this error originates in the macro `impl_trait` (in Nightly builds, run with -Z macro-backtrace for more info)
[INFO] [stdout] 
[INFO] [stdout] 
[INFO] [stdout] error[E0433]: failed to resolve: could not find `simd` in `intrinsics`
[INFO] [stdout]    --> /opt/rustwide/cargo-home/git/checkouts/portable-simd-311bd65e6952a0da/97007cc/crates/core_simd/src/simd/num/uint.rs:144:44
[INFO] [stdout]     |
[INFO] [stdout] 144 |                 unsafe { core::intrinsics::simd::simd_reduce_add_ordered(self, 0) }
[INFO] [stdout]     |                                            ^^^^ could not find `simd` in `intrinsics`
[INFO] [stdout] ...
[INFO] [stdout] 221 | impl_trait! { u8 (i8), u16 (i16), u32 (i32), u64 (i64), usize (isize) }
[INFO] [stdout]     | ----------------------------------------------------------------------- in this macro invocation
[INFO] [stdout]     |
[INFO] [stdout]     = note: this error originates in the macro `impl_trait` (in Nightly builds, run with -Z macro-backtrace for more info)
[INFO] [stdout] 
[INFO] [stdout] 
[INFO] [stdout] error[E0433]: failed to resolve: could not find `simd` in `intrinsics`
[INFO] [stdout]    --> /opt/rustwide/cargo-home/git/checkouts/portable-simd-311bd65e6952a0da/97007cc/crates/core_simd/src/simd/num/uint.rs:150:44
[INFO] [stdout]     |
[INFO] [stdout] 150 |                 unsafe { core::intrinsics::simd::simd_reduce_mul_ordered(self, 1) }
[INFO] [stdout]     |                                            ^^^^ could not find `simd` in `intrinsics`
[INFO] [stdout] ...
[INFO] [stdout] 221 | impl_trait! { u8 (i8), u16 (i16), u32 (i32), u64 (i64), usize (isize) }
[INFO] [stdout]     | ----------------------------------------------------------------------- in this macro invocation
[INFO] [stdout]     |
[INFO] [stdout]     = note: this error originates in the macro `impl_trait` (in Nightly builds, run with -Z macro-backtrace for more info)
[INFO] [stdout] 
[INFO] [stdout] 
[INFO] [stdout] error[E0433]: failed to resolve: could not find `simd` in `intrinsics`
[INFO] [stdout]    --> /opt/rustwide/cargo-home/git/checkouts/portable-simd-311bd65e6952a0da/97007cc/crates/core_simd/src/simd/num/uint.rs:156:44
[INFO] [stdout]     |
[INFO] [stdout] 156 |                 unsafe { core::intrinsics::simd::simd_reduce_max(self) }
[INFO] [stdout]     |                                            ^^^^ could not find `simd` in `intrinsics`
[INFO] [stdout] ...
[INFO] [stdout] 221 | impl_trait! { u8 (i8), u16 (i16), u32 (i32), u64 (i64), usize (isize) }
[INFO] [stdout]     | ----------------------------------------------------------------------- in this macro invocation
[INFO] [stdout]     |
[INFO] [stdout]     = note: this error originates in the macro `impl_trait` (in Nightly builds, run with -Z macro-backtrace for more info)
[INFO] [stdout] 
[INFO] [stdout] 
[INFO] [stdout] error[E0433]: failed to resolve: could not find `simd` in `intrinsics`
[INFO] [stdout]    --> /opt/rustwide/cargo-home/git/checkouts/portable-simd-311bd65e6952a0da/97007cc/crates/core_simd/src/simd/num/uint.rs:162:44
[INFO] [stdout]     |
[INFO] [stdout] 162 |                 unsafe { core::intrinsics::simd::simd_reduce_min(self) }
[INFO] [stdout]     |                                            ^^^^ could not find `simd` in `intrinsics`
[INFO] [stdout] ...
[INFO] [stdout] 221 | impl_trait! { u8 (i8), u16 (i16), u32 (i32), u64 (i64), usize (isize) }
[INFO] [stdout]     | ----------------------------------------------------------------------- in this macro invocation
[INFO] [stdout]     |
[INFO] [stdout]     = note: this error originates in the macro `impl_trait` (in Nightly builds, run with -Z macro-backtrace for more info)
[INFO] [stdout] 
[INFO] [stdout] 
[INFO] [stdout] error[E0433]: failed to resolve: could not find `simd` in `intrinsics`
[INFO] [stdout]    --> /opt/rustwide/cargo-home/git/checkouts/portable-simd-311bd65e6952a0da/97007cc/crates/core_simd/src/simd/num/uint.rs:168:44
[INFO] [stdout]     |
[INFO] [stdout] 168 |                 unsafe { core::intrinsics::simd::simd_reduce_and(self) }
[INFO] [stdout]     |                                            ^^^^ could not find `simd` in `intrinsics`
[INFO] [stdout] ...
[INFO] [stdout] 221 | impl_trait! { u8 (i8), u16 (i16), u32 (i32), u64 (i64), usize (isize) }
[INFO] [stdout]     | ----------------------------------------------------------------------- in this macro invocation
[INFO] [stdout]     |
[INFO] [stdout]     = note: this error originates in the macro `impl_trait` (in Nightly builds, run with -Z macro-backtrace for more info)
[INFO] [stdout] 
[INFO] [stdout] 
[INFO] [stdout] error[E0433]: failed to resolve: could not find `simd` in `intrinsics`
[INFO] [stdout]    --> /opt/rustwide/cargo-home/git/checkouts/portable-simd-311bd65e6952a0da/97007cc/crates/core_simd/src/simd/num/uint.rs:174:44
[INFO] [stdout]     |
[INFO] [stdout] 174 |                 unsafe { core::intrinsics::simd::simd_reduce_or(self) }
[INFO] [stdout]     |                                            ^^^^ could not find `simd` in `intrinsics`
[INFO] [stdout] ...
[INFO] [stdout] 221 | impl_trait! { u8 (i8), u16 (i16), u32 (i32), u64 (i64), usize (isize) }
[INFO] [stdout]     | ----------------------------------------------------------------------- in this macro invocation
[INFO] [stdout]     |
[INFO] [stdout]     = note: this error originates in the macro `impl_trait` (in Nightly builds, run with -Z macro-backtrace for more info)
[INFO] [stdout] 
[INFO] [stdout] 
[INFO] [stdout] error[E0433]: failed to resolve: could not find `simd` in `intrinsics`
[INFO] [stdout]    --> /opt/rustwide/cargo-home/git/checkouts/portable-simd-311bd65e6952a0da/97007cc/crates/core_simd/src/simd/num/uint.rs:180:44
[INFO] [stdout]     |
[INFO] [stdout] 180 |                 unsafe { core::intrinsics::simd::simd_reduce_xor(self) }
[INFO] [stdout]     |                                            ^^^^ could not find `simd` in `intrinsics`
[INFO] [stdout] ...
[INFO] [stdout] 221 | impl_trait! { u8 (i8), u16 (i16), u32 (i32), u64 (i64), usize (isize) }
[INFO] [stdout]     | ----------------------------------------------------------------------- in this macro invocation
[INFO] [stdout]     |
[INFO] [stdout]     = note: this error originates in the macro `impl_trait` (in Nightly builds, run with -Z macro-backtrace for more info)
[INFO] [stdout] 
[INFO] [stdout] 
[INFO] [stdout] error[E0433]: failed to resolve: could not find `simd` in `intrinsics`
[INFO] [stdout]    --> /opt/rustwide/cargo-home/git/checkouts/portable-simd-311bd65e6952a0da/97007cc/crates/core_simd/src/simd/num/uint.rs:186:44
[INFO] [stdout]     |
[INFO] [stdout] 186 |                 unsafe { core::intrinsics::simd::simd_bswap(self) }
[INFO] [stdout]     |                                            ^^^^ could not find `simd` in `intrinsics`
[INFO] [stdout] ...
[INFO] [stdout] 221 | impl_trait! { u8 (i8), u16 (i16), u32 (i32), u64 (i64), usize (isize) }
[INFO] [stdout]     | ----------------------------------------------------------------------- in this macro invocation
[INFO] [stdout]     |
[INFO] [stdout]     = note: this error originates in the macro `impl_trait` (in Nightly builds, run with -Z macro-backtrace for more info)
[INFO] [stdout] 
[INFO] [stdout] 
[INFO] [stdout] error[E0433]: failed to resolve: could not find `simd` in `intrinsics`
[INFO] [stdout]    --> /opt/rustwide/cargo-home/git/checkouts/portable-simd-311bd65e6952a0da/97007cc/crates/core_simd/src/simd/num/uint.rs:192:44
[INFO] [stdout]     |
[INFO] [stdout] 192 |                 unsafe { core::intrinsics::simd::simd_bitreverse(self) }
[INFO] [stdout]     |                                            ^^^^ could not find `simd` in `intrinsics`
[INFO] [stdout] ...
[INFO] [stdout] 221 | impl_trait! { u8 (i8), u16 (i16), u32 (i32), u64 (i64), usize (isize) }
[INFO] [stdout]     | ----------------------------------------------------------------------- in this macro invocation
[INFO] [stdout]     |
[INFO] [stdout]     = note: this error originates in the macro `impl_trait` (in Nightly builds, run with -Z macro-backtrace for more info)
[INFO] [stdout] 
[INFO] [stdout] 
[INFO] [stdout] error[E0433]: failed to resolve: could not find `simd` in `intrinsics`
[INFO] [stdout]    --> /opt/rustwide/cargo-home/git/checkouts/portable-simd-311bd65e6952a0da/97007cc/crates/core_simd/src/simd/num/uint.rs:198:44
[INFO] [stdout]     |
[INFO] [stdout] 198 |                 unsafe { core::intrinsics::simd::simd_ctlz(self) }
[INFO] [stdout]     |                                            ^^^^ could not find `simd` in `intrinsics`
[INFO] [stdout] ...
[INFO] [stdout] 221 | impl_trait! { u8 (i8), u16 (i16), u32 (i32), u64 (i64), usize (isize) }
[INFO] [stdout]     | ----------------------------------------------------------------------- in this macro invocation
[INFO] [stdout]     |
[INFO] [stdout]     = note: this error originates in the macro `impl_trait` (in Nightly builds, run with -Z macro-backtrace for more info)
[INFO] [stdout] 
[INFO] [stdout] 
[INFO] [stdout] error[E0433]: failed to resolve: could not find `simd` in `intrinsics`
[INFO] [stdout]    --> /opt/rustwide/cargo-home/git/checkouts/portable-simd-311bd65e6952a0da/97007cc/crates/core_simd/src/simd/num/uint.rs:204:44
[INFO] [stdout]     |
[INFO] [stdout] 204 |                 unsafe { core::intrinsics::simd::simd_cttz(self) }
[INFO] [stdout]     |                                            ^^^^ could not find `simd` in `intrinsics`
[INFO] [stdout] ...
[INFO] [stdout] 221 | impl_trait! { u8 (i8), u16 (i16), u32 (i32), u64 (i64), usize (isize) }
[INFO] [stdout]     | ----------------------------------------------------------------------- in this macro invocation
[INFO] [stdout]     |
[INFO] [stdout]     = note: this error originates in the macro `impl_trait` (in Nightly builds, run with -Z macro-backtrace for more info)
[INFO] [stdout] 
[INFO] [stdout] 
[INFO] [stdout] error[E0433]: failed to resolve: could not find `simd` in `intrinsics`
[INFO] [stdout]    --> /opt/rustwide/cargo-home/git/checkouts/portable-simd-311bd65e6952a0da/97007cc/crates/core_simd/src/simd/ptr/const_ptr.rs:104:36
[INFO] [stdout]     |
[INFO] [stdout] 104 |         unsafe { core::intrinsics::simd::simd_cast_ptr(self) }
[INFO] [stdout]     |                                    ^^^^ could not find `simd` in `intrinsics`
[INFO] [stdout] 
[INFO] [stdout] 
[INFO] [stdout] error[E0433]: failed to resolve: could not find `simd` in `intrinsics`
[INFO] [stdout]    --> /opt/rustwide/cargo-home/git/checkouts/portable-simd-311bd65e6952a0da/97007cc/crates/core_simd/src/simd/ptr/const_ptr.rs:110:36
[INFO] [stdout]     |
[INFO] [stdout] 110 |         unsafe { core::intrinsics::simd::simd_cast_ptr(self) }
[INFO] [stdout]     |                                    ^^^^ could not find `simd` in `intrinsics`
[INFO] [stdout] 
[INFO] [stdout] 
[INFO] [stdout] error[E0433]: failed to resolve: could not find `simd` in `intrinsics`
[INFO] [stdout]    --> /opt/rustwide/cargo-home/git/checkouts/portable-simd-311bd65e6952a0da/97007cc/crates/core_simd/src/simd/ptr/const_ptr.rs:136:36
[INFO] [stdout]     |
[INFO] [stdout] 136 |         unsafe { core::intrinsics::simd::simd_expose_addr(self) }
[INFO] [stdout]     |                                    ^^^^ could not find `simd` in `intrinsics`
[INFO] [stdout] 
[INFO] [stdout] 
[INFO] [stdout] error[E0433]: failed to resolve: could not find `simd` in `intrinsics`
[INFO] [stdout]    --> /opt/rustwide/cargo-home/git/checkouts/portable-simd-311bd65e6952a0da/97007cc/crates/core_simd/src/simd/ptr/const_ptr.rs:142:36
[INFO] [stdout]     |
[INFO] [stdout] 142 |         unsafe { core::intrinsics::simd::simd_from_exposed_addr(addr) }
[INFO] [stdout]     |                                    ^^^^ could not find `simd` in `intrinsics`
[INFO] [stdout] 
[INFO] [stdout] 
[INFO] [stdout] error[E0433]: failed to resolve: could not find `simd` in `intrinsics`
[INFO] [stdout]    --> /opt/rustwide/cargo-home/git/checkouts/portable-simd-311bd65e6952a0da/97007cc/crates/core_simd/src/simd/ptr/const_ptr.rs:148:36
[INFO] [stdout]     |
[INFO] [stdout] 148 |         unsafe { core::intrinsics::simd::simd_arith_offset(self, count) }
[INFO] [stdout]     |                                    ^^^^ could not find `simd` in `intrinsics`
[INFO] [stdout] 
[INFO] [stdout] 
[INFO] [stdout] error[E0433]: failed to resolve: could not find `simd` in `intrinsics`
[INFO] [stdout]    --> /opt/rustwide/cargo-home/git/checkouts/portable-simd-311bd65e6952a0da/97007cc/crates/core_simd/src/simd/ptr/mut_ptr.rs:101:36
[INFO] [stdout]     |
[INFO] [stdout] 101 |         unsafe { core::intrinsics::simd::simd_cast_ptr(self) }
[INFO] [stdout]     |                                    ^^^^ could not find `simd` in `intrinsics`
[INFO] [stdout] 
[INFO] [stdout] 
[INFO] [stdout] error[E0433]: failed to resolve: could not find `simd` in `intrinsics`
[INFO] [stdout]    --> /opt/rustwide/cargo-home/git/checkouts/portable-simd-311bd65e6952a0da/97007cc/crates/core_simd/src/simd/ptr/mut_ptr.rs:107:36
[INFO] [stdout]     |
[INFO] [stdout] 107 |         unsafe { core::intrinsics::simd::simd_cast_ptr(self) }
[INFO] [stdout]     |                                    ^^^^ could not find `simd` in `intrinsics`
[INFO] [stdout] 
[INFO] [stdout] 
[INFO] [stdout] error[E0433]: failed to resolve: could not find `simd` in `intrinsics`
[INFO] [stdout]    --> /opt/rustwide/cargo-home/git/checkouts/portable-simd-311bd65e6952a0da/97007cc/crates/core_simd/src/simd/ptr/mut_ptr.rs:133:36
[INFO] [stdout]     |
[INFO] [stdout] 133 |         unsafe { core::intrinsics::simd::simd_expose_addr(self) }
[INFO] [stdout]     |                                    ^^^^ could not find `simd` in `intrinsics`
[INFO] [stdout] 
[INFO] [stdout] 
[INFO] [stdout] error[E0433]: failed to resolve: could not find `simd` in `intrinsics`
[INFO] [stdout]    --> /opt/rustwide/cargo-home/git/checkouts/portable-simd-311bd65e6952a0da/97007cc/crates/core_simd/src/simd/ptr/mut_ptr.rs:139:36
[INFO] [stdout]     |
[INFO] [stdout] 139 |         unsafe { core::intrinsics::simd::simd_from_exposed_addr(addr) }
[INFO] [stdout]     |                                    ^^^^ could not find `simd` in `intrinsics`
[INFO] [stdout] 
[INFO] [stdout] 
[INFO] [stdout] error[E0433]: failed to resolve: could not find `simd` in `intrinsics`
[INFO] [stdout]    --> /opt/rustwide/cargo-home/git/checkouts/portable-simd-311bd65e6952a0da/97007cc/crates/core_simd/src/simd/ptr/mut_ptr.rs:145:36
[INFO] [stdout]     |
[INFO] [stdout] 145 |         unsafe { core::intrinsics::simd::simd_arith_offset(self, count) }
[INFO] [stdout]     |                                    ^^^^ could not find `simd` in `intrinsics`
[INFO] [stdout] 
[INFO] [stdout] 
[INFO] [stdout] error[E0433]: failed to resolve: could not find `simd` in `intrinsics`
[INFO] [stdout]   --> /opt/rustwide/cargo-home/git/checkouts/portable-simd-311bd65e6952a0da/97007cc/crates/core_simd/src/simd/cmp/eq.rs:33:69
[INFO] [stdout]    |
[INFO] [stdout] 33 |                 unsafe { Mask::from_int_unchecked(core::intrinsics::simd::simd_eq(self, other)) }
[INFO] [stdout]    |                                                                     ^^^^ could not find `simd` in `intrinsics`
[INFO] [stdout] ...
[INFO] [stdout] 47 | impl_number! { f32, f64, u8, u16, u32, u64, usize, i8, i16, i32, i64, isize }
[INFO] [stdout]    | ----------------------------------------------------------------------------- in this macro invocation
[INFO] [stdout]    |
[INFO] [stdout]    = note: this error originates in the macro `impl_number` (in Nightly builds, run with -Z macro-backtrace for more info)
[INFO] [stdout] 
[INFO] [stdout] 
[INFO] [stdout] error[E0433]: failed to resolve: could not find `simd` in `intrinsics`
[INFO] [stdout]   --> /opt/rustwide/cargo-home/git/checkouts/portable-simd-311bd65e6952a0da/97007cc/crates/core_simd/src/simd/cmp/eq.rs:40:69
[INFO] [stdout]    |
[INFO] [stdout] 40 |                 unsafe { Mask::from_int_unchecked(core::intrinsics::simd::simd_ne(self, other)) }
[INFO] [stdout]    |                                                                     ^^^^ could not find `simd` in `intrinsics`
[INFO] [stdout] ...
[INFO] [stdout] 47 | impl_number! { f32, f64, u8, u16, u32, u64, usize, i8, i16, i32, i64, isize }
[INFO] [stdout]    | ----------------------------------------------------------------------------- in this macro invocation
[INFO] [stdout]    |
[INFO] [stdout]    = note: this error originates in the macro `impl_number` (in Nightly builds, run with -Z macro-backtrace for more info)
[INFO] [stdout] 
[INFO] [stdout] 
[INFO] [stdout] error[E0433]: failed to resolve: could not find `simd` in `intrinsics`
[INFO] [stdout]   --> /opt/rustwide/cargo-home/git/checkouts/portable-simd-311bd65e6952a0da/97007cc/crates/core_simd/src/simd/cmp/eq.rs:62:69
[INFO] [stdout]    |
[INFO] [stdout] 62 |                 unsafe { Self::from_int_unchecked(core::intrinsics::simd::simd_eq(self.to_int(), other.to_int())) }
[INFO] [stdout]    |                                                                     ^^^^ could not find `simd` in `intrinsics`
[INFO] [stdout] ...
[INFO] [stdout] 76 | impl_mask! { i8, i16, i32, i64, isize }
[INFO] [stdout]    | --------------------------------------- in this macro invocation
[INFO] [stdout]    |
[INFO] [stdout]    = note: this error originates in the macro `impl_mask` (in Nightly builds, run with -Z macro-backtrace for more info)
[INFO] [stdout] 
[INFO] [stdout] 
[INFO] [stdout] error[E0433]: failed to resolve: could not find `simd` in `intrinsics`
[INFO] [stdout]   --> /opt/rustwide/cargo-home/git/checkouts/portable-simd-311bd65e6952a0da/97007cc/crates/core_simd/src/simd/cmp/eq.rs:69:69
[INFO] [stdout]    |
[INFO] [stdout] 69 |                 unsafe { Self::from_int_unchecked(core::intrinsics::simd::simd_ne(self.to_int(), other.to_int())) }
[INFO] [stdout]    |                                                                     ^^^^ could not find `simd` in `intrinsics`
[INFO] [stdout] ...
[INFO] [stdout] 76 | impl_mask! { i8, i16, i32, i64, isize }
[INFO] [stdout]    | --------------------------------------- in this macro invocation
[INFO] [stdout]    |
[INFO] [stdout]    = note: this error originates in the macro `impl_mask` (in Nightly builds, run with -Z macro-backtrace for more info)
[INFO] [stdout] 
[INFO] [stdout] 
[INFO] [stderr]    Compiling vst3-com-macros-support v0.2.0 (https://github.com/robbert-vdh/vst3-sys.git?branch=fix/note-off-event#bda8be0f)
[INFO] [stdout] error[E0433]: failed to resolve: could not find `simd` in `intrinsics`
[INFO] [stdout]    --> /opt/rustwide/cargo-home/git/checkouts/portable-simd-311bd65e6952a0da/97007cc/crates/core_simd/src/simd/cmp/ord.rs:59:69
[INFO] [stdout]     |
[INFO] [stdout] 59  |                 unsafe { Mask::from_int_unchecked(core::intrinsics::simd::simd_lt(self, other)) }
[INFO] [stdout]     |                                                                     ^^^^ could not find `simd` in `intrinsics`
[INFO] [stdout] ...
[INFO] [stdout] 112 | impl_integer! { u8, u16, u32, u64, usize, i8, i16, i32, i64, isize }
[INFO] [stdout]     | -------------------------------------------------------------------- in this macro invocation
[INFO] [stdout]     |
[INFO] [stdout]     = note: this error originates in the macro `impl_integer` (in Nightly builds, run with -Z macro-backtrace for more info)
[INFO] [stdout] 
[INFO] [stdout] 
[INFO] [stdout] error[E0433]: failed to resolve: could not find `simd` in `intrinsics`
[INFO] [stdout]    --> /opt/rustwide/cargo-home/git/checkouts/portable-simd-311bd65e6952a0da/97007cc/crates/core_simd/src/simd/cmp/ord.rs:66:69
[INFO] [stdout]     |
[INFO] [stdout] 66  |                 unsafe { Mask::from_int_unchecked(core::intrinsics::simd::simd_le(self, other)) }
[INFO] [stdout]     |                                                                     ^^^^ could not find `simd` in `intrinsics`
[INFO] [stdout] ...
[INFO] [stdout] 112 | impl_integer! { u8, u16, u32, u64, usize, i8, i16, i32, i64, isize }
[INFO] [stdout]     | -------------------------------------------------------------------- in this macro invocation
[INFO] [stdout]     |
[INFO] [stdout]     = note: this error originates in the macro `impl_integer` (in Nightly builds, run with -Z macro-backtrace for more info)
[INFO] [stdout] 
[INFO] [stdout] 
[INFO] [stdout] error[E0433]: failed to resolve: could not find `simd` in `intrinsics`
[INFO] [stdout]    --> /opt/rustwide/cargo-home/git/checkouts/portable-simd-311bd65e6952a0da/97007cc/crates/core_simd/src/simd/cmp/ord.rs:73:69
[INFO] [stdout]     |
[INFO] [stdout] 73  |                 unsafe { Mask::from_int_unchecked(core::intrinsics::simd::simd_gt(self, other)) }
[INFO] [stdout]     |                                                                     ^^^^ could not find `simd` in `intrinsics`
[INFO] [stdout] ...
[INFO] [stdout] 112 | impl_integer! { u8, u16, u32, u64, usize, i8, i16, i32, i64, isize }
[INFO] [stdout]     | -------------------------------------------------------------------- in this macro invocation
[INFO] [stdout]     |
[INFO] [stdout]     = note: this error originates in the macro `impl_integer` (in Nightly builds, run with -Z macro-backtrace for more info)
[INFO] [stdout] 
[INFO] [stdout] 
[INFO] [stdout] error[E0433]: failed to resolve: could not find `simd` in `intrinsics`
[INFO] [stdout]    --> /opt/rustwide/cargo-home/git/checkouts/portable-simd-311bd65e6952a0da/97007cc/crates/core_simd/src/simd/cmp/ord.rs:80:69
[INFO] [stdout]     |
[INFO] [stdout] 80  |                 unsafe { Mask::from_int_unchecked(core::intrinsics::simd::simd_ge(self, other)) }
[INFO] [stdout]     |                                                                     ^^^^ could not find `simd` in `intrinsics`
[INFO] [stdout] ...
[INFO] [stdout] 112 | impl_integer! { u8, u16, u32, u64, usize, i8, i16, i32, i64, isize }
[INFO] [stdout]     | -------------------------------------------------------------------- in this macro invocation
[INFO] [stdout]     |
[INFO] [stdout]     = note: this error originates in the macro `impl_integer` (in Nightly builds, run with -Z macro-backtrace for more info)
[INFO] [stdout] 
[INFO] [stdout] 
[INFO] [stdout] error[E0433]: failed to resolve: could not find `simd` in `intrinsics`
[INFO] [stdout]    --> /opt/rustwide/cargo-home/git/checkouts/portable-simd-311bd65e6952a0da/97007cc/crates/core_simd/src/simd/cmp/ord.rs:125:69
[INFO] [stdout]     |
[INFO] [stdout] 125 |                 unsafe { Mask::from_int_unchecked(core::intrinsics::simd::simd_lt(self, other)) }
[INFO] [stdout]     |                                                                     ^^^^ could not find `simd` in `intrinsics`
[INFO] [stdout] ...
[INFO] [stdout] 153 | impl_float! { f32, f64 }
[INFO] [stdout]     | ------------------------ in this macro invocation
[INFO] [stdout]     |
[INFO] [stdout]     = note: this error originates in the macro `impl_float` (in Nightly builds, run with -Z macro-backtrace for more info)
[INFO] [stdout] 
[INFO] [stdout] 
[INFO] [stdout] error[E0433]: failed to resolve: could not find `simd` in `intrinsics`
[INFO] [stdout]    --> /opt/rustwide/cargo-home/git/checkouts/portable-simd-311bd65e6952a0da/97007cc/crates/core_simd/src/simd/cmp/ord.rs:132:69
[INFO] [stdout]     |
[INFO] [stdout] 132 |                 unsafe { Mask::from_int_unchecked(core::intrinsics::simd::simd_le(self, other)) }
[INFO] [stdout]     |                                                                     ^^^^ could not find `simd` in `intrinsics`
[INFO] [stdout] ...
[INFO] [stdout] 153 | impl_float! { f32, f64 }
[INFO] [stdout]     | ------------------------ in this macro invocation
[INFO] [stdout]     |
[INFO] [stdout]     = note: this error originates in the macro `impl_float` (in Nightly builds, run with -Z macro-backtrace for more info)
[INFO] [stdout] 
[INFO] [stdout] 
[INFO] [stdout] error[E0433]: failed to resolve: could not find `simd` in `intrinsics`
[INFO] [stdout]    --> /opt/rustwide/cargo-home/git/checkouts/portable-simd-311bd65e6952a0da/97007cc/crates/core_simd/src/simd/cmp/ord.rs:139:69
[INFO] [stdout]     |
[INFO] [stdout] 139 |                 unsafe { Mask::from_int_unchecked(core::intrinsics::simd::simd_gt(self, other)) }
[INFO] [stdout]     |                                                                     ^^^^ could not find `simd` in `intrinsics`
[INFO] [stdout] ...
[INFO] [stdout] 153 | impl_float! { f32, f64 }
[INFO] [stdout]     | ------------------------ in this macro invocation
[INFO] [stdout]     |
[INFO] [stdout]     = note: this error originates in the macro `impl_float` (in Nightly builds, run with -Z macro-backtrace for more info)
[INFO] [stdout] 
[INFO] [stdout] 
[INFO] [stdout] error[E0433]: failed to resolve: could not find `simd` in `intrinsics`
[INFO] [stdout]    --> /opt/rustwide/cargo-home/git/checkouts/portable-simd-311bd65e6952a0da/97007cc/crates/core_simd/src/simd/cmp/ord.rs:146:69
[INFO] [stdout]     |
[INFO] [stdout] 146 |                 unsafe { Mask::from_int_unchecked(core::intrinsics::simd::simd_ge(self, other)) }
[INFO] [stdout]     |                                                                     ^^^^ could not find `simd` in `intrinsics`
[INFO] [stdout] ...
[INFO] [stdout] 153 | impl_float! { f32, f64 }
[INFO] [stdout]     | ------------------------ in this macro invocation
[INFO] [stdout]     |
[INFO] [stdout]     = note: this error originates in the macro `impl_float` (in Nightly builds, run with -Z macro-backtrace for more info)
[INFO] [stdout] 
[INFO] [stdout] 
[INFO] [stdout] error[E0433]: failed to resolve: could not find `simd` in `intrinsics`
[INFO] [stdout]    --> /opt/rustwide/cargo-home/git/checkouts/portable-simd-311bd65e6952a0da/97007cc/crates/core_simd/src/simd/cmp/ord.rs:166:69
[INFO] [stdout]     |
[INFO] [stdout] 166 |                 unsafe { Self::from_int_unchecked(core::intrinsics::simd::simd_lt(self.to_int(), other.to_int())) }
[INFO] [stdout]     |                                                                     ^^^^ could not find `simd` in `intrinsics`
[INFO] [stdout] ...
[INFO] [stdout] 219 | impl_mask! { i8, i16, i32, i64, isize }
[INFO] [stdout]     | --------------------------------------- in this macro invocation
[INFO] [stdout]     |
[INFO] [stdout]     = note: this error originates in the macro `impl_mask` (in Nightly builds, run with -Z macro-backtrace for more info)
[INFO] [stdout] 
[INFO] [stdout] 
[INFO] [stdout] error[E0433]: failed to resolve: could not find `simd` in `intrinsics`
[INFO] [stdout]    --> /opt/rustwide/cargo-home/git/checkouts/portable-simd-311bd65e6952a0da/97007cc/crates/core_simd/src/simd/cmp/ord.rs:173:69
[INFO] [stdout]     |
[INFO] [stdout] 173 |                 unsafe { Self::from_int_unchecked(core::intrinsics::simd::simd_le(self.to_int(), other.to_int())) }
[INFO] [stdout]     |                                                                     ^^^^ could not find `simd` in `intrinsics`
[INFO] [stdout] ...
[INFO] [stdout] 219 | impl_mask! { i8, i16, i32, i64, isize }
[INFO] [stdout]     | --------------------------------------- in this macro invocation
[INFO] [stdout]     |
[INFO] [stdout]     = note: this error originates in the macro `impl_mask` (in Nightly builds, run with -Z macro-backtrace for more info)
[INFO] [stdout] 
[INFO] [stdout] 
[INFO] [stdout] error[E0433]: failed to resolve: could not find `simd` in `intrinsics`
[INFO] [stdout]    --> /opt/rustwide/cargo-home/git/checkouts/portable-simd-311bd65e6952a0da/97007cc/crates/core_simd/src/simd/cmp/ord.rs:180:69
[INFO] [stdout]     |
[INFO] [stdout] 180 |                 unsafe { Self::from_int_unchecked(core::intrinsics::simd::simd_gt(self.to_int(), other.to_int())) }
[INFO] [stdout]     |                                                                     ^^^^ could not find `simd` in `intrinsics`
[INFO] [stdout] ...
[INFO] [stdout] 219 | impl_mask! { i8, i16, i32, i64, isize }
[INFO] [stdout]     | --------------------------------------- in this macro invocation
[INFO] [stdout]     |
[INFO] [stdout]     = note: this error originates in the macro `impl_mask` (in Nightly builds, run with -Z macro-backtrace for more info)
[INFO] [stdout] 
[INFO] [stdout] 
[INFO] [stdout] error[E0433]: failed to resolve: could not find `simd` in `intrinsics`
[INFO] [stdout]    --> /opt/rustwide/cargo-home/git/checkouts/portable-simd-311bd65e6952a0da/97007cc/crates/core_simd/src/simd/cmp/ord.rs:187:69
[INFO] [stdout]     |
[INFO] [stdout] 187 |                 unsafe { Self::from_int_unchecked(core::intrinsics::simd::simd_ge(self.to_int(), other.to_int())) }
[INFO] [stdout]     |                                                                     ^^^^ could not find `simd` in `intrinsics`
[INFO] [stdout] ...
[INFO] [stdout] 219 | impl_mask! { i8, i16, i32, i64, isize }
[INFO] [stdout]     | --------------------------------------- in this macro invocation
[INFO] [stdout]     |
[INFO] [stdout]     = note: this error originates in the macro `impl_mask` (in Nightly builds, run with -Z macro-backtrace for more info)
[INFO] [stdout] 
[INFO] [stdout] 
[INFO] [stdout] error[E0554]: `#![feature]` may not be used on the stable release channel
[INFO] [stdout]   --> /opt/rustwide/cargo-home/git/checkouts/portable-simd-311bd65e6952a0da/97007cc/crates/core_simd/src/lib.rs:2:1
[INFO] [stdout]    |
[INFO] [stdout] 2  | / #![feature(
[INFO] [stdout] 3  | |     core_intrinsics,
[INFO] [stdout] 4  | |     const_refs_to_cell,
[INFO] [stdout] 5  | |     const_maybe_uninit_as_mut_ptr,
[INFO] [stdout] ...  |
[INFO] [stdout] 16 | |     ptr_metadata
[INFO] [stdout] 17 | | )]
[INFO] [stdout]    | |__^
[INFO] [stdout] 
[INFO] [stdout] 
[INFO] [stdout] error[E0554]: `#![feature]` may not be used on the stable release channel
[INFO] [stdout]  --> /opt/rustwide/cargo-home/git/checkouts/portable-simd-311bd65e6952a0da/97007cc/crates/core_simd/src/lib.rs:3:5
[INFO] [stdout]   |
[INFO] [stdout] 3 |     core_intrinsics,
[INFO] [stdout]   |     ^^^^^^^^^^^^^^^
[INFO] [stdout] 
[INFO] [stdout] 
[INFO] [stdout] error[E0554]: `#![feature]` may not be used on the stable release channel
[INFO] [stdout]  --> /opt/rustwide/cargo-home/git/checkouts/portable-simd-311bd65e6952a0da/97007cc/crates/core_simd/src/lib.rs:5:5
[INFO] [stdout]   |
[INFO] [stdout] 5 |     const_maybe_uninit_as_mut_ptr,
[INFO] [stdout]   |     ^^^^^^^^^^^^^^^^^^^^^^^^^^^^^
[INFO] [stdout] 
[INFO] [stdout] 
[INFO] [stdout] error[E0554]: `#![feature]` may not be used on the stable release channel
[INFO] [stdout]  --> /opt/rustwide/cargo-home/git/checkouts/portable-simd-311bd65e6952a0da/97007cc/crates/core_simd/src/lib.rs:7:5
[INFO] [stdout]   |
[INFO] [stdout] 7 |     convert_float_to_int,
[INFO] [stdout]   |     ^^^^^^^^^^^^^^^^^^^^
[INFO] [stdout] 
[INFO] [stdout] 
[INFO] [stdout] error[E0554]: `#![feature]` may not be used on the stable release channel
[INFO] [stdout]   --> /opt/rustwide/cargo-home/git/checkouts/portable-simd-311bd65e6952a0da/97007cc/crates/core_simd/src/lib.rs:14:5
[INFO] [stdout]    |
[INFO] [stdout] 14 |     stdsimd,
[INFO] [stdout]    |     ^^^^^^^
[INFO] [stdout] 
[INFO] [stdout] 
[INFO] [stdout] error[E0554]: `#![feature]` may not be used on the stable release channel
[INFO] [stdout]   --> /opt/rustwide/cargo-home/git/checkouts/portable-simd-311bd65e6952a0da/97007cc/crates/core_simd/src/lib.rs:16:5
[INFO] [stdout]    |
[INFO] [stdout] 16 |     ptr_metadata
[INFO] [stdout]    |     ^^^^^^^^^^^^
[INFO] [stdout] 
[INFO] [stdout] 
[INFO] [stderr]     Checking assert_no_alloc v1.1.2 (https://github.com/robbert-vdh/rust-assert-no-alloc.git?branch=nih-plug#95120d99)
[INFO] [stderr]     Checking alsa v0.6.0
[INFO] [stdout] error: aborting due to 201 previous errors
[INFO] [stdout] 
[INFO] [stdout] 
[INFO] [stdout] Some errors have detailed explanations: E0433, E0554.
[INFO] [stdout] 
[INFO] [stdout] For more information about an error, try `rustc --explain E0433`.
[INFO] [stdout] 
[INFO] [stderr] error: could not compile `core_simd` (lib) due to 202 previous errors
[INFO] [stderr] warning: build failed, waiting for other jobs to finish...
[INFO] running `Command { std: "docker" "inspect" "edc57d6bf916faa9c802386a7639f29af7edcb0a1a581968e0eabf0e96622fd8", kill_on_drop: false }`
[INFO] running `Command { std: "docker" "rm" "-f" "edc57d6bf916faa9c802386a7639f29af7edcb0a1a581968e0eabf0e96622fd8", kill_on_drop: false }`
[INFO] [stdout] edc57d6bf916faa9c802386a7639f29af7edcb0a1a581968e0eabf0e96622fd8
[INFO] documenting Fredemus/svf_filter against beta-2023-12-22 for beta-1.76-rustdoc-1
[INFO] running `Command { std: "git" "clone" "/workspace/cache/git-repos/https%3A%2F%2Fgithub.com%2FFredemus%2Fsvf_filter" "/workspace/builds/worker-7-tc2/source", kill_on_drop: false }`
[INFO] [stderr] Cloning into '/workspace/builds/worker-7-tc2/source'...
[INFO] [stderr] done.
[INFO] validating manifest of git repo https://github.com/Fredemus/svf_filter on toolchain beta-2023-12-22
[INFO] running `Command { std: CARGO_HOME="/workspace/cargo-home" RUSTUP_HOME="/workspace/rustup-home" "/workspace/cargo-home/bin/cargo" "+beta-2023-12-22" "metadata" "--manifest-path" "Cargo.toml" "--no-deps", kill_on_drop: false }`
[INFO] removed /workspace/builds/worker-7-tc2/source/.cargo/config
[INFO] started tweaking git repo https://github.com/Fredemus/svf_filter
[INFO] finished tweaking git repo https://github.com/Fredemus/svf_filter
[INFO] tweaked toml for git repo https://github.com/Fredemus/svf_filter written to /workspace/builds/worker-7-tc2/source/Cargo.toml
[INFO] running `Command { std: CARGO_HOME="/workspace/cargo-home" RUSTUP_HOME="/workspace/rustup-home" "/workspace/cargo-home/bin/cargo" "+beta-2023-12-22" "generate-lockfile" "--manifest-path" "Cargo.toml", kill_on_drop: false }`
[INFO] [stderr]     Blocking waiting for file lock on package cache
[INFO] [stderr]     Updating git repository `https://github.com/robbert-vdh/nih-plug`
[INFO] [stderr]     Updating git repository `https://github.com/RustAudio/baseview.git`
[INFO] [stderr]     Updating git repository `https://github.com/rust-lang/portable-simd`
[INFO] [stderr]     Updating crates.io index
[INFO] [stderr]     Updating git repository `https://github.com/robbert-vdh/nih-plug`
[INFO] [stderr]     Updating git repository `https://github.com/vizia/vizia`
[INFO] [stderr]     Updating git repository `https://github.com/nicokoch/reflink.git`
[INFO] [stderr]     Updating git repository `https://github.com/robbert-vdh/rust-assert-no-alloc.git`
[INFO] [stderr]     Updating git repository `https://github.com/robbert-vdh/baseview.git`
[INFO] [stderr]     Updating git repository `https://github.com/robbert-vdh/rust-jack.git`
[INFO] [stderr]     Updating git repository `https://github.com/robbert-vdh/vst3-sys.git`
[INFO] [stderr]     Updating git repository `https://github.com/femtovg/femtovg`
[INFO] [stderr]     Updating git repository `https://github.com/vizia/morphorm`
[INFO] running `Command { std: CARGO_HOME="/workspace/cargo-home" RUSTUP_HOME="/workspace/rustup-home" "/workspace/cargo-home/bin/cargo" "+beta-2023-12-22" "fetch" "--manifest-path" "Cargo.toml", kill_on_drop: false }`
[INFO] running `Command { std: "docker" "create" "-v" "/var/lib/crater-agent-workspace/builds/worker-7-tc2/target:/opt/rustwide/target:rw,Z" "-v" "/var/lib/crater-agent-workspace/builds/worker-7-tc2/source:/opt/rustwide/workdir:ro,Z" "-v" "/var/lib/crater-agent-workspace/cargo-home:/opt/rustwide/cargo-home:ro,Z" "-v" "/var/lib/crater-agent-workspace/rustup-home:/opt/rustwide/rustup-home:ro,Z" "-e" "SOURCE_DIR=/opt/rustwide/workdir" "-e" "CARGO_TARGET_DIR=/opt/rustwide/target" "-e" "CARGO_HOME=/opt/rustwide/cargo-home" "-e" "RUSTUP_HOME=/opt/rustwide/rustup-home" "-w" "/opt/rustwide/workdir" "-m" "1610612736" "--user" "0:0" "--network" "none" "ghcr.io/rust-lang/crates-build-env/linux@sha256:2788e3201cd34a07e3172128adcd8b3090168a8e3bcc40d7c032b9dda1df7d1c" "/opt/rustwide/cargo-home/bin/cargo" "+beta-2023-12-22" "metadata" "--no-deps" "--format-version=1", kill_on_drop: false }`
[INFO] [stdout] 9e32856323ac57eed3539dac84dca1aef263e2137ae8d6e56b6287b920bf2eed
[INFO] running `Command { std: "docker" "start" "-a" "9e32856323ac57eed3539dac84dca1aef263e2137ae8d6e56b6287b920bf2eed", kill_on_drop: false }`
[INFO] running `Command { std: "docker" "inspect" "9e32856323ac57eed3539dac84dca1aef263e2137ae8d6e56b6287b920bf2eed", kill_on_drop: false }`
[INFO] running `Command { std: "docker" "rm" "-f" "9e32856323ac57eed3539dac84dca1aef263e2137ae8d6e56b6287b920bf2eed", kill_on_drop: false }`
[INFO] [stdout] 9e32856323ac57eed3539dac84dca1aef263e2137ae8d6e56b6287b920bf2eed
[INFO] running `Command { std: "docker" "create" "-v" "/var/lib/crater-agent-workspace/builds/worker-7-tc2/target:/opt/rustwide/target:rw,Z" "-v" "/var/lib/crater-agent-workspace/builds/worker-7-tc2/source:/opt/rustwide/workdir:ro,Z" "-v" "/var/lib/crater-agent-workspace/cargo-home:/opt/rustwide/cargo-home:ro,Z" "-v" "/var/lib/crater-agent-workspace/rustup-home:/opt/rustwide/rustup-home:ro,Z" "-e" "SOURCE_DIR=/opt/rustwide/workdir" "-e" "CARGO_TARGET_DIR=/opt/rustwide/target" "-e" "CARGO_INCREMENTAL=0" "-e" "RUST_BACKTRACE=full" "-e" "RUSTFLAGS=--cap-lints=warn" "-e" "RUSTDOCFLAGS=--cap-lints=warn" "-e" "CARGO_HOME=/opt/rustwide/cargo-home" "-e" "RUSTUP_HOME=/opt/rustwide/rustup-home" "-w" "/opt/rustwide/workdir" "-m" "1610612736" "--user" "0:0" "--network" "none" "ghcr.io/rust-lang/crates-build-env/linux@sha256:2788e3201cd34a07e3172128adcd8b3090168a8e3bcc40d7c032b9dda1df7d1c" "/opt/rustwide/cargo-home/bin/cargo" "+beta-2023-12-22" "doc" "--frozen" "--no-deps" "--document-private-items" "--message-format=json", kill_on_drop: false }`
[INFO] [stdout] 445136fcd5737bbed65906190a3b63ca66087962fcc2f93bef9c2857f543b3b7
[INFO] running `Command { std: "docker" "start" "-a" "445136fcd5737bbed65906190a3b63ca66087962fcc2f93bef9c2857f543b3b7", kill_on_drop: false }`
[INFO] [stderr]    Compiling libc v0.2.151
[INFO] [stderr]    Compiling proc-macro2 v1.0.76
[INFO] [stderr]    Compiling unicode-ident v1.0.12
[INFO] [stderr]    Compiling syn v1.0.109
[INFO] [stderr]    Compiling pkg-config v0.3.28
[INFO] [stderr]     Checking smallvec v1.11.2
[INFO] [stderr]    Compiling getrandom v0.1.16
[INFO] [stderr]     Checking simd-adler32 v0.3.7
[INFO] [stderr]    Compiling cfg-if v1.0.0
[INFO] [stderr]     Checking adler v1.0.2
[INFO] [stderr]     Checking log v0.4.20
[INFO] [stderr]    Compiling thiserror v1.0.56
[INFO] [stderr]    Compiling num-traits v0.2.17
[INFO] [stderr]    Compiling proc-macro-error-attr v1.0.4
[INFO] [stderr]    Compiling num-integer v0.1.45
[INFO] [stderr]    Compiling memoffset v0.6.5
[INFO] [stderr]    Compiling proc-macro-error v1.0.4
[INFO] [stderr]    Compiling num-bigint v0.4.4
[INFO] [stderr]    Compiling ppv-lite86 v0.2.17
[INFO] [stderr]    Compiling crc32fast v1.3.2
[INFO] [stderr]     Checking miniz_oxide v0.7.1
[INFO] [stderr]     Checking keyboard-types v0.6.2
[INFO] [stderr]    Compiling num-rational v0.4.1
[INFO] [stderr]    Compiling crossbeam-utils v0.8.18
[INFO] [stderr]    Compiling siphasher v0.3.11
[INFO] [stderr]     Checking instant v0.1.12
[INFO] [stderr]     Checking bytemuck v1.14.0
[INFO] [stderr]     Checking cty v0.2.2
[INFO] [stderr]    Compiling unicode-general-category v0.4.0
[INFO] [stderr]    Compiling phf_shared v0.8.0
[INFO] [stderr]     Checking raw-window-handle v0.4.3
[INFO] [stderr]     Checking fdeflate v0.3.3
[INFO] [stderr]    Compiling lock_api v0.4.11
[INFO] [stderr]    Compiling Inflector v0.11.4
[INFO] [stderr]     Checking rustc-hash v1.1.0
[INFO] [stderr]    Compiling bitflags v1.3.2
[INFO] [stderr]     Checking vizia_id v0.1.0 (https://github.com/vizia/vizia?rev=676afdf46ca73365e34f0c6d9cb838cc5b778e0b#676afdf4)
[INFO] [stderr]     Checking flate2 v1.0.28
[INFO] [stderr]     Checking type-map v0.4.0
[INFO] [stderr]     Checking morphorm v0.3.0 (https://github.com/vizia/morphorm?rev=c14e888b1d66719fc3f13ccdb1ea01a10368ef9e#c14e888b)
[INFO] [stderr]     Checking ttf-parser v0.15.2
[INFO] [stderr]     Checking lazy_static v1.4.0
[INFO] [stderr]    Compiling x11 v2.21.0
[INFO] [stderr]    Compiling alsa-sys v0.3.1
[INFO] [stderr]    Compiling jack-sys v0.5.0 (https://github.com/robbert-vdh/rust-jack.git?branch=feature/handle-library-failure#3242396a)
[INFO] [stderr]     Checking scopeguard v1.2.0
[INFO] [stderr]     Checking byteorder v1.5.0
[INFO] [stderr]    Compiling quote v1.0.35
[INFO] [stderr]     Checking png v0.17.10
[INFO] [stderr]     Checking unicode-bidi-mirroring v0.1.0
[INFO] [stderr]     Checking dtoa v1.0.9
[INFO] [stderr]    Compiling parking_lot_core v0.8.6
[INFO] [stderr]     Checking unicode-script v0.5.5
[INFO] [stderr]     Checking color_quant v1.1.0
[INFO] [stderr]     Checking aliasable v0.1.3
[INFO] [stderr]    Compiling syn v2.0.48
[INFO] [stderr]     Checking self_cell v1.0.3
[INFO] [stderr]     Checking unicode-ccc v0.1.2
[INFO] [stderr]     Checking self_cell v0.10.3
[INFO] [stderr]     Checking dtoa-short v0.3.4
[INFO] [stderr]     Checking vizia_input v0.1.0 (https://github.com/vizia/vizia?rev=676afdf46ca73365e34f0c6d9cb838cc5b778e0b#676afdf4)
[INFO] [stderr]     Checking rgb v0.8.37
[INFO] [stderr]    Compiling indexmap v1.9.3
[INFO] [stderr]     Checking generational-arena v0.2.9
[INFO] [stderr]     Checking gimli v0.28.1
[INFO] [stderr]     Checking unicode-segmentation v1.10.1
[INFO] [stderr]     Checking itoa v0.4.8
[INFO] [stderr]     Checking memchr v2.7.1
[INFO] [stderr]     Checking unicode-bidi v0.3.14
[INFO] [stderr]     Checking imgref v1.10.0
[INFO] [stderr]     Checking glow v0.11.2
[INFO] [stderr]     Checking itoa v1.0.10
[INFO] [stderr]     Checking lru v0.7.8
[INFO] [stderr]    Compiling serde v1.0.195
[INFO] [stderr]    Compiling parking_lot_core v0.9.9
[INFO] [stderr]     Checking powerfmt v0.2.0
[INFO] [stderr]     Checking nix v0.22.3
[INFO] [stderr]    Compiling time-core v0.1.2
[INFO] [stderr]    Compiling jobserver v0.1.27
[INFO] [stderr]     Checking matches v0.1.10
[INFO] [stderr]    Compiling rand_core v0.5.1
[INFO] [stderr]    Compiling xcb v0.9.0
[INFO] [stderr]     Checking object v0.32.2
[INFO] [stderr]    Compiling time-macros v0.2.16
[INFO] [stderr]     Checking deranged v0.3.11
[INFO] [stderr]     Checking nix v0.23.2
[INFO] [stderr]    Compiling rand_pcg v0.2.1
[INFO] [stderr]    Compiling rand_chacha v0.2.2
[INFO] [stderr]    Compiling cc v1.0.83
[INFO] [stderr]     Checking rustybuzz v0.5.1
[INFO] [stderr]     Checking getrandom v0.2.11
[INFO] [stderr]    Compiling rand v0.7.3
[INFO] [stderr]     Checking vizia_window v0.1.0 (https://github.com/vizia/vizia?rev=676afdf46ca73365e34f0c6d9cb838cc5b778e0b#676afdf4)
[INFO] [stderr]     Checking crossbeam-epoch v0.9.17
[INFO] [stderr]     Checking vizia_storage v0.1.0 (https://github.com/vizia/vizia?rev=676afdf46ca73365e34f0c6d9cb838cc5b778e0b#676afdf4)
[INFO] [stderr]     Checking libloading v0.7.4
[INFO] [stderr]    Compiling num-iter v0.1.43
[INFO] [stderr]    Compiling jack v0.11.0 (https://github.com/robbert-vdh/rust-jack.git?branch=feature/handle-library-failure#3242396a)
[INFO] [stderr]     Checking os_str_bytes v6.6.1
[INFO] [stderr]    Compiling cpal v0.13.5
[INFO] [stderr]    Compiling anyhow v1.0.79
[INFO] [stderr]    Compiling serde_json v1.0.111
[INFO] [stderr]     Checking num_threads v0.1.6
[INFO] [stderr]     Checking addr2line v0.21.0
[INFO] [stderr]    Compiling phf_generator v0.8.0
[INFO] [stderr]     Checking rustc-demangle v0.1.23
[INFO] [stderr]     Checking termcolor v1.1.3
[INFO] [stderr]     Checking sys-locale v0.2.4
[INFO] [stderr]    Compiling heck v0.4.1
[INFO] [stderr]     Checking image v0.24.7
[INFO] [stderr]     Checking clap_lex v0.2.4
[INFO] [stderr]     Checking crossbeam-deque v0.8.4
[INFO] [stderr]     Checking rand_core v0.6.4
[INFO] [stderr]     Checking parking_lot v0.11.2
[INFO] [stderr]     Checking atty v0.2.14
[INFO] [stderr]     Checking crossbeam-queue v0.3.10
[INFO] [stderr]     Checking crossbeam-channel v0.5.10
[INFO] [stderr]     Checking strsim v0.10.0
[INFO] [stderr]     Checking once_cell v1.19.0
[INFO] [stderr]     Checking textwrap v0.16.0
[INFO] [stderr]     Checking cache-padded v1.3.0
[INFO] [stderr]     Checking ryu v1.0.16
[INFO] [stderr]    Compiling backtrace v0.3.69
[INFO] [stderr]     Checking time v0.3.31
[INFO] [stderr]     Checking rtrb v0.2.3
[INFO] [stderr]     Checking parking_lot v0.12.1
[INFO] [stderr]     Checking num-complex v0.4.4
[INFO] [stderr]     Checking clap-sys v0.3.0
[INFO] [stderr]     Checking atomic_refcell v0.1.13
[INFO] [stderr]     Checking crossbeam v0.8.3
[INFO] [stderr]     Checking rand_chacha v0.3.1
[INFO] [stderr]     Checking atomic_float v0.1.0
[INFO] [stderr]     Checking widestring v1.0.2
[INFO] [stderr]     Checking core_simd v0.1.0 (https://github.com/rust-lang/portable-simd#97007cc2)
[INFO] [stderr]     Checking midi-consts v0.1.0
[INFO] [stderr]     Checking raw-window-handle v0.3.4
[INFO] [stderr]    Compiling vst3-com-macros-support v0.2.0 (https://github.com/robbert-vdh/vst3-sys.git?branch=fix/note-off-event#bda8be0f)
[INFO] [stderr]     Checking hound v3.5.1
[INFO] [stderr]     Checking rand v0.8.5
[INFO] [stdout] error[E0554]: `#![feature]` may not be used on the beta release channel
[INFO] [stdout]   --> /opt/rustwide/cargo-home/git/checkouts/portable-simd-311bd65e6952a0da/97007cc/crates/core_simd/src/lib.rs:2:1
[INFO] [stdout]    |
[INFO] [stdout] 2  | / #![feature(
[INFO] [stdout] 3  | |     core_intrinsics,
[INFO] [stdout] 4  | |     const_refs_to_cell,
[INFO] [stdout] 5  | |     const_maybe_uninit_as_mut_ptr,
[INFO] [stdout] ...  |
[INFO] [stdout] 16 | |     ptr_metadata
[INFO] [stdout] 17 | | )]
[INFO] [stdout]    | |__^
[INFO] [stdout] 
[INFO] [stdout] 
[INFO] [stdout] error[E0554]: `#![feature]` may not be used on the beta release channel
[INFO] [stdout]  --> /opt/rustwide/cargo-home/git/checkouts/portable-simd-311bd65e6952a0da/97007cc/crates/core_simd/src/lib.rs:3:5
[INFO] [stdout]   |
[INFO] [stdout] 3 |     core_intrinsics,
[INFO] [stdout]   |     ^^^^^^^^^^^^^^^
[INFO] [stdout] 
[INFO] [stdout] 
[INFO] [stdout] error[E0554]: `#![feature]` may not be used on the beta release channel
[INFO] [stdout]  --> /opt/rustwide/cargo-home/git/checkouts/portable-simd-311bd65e6952a0da/97007cc/crates/core_simd/src/lib.rs:5:5
[INFO] [stdout]   |
[INFO] [stdout] 5 |     const_maybe_uninit_as_mut_ptr,
[INFO] [stdout]   |     ^^^^^^^^^^^^^^^^^^^^^^^^^^^^^
[INFO] [stdout] 
[INFO] [stdout] 
[INFO] [stdout] error[E0554]: `#![feature]` may not be used on the beta release channel
[INFO] [stdout]  --> /opt/rustwide/cargo-home/git/checkouts/portable-simd-311bd65e6952a0da/97007cc/crates/core_simd/src/lib.rs:7:5
[INFO] [stdout]   |
[INFO] [stdout] 7 |     convert_float_to_int,
[INFO] [stdout]   |     ^^^^^^^^^^^^^^^^^^^^
[INFO] [stdout] 
[INFO] [stdout] 
[INFO] [stdout] error[E0554]: `#![feature]` may not be used on the beta release channel
[INFO] [stdout]   --> /opt/rustwide/cargo-home/git/checkouts/portable-simd-311bd65e6952a0da/97007cc/crates/core_simd/src/lib.rs:14:5
[INFO] [stdout]    |
[INFO] [stdout] 14 |     stdsimd,
[INFO] [stdout]    |     ^^^^^^^
[INFO] [stdout] 
[INFO] [stdout] 
[INFO] [stdout] error[E0554]: `#![feature]` may not be used on the beta release channel
[INFO] [stdout]   --> /opt/rustwide/cargo-home/git/checkouts/portable-simd-311bd65e6952a0da/97007cc/crates/core_simd/src/lib.rs:16:5
[INFO] [stdout]    |
[INFO] [stdout] 16 |     ptr_metadata
[INFO] [stdout]    |     ^^^^^^^^^^^^
[INFO] [stdout] 
[INFO] [stdout] 
[INFO] [stderr]     Checking alsa v0.6.0
[INFO] [stderr]     Checking num v0.4.1
[INFO] [stdout] error: aborting due to 6 previous errors
[INFO] [stdout] 
[INFO] [stdout] 
[INFO] [stdout] For more information about this error, try `rustc --explain E0554`.
[INFO] [stdout] 
[INFO] [stderr] error: could not compile `core_simd` (lib) due to 7 previous errors
[INFO] [stderr] warning: build failed, waiting for other jobs to finish...
[INFO] running `Command { std: "docker" "inspect" "445136fcd5737bbed65906190a3b63ca66087962fcc2f93bef9c2857f543b3b7", kill_on_drop: false }`
[INFO] running `Command { std: "docker" "rm" "-f" "445136fcd5737bbed65906190a3b63ca66087962fcc2f93bef9c2857f543b3b7", kill_on_drop: false }`
[INFO] [stdout] 445136fcd5737bbed65906190a3b63ca66087962fcc2f93bef9c2857f543b3b7
