[INFO] cloning repository https://github.com/Forpee/lasso_wasm_e2e_test
[INFO] running `Command { std: "git" "-c" "credential.helper=" "-c" "credential.helper=/workspace/cargo-home/bin/git-credential-null" "clone" "--bare" "https://github.com/Forpee/lasso_wasm_e2e_test" "/workspace/cache/git-repos/https%3A%2F%2Fgithub.com%2FForpee%2Flasso_wasm_e2e_test", kill_on_drop: false }`
[INFO] [stderr] Cloning into bare repository '/workspace/cache/git-repos/https%3A%2F%2Fgithub.com%2FForpee%2Flasso_wasm_e2e_test'...
[INFO] running `Command { std: "git" "rev-parse" "HEAD", kill_on_drop: false }`
[INFO] [stdout] e945bd88d3bf778fe22d415560a0fe8e38594bc4
[INFO] documenting Forpee/lasso_wasm_e2e_test against 1.75.0 for beta-1.76-rustdoc-1
[INFO] running `Command { std: "git" "clone" "/workspace/cache/git-repos/https%3A%2F%2Fgithub.com%2FForpee%2Flasso_wasm_e2e_test" "/workspace/builds/worker-6-tc1/source", kill_on_drop: false }`
[INFO] [stderr] Cloning into '/workspace/builds/worker-6-tc1/source'...
[INFO] [stderr] done.
[INFO] validating manifest of git repo https://github.com/Forpee/lasso_wasm_e2e_test on toolchain 1.75.0
[INFO] running `Command { std: CARGO_HOME="/workspace/cargo-home" RUSTUP_HOME="/workspace/rustup-home" "/workspace/cargo-home/bin/cargo" "+1.75.0" "metadata" "--manifest-path" "Cargo.toml" "--no-deps", kill_on_drop: false }`
[INFO] started tweaking git repo https://github.com/Forpee/lasso_wasm_e2e_test
[INFO] finished tweaking git repo https://github.com/Forpee/lasso_wasm_e2e_test
[INFO] tweaked toml for git repo https://github.com/Forpee/lasso_wasm_e2e_test written to /workspace/builds/worker-6-tc1/source/Cargo.toml
[INFO] crate git repo https://github.com/Forpee/lasso_wasm_e2e_test already has a lockfile, it will not be regenerated
[INFO] running `Command { std: CARGO_HOME="/workspace/cargo-home" RUSTUP_HOME="/workspace/rustup-home" "/workspace/cargo-home/bin/cargo" "+1.75.0" "fetch" "--manifest-path" "Cargo.toml", kill_on_drop: false }`
[INFO] [stderr]     Updating crates.io index
[INFO] [stderr]  Downloading crates ...
[INFO] [stderr]   Downloaded ark-curve25519 v0.4.0
[INFO] [stderr]   Downloaded tracing-texray v0.2.0
[INFO] [stderr]   Downloaded zerocopy v0.7.28
[INFO] [stderr]   Downloaded zerocopy-derive v0.7.28
[INFO] [stderr]   Downloaded rustix v0.38.26
[INFO] running `Command { std: "docker" "create" "-v" "/var/lib/crater-agent-workspace/builds/worker-6-tc1/target:/opt/rustwide/target:rw,Z" "-v" "/var/lib/crater-agent-workspace/builds/worker-6-tc1/source:/opt/rustwide/workdir:ro,Z" "-v" "/var/lib/crater-agent-workspace/cargo-home:/opt/rustwide/cargo-home:ro,Z" "-v" "/var/lib/crater-agent-workspace/rustup-home:/opt/rustwide/rustup-home:ro,Z" "-e" "SOURCE_DIR=/opt/rustwide/workdir" "-e" "CARGO_TARGET_DIR=/opt/rustwide/target" "-e" "CARGO_HOME=/opt/rustwide/cargo-home" "-e" "RUSTUP_HOME=/opt/rustwide/rustup-home" "-w" "/opt/rustwide/workdir" "-m" "1610612736" "--user" "0:0" "--network" "none" "ghcr.io/rust-lang/crates-build-env/linux@sha256:2788e3201cd34a07e3172128adcd8b3090168a8e3bcc40d7c032b9dda1df7d1c" "/opt/rustwide/cargo-home/bin/cargo" "+1.75.0" "metadata" "--no-deps" "--format-version=1", kill_on_drop: false }`
[INFO] [stdout] 2f84a95e7f09e953dec3c4eac3cdfc51bb352771101d76869385ebfaaec5c9c4
[INFO] running `Command { std: "docker" "start" "-a" "2f84a95e7f09e953dec3c4eac3cdfc51bb352771101d76869385ebfaaec5c9c4", kill_on_drop: false }`
[INFO] running `Command { std: "docker" "inspect" "2f84a95e7f09e953dec3c4eac3cdfc51bb352771101d76869385ebfaaec5c9c4", kill_on_drop: false }`
[INFO] running `Command { std: "docker" "rm" "-f" "2f84a95e7f09e953dec3c4eac3cdfc51bb352771101d76869385ebfaaec5c9c4", kill_on_drop: false }`
[INFO] [stdout] 2f84a95e7f09e953dec3c4eac3cdfc51bb352771101d76869385ebfaaec5c9c4
[INFO] running `Command { std: "docker" "create" "-v" "/var/lib/crater-agent-workspace/builds/worker-6-tc1/target:/opt/rustwide/target:rw,Z" "-v" "/var/lib/crater-agent-workspace/builds/worker-6-tc1/source:/opt/rustwide/workdir:ro,Z" "-v" "/var/lib/crater-agent-workspace/cargo-home:/opt/rustwide/cargo-home:ro,Z" "-v" "/var/lib/crater-agent-workspace/rustup-home:/opt/rustwide/rustup-home:ro,Z" "-e" "SOURCE_DIR=/opt/rustwide/workdir" "-e" "CARGO_TARGET_DIR=/opt/rustwide/target" "-e" "CARGO_INCREMENTAL=0" "-e" "RUST_BACKTRACE=full" "-e" "RUSTFLAGS=--cap-lints=warn" "-e" "RUSTDOCFLAGS=--cap-lints=warn" "-e" "CARGO_HOME=/opt/rustwide/cargo-home" "-e" "RUSTUP_HOME=/opt/rustwide/rustup-home" "-w" "/opt/rustwide/workdir" "-m" "1610612736" "--user" "0:0" "--network" "none" "ghcr.io/rust-lang/crates-build-env/linux@sha256:2788e3201cd34a07e3172128adcd8b3090168a8e3bcc40d7c032b9dda1df7d1c" "/opt/rustwide/cargo-home/bin/cargo" "+1.75.0" "doc" "--frozen" "--no-deps" "--document-private-items" "--message-format=json", kill_on_drop: false }`
[INFO] [stdout] 6dea8909d647c841ff6f88231c52d2edda6bd244553d73c1623332d5dd0eb78b
[INFO] running `Command { std: "docker" "start" "-a" "6dea8909d647c841ff6f88231c52d2edda6bd244553d73c1623332d5dd0eb78b", kill_on_drop: false }`
[INFO] [stderr]    Compiling libc v0.2.150
[INFO] [stderr]    Compiling memoffset v0.9.0
[INFO] [stderr]    Compiling crossbeam-utils v0.8.16
[INFO] [stderr]    Compiling num-traits v0.2.17
[INFO] [stderr]    Compiling crossbeam-epoch v0.9.15
[INFO] [stderr]    Compiling syn v1.0.109
[INFO] [stderr]    Compiling num-bigint v0.4.4
[INFO] [stderr]    Compiling syn v2.0.39
[INFO] [stderr]     Checking either v1.9.0
[INFO] [stderr]    Compiling rayon-core v1.12.0
[INFO] [stderr]    Compiling wasm-bindgen-shared v0.2.89
[INFO] [stderr]    Compiling num-integer v0.1.45
[INFO] [stderr]     Checking crossbeam-deque v0.8.3
[INFO] [stderr]    Compiling ahash v0.8.6
[INFO] [stderr]    Compiling serde v1.0.193
[INFO] [stderr]    Compiling bumpalo v3.14.0
[INFO] [stderr]    Compiling once_cell v1.18.0
[INFO] [stderr]     Checking getrandom v0.2.11
[INFO] [stderr]     Checking rayon v1.8.0
[INFO] [stderr]     Checking crypto-common v0.1.6
[INFO] [stderr]     Checking rand_core v0.6.4
[INFO] [stderr]     Checking itertools v0.10.5
[INFO] [stderr]     Checking rand_chacha v0.3.1
[INFO] [stderr]     Checking zerocopy v0.7.28
[INFO] [stderr]     Checking rand v0.8.5
[INFO] [stderr]     Checking digest v0.10.7
[INFO] [stderr]     Checking lazy_static v1.4.0
[INFO] [stderr]    Compiling getrandom v0.1.16
[INFO] [stderr]    Compiling wasm-bindgen v0.2.89
[INFO] [stderr]     Checking tracing-core v0.1.32
[INFO] [stderr]    Compiling rustix v0.38.26
[INFO] [stderr]    Compiling serde_json v1.0.108
[INFO] [stderr]     Checking smallvec v1.11.2
[INFO] [stderr]     Checking utf8parse v0.2.1
[INFO] [stderr]     Checking anstyle-parse v0.2.2
[INFO] [stderr]     Checking hashbrown v0.13.2
[INFO] [stderr]     Checking generic-array v0.12.4
[INFO] [stderr]     Checking plotters-backend v0.3.5
[INFO] [stderr]    Compiling wasm-bindgen-backend v0.2.89
[INFO] [stderr]     Checking byte-tools v0.3.1
[INFO] [stderr]     Checking bitflags v2.4.1
[INFO] [stderr]     Checking unicode-width v0.1.11
[INFO] [stderr]     Checking log v0.4.20
[INFO] [stderr]     Checking memchr v2.6.4
[INFO] [stderr]     Checking ark-std v0.4.0
[INFO] [stderr]     Checking regex-syntax v0.8.2
[INFO] [stderr]     Checking anstyle-query v1.0.0
[INFO] [stderr]     Checking colorchoice v1.0.0
[INFO] [stderr]     Checking byteorder v1.5.0
[INFO] [stderr]     Checking anstyle v1.0.4
[INFO] [stderr]     Checking linux-raw-sys v0.4.12
[INFO] [stderr]     Checking overload v0.1.1
[INFO] [stderr]    Compiling wasm-bindgen-macro-support v0.2.89
[INFO] [stderr]     Checking nu-ansi-term v0.46.0
[INFO] [stderr]     Checking anstream v0.6.4
[INFO] [stderr]     Checking csv-core v0.1.11
[INFO] [stderr]     Checking tracing-log v0.2.0
[INFO] [stderr]     Checking textwrap v0.11.0
[INFO] [stderr]     Checking regex-automata v0.4.3
[INFO] [stderr]     Checking block-padding v0.1.5
[INFO] [stderr]     Checking plotters-svg v0.3.5
[INFO] [stderr]     Checking rand_core v0.5.1
[INFO] [stderr]     Checking parking_lot_core v0.9.9
[INFO] [stderr]     Checking sharded-slab v0.1.7
[INFO] [stderr]     Checking thread_local v1.1.7
[INFO] [stderr]     Checking clap_lex v0.6.0
[INFO] [stderr]     Checking half v1.8.2
[INFO] [stderr]     Checking keccak v0.1.4
[INFO] [stderr]     Checking strsim v0.10.0
[INFO] [stderr]     Checking cast v0.3.0
[INFO] [stderr]     Checking same-file v1.0.6
[INFO] [stderr]     Checking serde_cbor v0.11.2
[INFO] [stderr]     Checking tinytemplate v1.2.1
[INFO] [stderr]     Checking walkdir v2.4.0
[INFO] [stderr]     Checking criterion-plot v0.4.5
[INFO] [stderr]     Checking tracing-subscriber v0.3.18
[INFO] [stderr]     Checking clap_builder v4.4.9
[INFO] [stderr]     Checking clap v2.34.0
[INFO] [stderr]    Compiling thiserror v1.0.50
[INFO] [stderr]     Checking is-terminal v0.4.9
[INFO] [stderr]     Checking parking_lot v0.12.1
[INFO] [stderr]     Checking rand_chacha v0.2.2
[INFO] [stderr]    Compiling zeroize_derive v1.4.2
[INFO] [stderr]    Compiling wasm-bindgen-macro v0.2.89
[INFO] [stderr]    Compiling tracing-attributes v0.1.27
[INFO] [stderr]     Checking regex v1.10.2
[INFO] [stderr]    Compiling clap_derive v4.4.7
[INFO] [stderr]    Compiling thiserror-impl v1.0.50
[INFO] [stderr]     Checking zeroize v1.7.0
[INFO] [stderr]    Compiling serde_derive v1.0.193
[INFO] [stderr]    Compiling ark-serialize-derive v0.4.2
[INFO] [stderr]    Compiling ark-ff-macros v0.4.2
[INFO] [stderr]    Compiling derivative v2.2.0
[INFO] [stderr]    Compiling ark-ff-asm v0.4.2
[INFO] [stderr]     Checking tracing v0.1.40
[INFO] [stderr]     Checking js-sys v0.3.66
[INFO] [stderr]     Checking ark-serialize v0.4.2
[INFO] [stderr]     Checking plotters v0.3.5
[INFO] [stderr]     Checking block-buffer v0.7.3
[INFO] [stderr]     Checking csv v1.3.0
[INFO] [stderr]     Checking digest v0.8.1
[INFO] [stderr]     Checking term_size v0.3.2
[INFO] [stderr]     Checking atty v0.2.14
[INFO] [stderr]     Checking oorandom v11.1.3
[INFO] [stderr]     Checking opaque-debug v0.2.3
[INFO] [stderr]     Checking allocator-api2 v0.2.16
[INFO] [stderr]     Checking clap v4.4.10
[INFO] [stderr]     Checking tracing-texray v0.2.0
[INFO] [stderr]     Checking sha3 v0.8.2
[INFO] [stderr]     Checking console_error_panic_hook v0.1.7
[INFO] [stderr]     Checking merlin v3.0.0
[INFO] [stderr]     Checking hashbrown v0.14.3
[INFO] [stderr]     Checking rand v0.7.3
[INFO] [stderr]    Compiling wasm-bindgen-test-macro v0.3.39
[INFO] [stderr]     Checking colored v2.0.4
[INFO] [stderr]    Compiling seq-macro v0.3.5
[INFO] [stderr]     Checking scoped-tls v1.0.1
[INFO] [stderr]     Checking subtle v2.5.0
[INFO] [stderr]     Checking ark-ff v0.4.2
[INFO] [stderr]     Checking criterion v0.3.6
[INFO] [stderr]     Checking wasm-bindgen-futures v0.4.39
[INFO] [stderr]     Checking wasm-bindgen-test v0.3.39
[INFO] [stderr]     Checking ark-poly v0.4.2
[INFO] [stderr]     Checking ark-ec v0.4.2
[INFO] [stderr]     Checking ark-curve25519 v0.4.0
[INFO] [stderr]     Checking ark-lasso v0.4.0 (/opt/rustwide/workdir/Lasso)
[INFO] [stdout] error[E0554]: `#![feature]` may not be used on the stable release channel
[INFO] [stdout]  --> Lasso/src/lib.rs:2:1
[INFO] [stdout]   |
[INFO] [stdout] 2 | #![feature(extend_one)]
[INFO] [stdout]   | ^^^^^^^^^^^^^^^^^^^^^^^
[INFO] [stdout] 
[INFO] [stdout] 
[INFO] [stdout] error[E0554]: `#![feature]` may not be used on the stable release channel
[INFO] [stdout]  --> Lasso/src/lib.rs:3:1
[INFO] [stdout]   |
[INFO] [stdout] 3 | #![feature(associated_type_defaults)]
[INFO] [stdout]   | ^^^^^^^^^^^^^^^^^^^^^^^^^^^^^^^^^^^^^
[INFO] [stdout] 
[INFO] [stdout] 
[INFO] [stdout] error[E0554]: `#![feature]` may not be used on the stable release channel
[INFO] [stdout]  --> Lasso/src/lib.rs:5:1
[INFO] [stdout]   |
[INFO] [stdout] 5 | #![feature(generic_const_exprs)]
[INFO] [stdout]   | ^^^^^^^^^^^^^^^^^^^^^^^^^^^^^^^^
[INFO] [stdout] 
[INFO] [stdout] 
[INFO] [stdout] warning: unused imports: `EdwardsProjective as G1Projective`, `Fr`
[INFO] [stdout]  --> Lasso/src/utils/test.rs:1:22
[INFO] [stdout]   |
[INFO] [stdout] 1 | use ark_curve25519::{EdwardsProjective as G1Projective, Fr};
[INFO] [stdout]   |                      ^^^^^^^^^^^^^^^^^^^^^^^^^^^^^^^^^  ^^
[INFO] [stdout]   |
[INFO] [stdout]   = note: `#[warn(unused_imports)]` on by default
[INFO] [stdout] 
[INFO] [stdout] 
[INFO] [stdout] error[E0554]: `#![feature]` may not be used on the stable release channel
[INFO] [stdout]  --> Lasso/src/lib.rs:2:12
[INFO] [stdout]   |
[INFO] [stdout] 2 | #![feature(extend_one)]
[INFO] [stdout]   |            ^^^^^^^^^^
[INFO] [stdout] 
[INFO] [stdout] 
[INFO] [stdout] error: aborting due to 4 previous errors; 1 warning emitted
[INFO] [stdout] 
[INFO] [stdout] 
[INFO] [stdout] For more information about this error, try `rustc --explain E0554`.
[INFO] [stdout] 
[INFO] [stderr] error: could not compile `ark-lasso` (lib) due to 5 previous errors; 1 warning emitted
[INFO] running `Command { std: "docker" "inspect" "6dea8909d647c841ff6f88231c52d2edda6bd244553d73c1623332d5dd0eb78b", kill_on_drop: false }`
[INFO] running `Command { std: "docker" "rm" "-f" "6dea8909d647c841ff6f88231c52d2edda6bd244553d73c1623332d5dd0eb78b", kill_on_drop: false }`
[INFO] [stdout] 6dea8909d647c841ff6f88231c52d2edda6bd244553d73c1623332d5dd0eb78b
[INFO] documenting Forpee/lasso_wasm_e2e_test against beta-2023-12-22 for beta-1.76-rustdoc-1
[INFO] running `Command { std: "git" "clone" "/workspace/cache/git-repos/https%3A%2F%2Fgithub.com%2FForpee%2Flasso_wasm_e2e_test" "/workspace/builds/worker-6-tc2/source", kill_on_drop: false }`
[INFO] [stderr] Cloning into '/workspace/builds/worker-6-tc2/source'...
[INFO] [stderr] done.
[INFO] validating manifest of git repo https://github.com/Forpee/lasso_wasm_e2e_test on toolchain beta-2023-12-22
[INFO] running `Command { std: CARGO_HOME="/workspace/cargo-home" RUSTUP_HOME="/workspace/rustup-home" "/workspace/cargo-home/bin/cargo" "+beta-2023-12-22" "metadata" "--manifest-path" "Cargo.toml" "--no-deps", kill_on_drop: false }`
[INFO] started tweaking git repo https://github.com/Forpee/lasso_wasm_e2e_test
[INFO] finished tweaking git repo https://github.com/Forpee/lasso_wasm_e2e_test
[INFO] tweaked toml for git repo https://github.com/Forpee/lasso_wasm_e2e_test written to /workspace/builds/worker-6-tc2/source/Cargo.toml
[INFO] crate git repo https://github.com/Forpee/lasso_wasm_e2e_test already has a lockfile, it will not be regenerated
[INFO] running `Command { std: CARGO_HOME="/workspace/cargo-home" RUSTUP_HOME="/workspace/rustup-home" "/workspace/cargo-home/bin/cargo" "+beta-2023-12-22" "fetch" "--manifest-path" "Cargo.toml", kill_on_drop: false }`
[INFO] running `Command { std: "docker" "create" "-v" "/var/lib/crater-agent-workspace/builds/worker-6-tc2/target:/opt/rustwide/target:rw,Z" "-v" "/var/lib/crater-agent-workspace/builds/worker-6-tc2/source:/opt/rustwide/workdir:ro,Z" "-v" "/var/lib/crater-agent-workspace/cargo-home:/opt/rustwide/cargo-home:ro,Z" "-v" "/var/lib/crater-agent-workspace/rustup-home:/opt/rustwide/rustup-home:ro,Z" "-e" "SOURCE_DIR=/opt/rustwide/workdir" "-e" "CARGO_TARGET_DIR=/opt/rustwide/target" "-e" "CARGO_HOME=/opt/rustwide/cargo-home" "-e" "RUSTUP_HOME=/opt/rustwide/rustup-home" "-w" "/opt/rustwide/workdir" "-m" "1610612736" "--user" "0:0" "--network" "none" "ghcr.io/rust-lang/crates-build-env/linux@sha256:2788e3201cd34a07e3172128adcd8b3090168a8e3bcc40d7c032b9dda1df7d1c" "/opt/rustwide/cargo-home/bin/cargo" "+beta-2023-12-22" "metadata" "--no-deps" "--format-version=1", kill_on_drop: false }`
[INFO] [stdout] 667d1070568152500d79cb24638ca07d77c46103bfef9774514e6b9e4c662320
[INFO] running `Command { std: "docker" "start" "-a" "667d1070568152500d79cb24638ca07d77c46103bfef9774514e6b9e4c662320", kill_on_drop: false }`
[INFO] running `Command { std: "docker" "inspect" "667d1070568152500d79cb24638ca07d77c46103bfef9774514e6b9e4c662320", kill_on_drop: false }`
[INFO] running `Command { std: "docker" "rm" "-f" "667d1070568152500d79cb24638ca07d77c46103bfef9774514e6b9e4c662320", kill_on_drop: false }`
[INFO] [stdout] 667d1070568152500d79cb24638ca07d77c46103bfef9774514e6b9e4c662320
[INFO] running `Command { std: "docker" "create" "-v" "/var/lib/crater-agent-workspace/builds/worker-6-tc2/target:/opt/rustwide/target:rw,Z" "-v" "/var/lib/crater-agent-workspace/builds/worker-6-tc2/source:/opt/rustwide/workdir:ro,Z" "-v" "/var/lib/crater-agent-workspace/cargo-home:/opt/rustwide/cargo-home:ro,Z" "-v" "/var/lib/crater-agent-workspace/rustup-home:/opt/rustwide/rustup-home:ro,Z" "-e" "SOURCE_DIR=/opt/rustwide/workdir" "-e" "CARGO_TARGET_DIR=/opt/rustwide/target" "-e" "CARGO_INCREMENTAL=0" "-e" "RUST_BACKTRACE=full" "-e" "RUSTFLAGS=--cap-lints=warn" "-e" "RUSTDOCFLAGS=--cap-lints=warn" "-e" "CARGO_HOME=/opt/rustwide/cargo-home" "-e" "RUSTUP_HOME=/opt/rustwide/rustup-home" "-w" "/opt/rustwide/workdir" "-m" "1610612736" "--user" "0:0" "--network" "none" "ghcr.io/rust-lang/crates-build-env/linux@sha256:2788e3201cd34a07e3172128adcd8b3090168a8e3bcc40d7c032b9dda1df7d1c" "/opt/rustwide/cargo-home/bin/cargo" "+beta-2023-12-22" "doc" "--frozen" "--no-deps" "--document-private-items" "--message-format=json", kill_on_drop: false }`
[INFO] [stdout] c2f19c5f72b71db07ab2a9a093eea2c9edef53c59ea360e7b00462488ee5568e
[INFO] running `Command { std: "docker" "start" "-a" "c2f19c5f72b71db07ab2a9a093eea2c9edef53c59ea360e7b00462488ee5568e", kill_on_drop: false }`
[INFO] [stderr]    Compiling libc v0.2.150
[INFO] [stderr]    Compiling memoffset v0.9.0
[INFO] [stderr]    Compiling crossbeam-utils v0.8.16
[INFO] [stderr]    Compiling crossbeam-epoch v0.9.15
[INFO] [stderr]    Compiling num-traits v0.2.17
[INFO] [stderr]    Compiling syn v1.0.109
[INFO] [stderr]    Compiling num-bigint v0.4.4
[INFO] [stderr]    Compiling syn v2.0.39
[INFO] [stderr]     Checking either v1.9.0
[INFO] [stderr]    Compiling rayon-core v1.12.0
[INFO] [stderr]    Compiling wasm-bindgen-shared v0.2.89
[INFO] [stderr]    Compiling num-integer v0.1.45
[INFO] [stderr]     Checking crossbeam-deque v0.8.3
[INFO] [stderr]    Compiling ahash v0.8.6
[INFO] [stderr]    Compiling bumpalo v3.14.0
[INFO] [stderr]     Checking getrandom v0.2.11
[INFO] [stderr]     Checking rand_core v0.6.4
[INFO] [stderr]    Compiling once_cell v1.18.0
[INFO] [stderr]     Checking rand_chacha v0.3.1
[INFO] [stderr]     Checking rayon v1.8.0
[INFO] [stderr]    Compiling serde v1.0.193
[INFO] [stderr]     Checking rand v0.8.5
[INFO] [stderr]     Checking crypto-common v0.1.6
[INFO] [stderr]     Checking itertools v0.10.5
[INFO] [stderr]     Checking zerocopy v0.7.28
[INFO] [stderr]     Checking digest v0.10.7
[INFO] [stderr]    Compiling wasm-bindgen v0.2.89
[INFO] [stderr]    Compiling getrandom v0.1.16
[INFO] [stderr]     Checking lazy_static v1.4.0
[INFO] [stderr]     Checking tracing-core v0.1.32
[INFO] [stderr]     Checking utf8parse v0.2.1
[INFO] [stderr]    Compiling rustix v0.38.26
[INFO] [stderr]    Compiling serde_json v1.0.108
[INFO] [stderr]     Checking smallvec v1.11.2
[INFO] [stderr]     Checking ark-std v0.4.0
[INFO] [stderr]     Checking anstyle-parse v0.2.2
[INFO] [stderr]     Checking hashbrown v0.13.2
[INFO] [stderr]     Checking generic-array v0.12.4
[INFO] [stderr]     Checking regex-syntax v0.8.2
[INFO] [stderr]     Checking bitflags v2.4.1
[INFO] [stderr]     Checking byte-tools v0.3.1
[INFO] [stderr]     Checking memchr v2.6.4
[INFO] [stderr]     Checking anstyle-query v1.0.0
[INFO] [stderr]     Checking linux-raw-sys v0.4.12
[INFO] [stderr]     Checking log v0.4.20
[INFO] [stderr]     Checking plotters-backend v0.3.5
[INFO] [stderr]     Checking colorchoice v1.0.0
[INFO] [stderr]     Checking anstyle v1.0.4
[INFO] [stderr]     Checking unicode-width v0.1.11
[INFO] [stderr]     Checking byteorder v1.5.0
[INFO] [stderr]     Checking overload v0.1.1
[INFO] [stderr]     Checking anstream v0.6.4
[INFO] [stderr]    Compiling wasm-bindgen-backend v0.2.89
[INFO] [stderr]     Checking nu-ansi-term v0.46.0
[INFO] [stderr]     Checking textwrap v0.11.0
[INFO] [stderr]     Checking regex-automata v0.4.3
[INFO] [stderr]     Checking plotters-svg v0.3.5
[INFO] [stderr]     Checking tracing-log v0.2.0
[INFO] [stderr]     Checking csv-core v0.1.11
[INFO] [stderr]     Checking block-padding v0.1.5
[INFO] [stderr]     Checking rand_core v0.5.1
[INFO] [stderr]     Checking parking_lot_core v0.9.9
[INFO] [stderr]     Checking sharded-slab v0.1.7
[INFO] [stderr]     Checking thread_local v1.1.7
[INFO] [stderr]     Checking clap_lex v0.6.0
[INFO] [stderr]     Checking same-file v1.0.6
[INFO] [stderr]     Checking keccak v0.1.4
[INFO] [stderr]     Checking strsim v0.10.0
[INFO] [stderr]     Checking half v1.8.2
[INFO] [stderr]     Checking cast v0.3.0
[INFO] [stderr]     Checking tinytemplate v1.2.1
[INFO] [stderr]     Checking serde_cbor v0.11.2
[INFO] [stderr]     Checking tracing-subscriber v0.3.18
[INFO] [stderr]     Checking criterion-plot v0.4.5
[INFO] [stderr]    Compiling wasm-bindgen-macro-support v0.2.89
[INFO] [stderr]    Compiling thiserror v1.0.50
[INFO] [stderr]     Checking clap_builder v4.4.9
[INFO] [stderr]     Checking walkdir v2.4.0
[INFO] [stderr]     Checking regex v1.10.2
[INFO] [stderr]     Checking clap v2.34.0
[INFO] [stderr]     Checking parking_lot v0.12.1
[INFO] [stderr]     Checking is-terminal v0.4.9
[INFO] [stderr]     Checking rand_chacha v0.2.2
[INFO] [stderr]     Checking block-buffer v0.7.3
[INFO] [stderr]     Checking csv v1.3.0
[INFO] [stderr]     Checking plotters v0.3.5
[INFO] [stderr]     Checking digest v0.8.1
[INFO] [stderr]     Checking term_size v0.3.2
[INFO] [stderr]     Checking atty v0.2.14
[INFO] [stderr]    Compiling zeroize_derive v1.4.2
[INFO] [stderr]    Compiling wasm-bindgen-macro v0.2.89
[INFO] [stderr]    Compiling tracing-attributes v0.1.27
[INFO] [stderr]    Compiling ark-serialize-derive v0.4.2
[INFO] [stderr]    Compiling ark-ff-macros v0.4.2
[INFO] [stderr]    Compiling derivative v2.2.0
[INFO] [stderr]    Compiling ark-ff-asm v0.4.2
[INFO] [stderr]     Checking ark-serialize v0.4.2
[INFO] [stderr]    Compiling serde_derive v1.0.193
[INFO] [stderr]    Compiling thiserror-impl v1.0.50
[INFO] [stderr]     Checking zeroize v1.7.0
[INFO] [stderr]    Compiling clap_derive v4.4.7
[INFO] [stderr]     Checking js-sys v0.3.66
[INFO] [stderr]     Checking oorandom v11.1.3
[INFO] [stderr]     Checking allocator-api2 v0.2.16
[INFO] [stderr]     Checking opaque-debug v0.2.3
[INFO] [stderr]     Checking sha3 v0.8.2
[INFO] [stderr]     Checking console_error_panic_hook v0.1.7
[INFO] [stderr]     Checking merlin v3.0.0
[INFO] [stderr]     Checking hashbrown v0.14.3
[INFO] [stderr]    Compiling wasm-bindgen-test-macro v0.3.39
[INFO] [stderr]     Checking tracing v0.1.40
[INFO] [stderr]     Checking rand v0.7.3
[INFO] [stderr]     Checking tracing-texray v0.2.0
[INFO] [stderr]     Checking colored v2.0.4
[INFO] [stderr]     Checking subtle v2.5.0
[INFO] [stderr]    Compiling seq-macro v0.3.5
[INFO] [stderr]     Checking scoped-tls v1.0.1
[INFO] [stderr]     Checking ark-ff v0.4.2
[INFO] [stderr]     Checking clap v4.4.10
[INFO] [stderr]     Checking criterion v0.3.6
[INFO] [stderr]     Checking wasm-bindgen-futures v0.4.39
[INFO] [stderr]     Checking wasm-bindgen-test v0.3.39
[INFO] [stderr]     Checking ark-poly v0.4.2
[INFO] [stderr]     Checking ark-ec v0.4.2
[INFO] [stderr]     Checking ark-curve25519 v0.4.0
[INFO] [stderr]     Checking ark-lasso v0.4.0 (/opt/rustwide/workdir/Lasso)
[INFO] [stdout] error[E0554]: `#![feature]` may not be used on the beta release channel
[INFO] [stdout]  --> Lasso/src/lib.rs:2:1
[INFO] [stdout]   |
[INFO] [stdout] 2 | #![feature(extend_one)]
[INFO] [stdout]   | ^^^^^^^^^^^^^^^^^^^^^^^
[INFO] [stdout] 
[INFO] [stdout] 
[INFO] [stdout] error[E0554]: `#![feature]` may not be used on the beta release channel
[INFO] [stdout]  --> Lasso/src/lib.rs:3:1
[INFO] [stdout]   |
[INFO] [stdout] 3 | #![feature(associated_type_defaults)]
[INFO] [stdout]   | ^^^^^^^^^^^^^^^^^^^^^^^^^^^^^^^^^^^^^
[INFO] [stdout] 
[INFO] [stdout] 
[INFO] [stdout] error[E0554]: `#![feature]` may not be used on the beta release channel
[INFO] [stdout]  --> Lasso/src/lib.rs:5:1
[INFO] [stdout]   |
[INFO] [stdout] 5 | #![feature(generic_const_exprs)]
[INFO] [stdout]   | ^^^^^^^^^^^^^^^^^^^^^^^^^^^^^^^^
[INFO] [stdout] 
[INFO] [stdout] 
[INFO] [stdout] warning: unused imports: `EdwardsProjective as G1Projective`, `Fr`
[INFO] [stdout]  --> Lasso/src/utils/test.rs:1:22
[INFO] [stdout]   |
[INFO] [stdout] 1 | use ark_curve25519::{EdwardsProjective as G1Projective, Fr};
[INFO] [stdout]   |                      ^^^^^^^^^^^^^^^^^^^^^^^^^^^^^^^^^  ^^
[INFO] [stdout]   |
[INFO] [stdout]   = note: `#[warn(unused_imports)]` on by default
[INFO] [stdout] 
[INFO] [stdout] 
[INFO] [stdout] error[E0554]: `#![feature]` may not be used on the beta release channel
[INFO] [stdout]  --> Lasso/src/lib.rs:2:12
[INFO] [stdout]   |
[INFO] [stdout] 2 | #![feature(extend_one)]
[INFO] [stdout]   |            ^^^^^^^^^^
[INFO] [stdout] 
[INFO] [stdout] 
[INFO] [stdout] error: aborting due to 4 previous errors; 1 warning emitted
[INFO] [stdout] 
[INFO] [stdout] 
[INFO] [stdout] For more information about this error, try `rustc --explain E0554`.
[INFO] [stdout] 
[INFO] [stderr] error: could not compile `ark-lasso` (lib) due to 5 previous errors; 1 warning emitted
[INFO] running `Command { std: "docker" "inspect" "c2f19c5f72b71db07ab2a9a093eea2c9edef53c59ea360e7b00462488ee5568e", kill_on_drop: false }`
[INFO] running `Command { std: "docker" "rm" "-f" "c2f19c5f72b71db07ab2a9a093eea2c9edef53c59ea360e7b00462488ee5568e", kill_on_drop: false }`
[INFO] [stdout] c2f19c5f72b71db07ab2a9a093eea2c9edef53c59ea360e7b00462488ee5568e
