[INFO] cloning repository https://github.com/Fluidex/plonkit
[INFO] running `Command { std: "git" "-c" "credential.helper=" "-c" "credential.helper=/workspace/cargo-home/bin/git-credential-null" "clone" "--bare" "https://github.com/Fluidex/plonkit" "/workspace/cache/git-repos/https%3A%2F%2Fgithub.com%2FFluidex%2Fplonkit", kill_on_drop: false }`
[INFO] [stderr] Cloning into bare repository '/workspace/cache/git-repos/https%3A%2F%2Fgithub.com%2FFluidex%2Fplonkit'...
[INFO] running `Command { std: "git" "rev-parse" "HEAD", kill_on_drop: false }`
[INFO] [stdout] 0a84db7d9844b1a6a91f97f644445bac17d32d45
[INFO] documenting Fluidex/plonkit against 1.75.0 for beta-1.76-rustdoc-1
[INFO] running `Command { std: "git" "clone" "/workspace/cache/git-repos/https%3A%2F%2Fgithub.com%2FFluidex%2Fplonkit" "/workspace/builds/worker-4-tc1/source", kill_on_drop: false }`
[INFO] [stderr] Cloning into '/workspace/builds/worker-4-tc1/source'...
[INFO] [stderr] done.
[INFO] validating manifest of git repo https://github.com/Fluidex/plonkit on toolchain 1.75.0
[INFO] running `Command { std: CARGO_HOME="/workspace/cargo-home" RUSTUP_HOME="/workspace/rustup-home" "/workspace/cargo-home/bin/cargo" "+1.75.0" "metadata" "--manifest-path" "Cargo.toml" "--no-deps", kill_on_drop: false }`
[INFO] removed /workspace/builds/worker-4-tc1/source/rust-toolchain
[INFO] started tweaking git repo https://github.com/Fluidex/plonkit
[INFO] finished tweaking git repo https://github.com/Fluidex/plonkit
[INFO] tweaked toml for git repo https://github.com/Fluidex/plonkit written to /workspace/builds/worker-4-tc1/source/Cargo.toml
[INFO] crate git repo https://github.com/Fluidex/plonkit already has a lockfile, it will not be regenerated
[INFO] running `Command { std: CARGO_HOME="/workspace/cargo-home" RUSTUP_HOME="/workspace/rustup-home" "/workspace/cargo-home/bin/cargo" "+1.75.0" "fetch" "--manifest-path" "Cargo.toml", kill_on_drop: false }`
[INFO] [stderr]     Updating git repository `https://github.com/fluidex/solidity_plonk_verifier.git`
[INFO] [stderr]     Updating crates.io index
[INFO] [stderr]     Updating git repository `https://github.com/matter-labs/franklin-crypto`
[INFO] [stderr]     Updating git repository `https://github.com/fluidex/solidity_recursive_plonk_verifier.git`
[INFO] [stderr]     Updating git repository `https://github.com/matter-labs/bellman`
[INFO] [stderr]     Updating git repository `https://github.com/shamatar/poseidon_hash.git`
[INFO] [stderr]     Updating git repository `https://github.com/matter-labs/recursive_aggregation_circuit.git`
[INFO] [stderr]     Blocking waiting for file lock on package cache
[INFO] [stderr]  Downloading crates ...
[INFO] [stderr]   Downloaded splitmut v0.2.1
[INFO] [stderr]   Downloaded hex-literal-impl v0.2.2
[INFO] [stderr]   Downloaded ethabi v8.0.1
[INFO] [stderr]   Downloaded byte-slice-cast v1.1.0
[INFO] [stderr]   Downloaded ethereum-types v0.11.0
[INFO] [stderr]   Downloaded hex-literal v0.2.1
[INFO] [stderr]   Downloaded blake2-rfc_bellman_edition v0.0.1
[INFO] [stderr]   Downloaded jsonrpc-core v11.0.0
[INFO] [stderr]   Downloaded ff_ce v0.12.0
[INFO] [stderr]   Downloaded clap_derive-v3 v3.0.0-beta.1
[INFO] [stderr]   Downloaded ff_derive_ce v0.9.3
[INFO] [stderr]   Downloaded ethabi v14.1.0
[INFO] [stderr]   Downloaded clap-v3 v3.0.0-beta.1
[INFO] [stderr]   Downloaded pairing_ce v0.24.2
[INFO] [stderr]   Downloaded mathru v0.6.10
[INFO] [stderr]   Downloaded web3 v0.8.0
[INFO] running `Command { std: "docker" "create" "-v" "/var/lib/crater-agent-workspace/builds/worker-4-tc1/target:/opt/rustwide/target:rw,Z" "-v" "/var/lib/crater-agent-workspace/builds/worker-4-tc1/source:/opt/rustwide/workdir:ro,Z" "-v" "/var/lib/crater-agent-workspace/cargo-home:/opt/rustwide/cargo-home:ro,Z" "-v" "/var/lib/crater-agent-workspace/rustup-home:/opt/rustwide/rustup-home:ro,Z" "-e" "SOURCE_DIR=/opt/rustwide/workdir" "-e" "CARGO_TARGET_DIR=/opt/rustwide/target" "-e" "CARGO_HOME=/opt/rustwide/cargo-home" "-e" "RUSTUP_HOME=/opt/rustwide/rustup-home" "-w" "/opt/rustwide/workdir" "-m" "1610612736" "--user" "0:0" "--network" "none" "ghcr.io/rust-lang/crates-build-env/linux@sha256:2788e3201cd34a07e3172128adcd8b3090168a8e3bcc40d7c032b9dda1df7d1c" "/opt/rustwide/cargo-home/bin/cargo" "+1.75.0" "metadata" "--no-deps" "--format-version=1", kill_on_drop: false }`
[INFO] [stdout] 43cffe3bcca4eb5f0be70619e6a7f2293c98a909f5c628f5f2f4b222fa35cec4
[INFO] running `Command { std: "docker" "start" "-a" "43cffe3bcca4eb5f0be70619e6a7f2293c98a909f5c628f5f2f4b222fa35cec4", kill_on_drop: false }`
[INFO] running `Command { std: "docker" "inspect" "43cffe3bcca4eb5f0be70619e6a7f2293c98a909f5c628f5f2f4b222fa35cec4", kill_on_drop: false }`
[INFO] running `Command { std: "docker" "rm" "-f" "43cffe3bcca4eb5f0be70619e6a7f2293c98a909f5c628f5f2f4b222fa35cec4", kill_on_drop: false }`
[INFO] [stdout] 43cffe3bcca4eb5f0be70619e6a7f2293c98a909f5c628f5f2f4b222fa35cec4
[INFO] running `Command { std: "docker" "create" "-v" "/var/lib/crater-agent-workspace/builds/worker-4-tc1/target:/opt/rustwide/target:rw,Z" "-v" "/var/lib/crater-agent-workspace/builds/worker-4-tc1/source:/opt/rustwide/workdir:ro,Z" "-v" "/var/lib/crater-agent-workspace/cargo-home:/opt/rustwide/cargo-home:ro,Z" "-v" "/var/lib/crater-agent-workspace/rustup-home:/opt/rustwide/rustup-home:ro,Z" "-e" "SOURCE_DIR=/opt/rustwide/workdir" "-e" "CARGO_TARGET_DIR=/opt/rustwide/target" "-e" "CARGO_INCREMENTAL=0" "-e" "RUST_BACKTRACE=full" "-e" "RUSTFLAGS=--cap-lints=warn" "-e" "RUSTDOCFLAGS=--cap-lints=warn" "-e" "CARGO_HOME=/opt/rustwide/cargo-home" "-e" "RUSTUP_HOME=/opt/rustwide/rustup-home" "-w" "/opt/rustwide/workdir" "-m" "1610612736" "--user" "0:0" "--network" "none" "ghcr.io/rust-lang/crates-build-env/linux@sha256:2788e3201cd34a07e3172128adcd8b3090168a8e3bcc40d7c032b9dda1df7d1c" "/opt/rustwide/cargo-home/bin/cargo" "+1.75.0" "doc" "--frozen" "--no-deps" "--document-private-items" "--message-format=json", kill_on_drop: false }`
[INFO] [stdout] b00011cafd5127ae07ba98e374bba3db52c1d3fd434260a6294f465f370c80ad
[INFO] running `Command { std: "docker" "start" "-a" "b00011cafd5127ae07ba98e374bba3db52c1d3fd434260a6294f465f370c80ad", kill_on_drop: false }`
[INFO] [stderr]    Compiling proc-macro2 v1.0.28
[INFO] [stderr]    Compiling syn v1.0.74
[INFO] [stderr]    Compiling libc v0.2.98
[INFO] [stderr]    Compiling serde_derive v1.0.127
[INFO] [stderr]    Compiling serde v1.0.127
[INFO] [stderr]    Compiling typenum v1.13.0
[INFO] [stderr]     Checking rand_core v0.4.2
[INFO] [stderr]     Checking rustc-hex v2.1.0
[INFO] [stderr]    Compiling memchr v2.4.0
[INFO] [stderr]    Compiling num-integer v0.1.44
[INFO] [stderr]    Compiling arrayvec v0.4.12
[INFO] [stderr]    Compiling libm v0.2.1
[INFO] [stderr]     Checking nodrop v0.1.14
[INFO] [stderr]    Compiling autocfg v0.1.7
[INFO] [stderr]    Compiling num-traits v0.2.14
[INFO] [stderr]    Compiling generic-array v0.14.4
[INFO] [stderr]    Compiling crossbeam-utils v0.7.2
[INFO] [stderr]     Checking rand_core v0.3.1
[INFO] [stderr]    Compiling num-bigint v0.4.0
[INFO] [stderr]    Compiling futures-core v0.3.16
[INFO] [stderr]     Checking tiny-keccak v1.5.0
[INFO] [stderr]    Compiling memoffset v0.5.6
[INFO] [stderr]    Compiling futures-channel v0.3.16
[INFO] [stderr]    Compiling futures-task v0.3.16
[INFO] [stderr]    Compiling heapsize v0.4.2
[INFO] [stderr]    Compiling getrandom v0.1.16
[INFO] [stderr]    Compiling crossbeam-epoch v0.8.2
[INFO] [stderr]    Compiling futures-util v0.3.16
[INFO] [stderr]     Checking futures-sink v0.3.16
[INFO] [stderr]    Compiling radium v0.6.2
[INFO] [stderr]     Checking constant_time_eq v0.1.5
[INFO] [stderr]    Compiling serde_json v1.0.66
[INFO] [stderr]     Checking itoa v0.4.7
[INFO] [stderr]     Checking slab v0.4.3
[INFO] [stderr]     Checking futures-io v0.3.16
[INFO] [stderr]    Compiling quote v1.0.9
[INFO] [stderr]    Compiling rand_pcg v0.1.2
[INFO] [stderr]    Compiling rand_chacha v0.1.1
[INFO] [stderr]     Checking rlp v0.4.6
[INFO] [stderr]    Compiling num-complex v0.2.4
[INFO] [stderr]     Checking tap v1.0.1
[INFO] [stderr]     Checking getrandom v0.2.3
[INFO] [stderr]     Checking rand v0.4.6
[INFO] [stderr]     Checking num_cpus v1.13.0
[INFO] [stderr]     Checking rand_core v0.6.3
[INFO] [stderr]     Checking rand_core v0.5.1
[INFO] [stderr]     Checking rand v0.5.6
[INFO] [stderr]     Checking funty v1.1.0
[INFO] [stderr]     Checking static_assertions v0.2.5
[INFO] [stderr]     Checking wyz v0.2.0
[INFO] [stderr]     Checking arrayvec v0.5.2
[INFO] [stderr]     Checking rand_chacha v0.3.1
[INFO] [stderr]     Checking bytes v1.1.0
[INFO] [stderr]    Compiling ucd-trie v0.1.3
[INFO] [stderr]     Checking arrayref v0.3.6
[INFO] [stderr]     Checking rand_chacha v0.2.2
[INFO] [stderr]     Checking generic-array v0.12.4
[INFO] [stderr]    Compiling pest v2.1.3
[INFO] [stderr]     Checking crossbeam-deque v0.7.4
[INFO] [stderr]     Checking digest v0.9.0
[INFO] [stderr]     Checking rand v0.8.4
[INFO] [stderr]     Checking impl-rlp v0.2.1
[INFO] [stderr]     Checking rlp v0.5.1
[INFO] [stderr]     Checking crossbeam-channel v0.4.4
[INFO] [stderr]     Checking crossbeam-queue v0.2.3
[INFO] [stderr]     Checking bitvec v0.20.4
[INFO] [stderr]    Compiling rand v0.6.5
[INFO] [stderr]    Compiling num-bigint v0.2.6
[INFO] [stderr]     Checking digest v0.8.1
[INFO] [stderr]     Checking block-padding v0.2.1
[INFO] [stderr]     Checking fixed-hash v0.3.2
[INFO] [stderr]     Checking byte-slice-cast v1.1.0
[INFO] [stderr]    Compiling maplit v1.0.2
[INFO] [stderr]     Checking arrayvec v0.7.1
[INFO] [stderr]     Checking tinyvec v1.3.1
[INFO] [stderr]     Checking block-buffer v0.9.0
[INFO] [stderr]     Checking impl-rlp v0.3.0
[INFO] [stderr]     Checking block-buffer v0.7.3
[INFO] [stderr]     Checking approx v0.3.2
[INFO] [stderr]     Checking rand v0.7.3
[INFO] [stderr]     Checking blake2s_simd v0.5.11
[INFO] [stderr]     Checking blake2s_const v0.6.0 (https://github.com/matter-labs/bellman?branch=beta#5809cc16)
[INFO] [stderr]    Compiling pest_meta v2.1.3
[INFO] [stdout] error[E0308]: mismatched types
[INFO] [stdout]   --> /opt/rustwide/cargo-home/registry/src/index.crates.io-6f17d22bba15001f/num-bigint-0.4.0/src/biguint/convert.rs:70:19
[INFO] [stdout]    |
[INFO] [stdout] 70 |         .div_ceil(&big_digit::BITS.into())
[INFO] [stdout]    |          -------- ^^^^^^^^^^^^^^^^^^^^^^^ expected `u64`, found `&_`
[INFO] [stdout]    |          |
[INFO] [stdout]    |          arguments to this method are incorrect
[INFO] [stdout]    |
[INFO] [stdout]    = note:   expected type `u64`
[INFO] [stdout]            found reference `&_`
[INFO] [stdout] note: method defined here
[INFO] [stdout]   --> /rustc/82e1608dfa6e0b5569232559e3d385fea5a93112/library/core/src/num/mod.rs:1169:5
[INFO] [stdout]    = note: this error originates in the macro `uint_impl` (in Nightly builds, run with -Z macro-backtrace for more info)
[INFO] [stdout] help: consider removing the borrow
[INFO] [stdout]    |
[INFO] [stdout] 70 -         .div_ceil(&big_digit::BITS.into())
[INFO] [stdout] 70 +         .div_ceil(big_digit::BITS.into())
[INFO] [stdout]    |
[INFO] [stdout] 
[INFO] [stdout] 
[INFO] [stderr]     Checking rand_os v0.1.3
[INFO] [stdout] error[E0308]: mismatched types
[INFO] [stdout]    --> /opt/rustwide/cargo-home/registry/src/index.crates.io-6f17d22bba15001f/num-bigint-0.4.0/src/biguint/convert.rs:585:19
[INFO] [stdout]     |
[INFO] [stdout] 585 |         .div_ceil(&u64::from(bits))
[INFO] [stdout]     |          -------- ^^^^^^^^^^^^^^^^ expected `u64`, found `&u64`
[INFO] [stdout]     |          |
[INFO] [stdout]     |          arguments to this method are incorrect
[INFO] [stdout]     |
[INFO] [stdout] note: method defined here
[INFO] [stdout]    --> /rustc/82e1608dfa6e0b5569232559e3d385fea5a93112/library/core/src/num/mod.rs:1169:5
[INFO] [stdout]     = note: this error originates in the macro `uint_impl` (in Nightly builds, run with -Z macro-backtrace for more info)
[INFO] [stdout] help: consider removing the borrow
[INFO] [stdout]     |
[INFO] [stdout] 585 -         .div_ceil(&u64::from(bits))
[INFO] [stdout] 585 +         .div_ceil(u64::from(bits))
[INFO] [stdout]     |
[INFO] [stdout] 
[INFO] [stdout] 
[INFO] [stdout] error[E0308]: mismatched types
[INFO] [stdout]    --> /opt/rustwide/cargo-home/registry/src/index.crates.io-6f17d22bba15001f/num-bigint-0.4.0/src/biguint/convert.rs:613:19
[INFO] [stdout]     |
[INFO] [stdout] 613 |         .div_ceil(&u64::from(bits))
[INFO] [stdout]     |          -------- ^^^^^^^^^^^^^^^^ expected `u64`, found `&u64`
[INFO] [stdout]     |          |
[INFO] [stdout]     |          arguments to this method are incorrect
[INFO] [stdout]     |
[INFO] [stdout] note: method defined here
[INFO] [stdout]    --> /rustc/82e1608dfa6e0b5569232559e3d385fea5a93112/library/core/src/num/mod.rs:1169:5
[INFO] [stdout]     = note: this error originates in the macro `uint_impl` (in Nightly builds, run with -Z macro-backtrace for more info)
[INFO] [stdout] help: consider removing the borrow
[INFO] [stdout]     |
[INFO] [stdout] 613 -         .div_ceil(&u64::from(bits))
[INFO] [stdout] 613 +         .div_ceil(u64::from(bits))
[INFO] [stdout]     |
[INFO] [stdout] 
[INFO] [stdout] 
[INFO] [stderr]     Checking uint v0.7.1
[INFO] [stderr]     Checking rand_xorshift v0.1.1
[INFO] [stdout] error[E0308]: mismatched types
[INFO] [stdout]    --> /opt/rustwide/cargo-home/registry/src/index.crates.io-6f17d22bba15001f/num-bigint-0.4.0/src/biguint.rs:398:54
[INFO] [stdout]     |
[INFO] [stdout] 398 |                 let root_scale = extra_bits.div_ceil(&n64);
[INFO] [stdout]     |                                             -------- ^^^^ expected `u64`, found `&u64`
[INFO] [stdout]     |                                             |
[INFO] [stdout]     |                                             arguments to this method are incorrect
[INFO] [stdout]     |
[INFO] [stdout] note: method defined here
[INFO] [stdout]    --> /rustc/82e1608dfa6e0b5569232559e3d385fea5a93112/library/core/src/num/mod.rs:1169:5
[INFO] [stdout]     = note: this error originates in the macro `uint_impl` (in Nightly builds, run with -Z macro-backtrace for more info)
[INFO] [stdout] help: consider removing the borrow
[INFO] [stdout]     |
[INFO] [stdout] 398 -                 let root_scale = extra_bits.div_ceil(&n64);
[INFO] [stdout] 398 +                 let root_scale = extra_bits.div_ceil(n64);
[INFO] [stdout]     |
[INFO] [stdout] 
[INFO] [stdout] 
[INFO] [stderr]     Checking crossbeam v0.7.3
[INFO] [stderr]     Checking rand_isaac v0.1.1
[INFO] [stdout] error: aborting due to 4 previous errors
[INFO] [stdout] 
[INFO] [stdout] 
[INFO] [stdout] For more information about this error, try `rustc --explain E0308`.
[INFO] [stdout] 
[INFO] [stderr] error: could not compile `num-bigint` (lib) due to 5 previous errors
[INFO] [stderr] warning: build failed, waiting for other jobs to finish...
[INFO] running `Command { std: "docker" "inspect" "b00011cafd5127ae07ba98e374bba3db52c1d3fd434260a6294f465f370c80ad", kill_on_drop: false }`
[INFO] running `Command { std: "docker" "rm" "-f" "b00011cafd5127ae07ba98e374bba3db52c1d3fd434260a6294f465f370c80ad", kill_on_drop: false }`
[INFO] [stdout] b00011cafd5127ae07ba98e374bba3db52c1d3fd434260a6294f465f370c80ad
