[INFO] cloning repository https://github.com/FlareFlo/esp-playground
[INFO] running `Command { std: "git" "-c" "credential.helper=" "-c" "credential.helper=/workspace/cargo-home/bin/git-credential-null" "clone" "--bare" "https://github.com/FlareFlo/esp-playground" "/workspace/cache/git-repos/https%3A%2F%2Fgithub.com%2FFlareFlo%2Fesp-playground", kill_on_drop: false }`
[INFO] [stderr] Cloning into bare repository '/workspace/cache/git-repos/https%3A%2F%2Fgithub.com%2FFlareFlo%2Fesp-playground'...
[INFO] running `Command { std: "git" "rev-parse" "HEAD", kill_on_drop: false }`
[INFO] [stdout] 42fbee1fcdafe39710ebcff170709b5c96f799a1
[INFO] documenting FlareFlo/esp-playground against 1.75.0 for beta-1.76-rustdoc-1
[INFO] running `Command { std: "git" "clone" "/workspace/cache/git-repos/https%3A%2F%2Fgithub.com%2FFlareFlo%2Fesp-playground" "/workspace/builds/worker-2-tc1/source", kill_on_drop: false }`
[INFO] [stderr] Cloning into '/workspace/builds/worker-2-tc1/source'...
[INFO] [stderr] done.
[INFO] validating manifest of git repo https://github.com/FlareFlo/esp-playground on toolchain 1.75.0
[INFO] running `Command { std: CARGO_HOME="/workspace/cargo-home" RUSTUP_HOME="/workspace/rustup-home" "/workspace/cargo-home/bin/cargo" "+1.75.0" "metadata" "--manifest-path" "Cargo.toml" "--no-deps", kill_on_drop: false }`
[INFO] removed /workspace/builds/worker-2-tc1/source/.cargo/config.toml
[INFO] removed /workspace/builds/worker-2-tc1/source/rust-toolchain.toml
[INFO] started tweaking git repo https://github.com/FlareFlo/esp-playground
[INFO] finished tweaking git repo https://github.com/FlareFlo/esp-playground
[INFO] tweaked toml for git repo https://github.com/FlareFlo/esp-playground written to /workspace/builds/worker-2-tc1/source/Cargo.toml
[INFO] crate git repo https://github.com/FlareFlo/esp-playground already has a lockfile, it will not be regenerated
[INFO] running `Command { std: CARGO_HOME="/workspace/cargo-home" RUSTUP_HOME="/workspace/rustup-home" "/workspace/cargo-home/bin/cargo" "+1.75.0" "fetch" "--manifest-path" "Cargo.toml", kill_on_drop: false }`
[INFO] [stderr]     Updating crates.io index
[INFO] [stderr]     Updating git repository `https://github.com/esp-rs/esp-wifi.git`
[INFO] [stderr]  Downloading crates ...
[INFO] [stderr]   Downloaded r0 v1.0.0
[INFO] [stderr]   Downloaded crc_all v0.2.2
[INFO] [stderr]   Downloaded xtensa-lx-rt-proc-macros v0.2.0
[INFO] [stderr]   Downloaded xtensa-lx-rt v0.15.0
[INFO] [stderr]   Downloaded riscv-rt-macros v0.2.0
[INFO] [stderr]   Downloaded xtensa-lx v0.8.0
[INFO] [stderr]   Downloaded esp-hal-procmacros v0.6.0
[INFO] [stderr]   Downloaded esp-alloc v0.3.0
[INFO] [stderr]   Downloaded riscv-atomic-emulation-trap v0.4.0
[INFO] [stderr]   Downloaded esp-backtrace v0.7.0
[INFO] [stderr]   Downloaded esp-println v0.5.0
[INFO] [stderr]   Downloaded mutex-trait v0.2.0
[INFO] [stderr]   Downloaded toml-cfg v0.1.3
[INFO] [stderr]   Downloaded riscv v0.10.1
[INFO] [stderr]   Downloaded esp32-hal v0.14.0
[INFO] [stderr]   Downloaded embedded-svc v0.25.3
[INFO] [stderr]   Downloaded minijinja v0.15.0
[INFO] [stderr]   Downloaded esp-hal-common v0.11.0
[INFO] [stderr]   Downloaded core-isa-parser v0.2.0
[INFO] [stderr]   Downloaded enumset v1.1.2
[INFO] [stderr]   Downloaded esp-riscv-rt v0.4.0
[INFO] [stderr]   Downloaded aht20 v0.1.0
[INFO] [stderr]   Downloaded esp32c3-hal v0.11.0
[INFO] [stderr]   Downloaded esp32c3 v0.16.0
[INFO] [stderr]   Downloaded esp32 v0.25.0
[INFO] running `Command { std: "docker" "create" "-v" "/var/lib/crater-agent-workspace/builds/worker-2-tc1/target:/opt/rustwide/target:rw,Z" "-v" "/var/lib/crater-agent-workspace/builds/worker-2-tc1/source:/opt/rustwide/workdir:ro,Z" "-v" "/var/lib/crater-agent-workspace/cargo-home:/opt/rustwide/cargo-home:ro,Z" "-v" "/var/lib/crater-agent-workspace/rustup-home:/opt/rustwide/rustup-home:ro,Z" "-e" "SOURCE_DIR=/opt/rustwide/workdir" "-e" "CARGO_TARGET_DIR=/opt/rustwide/target" "-e" "CARGO_HOME=/opt/rustwide/cargo-home" "-e" "RUSTUP_HOME=/opt/rustwide/rustup-home" "-w" "/opt/rustwide/workdir" "-m" "1610612736" "--user" "0:0" "--network" "none" "ghcr.io/rust-lang/crates-build-env/linux@sha256:2788e3201cd34a07e3172128adcd8b3090168a8e3bcc40d7c032b9dda1df7d1c" "/opt/rustwide/cargo-home/bin/cargo" "+1.75.0" "metadata" "--no-deps" "--format-version=1", kill_on_drop: false }`
[INFO] [stdout] e52510603eaa8af8d73ba8732a8ff138c7c125a9bef5b223be5b62ee46c4124b
[INFO] running `Command { std: "docker" "start" "-a" "e52510603eaa8af8d73ba8732a8ff138c7c125a9bef5b223be5b62ee46c4124b", kill_on_drop: false }`
[INFO] running `Command { std: "docker" "inspect" "e52510603eaa8af8d73ba8732a8ff138c7c125a9bef5b223be5b62ee46c4124b", kill_on_drop: false }`
[INFO] running `Command { std: "docker" "rm" "-f" "e52510603eaa8af8d73ba8732a8ff138c7c125a9bef5b223be5b62ee46c4124b", kill_on_drop: false }`
[INFO] [stdout] e52510603eaa8af8d73ba8732a8ff138c7c125a9bef5b223be5b62ee46c4124b
[INFO] running `Command { std: "docker" "create" "-v" "/var/lib/crater-agent-workspace/builds/worker-2-tc1/target:/opt/rustwide/target:rw,Z" "-v" "/var/lib/crater-agent-workspace/builds/worker-2-tc1/source:/opt/rustwide/workdir:ro,Z" "-v" "/var/lib/crater-agent-workspace/cargo-home:/opt/rustwide/cargo-home:ro,Z" "-v" "/var/lib/crater-agent-workspace/rustup-home:/opt/rustwide/rustup-home:ro,Z" "-e" "SOURCE_DIR=/opt/rustwide/workdir" "-e" "CARGO_TARGET_DIR=/opt/rustwide/target" "-e" "CARGO_INCREMENTAL=0" "-e" "RUST_BACKTRACE=full" "-e" "RUSTFLAGS=--cap-lints=warn" "-e" "RUSTDOCFLAGS=--cap-lints=warn" "-e" "CARGO_HOME=/opt/rustwide/cargo-home" "-e" "RUSTUP_HOME=/opt/rustwide/rustup-home" "-w" "/opt/rustwide/workdir" "-m" "1610612736" "--user" "0:0" "--network" "none" "ghcr.io/rust-lang/crates-build-env/linux@sha256:2788e3201cd34a07e3172128adcd8b3090168a8e3bcc40d7c032b9dda1df7d1c" "/opt/rustwide/cargo-home/bin/cargo" "+1.75.0" "doc" "--frozen" "--no-deps" "--document-private-items" "--message-format=json", kill_on_drop: false }`
[INFO] [stdout] 02c6090bfb27c6a560da62b6e65dc8e5f030446f052354be0d43316bc03a98ba
[INFO] running `Command { std: "docker" "start" "-a" "02c6090bfb27c6a560da62b6e65dc8e5f030446f052354be0d43316bc03a98ba", kill_on_drop: false }`
[INFO] [stderr]    Compiling proc-macro2 v1.0.66
[INFO] [stderr]    Compiling quote v1.0.28
[INFO] [stderr]    Compiling unicode-ident v1.0.9
[INFO] [stderr]    Compiling syn v1.0.109
[INFO] [stderr]     Checking critical-section v1.1.2
[INFO] [stderr]    Compiling serde v1.0.188
[INFO] [stderr]    Compiling fnv v1.0.7
[INFO] [stderr]    Compiling ident_case v1.0.1
[INFO] [stderr]    Compiling strsim v0.10.0
[INFO] [stderr]    Compiling semver v1.0.18
[INFO] [stderr]    Compiling indexmap v1.9.3
[INFO] [stderr]     Checking nb v1.1.0
[INFO] [stderr]    Compiling lock_api v0.4.10
[INFO] [stderr]     Checking void v1.0.2
[INFO] [stderr]    Compiling rustversion v1.0.12
[INFO] [stderr]     Checking stable_deref_trait v1.2.0
[INFO] [stderr]     Checking scopeguard v1.2.0
[INFO] [stderr]    Compiling toml_datetime v0.6.2
[INFO] [stderr]    Compiling heck v0.4.1
[INFO] [stderr]     Checking nb v0.1.3
[INFO] [stderr]    Compiling riscv v0.10.1
[INFO] [stderr]    Compiling anyhow v1.0.75
[INFO] [stderr]    Compiling winnow v0.4.7
[INFO] [stderr]     Checking embedded-hal v0.2.7
[INFO] [stderr]    Compiling log v0.4.18
[INFO] [stderr]    Compiling esp-riscv-rt v0.4.0
[INFO] [stderr]     Checking bit_field v0.10.2
[INFO] [stderr]    Compiling paste v1.0.14
[INFO] [stderr]    Compiling once_cell v1.18.0
[INFO] [stderr]    Compiling esp32c3 v0.16.0
[INFO] [stderr]     Checking byteorder v1.4.3
[INFO] [stderr]     Checking gcd v2.3.0
[INFO] [stderr]     Checking vcell v0.1.3
[INFO] [stderr]     Checking fugit v0.3.7
[INFO] [stderr]     Checking embedded-dma v0.2.0
[INFO] [stderr]     Checking hash32 v0.2.1
[INFO] [stderr]     Checking spin v0.9.8
[INFO] [stderr]    Compiling num-traits v0.2.16
[INFO] [stderr]     Checking bitflags v2.4.0
[INFO] [stderr]    Compiling rustc_version v0.4.0
[INFO] [stderr]    Compiling esp-println v0.5.0
[INFO] [stderr]    Compiling atomic-polyfill v1.0.3
[INFO] [stderr]     Checking bitfield v0.14.0
[INFO] [stderr]    Compiling esp32c3-hal v0.11.0
[INFO] [stderr]     Checking riscv-atomic-emulation-trap v0.4.0
[INFO] [stderr]    Compiling smoltcp v0.10.0
[INFO] [stderr]     Checking embedded-io v0.4.0
[INFO] [stderr]     Checking linked_list_allocator v0.10.5
[INFO] [stderr]    Compiling esp-wifi-sys v0.1.0 (https://github.com/esp-rs/esp-wifi.git?rev=fd172502cdef96ab9e464cc5c9b072106d8dc00d#fd172502)
[INFO] [stderr]    Compiling esp-wifi v0.1.0 (https://github.com/esp-rs/esp-wifi.git?rev=fd172502cdef96ab9e464cc5c9b072106d8dc00d#fd172502)
[INFO] [stderr]     Checking atomic-waker v1.1.1
[INFO] [stderr]     Checking spin v0.5.2
[INFO] [stderr]     Checking managed v0.8.0
[INFO] [stderr]     Checking no-std-net v0.5.0
[INFO] [stderr]    Compiling heapless v0.7.16
[INFO] [stderr]    Compiling esp-backtrace v0.7.0
[INFO] [stderr]     Checking lazy_static v1.4.0
[INFO] [stderr]    Compiling syn v2.0.29
[INFO] [stderr]     Checking crc_all v0.2.2
[INFO] [stderr]     Checking esp-alloc v0.3.0
[INFO] [stderr]     Checking aht20 v0.1.0
[INFO] [stderr]    Compiling proc-macro-error-attr v1.0.4
[INFO] [stdout] error[E0583]: file not found for module `arch`
[INFO] [stdout]  --> /opt/rustwide/cargo-home/registry/src/index.crates.io-6f17d22bba15001f/esp-backtrace-0.7.0/src/lib.rs:8:1
[INFO] [stdout]   |
[INFO] [stdout] 8 | pub mod arch;
[INFO] [stdout]   | ^^^^^^^^^^^^^
[INFO] [stdout]   |
[INFO] [stdout]   = help: to create the module `arch`, create file "/opt/rustwide/cargo-home/registry/src/index.crates.io-6f17d22bba15001f/esp-backtrace-0.7.0/src/arch.rs" or "/opt/rustwide/cargo-home/registry/src/index.crates.io-6f17d22bba15001f/esp-backtrace-0.7.0/src/arch/mod.rs"
[INFO] [stdout]   = note: if there is a `mod arch` elsewhere in the crate already, import it with `use crate::...` instead
[INFO] [stdout] 
[INFO] [stdout] 
[INFO] [stdout] error[E0425]: cannot find function `backtrace` in module `crate::arch`
[INFO] [stdout]   --> /opt/rustwide/cargo-home/registry/src/index.crates.io-6f17d22bba15001f/esp-backtrace-0.7.0/src/lib.rs:31:34
[INFO] [stdout]    |
[INFO] [stdout] 31 |     let backtrace = crate::arch::backtrace();
[INFO] [stdout]    |                                  ^^^^^^^^^ not found in `crate::arch`
[INFO] [stdout] 
[INFO] [stdout] 
[INFO] [stdout] error: aborting due to 2 previous errors
[INFO] [stdout] 
[INFO] [stdout] 
[INFO] [stdout] Some errors have detailed explanations: E0425, E0583.
[INFO] [stdout] 
[INFO] [stdout] For more information about an error, try `rustc --explain E0425`.
[INFO] [stdout] 
[INFO] [stderr] error: could not compile `esp-backtrace` (lib) due to 3 previous errors
[INFO] [stderr] warning: build failed, waiting for other jobs to finish...
[INFO] running `Command { std: "docker" "inspect" "02c6090bfb27c6a560da62b6e65dc8e5f030446f052354be0d43316bc03a98ba", kill_on_drop: false }`
[INFO] running `Command { std: "docker" "rm" "-f" "02c6090bfb27c6a560da62b6e65dc8e5f030446f052354be0d43316bc03a98ba", kill_on_drop: false }`
[INFO] [stdout] 02c6090bfb27c6a560da62b6e65dc8e5f030446f052354be0d43316bc03a98ba
[INFO] documenting FlareFlo/esp-playground against beta-2023-12-22 for beta-1.76-rustdoc-1
[INFO] running `Command { std: "git" "clone" "/workspace/cache/git-repos/https%3A%2F%2Fgithub.com%2FFlareFlo%2Fesp-playground" "/workspace/builds/worker-2-tc2/source", kill_on_drop: false }`
[INFO] [stderr] Cloning into '/workspace/builds/worker-2-tc2/source'...
[INFO] [stderr] done.
[INFO] validating manifest of git repo https://github.com/FlareFlo/esp-playground on toolchain beta-2023-12-22
[INFO] running `Command { std: CARGO_HOME="/workspace/cargo-home" RUSTUP_HOME="/workspace/rustup-home" "/workspace/cargo-home/bin/cargo" "+beta-2023-12-22" "metadata" "--manifest-path" "Cargo.toml" "--no-deps", kill_on_drop: false }`
[INFO] removed /workspace/builds/worker-2-tc2/source/.cargo/config.toml
[INFO] removed /workspace/builds/worker-2-tc2/source/rust-toolchain.toml
[INFO] started tweaking git repo https://github.com/FlareFlo/esp-playground
[INFO] finished tweaking git repo https://github.com/FlareFlo/esp-playground
[INFO] tweaked toml for git repo https://github.com/FlareFlo/esp-playground written to /workspace/builds/worker-2-tc2/source/Cargo.toml
[INFO] crate git repo https://github.com/FlareFlo/esp-playground already has a lockfile, it will not be regenerated
[INFO] running `Command { std: CARGO_HOME="/workspace/cargo-home" RUSTUP_HOME="/workspace/rustup-home" "/workspace/cargo-home/bin/cargo" "+beta-2023-12-22" "fetch" "--manifest-path" "Cargo.toml", kill_on_drop: false }`
[INFO] running `Command { std: "docker" "create" "-v" "/var/lib/crater-agent-workspace/builds/worker-2-tc2/target:/opt/rustwide/target:rw,Z" "-v" "/var/lib/crater-agent-workspace/builds/worker-2-tc2/source:/opt/rustwide/workdir:ro,Z" "-v" "/var/lib/crater-agent-workspace/cargo-home:/opt/rustwide/cargo-home:ro,Z" "-v" "/var/lib/crater-agent-workspace/rustup-home:/opt/rustwide/rustup-home:ro,Z" "-e" "SOURCE_DIR=/opt/rustwide/workdir" "-e" "CARGO_TARGET_DIR=/opt/rustwide/target" "-e" "CARGO_HOME=/opt/rustwide/cargo-home" "-e" "RUSTUP_HOME=/opt/rustwide/rustup-home" "-w" "/opt/rustwide/workdir" "-m" "1610612736" "--user" "0:0" "--network" "none" "ghcr.io/rust-lang/crates-build-env/linux@sha256:2788e3201cd34a07e3172128adcd8b3090168a8e3bcc40d7c032b9dda1df7d1c" "/opt/rustwide/cargo-home/bin/cargo" "+beta-2023-12-22" "metadata" "--no-deps" "--format-version=1", kill_on_drop: false }`
[INFO] [stdout] 244d853355f069d5bc8e0142c0b659b269560d93cbaf7f80fd808c26a8054447
[INFO] running `Command { std: "docker" "start" "-a" "244d853355f069d5bc8e0142c0b659b269560d93cbaf7f80fd808c26a8054447", kill_on_drop: false }`
[INFO] running `Command { std: "docker" "inspect" "244d853355f069d5bc8e0142c0b659b269560d93cbaf7f80fd808c26a8054447", kill_on_drop: false }`
[INFO] running `Command { std: "docker" "rm" "-f" "244d853355f069d5bc8e0142c0b659b269560d93cbaf7f80fd808c26a8054447", kill_on_drop: false }`
[INFO] [stdout] 244d853355f069d5bc8e0142c0b659b269560d93cbaf7f80fd808c26a8054447
[INFO] running `Command { std: "docker" "create" "-v" "/var/lib/crater-agent-workspace/builds/worker-2-tc2/target:/opt/rustwide/target:rw,Z" "-v" "/var/lib/crater-agent-workspace/builds/worker-2-tc2/source:/opt/rustwide/workdir:ro,Z" "-v" "/var/lib/crater-agent-workspace/cargo-home:/opt/rustwide/cargo-home:ro,Z" "-v" "/var/lib/crater-agent-workspace/rustup-home:/opt/rustwide/rustup-home:ro,Z" "-e" "SOURCE_DIR=/opt/rustwide/workdir" "-e" "CARGO_TARGET_DIR=/opt/rustwide/target" "-e" "CARGO_INCREMENTAL=0" "-e" "RUST_BACKTRACE=full" "-e" "RUSTFLAGS=--cap-lints=warn" "-e" "RUSTDOCFLAGS=--cap-lints=warn" "-e" "CARGO_HOME=/opt/rustwide/cargo-home" "-e" "RUSTUP_HOME=/opt/rustwide/rustup-home" "-w" "/opt/rustwide/workdir" "-m" "1610612736" "--user" "0:0" "--network" "none" "ghcr.io/rust-lang/crates-build-env/linux@sha256:2788e3201cd34a07e3172128adcd8b3090168a8e3bcc40d7c032b9dda1df7d1c" "/opt/rustwide/cargo-home/bin/cargo" "+beta-2023-12-22" "doc" "--frozen" "--no-deps" "--document-private-items" "--message-format=json", kill_on_drop: false }`
[INFO] [stdout] d20fb55f40b771fb57a39596fa8d1f371cd4593eac75d8a58836120b675d5fb2
[INFO] running `Command { std: "docker" "start" "-a" "d20fb55f40b771fb57a39596fa8d1f371cd4593eac75d8a58836120b675d5fb2", kill_on_drop: false }`
[INFO] [stderr]    Compiling proc-macro2 v1.0.66
[INFO] [stderr]    Compiling unicode-ident v1.0.9
[INFO] [stderr]    Compiling quote v1.0.28
[INFO] [stderr]    Compiling syn v1.0.109
[INFO] [stderr]    Compiling strsim v0.10.0
[INFO] [stderr]     Checking critical-section v1.1.2
[INFO] [stderr]    Compiling fnv v1.0.7
[INFO] [stderr]    Compiling ident_case v1.0.1
[INFO] [stderr]    Compiling serde v1.0.188
[INFO] [stderr]    Compiling semver v1.0.18
[INFO] [stderr]     Checking nb v1.1.0
[INFO] [stderr]    Compiling rustversion v1.0.12
[INFO] [stderr]     Checking stable_deref_trait v1.2.0
[INFO] [stderr]    Compiling indexmap v1.9.3
[INFO] [stderr]    Compiling lock_api v0.4.10
[INFO] [stderr]     Checking void v1.0.2
[INFO] [stderr]    Compiling winnow v0.4.7
[INFO] [stderr]    Compiling heck v0.4.1
[INFO] [stderr]    Compiling toml_datetime v0.6.2
[INFO] [stderr]     Checking scopeguard v1.2.0
[INFO] [stderr]    Compiling anyhow v1.0.75
[INFO] [stderr]     Checking nb v0.1.3
[INFO] [stderr]    Compiling riscv v0.10.1
[INFO] [stderr]    Compiling esp32c3 v0.16.0
[INFO] [stderr]     Checking embedded-hal v0.2.7
[INFO] [stderr]    Compiling esp-riscv-rt v0.4.0
[INFO] [stderr]    Compiling paste v1.0.14
[INFO] [stderr]     Checking byteorder v1.4.3
[INFO] [stderr]    Compiling once_cell v1.18.0
[INFO] [stderr]    Compiling log v0.4.18
[INFO] [stderr]     Checking bit_field v0.10.2
[INFO] [stderr]     Checking gcd v2.3.0
[INFO] [stderr]     Checking vcell v0.1.3
[INFO] [stderr]     Checking hash32 v0.2.1
[INFO] [stderr]     Checking fugit v0.3.7
[INFO] [stderr]     Checking embedded-dma v0.2.0
[INFO] [stderr]     Checking spin v0.9.8
[INFO] [stderr]    Compiling num-traits v0.2.16
[INFO] [stderr]    Compiling esp32c3-hal v0.11.0
[INFO] [stderr]    Compiling esp-println v0.5.0
[INFO] [stderr]    Compiling rustc_version v0.4.0
[INFO] [stderr]     Checking bitflags v2.4.0
[INFO] [stderr]    Compiling atomic-polyfill v1.0.3
[INFO] [stderr]     Checking riscv-atomic-emulation-trap v0.4.0
[INFO] [stderr]    Compiling smoltcp v0.10.0
[INFO] [stderr]     Checking bitfield v0.14.0
[INFO] [stderr]    Compiling esp-backtrace v0.7.0
[INFO] [stderr]     Checking managed v0.8.0
[INFO] [stderr]     Checking linked_list_allocator v0.10.5
[INFO] [stderr]     Checking atomic-waker v1.1.1
[INFO] [stderr]     Checking embedded-io v0.4.0
[INFO] [stderr]    Compiling esp-wifi-sys v0.1.0 (https://github.com/esp-rs/esp-wifi.git?rev=fd172502cdef96ab9e464cc5c9b072106d8dc00d#fd172502)
[INFO] [stderr]    Compiling esp-wifi v0.1.0 (https://github.com/esp-rs/esp-wifi.git?rev=fd172502cdef96ab9e464cc5c9b072106d8dc00d#fd172502)
[INFO] [stderr]     Checking spin v0.5.2
[INFO] [stderr]     Checking no-std-net v0.5.0
[INFO] [stderr]    Compiling heapless v0.7.16
[INFO] [stderr]     Checking crc_all v0.2.2
[INFO] [stderr]     Checking lazy_static v1.4.0
[INFO] [stderr]    Compiling syn v2.0.29
[INFO] [stderr]     Checking aht20 v0.1.0
[INFO] [stderr]     Checking esp-alloc v0.3.0
[INFO] [stdout] error[E0583]: file not found for module `arch`
[INFO] [stdout]  --> /opt/rustwide/cargo-home/registry/src/index.crates.io-6f17d22bba15001f/esp-backtrace-0.7.0/src/lib.rs:8:1
[INFO] [stdout]   |
[INFO] [stdout] 8 | pub mod arch;
[INFO] [stdout]   | ^^^^^^^^^^^^^
[INFO] [stdout]   |
[INFO] [stdout]   = help: to create the module `arch`, create file "/opt/rustwide/cargo-home/registry/src/index.crates.io-6f17d22bba15001f/esp-backtrace-0.7.0/src/arch.rs" or "/opt/rustwide/cargo-home/registry/src/index.crates.io-6f17d22bba15001f/esp-backtrace-0.7.0/src/arch/mod.rs"
[INFO] [stdout]   = note: if there is a `mod arch` elsewhere in the crate already, import it with `use crate::...` instead
[INFO] [stdout] 
[INFO] [stdout] 
[INFO] [stdout] error[E0425]: cannot find function `backtrace` in module `crate::arch`
[INFO] [stdout]   --> /opt/rustwide/cargo-home/registry/src/index.crates.io-6f17d22bba15001f/esp-backtrace-0.7.0/src/lib.rs:31:34
[INFO] [stdout]    |
[INFO] [stdout] 31 |     let backtrace = crate::arch::backtrace();
[INFO] [stdout]    |                                  ^^^^^^^^^ not found in `crate::arch`
[INFO] [stdout] 
[INFO] [stdout] 
[INFO] [stdout] error: aborting due to 2 previous errors
[INFO] [stdout] 
[INFO] [stdout] 
[INFO] [stdout] Some errors have detailed explanations: E0425, E0583.
[INFO] [stdout] 
[INFO] [stdout] For more information about an error, try `rustc --explain E0425`.
[INFO] [stdout] 
[INFO] [stderr] error: could not compile `esp-backtrace` (lib) due to 3 previous errors
[INFO] [stderr] warning: build failed, waiting for other jobs to finish...
[INFO] running `Command { std: "docker" "inspect" "d20fb55f40b771fb57a39596fa8d1f371cd4593eac75d8a58836120b675d5fb2", kill_on_drop: false }`
[INFO] running `Command { std: "docker" "rm" "-f" "d20fb55f40b771fb57a39596fa8d1f371cd4593eac75d8a58836120b675d5fb2", kill_on_drop: false }`
[INFO] [stdout] d20fb55f40b771fb57a39596fa8d1f371cd4593eac75d8a58836120b675d5fb2
