[INFO] cloning repository https://github.com/Ferret-san/fuelmint
[INFO] running `Command { std: "git" "-c" "credential.helper=" "-c" "credential.helper=/workspace/cargo-home/bin/git-credential-null" "clone" "--bare" "https://github.com/Ferret-san/fuelmint" "/workspace/cache/git-repos/https%3A%2F%2Fgithub.com%2FFerret-san%2Ffuelmint", kill_on_drop: false }`
[INFO] [stderr] Cloning into bare repository '/workspace/cache/git-repos/https%3A%2F%2Fgithub.com%2FFerret-san%2Ffuelmint'...
[INFO] running `Command { std: "git" "rev-parse" "HEAD", kill_on_drop: false }`
[INFO] [stdout] 3d92f8273131a28d02a0bb0dc2922bf3dd92581d
[INFO] documenting Ferret-san/fuelmint against 1.75.0 for beta-1.76-rustdoc-1
[INFO] running `Command { std: "git" "clone" "/workspace/cache/git-repos/https%3A%2F%2Fgithub.com%2FFerret-san%2Ffuelmint" "/workspace/builds/worker-0-tc1/source", kill_on_drop: false }`
[INFO] [stderr] Cloning into '/workspace/builds/worker-0-tc1/source'...
[INFO] [stderr] done.
[INFO] validating manifest of git repo https://github.com/Ferret-san/fuelmint on toolchain 1.75.0
[INFO] running `Command { std: CARGO_HOME="/workspace/cargo-home" RUSTUP_HOME="/workspace/rustup-home" "/workspace/cargo-home/bin/cargo" "+1.75.0" "metadata" "--manifest-path" "Cargo.toml" "--no-deps", kill_on_drop: false }`
[INFO] started tweaking git repo https://github.com/Ferret-san/fuelmint
[INFO] finished tweaking git repo https://github.com/Ferret-san/fuelmint
[INFO] tweaked toml for git repo https://github.com/Ferret-san/fuelmint written to /workspace/builds/worker-0-tc1/source/Cargo.toml
[INFO] crate git repo https://github.com/Ferret-san/fuelmint already has a lockfile, it will not be regenerated
[INFO] running `Command { std: CARGO_HOME="/workspace/cargo-home" RUSTUP_HOME="/workspace/rustup-home" "/workspace/cargo-home/bin/cargo" "+1.75.0" "fetch" "--manifest-path" "Cargo.toml", kill_on_drop: false }`
[INFO] [stderr] warning: virtual workspace defaulting to `resolver = "1"` despite one or more workspace members being on edition 2021 which implies `resolver = "2"`
[INFO] [stderr] note: to keep the current resolver, specify `workspace.resolver = "1"` in the workspace root's manifest
[INFO] [stderr] note: to use the edition 2021 resolver, specify `workspace.resolver = "2"` in the workspace root's manifest
[INFO] [stderr] note: for more details see https://doc.rust-lang.org/cargo/reference/resolver.html#resolver-versions
[INFO] [stderr]     Updating crates.io index
[INFO] [stderr]     Updating git repository `https://github.com/penumbra-zone/tendermint-rs`
[INFO] [stderr]     Updating git repository `https://github.com/penumbra-zone/tower-abci/`
[INFO] [stderr]  Downloading crates ...
[INFO] [stderr]   Downloaded prometheus-client v0.18.1
[INFO] [stderr]   Downloaded fuel-core-txpool v0.17.2
[INFO] [stderr]   Downloaded fuel-storage v0.26.1
[INFO] [stderr]   Downloaded async-graphql-value v4.0.16
[INFO] [stderr]   Downloaded fuel-tx v0.26.1
[INFO] [stderr]   Downloaded prometheus-client-derive-text-encode v0.3.0
[INFO] [stderr]   Downloaded tendermint-proto v0.28.0
[INFO] [stderr]   Downloaded enum-iterator v1.3.0
[INFO] [stderr]   Downloaded tendermint-rpc v0.28.0
[INFO] [stderr]   Downloaded tendermint v0.28.0
[INFO] [stderr]   Downloaded fuel-vm v0.22.7
[INFO] [stderr]   Downloaded async-graphql v4.0.16
[INFO] [stderr]   Downloaded async-graphql-parser v4.0.16
[INFO] [stderr]   Downloaded postcard v1.0.4
[INFO] [stderr]   Downloaded librocksdb-sys v0.8.3+7.4.4
[INFO] [stderr]   Downloaded fuel-vm v0.26.1
[INFO] [stderr]   Downloaded fuel-tx v0.23.1
[INFO] [stderr]   Downloaded fuel-core-chain-config v0.17.2
[INFO] [stderr]   Downloaded fuel-core-database v0.17.2
[INFO] [stderr]   Downloaded tendermint-config v0.28.0
[INFO] [stderr]   Downloaded fuel-core-types v0.17.2
[INFO] [stderr]   Downloaded fuel-types v0.5.3
[INFO] [stderr]   Downloaded fuel-crypto v0.6.2
[INFO] [stderr]   Downloaded fuel-core-consensus-module v0.17.2
[INFO] [stderr]   Downloaded fuel-asm v0.26.1
[INFO] [stderr]   Downloaded fuel-core-importer v0.17.2
[INFO] [stderr]   Downloaded fuel-core-producer v0.17.2
[INFO] [stderr]   Downloaded fuel-core v0.17.2
[INFO] [stderr]   Downloaded fuel-core-executor v0.17.2
[INFO] [stderr]   Downloaded fuel-core-poa v0.17.2
[INFO] [stderr]   Downloaded fuel-core-metrics v0.17.3
[INFO] [stderr]   Downloaded fuel-core-services v0.17.2
[INFO] [stderr]   Downloaded fuel-core-storage v0.17.2
[INFO] [stderr]   Downloaded fuel-merkle v0.26.1
[INFO] [stderr]   Downloaded fuel-types v0.26.1
[INFO] [stderr]   Downloaded fuel-merkle v0.4.1
[INFO] [stderr]   Downloaded fuel-crypto v0.26.1
[INFO] [stderr]   Downloaded async-graphql-derive v4.0.16
[INFO] [stderr]   Downloaded dtoa v1.0.5
[INFO] [stderr]   Downloaded fuel-asm v0.10.0
[INFO] [stderr]   Downloaded fuel-storage v0.3.0
[INFO] running `Command { std: "docker" "create" "-v" "/var/lib/crater-agent-workspace/builds/worker-0-tc1/target:/opt/rustwide/target:rw,Z" "-v" "/var/lib/crater-agent-workspace/builds/worker-0-tc1/source:/opt/rustwide/workdir:ro,Z" "-v" "/var/lib/crater-agent-workspace/cargo-home:/opt/rustwide/cargo-home:ro,Z" "-v" "/var/lib/crater-agent-workspace/rustup-home:/opt/rustwide/rustup-home:ro,Z" "-e" "SOURCE_DIR=/opt/rustwide/workdir" "-e" "CARGO_TARGET_DIR=/opt/rustwide/target" "-e" "CARGO_HOME=/opt/rustwide/cargo-home" "-e" "RUSTUP_HOME=/opt/rustwide/rustup-home" "-w" "/opt/rustwide/workdir" "-m" "1610612736" "--user" "0:0" "--network" "none" "ghcr.io/rust-lang/crates-build-env/linux@sha256:2788e3201cd34a07e3172128adcd8b3090168a8e3bcc40d7c032b9dda1df7d1c" "/opt/rustwide/cargo-home/bin/cargo" "+1.75.0" "metadata" "--no-deps" "--format-version=1", kill_on_drop: false }`
[INFO] [stdout] 7af13d6c9a1c0652bb5f85b3c3d948b852f2c06e60b73f7fad9f2fa317dd64f5
[INFO] running `Command { std: "docker" "start" "-a" "7af13d6c9a1c0652bb5f85b3c3d948b852f2c06e60b73f7fad9f2fa317dd64f5", kill_on_drop: false }`
[INFO] running `Command { std: "docker" "inspect" "7af13d6c9a1c0652bb5f85b3c3d948b852f2c06e60b73f7fad9f2fa317dd64f5", kill_on_drop: false }`
[INFO] running `Command { std: "docker" "rm" "-f" "7af13d6c9a1c0652bb5f85b3c3d948b852f2c06e60b73f7fad9f2fa317dd64f5", kill_on_drop: false }`
[INFO] [stdout] 7af13d6c9a1c0652bb5f85b3c3d948b852f2c06e60b73f7fad9f2fa317dd64f5
[INFO] running `Command { std: "docker" "create" "-v" "/var/lib/crater-agent-workspace/builds/worker-0-tc1/target:/opt/rustwide/target:rw,Z" "-v" "/var/lib/crater-agent-workspace/builds/worker-0-tc1/source:/opt/rustwide/workdir:ro,Z" "-v" "/var/lib/crater-agent-workspace/cargo-home:/opt/rustwide/cargo-home:ro,Z" "-v" "/var/lib/crater-agent-workspace/rustup-home:/opt/rustwide/rustup-home:ro,Z" "-e" "SOURCE_DIR=/opt/rustwide/workdir" "-e" "CARGO_TARGET_DIR=/opt/rustwide/target" "-e" "CARGO_INCREMENTAL=0" "-e" "RUST_BACKTRACE=full" "-e" "RUSTFLAGS=--cap-lints=warn" "-e" "RUSTDOCFLAGS=--cap-lints=warn" "-e" "CARGO_HOME=/opt/rustwide/cargo-home" "-e" "RUSTUP_HOME=/opt/rustwide/rustup-home" "-w" "/opt/rustwide/workdir" "-m" "1610612736" "--user" "0:0" "--network" "none" "ghcr.io/rust-lang/crates-build-env/linux@sha256:2788e3201cd34a07e3172128adcd8b3090168a8e3bcc40d7c032b9dda1df7d1c" "/opt/rustwide/cargo-home/bin/cargo" "+1.75.0" "doc" "--frozen" "--no-deps" "--document-private-items" "--message-format=json", kill_on_drop: false }`
[INFO] [stdout] 93761d4d2d048d8479040153c8c734fa8bb0000ff782b58710d5377d752a1110
[INFO] running `Command { std: "docker" "start" "-a" "93761d4d2d048d8479040153c8c734fa8bb0000ff782b58710d5377d752a1110", kill_on_drop: false }`
[INFO] [stderr] warning: virtual workspace defaulting to `resolver = "1"` despite one or more workspace members being on edition 2021 which implies `resolver = "2"`
[INFO] [stderr] note: to keep the current resolver, specify `workspace.resolver = "1"` in the workspace root's manifest
[INFO] [stderr] note: to use the edition 2021 resolver, specify `workspace.resolver = "2"` in the workspace root's manifest
[INFO] [stderr] note: for more details see https://doc.rust-lang.org/cargo/reference/resolver.html#resolver-versions
[INFO] [stderr]    Compiling quote v1.0.23
[INFO] [stderr]    Compiling unicode-ident v1.0.6
[INFO] [stderr]    Compiling syn v1.0.107
[INFO] [stderr]    Compiling serde_derive v1.0.152
[INFO] [stderr]    Compiling serde v1.0.152
[INFO] [stderr]    Compiling typenum v1.16.0
[INFO] [stderr]     Checking once_cell v1.17.1
[INFO] [stderr]     Checking subtle v2.4.1
[INFO] [stderr]    Compiling unicode-xid v0.2.4
[INFO] [stderr]     Checking byteorder v1.4.3
[INFO] [stderr]     Checking itoa v1.0.5
[INFO] [stderr]    Compiling libc v0.2.139
[INFO] [stderr]     Checking getrandom v0.2.8
[INFO] [stderr]    Compiling thiserror v1.0.38
[INFO] [stderr]    Compiling futures-core v0.3.26
[INFO] [stderr]    Compiling ahash v0.7.6
[INFO] [stderr]    Compiling proc-macro2 v1.0.51
[INFO] [stderr]    Compiling serde_json v1.0.93
[INFO] [stderr]     Checking futures-sink v0.3.26
[INFO] [stderr]    Compiling slab v0.4.8
[INFO] [stderr]     Checking tracing-core v0.1.30
[INFO] [stderr]     Checking rand_core v0.6.4
[INFO] [stderr]     Checking base64ct v1.5.3
[INFO] [stderr]    Compiling anyhow v1.0.69
[INFO] [stderr]     Checking rand_chacha v0.3.1
[INFO] [stderr]    Compiling futures-task v0.3.26
[INFO] [stderr]    Compiling futures-channel v0.3.26
[INFO] [stderr]     Checking ryu v1.0.12
[INFO] [stderr]    Compiling futures-util v0.3.26
[INFO] [stderr]     Checking const-oid v0.9.1
[INFO] [stderr]     Checking futures-io v0.3.26
[INFO] [stderr]    Compiling parking_lot_core v0.9.7
[INFO] [stderr]     Checking byte-tools v0.3.1
[INFO] [stderr]     Checking ff v0.12.1
[INFO] [stderr]    Compiling indexmap v1.9.2
[INFO] [stderr]     Checking block-padding v0.1.5
[INFO] [stderr]     Checking base16ct v0.1.1
[INFO] [stderr]     Checking fake-simd v0.1.2
[INFO] [stderr]     Checking rand v0.8.5
[INFO] [stderr]     Checking group v0.12.1
[INFO] [stderr]     Checking opaque-debug v0.2.3
[INFO] [stderr]    Compiling tokio v1.25.0
[INFO] [stderr]     Checking base58 v0.1.0
[INFO] [stderr]     Checking keccak v0.1.3
[INFO] [stderr]     Checking mio v0.8.6
[INFO] [stderr]     Checking socket2 v0.4.7
[INFO] [stderr]     Checking num_cpus v1.15.0
[INFO] [stderr]     Checking signal-hook-registry v1.4.1
[INFO] [stderr]     Checking base64 v0.12.3
[INFO] [stderr]     Checking bech32 v0.7.3
[INFO] [stderr]     Checking either v1.8.1
[INFO] [stderr]     Checking hashbrown v0.12.3
[INFO] [stderr]     Checking password-hash v0.4.2
[INFO] [stderr]     Checking radium v0.3.0
[INFO] [stderr]    Compiling ahash v0.8.3
[INFO] [stderr]     Checking borrown v0.1.0
[INFO] [stderr]    Compiling memchr v2.5.0
[INFO] [stderr]     Checking parking_lot v0.12.1
[INFO] [stderr]    Compiling ident_case v1.0.1
[INFO] [stderr]    Compiling fnv v1.0.7
[INFO] [stderr]    Compiling strsim v0.10.0
[INFO] [stderr]     Checking fuel-storage v0.26.1
[INFO] [stderr]    Compiling async-trait v0.1.64
[INFO] [stderr]     Checking itertools v0.10.5
[INFO] [stderr]    Compiling semver v1.0.16
[INFO] [stderr]     Checking bitvec v0.17.4
[INFO] [stderr]    Compiling convert_case v0.4.0
[INFO] [stderr]     Checking spin v0.9.5
[INFO] [stderr]    Compiling jobserver v0.1.25
[INFO] [stderr]    Compiling aho-corasick v0.7.20
[INFO] [stderr]     Checking hashbrown v0.13.2
[INFO] [stderr]    Compiling glob v0.3.1
[INFO] [stderr]    Compiling regex-syntax v0.6.28
[INFO] [stderr]    Compiling paste v1.0.11
[INFO] [stderr]    Compiling eyre v0.6.8
[INFO] [stderr]     Checking indenter v0.3.3
[INFO] [stderr]    Compiling cc v1.0.79
[INFO] [stderr]    Compiling lazy_static v1.4.0
[INFO] [stderr]     Checking generic-array v0.14.6
[INFO] [stderr]     Checking generic-array v0.12.4
[INFO] [stderr]    Compiling rustc_version v0.4.0
[INFO] [stderr]    Compiling proc-macro-error-attr v1.0.4
[INFO] [stderr]     Checking hash32 v0.2.1
[INFO] [stderr]     Checking digest v0.8.1
[INFO] [stderr]     Checking block-buffer v0.7.3
[INFO] [stderr]    Compiling clang-sys v1.6.0
[INFO] [stderr]    Compiling time-macros v0.2.4
[INFO] [stderr]     Checking sha2 v0.8.2
[INFO] [stderr]     Checking num_threads v0.1.6
[INFO] [stderr]     Checking try-lock v0.2.4
[INFO] [stderr]    Compiling heapless v0.7.16
[INFO] [stderr]     Checking stable_deref_trait v1.2.0
[INFO] [stderr]     Checking block-buffer v0.10.3
[INFO] [stderr]     Checking crypto-common v0.1.6
[INFO] [stderr]     Checking digest v0.9.0
[INFO] [stderr]     Checking base58check v0.1.0
[INFO] [stderr]     Checking block-buffer v0.9.0
[INFO] [stderr]    Compiling nom v7.1.3
[INFO] [stderr]     Checking want v0.3.0
[INFO] [stderr]     Checking digest v0.10.6
[INFO] [stderr]    Compiling libloading v0.7.4
[INFO] [stderr]     Checking sha2 v0.9.9
[INFO] [stderr]     Checking hdrhistogram v7.5.2
[INFO] [stderr]    Compiling bindgen v0.64.0
[INFO] [stderr]     Checking cobs v0.2.3
[INFO] [stderr]     Checking bech32 v0.9.1
[INFO] [stderr]    Compiling heck v0.4.1
[INFO] [stderr]     Checking signature v1.6.4
[INFO] [stderr]     Checking sha2 v0.10.6
[INFO] [stderr]     Checking hmac v0.12.1
[INFO] [stderr]     Checking sha3 v0.10.6
[INFO] [stderr]     Checking ripemd v0.1.3
[INFO] [stderr]     Checking blake2 v0.10.6
[INFO] [stderr]     Checking flex-error v0.4.4
[INFO] [stderr]     Checking ed25519 v1.5.3
[INFO] [stderr]    Compiling openssl v0.10.45
[INFO] [stderr]    Compiling lazycell v1.3.0
[INFO] [stderr]    Compiling io-lifetimes v1.0.5
[INFO] [stderr]     Checking foreign-types-shared v0.1.1
[INFO] [stderr]    Compiling rustc-hash v1.1.0
[INFO] [stderr]    Compiling peeking_take_while v0.1.2
[INFO] [stderr]    Compiling bitflags v1.3.2
[INFO] [stderr]    Compiling secp256k1-sys v0.6.1
[INFO] [stderr]    Compiling openssl-sys v0.9.80
[INFO] [stderr]     Checking pbkdf2 v0.11.0
[INFO] [stderr]    Compiling shlex v1.1.0
[INFO] [stderr]     Checking foreign-types v0.3.2
[INFO] [stderr]    Compiling nom8 v0.2.0
[INFO] [stderr]     Checking rand_core v0.5.1
[INFO] [stderr]    Compiling toml_datetime v0.5.1
[INFO] [stderr]    Compiling native-tls v0.2.11
[INFO] [stderr]    Compiling rustix v0.36.8
[INFO] [stderr]     Checking unicode-bidi v0.3.10
[INFO] [stderr]    Compiling crunchy v0.2.2
[INFO] [stderr]     Checking encoding_rs v0.8.32
[INFO] [stderr]    Compiling multer v2.0.4
[INFO] [stderr]     Checking dtoa v1.0.5
[INFO] [stderr]     Checking fuel-types v0.5.3
[INFO] [stderr]     Checking subtle-ng v2.5.0
[INFO] [stderr]     Checking linux-raw-sys v0.1.4
[INFO] [stderr]     Checking idna v0.3.0
[INFO] [stderr]    Compiling regex v1.7.1
[INFO] [stderr]    Compiling rustversion v1.0.11
[INFO] [stderr]     Checking openssl-probe v0.1.5
[INFO] [stderr]     Checking sync_wrapper v0.1.2
[INFO] [stderr]     Checking atty v0.2.14
[INFO] [stderr]     Checking rustc-hex v2.1.0
[INFO] [stderr]     Checking fastrand v1.9.0
[INFO] [stderr]     Checking termcolor v1.2.0
[INFO] [stderr]    Compiling peg-runtime v0.7.0
[INFO] [stderr]     Checking remove_dir_all v0.5.3
[INFO] [stderr]     Checking fuel-storage v0.3.0
[INFO] [stderr]     Checking unicode-width v0.1.10
[INFO] [stderr]     Checking url v2.3.1
[INFO] [stderr]     Checking tempfile v3.3.0
[INFO] [stderr]     Checking fixed-hash v0.8.0
[INFO] [stderr]     Checking textwrap v0.11.0
[INFO] [stderr]    Compiling peg-macros v0.7.0
[INFO] [stderr]     Checking fuel-asm v0.10.0
[INFO] [stderr]     Checking clap_lex v0.3.1
[INFO] [stderr]     Checking time v0.3.11
[INFO] [stderr]    Compiling cexpr v0.6.0
[INFO] [stderr]     Checking strsim v0.8.0
[INFO] [stderr]     Checking overload v0.1.1
[INFO] [stderr]     Checking nu-ansi-term v0.46.0
[INFO] [stderr]     Checking clap v2.34.0
[INFO] [stderr]     Checking clap_lex v0.2.4
[INFO] [stderr]     Checking tracing-log v0.1.3
[INFO] [stderr]    Compiling Inflector v0.11.4
[INFO] [stderr]     Checking sharded-slab v0.1.4
[INFO] [stderr]     Checking uuid v1.3.0
[INFO] [stderr]     Checking thread_local v1.1.7
[INFO] [stderr]     Checking dirs-sys v0.3.7
[INFO] [stderr]     Checking ipnet v2.7.1
[INFO] [stderr]     Checking strum v0.24.1
[INFO] [stderr]     Checking textwrap v0.16.0
[INFO] [stderr]     Checking base64 v0.21.0
[INFO] [stderr]     Checking uuid v0.8.2
[INFO] [stderr]    Compiling synstructure v0.12.6
[INFO] [stderr]    Compiling darling_core v0.13.4
[INFO] [stderr]    Compiling proc-macro-error v1.0.4
[INFO] [stderr]    Compiling darling_core v0.14.3
[INFO] [stderr]     Checking tracing-subscriber v0.3.16
[INFO] [stderr]     Checking dirs v4.0.0
[INFO] [stderr]     Checking is-terminal v0.4.3
[INFO] [stderr]     Checking peg v0.7.0
[INFO] [stderr]    Compiling zeroize_derive v1.3.3
[INFO] [stderr]    Compiling thiserror-impl v1.0.38
[INFO] [stderr]    Compiling tracing-attributes v0.1.23
[INFO] [stderr]    Compiling futures-macro v0.3.26
[INFO] [stderr]    Compiling tokio-macros v1.8.2
[INFO] [stderr]    Compiling derivative v2.2.0
[INFO] [stderr]    Compiling pin-project-internal v1.0.12
[INFO] [stderr]    Compiling derive_more v0.99.17
[INFO] [stderr]    Compiling darling_macro v0.13.4
[INFO] [stderr]    Compiling prost-derive v0.11.6
[INFO] [stderr]    Compiling num-derive v0.3.3
[INFO] [stderr]    Compiling serde_repr v0.1.10
[INFO] [stderr]     Checking zeroize v1.5.7
[INFO] [stderr]     Checking der v0.6.1
[INFO] [stderr]     Checking crypto-bigint v0.4.9
[INFO] [stderr]     Checking secrecy v0.8.0
[INFO] [stderr]    Compiling darling v0.13.4
[INFO] [stderr]     Checking subtle-encoding v0.5.1
[INFO] [stderr]    Compiling serde_with_macros v1.5.2
[INFO] [stderr]    Compiling openssl-macros v0.1.0
[INFO] [stderr]     Checking curve25519-dalek v3.2.0
[INFO] [stderr]     Checking spki v0.6.0
[INFO] [stderr]    Compiling darling_macro v0.14.3
[INFO] [stderr]     Checking pin-project v1.0.12
[INFO] [stderr]     Checking rfc6979 v0.3.1
[INFO] [stderr]     Checking pkcs8 v0.9.0
[INFO] [stderr]    Compiling prometheus-client-derive-text-encode v0.3.0
[INFO] [stderr]     Checking ed25519-dalek v1.0.1
[INFO] [stderr]    Compiling pest v2.5.5
[INFO] [stderr]     Checking curve25519-dalek-ng v4.1.1
[INFO] [stderr]     Checking sec1 v0.3.0
[INFO] [stderr]    Compiling async-stream-impl v0.3.4
[INFO] [stderr]     Checking elliptic-curve v0.12.3
[INFO] [stderr]     Checking tracing v0.1.37
[INFO] [stderr]    Compiling clap_derive v4.1.0
[INFO] [stderr]     Checking ecdsa v0.14.8
[INFO] [stderr]    Compiling enum-iterator-derive v1.1.0
[INFO] [stderr]    Compiling prost-derive v0.9.0
[INFO] [stderr]     Checking prometheus-client v0.18.1
[INFO] [stderr]    Compiling structopt-derive v0.4.18
[INFO] [stderr]     Checking k256 v0.11.6
[INFO] [stderr]    Compiling darling v0.14.3
[INFO] [stderr]    Compiling clap_derive v3.2.18
[INFO] [stderr]    Compiling strum_macros v0.24.3
[INFO] [stderr]     Checking async-stream v0.3.4
[INFO] [stderr]     Checking secp256k1 v0.24.3
[INFO] [stderr]     Checking enum-iterator v1.3.0
[INFO] [stderr]     Checking structopt v0.3.26
[INFO] [stderr]     Checking futures-executor v0.3.26
[INFO] [stderr]     Checking futures v0.3.26
[INFO] [stderr]    Compiling librocksdb-sys v0.8.3+7.4.4
[INFO] [stderr]     Checking tracing-futures v0.2.5
[INFO] [stderr]     Checking clap v4.1.6
[INFO] [stderr]     Checking bytes v1.4.0
[INFO] [stderr]     Checking hex v0.4.3
[INFO] [stderr]     Checking bincode v1.3.3
[INFO] [stderr]     Checking fuel-types v0.26.1
[INFO] [stderr]     Checking tai64 v4.0.0
[INFO] [stderr]     Checking serde_bytes v0.11.9
[INFO] [stderr]     Checking serde_urlencoded v0.7.1
[INFO] [stderr]     Checking serde_with v1.14.0
[INFO] [stderr]     Checking toml v0.5.11
[INFO] [stderr]     Checking coins-core v0.7.0
[INFO] [stderr]     Checking fuel-merkle v0.26.1
[INFO] [stderr]     Checking uint v0.9.5
[INFO] [stderr]     Checking fuel-merkle v0.4.1
[INFO] [stderr]     Checking ed25519-consensus v2.1.0
[INFO] [stderr]     Checking fuel-asm v0.26.1
[INFO] [stderr]     Checking clap v3.2.23
[INFO] [stderr]     Checking http v0.2.9
[INFO] [stderr]     Checking prost v0.11.6
[INFO] [stderr]     Checking primitive-types v0.12.1
[INFO] [stderr]     Checking postcard v1.0.4
[INFO] [stderr]     Checking coins-bip32 v0.7.0
[INFO] [stderr]     Checking prost v0.9.0
[INFO] [stderr]     Checking prost-types v0.11.6
[INFO] [stderr]     Checking async-graphql-value v4.0.16
[INFO] [stderr]     Checking coins-bip39 v0.7.0
[INFO] [stderr]    Compiling toml_edit v0.18.1
[INFO] [stderr]     Checking http-body v0.4.5
[INFO] [stderr]     Checking fuel-crypto v0.26.1
[INFO] [stderr]     Checking fuel-crypto v0.6.2
[INFO] [stderr]     Checking async-graphql-parser v4.0.16
[INFO] [stderr]     Checking axum-core v0.2.9
[INFO] [stderr]     Checking fuel-tx v0.23.1
[INFO] [stderr]     Checking tendermint-proto v0.28.0
[INFO] [stderr]     Checking tendermint-proto v0.23.9 (https://github.com/penumbra-zone/tendermint-rs?branch=penumbra-034#906ced69)
[INFO] [stderr]     Checking fuel-tx v0.26.1
[INFO] [stderr]     Checking fuel-vm v0.22.7
[INFO] [stderr]    Compiling proc-macro-crate v1.3.0
[INFO] [stderr] error: could not compile `tokio` (lib)
[INFO] [stderr] 
[INFO] [stderr] Caused by:
[INFO] [stderr]   process didn't exit successfully: `/opt/rustwide/rustup-home/toolchains/1.75.0-x86_64-unknown-linux-gnu/bin/rustc --crate-name tokio --edition=2018 /opt/rustwide/cargo-home/registry/src/index.crates.io-6f17d22bba15001f/tokio-1.25.0/src/lib.rs --error-format=json --json=diagnostic-rendered-ansi,artifacts,future-incompat --crate-type lib --emit=dep-info,metadata -C embed-bitcode=no -C debuginfo=2 --cfg 'feature="bytes"' --cfg 'feature="default"' --cfg 'feature="fs"' --cfg 'feature="full"' --cfg 'feature="io-std"' --cfg 'feature="io-util"' --cfg 'feature="libc"' --cfg 'feature="macros"' --cfg 'feature="memchr"' --cfg 'feature="mio"' --cfg 'feature="net"' --cfg 'feature="num_cpus"' --cfg 'feature="parking_lot"' --cfg 'feature="process"' --cfg 'feature="rt"' --cfg 'feature="rt-multi-thread"' --cfg 'feature="signal"' --cfg 'feature="signal-hook-registry"' --cfg 'feature="socket2"' --cfg 'feature="sync"' --cfg 'feature="time"' --cfg 'feature="tokio-macros"' --cfg 'feature="windows-sys"' -C metadata=3831a2c9ec453147 -C extra-filename=-3831a2c9ec453147 --out-dir /opt/rustwide/target/debug/deps -L dependency=/opt/rustwide/target/debug/deps --extern bytes=/opt/rustwide/target/debug/deps/libbytes-0a9b7bd6d3f8cef0.rmeta --extern libc=/opt/rustwide/target/debug/deps/liblibc-79c3b183a6632dad.rmeta --extern memchr=/opt/rustwide/target/debug/deps/libmemchr-8936e3f78e15206b.rmeta --extern mio=/opt/rustwide/target/debug/deps/libmio-8fec1449f582df01.rmeta --extern num_cpus=/opt/rustwide/target/debug/deps/libnum_cpus-f75cad8578a190a1.rmeta --extern parking_lot=/opt/rustwide/target/debug/deps/libparking_lot-78b14360895573ec.rmeta --extern pin_project_lite=/opt/rustwide/target/debug/deps/libpin_project_lite-12e98c1df7921299.rmeta --extern signal_hook_registry=/opt/rustwide/target/debug/deps/libsignal_hook_registry-3548dc44a5a1a43a.rmeta --extern socket2=/opt/rustwide/target/debug/deps/libsocket2-ca5f065df9cc87e8.rmeta --extern tokio_macros=/opt/rustwide/target/debug/deps/libtokio_macros-b53fcb74cc86883f.so --cap-lints allow --cap-lints=warn` (signal: 9, SIGKILL: kill)
[INFO] [stderr] warning: build failed, waiting for other jobs to finish...
[INFO] [stderr] error: could not compile `tendermint-proto` (lib)
[INFO] [stderr] 
[INFO] [stderr] Caused by:
[INFO] [stderr]   process didn't exit successfully: `/opt/rustwide/rustup-home/toolchains/1.75.0-x86_64-unknown-linux-gnu/bin/rustc --crate-name tendermint_proto --edition=2018 /opt/rustwide/cargo-home/git/checkouts/tendermint-rs-e862eedb480c22fb/906ced6/proto/src/lib.rs --error-format=json --json=diagnostic-rendered-ansi,artifacts,future-incompat --crate-type lib --emit=dep-info,metadata -C embed-bitcode=no -C debuginfo=2 -C metadata=c326f63c152a4a77 -C extra-filename=-c326f63c152a4a77 --out-dir /opt/rustwide/target/debug/deps -L dependency=/opt/rustwide/target/debug/deps --extern bytes=/opt/rustwide/target/debug/deps/libbytes-0a9b7bd6d3f8cef0.rmeta --extern flex_error=/opt/rustwide/target/debug/deps/libflex_error-12d89bc7b690f108.rmeta --extern num_derive=/opt/rustwide/target/debug/deps/libnum_derive-364f82cd55cf541c.so --extern num_traits=/opt/rustwide/target/debug/deps/libnum_traits-6e6d03c61507ed6a.rmeta --extern prost=/opt/rustwide/target/debug/deps/libprost-9aff7911de904073.rmeta --extern prost_types=/opt/rustwide/target/debug/deps/libprost_types-11f98964940914c6.rmeta --extern serde=/opt/rustwide/target/debug/deps/libserde-72dcc12ed635fbe4.rmeta --extern serde_bytes=/opt/rustwide/target/debug/deps/libserde_bytes-651844a3f654baf2.rmeta --extern subtle_encoding=/opt/rustwide/target/debug/deps/libsubtle_encoding-b81af8e4d4d1cf33.rmeta --extern time=/opt/rustwide/target/debug/deps/libtime-9cf82cdafabf0a26.rmeta --cap-lints allow --cap-lints=warn` (signal: 9, SIGKILL: kill)
[INFO] [stderr] error: could not compile `tendermint-proto` (lib)
[INFO] [stderr] 
[INFO] [stderr] Caused by:
[INFO] [stderr]   process didn't exit successfully: `/opt/rustwide/rustup-home/toolchains/1.75.0-x86_64-unknown-linux-gnu/bin/rustc --crate-name tendermint_proto --edition=2018 /opt/rustwide/cargo-home/registry/src/index.crates.io-6f17d22bba15001f/tendermint-proto-0.28.0/src/lib.rs --error-format=json --json=diagnostic-rendered-ansi,artifacts,future-incompat --crate-type lib --emit=dep-info,metadata -C embed-bitcode=no -C debuginfo=2 -C metadata=51d0bcc658e93681 -C extra-filename=-51d0bcc658e93681 --out-dir /opt/rustwide/target/debug/deps -L dependency=/opt/rustwide/target/debug/deps --extern bytes=/opt/rustwide/target/debug/deps/libbytes-0a9b7bd6d3f8cef0.rmeta --extern flex_error=/opt/rustwide/target/debug/deps/libflex_error-12d89bc7b690f108.rmeta --extern num_derive=/opt/rustwide/target/debug/deps/libnum_derive-364f82cd55cf541c.so --extern num_traits=/opt/rustwide/target/debug/deps/libnum_traits-6e6d03c61507ed6a.rmeta --extern prost=/opt/rustwide/target/debug/deps/libprost-9aff7911de904073.rmeta --extern prost_types=/opt/rustwide/target/debug/deps/libprost_types-11f98964940914c6.rmeta --extern serde=/opt/rustwide/target/debug/deps/libserde-72dcc12ed635fbe4.rmeta --extern serde_bytes=/opt/rustwide/target/debug/deps/libserde_bytes-651844a3f654baf2.rmeta --extern subtle_encoding=/opt/rustwide/target/debug/deps/libsubtle_encoding-b81af8e4d4d1cf33.rmeta --extern time=/opt/rustwide/target/debug/deps/libtime-9cf82cdafabf0a26.rmeta --cap-lints allow --cap-lints=warn` (signal: 9, SIGKILL: kill)
[ERROR] error running command: no output for 300 seconds
[INFO] running `Command { std: "docker" "inspect" "93761d4d2d048d8479040153c8c734fa8bb0000ff782b58710d5377d752a1110", kill_on_drop: false }`
[INFO] running `Command { std: "docker" "rm" "-f" "93761d4d2d048d8479040153c8c734fa8bb0000ff782b58710d5377d752a1110", kill_on_drop: false }`
[INFO] [stdout] 93761d4d2d048d8479040153c8c734fa8bb0000ff782b58710d5377d752a1110
[INFO] documenting Ferret-san/fuelmint against beta-2023-12-22 for beta-1.76-rustdoc-1
[INFO] running `Command { std: "git" "clone" "/workspace/cache/git-repos/https%3A%2F%2Fgithub.com%2FFerret-san%2Ffuelmint" "/workspace/builds/worker-0-tc2/source", kill_on_drop: false }`
[INFO] [stderr] Cloning into '/workspace/builds/worker-0-tc2/source'...
[INFO] [stderr] done.
[INFO] validating manifest of git repo https://github.com/Ferret-san/fuelmint on toolchain beta-2023-12-22
[INFO] running `Command { std: CARGO_HOME="/workspace/cargo-home" RUSTUP_HOME="/workspace/rustup-home" "/workspace/cargo-home/bin/cargo" "+beta-2023-12-22" "metadata" "--manifest-path" "Cargo.toml" "--no-deps", kill_on_drop: false }`
[INFO] started tweaking git repo https://github.com/Ferret-san/fuelmint
[INFO] finished tweaking git repo https://github.com/Ferret-san/fuelmint
[INFO] tweaked toml for git repo https://github.com/Ferret-san/fuelmint written to /workspace/builds/worker-0-tc2/source/Cargo.toml
[INFO] crate git repo https://github.com/Ferret-san/fuelmint already has a lockfile, it will not be regenerated
[INFO] running `Command { std: CARGO_HOME="/workspace/cargo-home" RUSTUP_HOME="/workspace/rustup-home" "/workspace/cargo-home/bin/cargo" "+beta-2023-12-22" "fetch" "--manifest-path" "Cargo.toml", kill_on_drop: false }`
[INFO] [stderr] warning: virtual workspace defaulting to `resolver = "1"` despite one or more workspace members being on edition 2021 which implies `resolver = "2"`
[INFO] [stderr] note: to keep the current resolver, specify `workspace.resolver = "1"` in the workspace root's manifest
[INFO] [stderr] note: to use the edition 2021 resolver, specify `workspace.resolver = "2"` in the workspace root's manifest
[INFO] [stderr] note: for more details see https://doc.rust-lang.org/cargo/reference/resolver.html#resolver-versions
[INFO] running `Command { std: "docker" "create" "-v" "/var/lib/crater-agent-workspace/builds/worker-0-tc2/target:/opt/rustwide/target:rw,Z" "-v" "/var/lib/crater-agent-workspace/builds/worker-0-tc2/source:/opt/rustwide/workdir:ro,Z" "-v" "/var/lib/crater-agent-workspace/cargo-home:/opt/rustwide/cargo-home:ro,Z" "-v" "/var/lib/crater-agent-workspace/rustup-home:/opt/rustwide/rustup-home:ro,Z" "-e" "SOURCE_DIR=/opt/rustwide/workdir" "-e" "CARGO_TARGET_DIR=/opt/rustwide/target" "-e" "CARGO_HOME=/opt/rustwide/cargo-home" "-e" "RUSTUP_HOME=/opt/rustwide/rustup-home" "-w" "/opt/rustwide/workdir" "-m" "1610612736" "--user" "0:0" "--network" "none" "ghcr.io/rust-lang/crates-build-env/linux@sha256:2788e3201cd34a07e3172128adcd8b3090168a8e3bcc40d7c032b9dda1df7d1c" "/opt/rustwide/cargo-home/bin/cargo" "+beta-2023-12-22" "metadata" "--no-deps" "--format-version=1", kill_on_drop: false }`
[INFO] [stdout] 02656f96cf559665016f59a3a9516ca592a464f09827c057c963fc76dd652d09
[INFO] running `Command { std: "docker" "start" "-a" "02656f96cf559665016f59a3a9516ca592a464f09827c057c963fc76dd652d09", kill_on_drop: false }`
[INFO] running `Command { std: "docker" "inspect" "02656f96cf559665016f59a3a9516ca592a464f09827c057c963fc76dd652d09", kill_on_drop: false }`
[INFO] running `Command { std: "docker" "rm" "-f" "02656f96cf559665016f59a3a9516ca592a464f09827c057c963fc76dd652d09", kill_on_drop: false }`
[INFO] [stdout] 02656f96cf559665016f59a3a9516ca592a464f09827c057c963fc76dd652d09
[INFO] running `Command { std: "docker" "create" "-v" "/var/lib/crater-agent-workspace/builds/worker-0-tc2/target:/opt/rustwide/target:rw,Z" "-v" "/var/lib/crater-agent-workspace/builds/worker-0-tc2/source:/opt/rustwide/workdir:ro,Z" "-v" "/var/lib/crater-agent-workspace/cargo-home:/opt/rustwide/cargo-home:ro,Z" "-v" "/var/lib/crater-agent-workspace/rustup-home:/opt/rustwide/rustup-home:ro,Z" "-e" "SOURCE_DIR=/opt/rustwide/workdir" "-e" "CARGO_TARGET_DIR=/opt/rustwide/target" "-e" "CARGO_INCREMENTAL=0" "-e" "RUST_BACKTRACE=full" "-e" "RUSTFLAGS=--cap-lints=warn" "-e" "RUSTDOCFLAGS=--cap-lints=warn" "-e" "CARGO_HOME=/opt/rustwide/cargo-home" "-e" "RUSTUP_HOME=/opt/rustwide/rustup-home" "-w" "/opt/rustwide/workdir" "-m" "1610612736" "--user" "0:0" "--network" "none" "ghcr.io/rust-lang/crates-build-env/linux@sha256:2788e3201cd34a07e3172128adcd8b3090168a8e3bcc40d7c032b9dda1df7d1c" "/opt/rustwide/cargo-home/bin/cargo" "+beta-2023-12-22" "doc" "--frozen" "--no-deps" "--document-private-items" "--message-format=json", kill_on_drop: false }`
[INFO] [stdout] 84b57223b215415e5715860ca321af9f3a19250e57c5ce240d32d3342d7d393d
[INFO] running `Command { std: "docker" "start" "-a" "84b57223b215415e5715860ca321af9f3a19250e57c5ce240d32d3342d7d393d", kill_on_drop: false }`
[INFO] [stderr] warning: virtual workspace defaulting to `resolver = "1"` despite one or more workspace members being on edition 2021 which implies `resolver = "2"`
[INFO] [stderr] note: to keep the current resolver, specify `workspace.resolver = "1"` in the workspace root's manifest
[INFO] [stderr] note: to use the edition 2021 resolver, specify `workspace.resolver = "2"` in the workspace root's manifest
[INFO] [stderr] note: for more details see https://doc.rust-lang.org/cargo/reference/resolver.html#resolver-versions
[INFO] [stderr]    Compiling unicode-ident v1.0.6
[INFO] [stderr]    Compiling quote v1.0.23
[INFO] [stderr]    Compiling syn v1.0.107
[INFO] [stderr]    Compiling serde_derive v1.0.152
[INFO] [stderr]    Compiling serde v1.0.152
[INFO] [stderr]    Compiling typenum v1.16.0
[INFO] [stderr]     Checking once_cell v1.17.1
[INFO] [stderr]     Checking subtle v2.4.1
[INFO] [stderr]    Compiling unicode-xid v0.2.4
[INFO] [stderr]     Checking byteorder v1.4.3
[INFO] [stderr]     Checking itoa v1.0.5
[INFO] [stderr]    Compiling libc v0.2.139
[INFO] [stderr]     Checking getrandom v0.2.8
[INFO] [stderr]    Compiling thiserror v1.0.38
[INFO] [stderr]    Compiling futures-core v0.3.26
[INFO] [stderr]    Compiling ahash v0.7.6
[INFO] [stderr]    Compiling proc-macro2 v1.0.51
[INFO] [stderr]    Compiling serde_json v1.0.93
[INFO] [stderr]     Checking futures-sink v0.3.26
[INFO] [stderr]    Compiling slab v0.4.8
[INFO] [stderr]     Checking rand_core v0.6.4
[INFO] [stderr]     Checking tracing-core v0.1.30
[INFO] [stderr]    Compiling futures-channel v0.3.26
[INFO] [stderr]     Checking base64ct v1.5.3
[INFO] [stderr]    Compiling anyhow v1.0.69
[INFO] [stderr]     Checking rand_chacha v0.3.1
[INFO] [stderr]    Compiling futures-task v0.3.26
[INFO] [stderr]     Checking const-oid v0.9.1
[INFO] [stderr]    Compiling futures-util v0.3.26
[INFO] [stderr]     Checking ryu v1.0.12
[INFO] [stderr]     Checking futures-io v0.3.26
[INFO] [stderr]     Checking byte-tools v0.3.1
[INFO] [stderr]    Compiling parking_lot_core v0.9.7
[INFO] [stderr]     Checking block-padding v0.1.5
[INFO] [stderr]     Checking ff v0.12.1
[INFO] [stderr]     Checking rand v0.8.5
[INFO] [stderr]    Compiling indexmap v1.9.2
[INFO] [stderr]     Checking base16ct v0.1.1
[INFO] [stderr]     Checking fake-simd v0.1.2
[INFO] [stderr]     Checking group v0.12.1
[INFO] [stderr]     Checking opaque-debug v0.2.3
[INFO] [stderr]    Compiling tokio v1.25.0
[INFO] [stderr]     Checking base58 v0.1.0
[INFO] [stderr]     Checking keccak v0.1.3
[INFO] [stderr]     Checking mio v0.8.6
[INFO] [stderr]     Checking num_cpus v1.15.0
[INFO] [stderr]     Checking signal-hook-registry v1.4.1
[INFO] [stderr]     Checking socket2 v0.4.7
[INFO] [stderr]     Checking base64 v0.12.3
[INFO] [stderr]     Checking either v1.8.1
[INFO] [stderr]     Checking bech32 v0.7.3
[INFO] [stderr]     Checking hashbrown v0.12.3
[INFO] [stderr]     Checking password-hash v0.4.2
[INFO] [stderr]     Checking radium v0.3.0
[INFO] [stderr]    Compiling ahash v0.8.3
[INFO] [stderr]     Checking borrown v0.1.0
[INFO] [stderr]    Compiling memchr v2.5.0
[INFO] [stderr]    Compiling strsim v0.10.0
[INFO] [stderr]    Compiling ident_case v1.0.1
[INFO] [stderr]    Compiling fnv v1.0.7
[INFO] [stderr]     Checking parking_lot v0.12.1
[INFO] [stderr]     Checking itertools v0.10.5
[INFO] [stderr]    Compiling async-trait v0.1.64
[INFO] [stderr]     Checking bitvec v0.17.4
[INFO] [stderr]     Checking fuel-storage v0.26.1
[INFO] [stderr]    Compiling semver v1.0.16
[INFO] [stderr]    Compiling convert_case v0.4.0
[INFO] [stderr]     Checking spin v0.9.5
[INFO] [stderr]     Checking hashbrown v0.13.2
[INFO] [stderr]    Compiling aho-corasick v0.7.20
[INFO] [stderr]    Compiling paste v1.0.11
[INFO] [stderr]    Compiling glob v0.3.1
[INFO] [stderr]    Compiling jobserver v0.1.25
[INFO] [stderr]     Checking generic-array v0.14.6
[INFO] [stderr]     Checking generic-array v0.12.4
[INFO] [stderr]    Compiling rustc_version v0.4.0
[INFO] [stderr]    Compiling eyre v0.6.8
[INFO] [stderr]    Compiling regex-syntax v0.6.28
[INFO] [stderr]    Compiling cc v1.0.79
[INFO] [stderr]     Checking block-buffer v0.7.3
[INFO] [stderr]     Checking digest v0.8.1
[INFO] [stderr]    Compiling lazy_static v1.4.0
[INFO] [stderr]     Checking indenter v0.3.3
[INFO] [stderr]    Compiling proc-macro-error-attr v1.0.4
[INFO] [stderr]     Checking sha2 v0.8.2
[INFO] [stderr]    Compiling heapless v0.7.16
[INFO] [stderr]     Checking hash32 v0.2.1
[INFO] [stderr]    Compiling clang-sys v1.6.0
[INFO] [stderr]     Checking try-lock v0.2.4
[INFO] [stderr]     Checking base58check v0.1.0
[INFO] [stderr]     Checking num_threads v0.1.6
[INFO] [stderr]     Checking block-buffer v0.10.3
[INFO] [stderr]     Checking crypto-common v0.1.6
[INFO] [stderr]     Checking digest v0.9.0
[INFO] [stderr]     Checking block-buffer v0.9.0
[INFO] [stderr]     Checking stable_deref_trait v1.2.0
[INFO] [stderr]    Compiling time-macros v0.2.4
[INFO] [stderr]     Checking digest v0.10.6
[INFO] [stderr]    Compiling nom v7.1.3
[INFO] [stderr]     Checking sha2 v0.9.9
[INFO] [stderr]     Checking want v0.3.0
[INFO] [stderr]    Compiling libloading v0.7.4
[INFO] [stderr]     Checking hdrhistogram v7.5.2
[INFO] [stderr]    Compiling bindgen v0.64.0
[INFO] [stderr]     Checking signature v1.6.4
[INFO] [stderr]     Checking sha2 v0.10.6
[INFO] [stderr]     Checking hmac v0.12.1
[INFO] [stderr]     Checking blake2 v0.10.6
[INFO] [stderr]     Checking sha3 v0.10.6
[INFO] [stderr]     Checking ripemd v0.1.3
[INFO] [stderr]     Checking cobs v0.2.3
[INFO] [stderr]     Checking ed25519 v1.5.3
[INFO] [stderr]    Compiling io-lifetimes v1.0.5
[INFO] [stderr]    Compiling shlex v1.1.0
[INFO] [stderr]     Checking flex-error v0.4.4
[INFO] [stderr]     Checking pbkdf2 v0.11.0
[INFO] [stderr]    Compiling bitflags v1.3.2
[INFO] [stderr]    Compiling lazycell v1.3.0
[INFO] [stderr]    Compiling peeking_take_while v0.1.2
[INFO] [stderr]    Compiling heck v0.4.1
[INFO] [stderr]     Checking bech32 v0.9.1
[INFO] [stderr]    Compiling openssl v0.10.45
[INFO] [stderr]     Checking foreign-types-shared v0.1.1
[INFO] [stderr]    Compiling rustc-hash v1.1.0
[INFO] [stderr]    Compiling nom8 v0.2.0
[INFO] [stderr]    Compiling secp256k1-sys v0.6.1
[INFO] [stderr]    Compiling openssl-sys v0.9.80
[INFO] [stderr]     Checking foreign-types v0.3.2
[INFO] [stderr]    Compiling rustix v0.36.8
[INFO] [stderr]    Compiling crunchy v0.2.2
[INFO] [stderr]     Checking rand_core v0.5.1
[INFO] [stderr]     Checking unicode-bidi v0.3.10
[INFO] [stderr]    Compiling native-tls v0.2.11
[INFO] [stderr]    Compiling toml_datetime v0.5.1
[INFO] [stderr]     Checking encoding_rs v0.8.32
[INFO] [stderr]    Compiling multer v2.0.4
[INFO] [stderr]     Checking sync_wrapper v0.1.2
[INFO] [stderr]     Checking dtoa v1.0.5
[INFO] [stderr]     Checking openssl-probe v0.1.5
[INFO] [stderr]     Checking fuel-types v0.5.3
[INFO] [stderr]     Checking idna v0.3.0
[INFO] [stderr]     Checking subtle-ng v2.5.0
[INFO] [stderr]     Checking linux-raw-sys v0.1.4
[INFO] [stderr]    Compiling regex v1.7.1
[INFO] [stderr]    Compiling rustversion v1.0.11
[INFO] [stderr]     Checking atty v0.2.14
[INFO] [stderr]     Checking fastrand v1.9.0
[INFO] [stderr]     Checking fuel-storage v0.3.0
[INFO] [stderr]    Compiling peg-runtime v0.7.0
[INFO] [stderr]     Checking remove_dir_all v0.5.3
[INFO] [stderr]     Checking termcolor v1.2.0
[INFO] [stderr]     Checking rustc-hex v2.1.0
[INFO] [stderr]     Checking unicode-width v0.1.10
[INFO] [stderr]     Checking url v2.3.1
[INFO] [stderr]     Checking fixed-hash v0.8.0
[INFO] [stderr]    Compiling peg-macros v0.7.0
[INFO] [stderr]    Compiling cexpr v0.6.0
[INFO] [stderr]     Checking textwrap v0.11.0
[INFO] [stderr]     Checking fuel-asm v0.10.0
[INFO] [stderr]     Checking tempfile v3.3.0
[INFO] [stderr]     Checking time v0.3.11
[INFO] [stderr]     Checking clap_lex v0.3.1
[INFO] [stderr]     Checking strsim v0.8.0
[INFO] [stderr]    Compiling synstructure v0.12.6
[INFO] [stderr]    Compiling darling_core v0.13.4
[INFO] [stderr]    Compiling proc-macro-error v1.0.4
[INFO] [stderr]    Compiling darling_core v0.14.3
[INFO] [stderr]    Compiling Inflector v0.11.4
[INFO] [stderr]     Checking overload v0.1.1
[INFO] [stderr]     Checking clap v2.34.0
[INFO] [stderr]     Checking clap_lex v0.2.4
[INFO] [stderr]     Checking tracing-log v0.1.3
[INFO] [stderr]     Checking nu-ansi-term v0.46.0
[INFO] [stderr]     Checking sharded-slab v0.1.4
[INFO] [stderr]     Checking thread_local v1.1.7
[INFO] [stderr]     Checking uuid v1.3.0
[INFO] [stderr]     Checking dirs-sys v0.3.7
[INFO] [stderr]     Checking ipnet v2.7.1
[INFO] [stderr]     Checking strum v0.24.1
[INFO] [stderr]     Checking is-terminal v0.4.3
[INFO] [stderr]     Checking base64 v0.21.0
[INFO] [stderr]     Checking textwrap v0.16.0
[INFO] [stderr]     Checking uuid v0.8.2
[INFO] [stderr]     Checking dirs v4.0.0
[INFO] [stderr]     Checking tracing-subscriber v0.3.16
[INFO] [stderr]     Checking peg v0.7.0
[INFO] [stderr]    Compiling zeroize_derive v1.3.3
[INFO] [stderr]    Compiling thiserror-impl v1.0.38
[INFO] [stderr]    Compiling tracing-attributes v0.1.23
[INFO] [stderr]    Compiling futures-macro v0.3.26
[INFO] [stderr]    Compiling tokio-macros v1.8.2
[INFO] [stderr]    Compiling derivative v2.2.0
[INFO] [stderr]    Compiling pin-project-internal v1.0.12
[INFO] [stderr]    Compiling derive_more v0.99.17
[INFO] [stderr]    Compiling darling_macro v0.13.4
[INFO] [stderr]    Compiling prost-derive v0.11.6
[INFO] [stderr]    Compiling num-derive v0.3.3
[INFO] [stderr]    Compiling serde_repr v0.1.10
[INFO] [stderr]    Compiling darling v0.13.4
[INFO] [stderr]    Compiling openssl-macros v0.1.0
[INFO] [stderr]    Compiling serde_with_macros v1.5.2
[INFO] [stderr]    Compiling darling_macro v0.14.3
[INFO] [stderr]     Checking zeroize v1.5.7
[INFO] [stderr]    Compiling prometheus-client-derive-text-encode v0.3.0
[INFO] [stderr]     Checking der v0.6.1
[INFO] [stderr]     Checking crypto-bigint v0.4.9
[INFO] [stderr]     Checking secrecy v0.8.0
[INFO] [stderr]     Checking subtle-encoding v0.5.1
[INFO] [stderr]    Compiling pest v2.5.5
[INFO] [stderr]     Checking curve25519-dalek v3.2.0
[INFO] [stderr]     Checking pin-project v1.0.12
[INFO] [stderr]    Compiling darling v0.14.3
[INFO] [stderr]     Checking rfc6979 v0.3.1
[INFO] [stderr]     Checking curve25519-dalek-ng v4.1.1
[INFO] [stderr]     Checking spki v0.6.0
[INFO] [stderr]    Compiling async-stream-impl v0.3.4
[INFO] [stderr]     Checking tracing v0.1.37
[INFO] [stderr]    Compiling enum-iterator-derive v1.1.0
[INFO] [stderr]     Checking pkcs8 v0.9.0
[INFO] [stderr]     Checking prometheus-client v0.18.1
[INFO] [stderr]     Checking sec1 v0.3.0
[INFO] [stderr]    Compiling clap_derive v4.1.0
[INFO] [stderr]     Checking ed25519-dalek v1.0.1
[INFO] [stderr]     Checking elliptic-curve v0.12.3
[INFO] [stderr]    Compiling prost-derive v0.9.0
[INFO] [stderr]    Compiling structopt-derive v0.4.18
[INFO] [stderr]    Compiling strum_macros v0.24.3
[INFO] [stderr]    Compiling clap_derive v3.2.18
[INFO] [stderr]     Checking ecdsa v0.14.8
[INFO] [stderr]     Checking secp256k1 v0.24.3
[INFO] [stderr]     Checking async-stream v0.3.4
[INFO] [stderr]     Checking k256 v0.11.6
[INFO] [stderr]     Checking enum-iterator v1.3.0
[INFO] [stderr]     Checking structopt v0.3.26
[INFO] [stderr]    Compiling librocksdb-sys v0.8.3+7.4.4
[INFO] [stderr]     Checking futures-executor v0.3.26
[INFO] [stderr]     Checking futures v0.3.26
[INFO] [stderr]     Checking tracing-futures v0.2.5
[INFO] [stderr]     Checking clap v4.1.6
[INFO] [stderr]     Checking bytes v1.4.0
[INFO] [stderr]     Checking hex v0.4.3
[INFO] [stderr]     Checking bincode v1.3.3
[INFO] [stderr]     Checking fuel-types v0.26.1
[INFO] [stderr]     Checking tai64 v4.0.0
[INFO] [stderr]     Checking serde_bytes v0.11.9
[INFO] [stderr]     Checking serde_with v1.14.0
[INFO] [stderr]     Checking serde_urlencoded v0.7.1
[INFO] [stderr]     Checking toml v0.5.11
[INFO] [stderr]     Checking coins-core v0.7.0
[INFO] [stderr]     Checking fuel-merkle v0.26.1
[INFO] [stderr]     Checking fuel-merkle v0.4.1
[INFO] [stderr]     Checking uint v0.9.5
[INFO] [stderr]     Checking ed25519-consensus v2.1.0
[INFO] [stderr]     Checking fuel-asm v0.26.1
[INFO] [stderr]     Checking http v0.2.9
[INFO] [stderr]     Checking prost v0.11.6
[INFO] [stderr]     Checking primitive-types v0.12.1
[INFO] [stderr]     Checking clap v3.2.23
[INFO] [stderr]     Checking prost v0.9.0
[INFO] [stderr]     Checking coins-bip32 v0.7.0
[INFO] [stderr]     Checking postcard v1.0.4
[INFO] [stderr]     Checking prost-types v0.11.6
[INFO] [stderr]     Checking async-graphql-value v4.0.16
[INFO] [stderr]     Checking coins-bip39 v0.7.0
[INFO] [stderr]    Compiling toml_edit v0.18.1
[INFO] [stderr]     Checking http-body v0.4.5
[INFO] [stderr]     Checking fuel-crypto v0.26.1
[INFO] [stderr]     Checking fuel-crypto v0.6.2
[INFO] [stderr]     Checking axum-core v0.2.9
[INFO] [stderr]     Checking async-graphql-parser v4.0.16
[INFO] [stderr]     Checking fuel-tx v0.23.1
[INFO] [stderr]     Checking tendermint-proto v0.28.0
[INFO] [stderr]     Checking tendermint-proto v0.23.9 (https://github.com/penumbra-zone/tendermint-rs?branch=penumbra-034#906ced69)
[INFO] [stderr]     Checking fuel-vm v0.22.7
[INFO] [stderr]     Checking fuel-tx v0.26.1
[INFO] [stderr]    Compiling proc-macro-crate v1.3.0
[INFO] [stderr] error: could not compile `tokio` (lib)
[INFO] [stderr] 
[INFO] [stderr] Caused by:
[INFO] [stderr]   process didn't exit successfully: `/opt/rustwide/rustup-home/toolchains/beta-2023-12-22-x86_64-unknown-linux-gnu/bin/rustc --crate-name tokio --edition=2018 /opt/rustwide/cargo-home/registry/src/index.crates.io-6f17d22bba15001f/tokio-1.25.0/src/lib.rs --error-format=json --json=diagnostic-rendered-ansi,artifacts,future-incompat --crate-type lib --emit=dep-info,metadata -C embed-bitcode=no -C debuginfo=2 --cfg 'feature="bytes"' --cfg 'feature="default"' --cfg 'feature="fs"' --cfg 'feature="full"' --cfg 'feature="io-std"' --cfg 'feature="io-util"' --cfg 'feature="libc"' --cfg 'feature="macros"' --cfg 'feature="memchr"' --cfg 'feature="mio"' --cfg 'feature="net"' --cfg 'feature="num_cpus"' --cfg 'feature="parking_lot"' --cfg 'feature="process"' --cfg 'feature="rt"' --cfg 'feature="rt-multi-thread"' --cfg 'feature="signal"' --cfg 'feature="signal-hook-registry"' --cfg 'feature="socket2"' --cfg 'feature="sync"' --cfg 'feature="time"' --cfg 'feature="tokio-macros"' --cfg 'feature="windows-sys"' -C metadata=c769a526c5519060 -C extra-filename=-c769a526c5519060 --out-dir /opt/rustwide/target/debug/deps -L dependency=/opt/rustwide/target/debug/deps --extern bytes=/opt/rustwide/target/debug/deps/libbytes-daceaed905787cc9.rmeta --extern libc=/opt/rustwide/target/debug/deps/liblibc-35a62f11d026b534.rmeta --extern memchr=/opt/rustwide/target/debug/deps/libmemchr-0bab421e440768ec.rmeta --extern mio=/opt/rustwide/target/debug/deps/libmio-e659156b828421a6.rmeta --extern num_cpus=/opt/rustwide/target/debug/deps/libnum_cpus-a360da8f4f128e08.rmeta --extern parking_lot=/opt/rustwide/target/debug/deps/libparking_lot-a6c4df570aaaad8a.rmeta --extern pin_project_lite=/opt/rustwide/target/debug/deps/libpin_project_lite-57649b516a58a32c.rmeta --extern signal_hook_registry=/opt/rustwide/target/debug/deps/libsignal_hook_registry-aaf2dae93dc515c1.rmeta --extern socket2=/opt/rustwide/target/debug/deps/libsocket2-4eb51c6b3228b72e.rmeta --extern tokio_macros=/opt/rustwide/target/debug/deps/libtokio_macros-6fe5d913626f0bd6.so --cap-lints allow --cap-lints=warn` (signal: 9, SIGKILL: kill)
[INFO] [stderr] warning: build failed, waiting for other jobs to finish...
[INFO] [stderr] error: could not compile `tendermint-proto` (lib)
[INFO] [stderr] 
[INFO] [stderr] Caused by:
[INFO] [stderr]   process didn't exit successfully: `/opt/rustwide/rustup-home/toolchains/beta-2023-12-22-x86_64-unknown-linux-gnu/bin/rustc --crate-name tendermint_proto --edition=2018 /opt/rustwide/cargo-home/git/checkouts/tendermint-rs-e862eedb480c22fb/906ced6/proto/src/lib.rs --error-format=json --json=diagnostic-rendered-ansi,artifacts,future-incompat --crate-type lib --emit=dep-info,metadata -C embed-bitcode=no -C debuginfo=2 -C metadata=b0c47acc48f4e38c -C extra-filename=-b0c47acc48f4e38c --out-dir /opt/rustwide/target/debug/deps -L dependency=/opt/rustwide/target/debug/deps --extern bytes=/opt/rustwide/target/debug/deps/libbytes-daceaed905787cc9.rmeta --extern flex_error=/opt/rustwide/target/debug/deps/libflex_error-2c8cda5af667944a.rmeta --extern num_derive=/opt/rustwide/target/debug/deps/libnum_derive-df82788d898c0b00.so --extern num_traits=/opt/rustwide/target/debug/deps/libnum_traits-fb092f062ef58d9d.rmeta --extern prost=/opt/rustwide/target/debug/deps/libprost-1f56900eddf33756.rmeta --extern prost_types=/opt/rustwide/target/debug/deps/libprost_types-755a280e26007f45.rmeta --extern serde=/opt/rustwide/target/debug/deps/libserde-72feaeb137a92436.rmeta --extern serde_bytes=/opt/rustwide/target/debug/deps/libserde_bytes-ebe1f431eb2ffdd3.rmeta --extern subtle_encoding=/opt/rustwide/target/debug/deps/libsubtle_encoding-98501f8f3f071d59.rmeta --extern time=/opt/rustwide/target/debug/deps/libtime-f501adb6ac49a595.rmeta --cap-lints allow --cap-lints=warn` (signal: 9, SIGKILL: kill)
[INFO] [stderr] The following warnings were emitted during compilation:
[INFO] [stderr] 
[INFO] [stderr] warning: librocksdb-sys@0.8.3+7.4.4: c++: fatal error: Killed signal terminated program cc1plus
[INFO] [stderr] warning: librocksdb-sys@0.8.3+7.4.4: compilation terminated.
[INFO] [stderr] warning: librocksdb-sys@0.8.3+7.4.4: c++: fatal error: Killed signal terminated program cc1plus
[INFO] [stderr] warning: librocksdb-sys@0.8.3+7.4.4: compilation terminated.
[INFO] [stderr] warning: librocksdb-sys@0.8.3+7.4.4: c++: fatal error: Killed signal terminated program cc1plus
[INFO] [stderr] warning: librocksdb-sys@0.8.3+7.4.4: compilation terminated.
[INFO] [stderr] warning: librocksdb-sys@0.8.3+7.4.4: c++: fatal error: Killed signal terminated program cc1plus
[INFO] [stderr] warning: librocksdb-sys@0.8.3+7.4.4: compilation terminated.
[INFO] [stderr] 
[INFO] [stderr] error: failed to run custom build command for `librocksdb-sys v0.8.3+7.4.4`
[INFO] [stderr] note: To improve backtraces for build dependencies, set the CARGO_PROFILE_DEV_BUILD_OVERRIDE_DEBUG=true environment variable to enable debug information generation.
[INFO] [stderr] 
[INFO] [stderr] Caused by:
[INFO] [stderr]   process didn't exit successfully: `/opt/rustwide/target/debug/build/librocksdb-sys-66ccc67d7c341c54/build-script-build` (exit status: 1)
[INFO] [stderr]   --- stdout
[INFO] [stderr]   cargo:rerun-if-changed=rocksdb/
[INFO] [stderr]   TARGET = Some("x86_64-unknown-linux-gnu")
[INFO] [stderr]   OPT_LEVEL = Some("0")
[INFO] [stderr]   HOST = Some("x86_64-unknown-linux-gnu")
[INFO] [stderr]   cargo:rerun-if-env-changed=CXX_x86_64-unknown-linux-gnu
[INFO] [stderr]   CXX_x86_64-unknown-linux-gnu = None
[INFO] [stderr]   cargo:rerun-if-env-changed=CXX_x86_64_unknown_linux_gnu
[INFO] [stderr]   CXX_x86_64_unknown_linux_gnu = None
[INFO] [stderr]   cargo:rerun-if-env-changed=HOST_CXX
[INFO] [stderr]   HOST_CXX = None
[INFO] [stderr]   cargo:rerun-if-env-changed=CXX
[INFO] [stderr]   CXX = None
[INFO] [stderr]   cargo:rerun-if-env-changed=CXXFLAGS_x86_64-unknown-linux-gnu
[INFO] [stderr]   CXXFLAGS_x86_64-unknown-linux-gnu = None
[INFO] [stderr]   cargo:rerun-if-env-changed=CXXFLAGS_x86_64_unknown_linux_gnu
[INFO] [stderr]   CXXFLAGS_x86_64_unknown_linux_gnu = None
[INFO] [stderr]   cargo:rerun-if-env-changed=HOST_CXXFLAGS
[INFO] [stderr]   HOST_CXXFLAGS = None
[INFO] [stderr]   cargo:rerun-if-env-changed=CXXFLAGS
[INFO] [stderr]   CXXFLAGS = None
[INFO] [stderr]   cargo:rerun-if-env-changed=CRATE_CC_NO_DEFAULTS
[INFO] [stderr]   CRATE_CC_NO_DEFAULTS = None
[INFO] [stderr]   DEBUG = Some("true")
[INFO] [stderr]   CARGO_CFG_TARGET_FEATURE = Some("fxsr,sse,sse2")
[INFO] [stderr]   cargo:rerun-if-env-changed=CXX_x86_64-unknown-linux-gnu
[INFO] [stderr]   CXX_x86_64-unknown-linux-gnu = None
[INFO] [stderr]   cargo:rerun-if-env-changed=CXX_x86_64_unknown_linux_gnu
[INFO] [stderr]   CXX_x86_64_unknown_linux_gnu = None
[INFO] [stderr]   cargo:rerun-if-env-changed=HOST_CXX
[INFO] [stderr]   HOST_CXX = None
[INFO] [stderr]   cargo:rerun-if-env-changed=CXX
[INFO] [stderr]   CXX = None
[INFO] [stderr]   cargo:rerun-if-env-changed=CXXFLAGS_x86_64-unknown-linux-gnu
[INFO] [stderr]   CXXFLAGS_x86_64-unknown-linux-gnu = None
[INFO] [stderr]   cargo:rerun-if-env-changed=CXXFLAGS_x86_64_unknown_linux_gnu
[INFO] [stderr]   CXXFLAGS_x86_64_unknown_linux_gnu = None
[INFO] [stderr]   cargo:rerun-if-env-changed=HOST_CXXFLAGS
[INFO] [stderr]   HOST_CXXFLAGS = None
[INFO] [stderr]   cargo:rerun-if-env-changed=CXXFLAGS
[INFO] [stderr]   CXXFLAGS = None
[INFO] [stderr]   cargo:rerun-if-env-changed=CRATE_CC_NO_DEFAULTS
[INFO] [stderr]   CRATE_CC_NO_DEFAULTS = None
[INFO] [stderr]   CARGO_CFG_TARGET_FEATURE = Some("fxsr,sse,sse2")
[INFO] [stderr]   cargo:rerun-if-env-changed=CXX_x86_64-unknown-linux-gnu
[INFO] [stderr]   CXX_x86_64-unknown-linux-gnu = None
[INFO] [stderr]   cargo:rerun-if-env-changed=CXX_x86_64_unknown_linux_gnu
[INFO] [stderr]   CXX_x86_64_unknown_linux_gnu = None
[INFO] [stderr]   cargo:rerun-if-env-changed=HOST_CXX
[INFO] [stderr]   HOST_CXX = None
[INFO] [stderr]   cargo:rerun-if-env-changed=CXX
[INFO] [stderr]   CXX = None
[INFO] [stderr]   cargo:rerun-if-env-changed=CXXFLAGS_x86_64-unknown-linux-gnu
[INFO] [stderr]   CXXFLAGS_x86_64-unknown-linux-gnu = None
[INFO] [stderr]   cargo:rerun-if-env-changed=CXXFLAGS_x86_64_unknown_linux_gnu
[INFO] [stderr]   CXXFLAGS_x86_64_unknown_linux_gnu = None
[INFO] [stderr]   cargo:rerun-if-env-changed=HOST_CXXFLAGS
[INFO] [stderr]   HOST_CXXFLAGS = None
[INFO] [stderr]   cargo:rerun-if-env-changed=CXXFLAGS
[INFO] [stderr]   CXXFLAGS = None
[INFO] [stderr]   cargo:rerun-if-env-changed=CRATE_CC_NO_DEFAULTS
[INFO] [stderr]   CRATE_CC_NO_DEFAULTS = None
[INFO] [stderr]   CARGO_CFG_TARGET_FEATURE = Some("fxsr,sse,sse2")
[INFO] [stderr]   running: "c++" "-O0" "-ffunction-sections" "-fdata-sections" "-fPIC" "-gdwarf-4" "-fno-omit-frame-pointer" "-m64" "-I" "rocksdb/include/" "-I" "rocksdb/" "-I" "rocksdb/third-party/gtest-1.8.1/fused-src/" "-I" "lz4/lib/" "-I" "." "-Wall" "-Wextra" "-std=c++17" "-Wsign-compare" "-Wshadow" "-Wno-unused-parameter" "-Wno-unused-variable" "-Woverloaded-virtual" "-Wnon-virtual-dtor" "-Wno-missing-field-initializers" "-Wno-strict-aliasing" "-Wno-invalid-offsetof" "-msse2" "-std=c++17" "-DLZ4=1" "-DNDEBUG=1" "-DOS_LINUX" "-DROCKSDB_PLATFORM_POSIX" "-DROCKSDB_LIB_IO_POSIX" "-DROCKSDB_SUPPORT_THREAD_LOCAL" "-DHAVE_UINT128_EXTENSION=1" "-DHAVE_UINT128_EXTENSION=1" "-o" "/opt/rustwide/target/debug/build/librocksdb-sys-09acafed2d77201b/out/rocksdb/cache/cache.o" "-c" "rocksdb/cache/cache.cc"
[INFO] [stderr]   running: "c++" "-O0" "-ffunction-sections" "-fdata-sections" "-fPIC" "-gdwarf-4" "-fno-omit-frame-pointer" "-m64" "-I" "rocksdb/include/" "-I" "rocksdb/" "-I" "rocksdb/third-party/gtest-1.8.1/fused-src/" "-I" "lz4/lib/" "-I" "." "-Wall" "-Wextra" "-std=c++17" "-Wsign-compare" "-Wshadow" "-Wno-unused-parameter" "-Wno-unused-variable" "-Woverloaded-virtual" "-Wnon-virtual-dtor" "-Wno-missing-field-initializers" "-Wno-strict-aliasing" "-Wno-invalid-offsetof" "-msse2" "-std=c++17" "-DLZ4=1" "-DNDEBUG=1" "-DOS_LINUX" "-DROCKSDB_PLATFORM_POSIX" "-DROCKSDB_LIB_IO_POSIX" "-DROCKSDB_SUPPORT_THREAD_LOCAL" "-DHAVE_UINT128_EXTENSION=1" "-DHAVE_UINT128_EXTENSION=1" "-o" "/opt/rustwide/target/debug/build/librocksdb-sys-09acafed2d77201b/out/rocksdb/cache/fast_lru_cache.o" "-c" "rocksdb/cache/fast_lru_cache.cc"
[INFO] [stderr]   running: "c++" "-O0" "-ffunction-sections" "-fdata-sections" "-fPIC" "-gdwarf-4" "-fno-omit-frame-pointer" "-m64" "-I" "rocksdb/include/" "-I" "rocksdb/" "-I" "rocksdb/third-party/gtest-1.8.1/fused-src/" "-I" "lz4/lib/" "-I" "." "-Wall" "-Wextra" "-std=c++17" "-Wsign-compare" "-Wshadow" "-Wno-unused-parameter" "-Wno-unused-variable" "-Woverloaded-virtual" "-Wnon-virtual-dtor" "-Wno-missing-field-initializers" "-Wno-strict-aliasing" "-Wno-invalid-offsetof" "-msse2" "-std=c++17" "-DLZ4=1" "-DNDEBUG=1" "-DOS_LINUX" "-DROCKSDB_PLATFORM_POSIX" "-DROCKSDB_LIB_IO_POSIX" "-DROCKSDB_SUPPORT_THREAD_LOCAL" "-DHAVE_UINT128_EXTENSION=1" "-DHAVE_UINT128_EXTENSION=1" "-o" "/opt/rustwide/target/debug/build/librocksdb-sys-09acafed2d77201b/out/rocksdb/cache/clock_cache.o" "-c" "rocksdb/cache/clock_cache.cc"
[INFO] [stderr]   running: "c++" "-O0" "-ffunction-sections" "-fdata-sections" "-fPIC" "-gdwarf-4" "-fno-omit-frame-pointer" "-m64" "-I" "rocksdb/include/" "-I" "rocksdb/" "-I" "rocksdb/third-party/gtest-1.8.1/fused-src/" "-I" "lz4/lib/" "-I" "." "-Wall" "-Wextra" "-std=c++17" "-Wsign-compare" "-Wshadow" "-Wno-unused-parameter" "-Wno-unused-variable" "-Woverloaded-virtual" "-Wnon-virtual-dtor" "-Wno-missing-field-initializers" "-Wno-strict-aliasing" "-Wno-invalid-offsetof" "-msse2" "-std=c++17" "-DLZ4=1" "-DNDEBUG=1" "-DOS_LINUX" "-DROCKSDB_PLATFORM_POSIX" "-DROCKSDB_LIB_IO_POSIX" "-DROCKSDB_SUPPORT_THREAD_LOCAL" "-DHAVE_UINT128_EXTENSION=1" "-DHAVE_UINT128_EXTENSION=1" "-o" "/opt/rustwide/target/debug/build/librocksdb-sys-09acafed2d77201b/out/rocksdb/cache/cache_reservation_manager.o" "-c" "rocksdb/cache/cache_reservation_manager.cc"
[INFO] [stderr]   running: "c++" "-O0" "-ffunction-sections" "-fdata-sections" "-fPIC" "-gdwarf-4" "-fno-omit-frame-pointer" "-m64" "-I" "rocksdb/include/" "-I" "rocksdb/" "-I" "rocksdb/third-party/gtest-1.8.1/fused-src/" "-I" "lz4/lib/" "-I" "." "-Wall" "-Wextra" "-std=c++17" "-Wsign-compare" "-Wshadow" "-Wno-unused-parameter" "-Wno-unused-variable" "-Woverloaded-virtual" "-Wnon-virtual-dtor" "-Wno-missing-field-initializers" "-Wno-strict-aliasing" "-Wno-invalid-offsetof" "-msse2" "-std=c++17" "-DLZ4=1" "-DNDEBUG=1" "-DOS_LINUX" "-DROCKSDB_PLATFORM_POSIX" "-DROCKSDB_LIB_IO_POSIX" "-DROCKSDB_SUPPORT_THREAD_LOCAL" "-DHAVE_UINT128_EXTENSION=1" "-DHAVE_UINT128_EXTENSION=1" "-o" "/opt/rustwide/target/debug/build/librocksdb-sys-09acafed2d77201b/out/rocksdb/cache/lru_cache.o" "-c" "rocksdb/cache/lru_cache.cc"
[INFO] [stderr]   running: "c++" "-O0" "-ffunction-sections" "-fdata-sections" "-fPIC" "-gdwarf-4" "-fno-omit-frame-pointer" "-m64" "-I" "rocksdb/include/" "-I" "rocksdb/" "-I" "rocksdb/third-party/gtest-1.8.1/fused-src/" "-I" "lz4/lib/" "-I" "." "-Wall" "-Wextra" "-std=c++17" "-Wsign-compare" "-Wshadow" "-Wno-unused-parameter" "-Wno-unused-variable" "-Woverloaded-virtual" "-Wnon-virtual-dtor" "-Wno-missing-field-initializers" "-Wno-strict-aliasing" "-Wno-invalid-offsetof" "-msse2" "-std=c++17" "-DLZ4=1" "-DNDEBUG=1" "-DOS_LINUX" "-DROCKSDB_PLATFORM_POSIX" "-DROCKSDB_LIB_IO_POSIX" "-DROCKSDB_SUPPORT_THREAD_LOCAL" "-DHAVE_UINT128_EXTENSION=1" "-DHAVE_UINT128_EXTENSION=1" "-o" "/opt/rustwide/target/debug/build/librocksdb-sys-09acafed2d77201b/out/rocksdb/cache/cache_key.o" "-c" "rocksdb/cache/cache_key.cc"
[INFO] [stderr]   running: "c++" "-O0" "-ffunction-sections" "-fdata-sections" "-fPIC" "-gdwarf-4" "-fno-omit-frame-pointer" "-m64" "-I" "rocksdb/include/" "-I" "rocksdb/" "-I" "rocksdb/third-party/gtest-1.8.1/fused-src/" "-I" "lz4/lib/" "-I" "." "-Wall" "-Wextra" "-std=c++17" "-Wsign-compare" "-Wshadow" "-Wno-unused-parameter" "-Wno-unused-variable" "-Woverloaded-virtual" "-Wnon-virtual-dtor" "-Wno-missing-field-initializers" "-Wno-strict-aliasing" "-Wno-invalid-offsetof" "-msse2" "-std=c++17" "-DLZ4=1" "-DNDEBUG=1" "-DOS_LINUX" "-DROCKSDB_PLATFORM_POSIX" "-DROCKSDB_LIB_IO_POSIX" "-DROCKSDB_SUPPORT_THREAD_LOCAL" "-DHAVE_UINT128_EXTENSION=1" "-DHAVE_UINT128_EXTENSION=1" "-o" "/opt/rustwide/target/debug/build/librocksdb-sys-09acafed2d77201b/out/rocksdb/db/arena_wrapped_db_iter.o" "-c" "rocksdb/db/arena_wrapped_db_iter.cc"
[INFO] [stderr]   running: "c++" "-O0" "-ffunction-sections" "-fdata-sections" "-fPIC" "-gdwarf-4" "-fno-omit-frame-pointer" "-m64" "-I" "rocksdb/include/" "-I" "rocksdb/" "-I" "rocksdb/third-party/gtest-1.8.1/fused-src/" "-I" "lz4/lib/" "-I" "." "-Wall" "-Wextra" "-std=c++17" "-Wsign-compare" "-Wshadow" "-Wno-unused-parameter" "-Wno-unused-variable" "-Woverloaded-virtual" "-Wnon-virtual-dtor" "-Wno-missing-field-initializers" "-Wno-strict-aliasing" "-Wno-invalid-offsetof" "-msse2" "-std=c++17" "-DLZ4=1" "-DNDEBUG=1" "-DOS_LINUX" "-DROCKSDB_PLATFORM_POSIX" "-DROCKSDB_LIB_IO_POSIX" "-DROCKSDB_SUPPORT_THREAD_LOCAL" "-DHAVE_UINT128_EXTENSION=1" "-DHAVE_UINT128_EXTENSION=1" "-o" "/opt/rustwide/target/debug/build/librocksdb-sys-09acafed2d77201b/out/rocksdb/db/blob/blob_fetcher.o" "-c" "rocksdb/db/blob/blob_fetcher.cc"
[INFO] [stderr]   running: "c++" "-O0" "-ffunction-sections" "-fdata-sections" "-fPIC" "-gdwarf-4" "-fno-omit-frame-pointer" "-m64" "-I" "rocksdb/include/" "-I" "rocksdb/" "-I" "rocksdb/third-party/gtest-1.8.1/fused-src/" "-I" "lz4/lib/" "-I" "." "-Wall" "-Wextra" "-std=c++17" "-Wsign-compare" "-Wshadow" "-Wno-unused-parameter" "-Wno-unused-variable" "-Woverloaded-virtual" "-Wnon-virtual-dtor" "-Wno-missing-field-initializers" "-Wno-strict-aliasing" "-Wno-invalid-offsetof" "-msse2" "-std=c++17" "-DLZ4=1" "-DNDEBUG=1" "-DOS_LINUX" "-DROCKSDB_PLATFORM_POSIX" "-DROCKSDB_LIB_IO_POSIX" "-DROCKSDB_SUPPORT_THREAD_LOCAL" "-DHAVE_UINT128_EXTENSION=1" "-DHAVE_UINT128_EXTENSION=1" "-o" "/opt/rustwide/target/debug/build/librocksdb-sys-09acafed2d77201b/out/rocksdb/cache/cache_entry_roles.o" "-c" "rocksdb/cache/cache_entry_roles.cc"
[INFO] [stderr]   running: "c++" "-O0" "-ffunction-sections" "-fdata-sections" "-fPIC" "-gdwarf-4" "-fno-omit-frame-pointer" "-m64" "-I" "rocksdb/include/" "-I" "rocksdb/" "-I" "rocksdb/third-party/gtest-1.8.1/fused-src/" "-I" "lz4/lib/" "-I" "." "-Wall" "-Wextra" "-std=c++17" "-Wsign-compare" "-Wshadow" "-Wno-unused-parameter" "-Wno-unused-variable" "-Woverloaded-virtual" "-Wnon-virtual-dtor" "-Wno-missing-field-initializers" "-Wno-strict-aliasing" "-Wno-invalid-offsetof" "-msse2" "-std=c++17" "-DLZ4=1" "-DNDEBUG=1" "-DOS_LINUX" "-DROCKSDB_PLATFORM_POSIX" "-DROCKSDB_LIB_IO_POSIX" "-DROCKSDB_SUPPORT_THREAD_LOCAL" "-DHAVE_UINT128_EXTENSION=1" "-DHAVE_UINT128_EXTENSION=1" "-o" "/opt/rustwide/target/debug/build/librocksdb-sys-09acafed2d77201b/out/rocksdb/cache/sharded_cache.o" "-c" "rocksdb/cache/sharded_cache.cc"
[INFO] [stderr]   running: "c++" "-O0" "-ffunction-sections" "-fdata-sections" "-fPIC" "-gdwarf-4" "-fno-omit-frame-pointer" "-m64" "-I" "rocksdb/include/" "-I" "rocksdb/" "-I" "rocksdb/third-party/gtest-1.8.1/fused-src/" "-I" "lz4/lib/" "-I" "." "-Wall" "-Wextra" "-std=c++17" "-Wsign-compare" "-Wshadow" "-Wno-unused-parameter" "-Wno-unused-variable" "-Woverloaded-virtual" "-Wnon-virtual-dtor" "-Wno-missing-field-initializers" "-Wno-strict-aliasing" "-Wno-invalid-offsetof" "-msse2" "-std=c++17" "-DLZ4=1" "-DNDEBUG=1" "-DOS_LINUX" "-DROCKSDB_PLATFORM_POSIX" "-DROCKSDB_LIB_IO_POSIX" "-DROCKSDB_SUPPORT_THREAD_LOCAL" "-DHAVE_UINT128_EXTENSION=1" "-DHAVE_UINT128_EXTENSION=1" "-o" "/opt/rustwide/target/debug/build/librocksdb-sys-09acafed2d77201b/out/rocksdb/cache/compressed_secondary_cache.o" "-c" "rocksdb/cache/compressed_secondary_cache.cc"
[INFO] [stderr]   running: "c++" "-O0" "-ffunction-sections" "-fdata-sections" "-fPIC" "-gdwarf-4" "-fno-omit-frame-pointer" "-m64" "-I" "rocksdb/include/" "-I" "rocksdb/" "-I" "rocksdb/third-party/gtest-1.8.1/fused-src/" "-I" "lz4/lib/" "-I" "." "-Wall" "-Wextra" "-std=c++17" "-Wsign-compare" "-Wshadow" "-Wno-unused-parameter" "-Wno-unused-variable" "-Woverloaded-virtual" "-Wnon-virtual-dtor" "-Wno-missing-field-initializers" "-Wno-strict-aliasing" "-Wno-invalid-offsetof" "-msse2" "-std=c++17" "-DLZ4=1" "-DNDEBUG=1" "-DOS_LINUX" "-DROCKSDB_PLATFORM_POSIX" "-DROCKSDB_LIB_IO_POSIX" "-DROCKSDB_SUPPORT_THREAD_LOCAL" "-DHAVE_UINT128_EXTENSION=1" "-DHAVE_UINT128_EXTENSION=1" "-o" "/opt/rustwide/target/debug/build/librocksdb-sys-09acafed2d77201b/out/rocksdb/db/blob/blob_file_addition.o" "-c" "rocksdb/db/blob/blob_file_addition.cc"
[INFO] [stderr]   exit status: 0
[INFO] [stderr]   running: "c++" "-O0" "-ffunction-sections" "-fdata-sections" "-fPIC" "-gdwarf-4" "-fno-omit-frame-pointer" "-m64" "-I" "rocksdb/include/" "-I" "rocksdb/" "-I" "rocksdb/third-party/gtest-1.8.1/fused-src/" "-I" "lz4/lib/" "-I" "." "-Wall" "-Wextra" "-std=c++17" "-Wsign-compare" "-Wshadow" "-Wno-unused-parameter" "-Wno-unused-variable" "-Woverloaded-virtual" "-Wnon-virtual-dtor" "-Wno-missing-field-initializers" "-Wno-strict-aliasing" "-Wno-invalid-offsetof" "-msse2" "-std=c++17" "-DLZ4=1" "-DNDEBUG=1" "-DOS_LINUX" "-DROCKSDB_PLATFORM_POSIX" "-DROCKSDB_LIB_IO_POSIX" "-DROCKSDB_SUPPORT_THREAD_LOCAL" "-DHAVE_UINT128_EXTENSION=1" "-DHAVE_UINT128_EXTENSION=1" "-o" "/opt/rustwide/target/debug/build/librocksdb-sys-09acafed2d77201b/out/rocksdb/db/blob/blob_file_builder.o" "-c" "rocksdb/db/blob/blob_file_builder.cc"
[INFO] [stderr]   exit status: 0
[INFO] [stderr]   running: "c++" "-O0" "-ffunction-sections" "-fdata-sections" "-fPIC" "-gdwarf-4" "-fno-omit-frame-pointer" "-m64" "-I" "rocksdb/include/" "-I" "rocksdb/" "-I" "rocksdb/third-party/gtest-1.8.1/fused-src/" "-I" "lz4/lib/" "-I" "." "-Wall" "-Wextra" "-std=c++17" "-Wsign-compare" "-Wshadow" "-Wno-unused-parameter" "-Wno-unused-variable" "-Woverloaded-virtual" "-Wnon-virtual-dtor" "-Wno-missing-field-initializers" "-Wno-strict-aliasing" "-Wno-invalid-offsetof" "-msse2" "-std=c++17" "-DLZ4=1" "-DNDEBUG=1" "-DOS_LINUX" "-DROCKSDB_PLATFORM_POSIX" "-DROCKSDB_LIB_IO_POSIX" "-DROCKSDB_SUPPORT_THREAD_LOCAL" "-DHAVE_UINT128_EXTENSION=1" "-DHAVE_UINT128_EXTENSION=1" "-o" "/opt/rustwide/target/debug/build/librocksdb-sys-09acafed2d77201b/out/rocksdb/db/blob/blob_file_garbage.o" "-c" "rocksdb/db/blob/blob_file_garbage.cc"
[INFO] [stderr]   running: "c++" "-O0" "-ffunction-sections" "-fdata-sections" "-fPIC" "-gdwarf-4" "-fno-omit-frame-pointer" "-m64" "-I" "rocksdb/include/" "-I" "rocksdb/" "-I" "rocksdb/third-party/gtest-1.8.1/fused-src/" "-I" "lz4/lib/" "-I" "." "-Wall" "-Wextra" "-std=c++17" "-Wsign-compare" "-Wshadow" "-Wno-unused-parameter" "-Wno-unused-variable" "-Woverloaded-virtual" "-Wnon-virtual-dtor" "-Wno-missing-field-initializers" "-Wno-strict-aliasing" "-Wno-invalid-offsetof" "-msse2" "-std=c++17" "-DLZ4=1" "-DNDEBUG=1" "-DOS_LINUX" "-DROCKSDB_PLATFORM_POSIX" "-DROCKSDB_LIB_IO_POSIX" "-DROCKSDB_SUPPORT_THREAD_LOCAL" "-DHAVE_UINT128_EXTENSION=1" "-DHAVE_UINT128_EXTENSION=1" "-o" "/opt/rustwide/target/debug/build/librocksdb-sys-09acafed2d77201b/out/rocksdb/db/blob/blob_file_cache.o" "-c" "rocksdb/db/blob/blob_file_cache.cc"
[INFO] [stderr]   running: "c++" "-O0" "-ffunction-sections" "-fdata-sections" "-fPIC" "-gdwarf-4" "-fno-omit-frame-pointer" "-m64" "-I" "rocksdb/include/" "-I" "rocksdb/" "-I" "rocksdb/third-party/gtest-1.8.1/fused-src/" "-I" "lz4/lib/" "-I" "." "-Wall" "-Wextra" "-std=c++17" "-Wsign-compare" "-Wshadow" "-Wno-unused-parameter" "-Wno-unused-variable" "-Woverloaded-virtual" "-Wnon-virtual-dtor" "-Wno-missing-field-initializers" "-Wno-strict-aliasing" "-Wno-invalid-offsetof" "-msse2" "-std=c++17" "-DLZ4=1" "-DNDEBUG=1" "-DOS_LINUX" "-DROCKSDB_PLATFORM_POSIX" "-DROCKSDB_LIB_IO_POSIX" "-DROCKSDB_SUPPORT_THREAD_LOCAL" "-DHAVE_UINT128_EXTENSION=1" "-DHAVE_UINT128_EXTENSION=1" "-o" "/opt/rustwide/target/debug/build/librocksdb-sys-09acafed2d77201b/out/rocksdb/db/blob/blob_file_meta.o" "-c" "rocksdb/db/blob/blob_file_meta.cc"
[INFO] [stderr]   running: "c++" "-O0" "-ffunction-sections" "-fdata-sections" "-fPIC" "-gdwarf-4" "-fno-omit-frame-pointer" "-m64" "-I" "rocksdb/include/" "-I" "rocksdb/" "-I" "rocksdb/third-party/gtest-1.8.1/fused-src/" "-I" "lz4/lib/" "-I" "." "-Wall" "-Wextra" "-std=c++17" "-Wsign-compare" "-Wshadow" "-Wno-unused-parameter" "-Wno-unused-variable" "-Woverloaded-virtual" "-Wnon-virtual-dtor" "-Wno-missing-field-initializers" "-Wno-strict-aliasing" "-Wno-invalid-offsetof" "-msse2" "-std=c++17" "-DLZ4=1" "-DNDEBUG=1" "-DOS_LINUX" "-DROCKSDB_PLATFORM_POSIX" "-DROCKSDB_LIB_IO_POSIX" "-DROCKSDB_SUPPORT_THREAD_LOCAL" "-DHAVE_UINT128_EXTENSION=1" "-DHAVE_UINT128_EXTENSION=1" "-o" "/opt/rustwide/target/debug/build/librocksdb-sys-09acafed2d77201b/out/rocksdb/db/blob/blob_file_reader.o" "-c" "rocksdb/db/blob/blob_file_reader.cc"
[INFO] [stderr]   exit status: 0
[INFO] [stderr]   running: "c++" "-O0" "-ffunction-sections" "-fdata-sections" "-fPIC" "-gdwarf-4" "-fno-omit-frame-pointer" "-m64" "-I" "rocksdb/include/" "-I" "rocksdb/" "-I" "rocksdb/third-party/gtest-1.8.1/fused-src/" "-I" "lz4/lib/" "-I" "." "-Wall" "-Wextra" "-std=c++17" "-Wsign-compare" "-Wshadow" "-Wno-unused-parameter" "-Wno-unused-variable" "-Woverloaded-virtual" "-Wnon-virtual-dtor" "-Wno-missing-field-initializers" "-Wno-strict-aliasing" "-Wno-invalid-offsetof" "-msse2" "-std=c++17" "-DLZ4=1" "-DNDEBUG=1" "-DOS_LINUX" "-DROCKSDB_PLATFORM_POSIX" "-DROCKSDB_LIB_IO_POSIX" "-DROCKSDB_SUPPORT_THREAD_LOCAL" "-DHAVE_UINT128_EXTENSION=1" "-DHAVE_UINT128_EXTENSION=1" "-o" "/opt/rustwide/target/debug/build/librocksdb-sys-09acafed2d77201b/out/rocksdb/db/blob/blob_garbage_meter.o" "-c" "rocksdb/db/blob/blob_garbage_meter.cc"
[INFO] [stderr]   running: "c++" "-O0" "-ffunction-sections" "-fdata-sections" "-fPIC" "-gdwarf-4" "-fno-omit-frame-pointer" "-m64" "-I" "rocksdb/include/" "-I" "rocksdb/" "-I" "rocksdb/third-party/gtest-1.8.1/fused-src/" "-I" "lz4/lib/" "-I" "." "-Wall" "-Wextra" "-std=c++17" "-Wsign-compare" "-Wshadow" "-Wno-unused-parameter" "-Wno-unused-variable" "-Woverloaded-virtual" "-Wnon-virtual-dtor" "-Wno-missing-field-initializers" "-Wno-strict-aliasing" "-Wno-invalid-offsetof" "-msse2" "-std=c++17" "-DLZ4=1" "-DNDEBUG=1" "-DOS_LINUX" "-DROCKSDB_PLATFORM_POSIX" "-DROCKSDB_LIB_IO_POSIX" "-DROCKSDB_SUPPORT_THREAD_LOCAL" "-DHAVE_UINT128_EXTENSION=1" "-DHAVE_UINT128_EXTENSION=1" "-o" "/opt/rustwide/target/debug/build/librocksdb-sys-09acafed2d77201b/out/rocksdb/db/blob/blob_log_format.o" "-c" "rocksdb/db/blob/blob_log_format.cc"
[INFO] [stderr]   cargo:warning=c++: fatal error: Killed signal terminated program cc1plus
[INFO] [stderr]   cargo:warning=compilation terminated.
[INFO] [stderr]   exit status: 1
[INFO] [stderr]   running: "c++" "-O0" "-ffunction-sections" "-fdata-sections" "-fPIC" "-gdwarf-4" "-fno-omit-frame-pointer" "-m64" "-I" "rocksdb/include/" "-I" "rocksdb/" "-I" "rocksdb/third-party/gtest-1.8.1/fused-src/" "-I" "lz4/lib/" "-I" "." "-Wall" "-Wextra" "-std=c++17" "-Wsign-compare" "-Wshadow" "-Wno-unused-parameter" "-Wno-unused-variable" "-Woverloaded-virtual" "-Wnon-virtual-dtor" "-Wno-missing-field-initializers" "-Wno-strict-aliasing" "-Wno-invalid-offsetof" "-msse2" "-std=c++17" "-DLZ4=1" "-DNDEBUG=1" "-DOS_LINUX" "-DROCKSDB_PLATFORM_POSIX" "-DROCKSDB_LIB_IO_POSIX" "-DROCKSDB_SUPPORT_THREAD_LOCAL" "-DHAVE_UINT128_EXTENSION=1" "-DHAVE_UINT128_EXTENSION=1" "-o" "/opt/rustwide/target/debug/build/librocksdb-sys-09acafed2d77201b/out/rocksdb/db/blob/blob_log_sequential_reader.o" "-c" "rocksdb/db/blob/blob_log_sequential_reader.cc"
[INFO] [stderr]   cargo:warning=c++: fatal error: Killed signal terminated program cc1plus
[INFO] [stderr]   cargo:warning=compilation terminated.
[INFO] [stderr]   exit status: 1
[INFO] [stderr]   exit status: 0
[INFO] [stderr]   cargo:warning=c++: fatal error: Killed signal terminated program cc1plus
[INFO] [stderr]   cargo:warning=compilation terminated.
[INFO] [stderr]   exit status: 1
[INFO] [stderr]   cargo:warning=c++: fatal error: Killed signal terminated program cc1plus
[INFO] [stderr]   cargo:warning=compilation terminated.
[INFO] [stderr]   exit status: 1
[INFO] [stderr]   exit status: 0
[INFO] [stderr]   exit status: 0
[INFO] [stderr]   exit status: 0
[INFO] [stderr]   exit status: 0
[INFO] [stderr]   exit status: 0
[INFO] [stderr]   exit status: 0
[INFO] [stderr]   exit status: 0
[INFO] [stderr]   exit status: 0
[INFO] [stderr]   exit status: 0
[INFO] [stderr]   exit status: 0
[INFO] [stderr]   exit status: 0
[INFO] [stderr]   exit status: 0
[INFO] [stderr] 
[INFO] [stderr]   --- stderr
[INFO] [stderr]   error: 'rustfmt' is not installed for the toolchain 'beta-2023-12-22-x86_64-unknown-linux-gnu'
[INFO] [stderr]   To install, run `rustup component add rustfmt --toolchain beta-2023-12-22-x86_64-unknown-linux-gnu`
[INFO] [stderr]   Failed to run rustfmt: Internal rustfmt error (non-fatal, continuing)
[INFO] [stderr] 
[INFO] [stderr] 
[INFO] [stderr]   error occurred: Command "c++" "-O0" "-ffunction-sections" "-fdata-sections" "-fPIC" "-gdwarf-4" "-fno-omit-frame-pointer" "-m64" "-I" "rocksdb/include/" "-I" "rocksdb/" "-I" "rocksdb/third-party/gtest-1.8.1/fused-src/" "-I" "lz4/lib/" "-I" "." "-Wall" "-Wextra" "-std=c++17" "-Wsign-compare" "-Wshadow" "-Wno-unused-parameter" "-Wno-unused-variable" "-Woverloaded-virtual" "-Wnon-virtual-dtor" "-Wno-missing-field-initializers" "-Wno-strict-aliasing" "-Wno-invalid-offsetof" "-msse2" "-std=c++17" "-DLZ4=1" "-DNDEBUG=1" "-DOS_LINUX" "-DROCKSDB_PLATFORM_POSIX" "-DROCKSDB_LIB_IO_POSIX" "-DROCKSDB_SUPPORT_THREAD_LOCAL" "-DHAVE_UINT128_EXTENSION=1" "-DHAVE_UINT128_EXTENSION=1" "-o" "/opt/rustwide/target/debug/build/librocksdb-sys-09acafed2d77201b/out/rocksdb/cache/cache.o" "-c" "rocksdb/cache/cache.cc" with args "c++" did not execute successfully (status code exit status: 1).
[INFO] [stderr] 
[INFO] [stderr] 
[INFO] running `Command { std: "docker" "inspect" "84b57223b215415e5715860ca321af9f3a19250e57c5ce240d32d3342d7d393d", kill_on_drop: false }`
[INFO] running `Command { std: "docker" "rm" "-f" "84b57223b215415e5715860ca321af9f3a19250e57c5ce240d32d3342d7d393d", kill_on_drop: false }`
[INFO] [stdout] 84b57223b215415e5715860ca321af9f3a19250e57c5ce240d32d3342d7d393d
