[INFO] cloning repository https://github.com/Feohr/fort_chess
[INFO] running `Command { std: "git" "-c" "credential.helper=" "-c" "credential.helper=/workspace/cargo-home/bin/git-credential-null" "clone" "--bare" "https://github.com/Feohr/fort_chess" "/workspace/cache/git-repos/https%3A%2F%2Fgithub.com%2FFeohr%2Ffort_chess", kill_on_drop: false }`
[INFO] [stderr] Cloning into bare repository '/workspace/cache/git-repos/https%3A%2F%2Fgithub.com%2FFeohr%2Ffort_chess'...
[INFO] running `Command { std: "git" "rev-parse" "HEAD", kill_on_drop: false }`
[INFO] [stdout] 7bce8f4e52ecf18a299dd2e5f418b591603c3c42
[INFO] documenting Feohr/fort_chess against 1.75.0 for beta-1.76-rustdoc-1
[INFO] running `Command { std: "git" "clone" "/workspace/cache/git-repos/https%3A%2F%2Fgithub.com%2FFeohr%2Ffort_chess" "/workspace/builds/worker-5-tc1/source", kill_on_drop: false }`
[INFO] [stderr] Cloning into '/workspace/builds/worker-5-tc1/source'...
[INFO] [stderr] done.
[INFO] validating manifest of git repo https://github.com/Feohr/fort_chess on toolchain 1.75.0
[INFO] running `Command { std: CARGO_HOME="/workspace/cargo-home" RUSTUP_HOME="/workspace/rustup-home" "/workspace/cargo-home/bin/cargo" "+1.75.0" "metadata" "--manifest-path" "Cargo.toml" "--no-deps", kill_on_drop: false }`
[INFO] removed /workspace/builds/worker-5-tc1/source/rust-toolchain.toml
[INFO] started tweaking git repo https://github.com/Feohr/fort_chess
[INFO] finished tweaking git repo https://github.com/Feohr/fort_chess
[INFO] tweaked toml for git repo https://github.com/Feohr/fort_chess written to /workspace/builds/worker-5-tc1/source/Cargo.toml
[INFO] crate git repo https://github.com/Feohr/fort_chess already has a lockfile, it will not be regenerated
[INFO] running `Command { std: CARGO_HOME="/workspace/cargo-home" RUSTUP_HOME="/workspace/rustup-home" "/workspace/cargo-home/bin/cargo" "+1.75.0" "fetch" "--manifest-path" "Cargo.toml", kill_on_drop: false }`
[INFO] [stderr]  Downloading crates ...
[INFO] [stderr]   Downloaded bevy_dylib v0.8.1
[INFO] [stderr]   Downloaded erased-serde v0.3.24
[INFO] [stderr]   Downloaded toml_edit v0.18.0
[INFO] running `Command { std: "docker" "create" "-v" "/var/lib/crater-agent-workspace/builds/worker-5-tc1/target:/opt/rustwide/target:rw,Z" "-v" "/var/lib/crater-agent-workspace/builds/worker-5-tc1/source:/opt/rustwide/workdir:ro,Z" "-v" "/var/lib/crater-agent-workspace/cargo-home:/opt/rustwide/cargo-home:ro,Z" "-v" "/var/lib/crater-agent-workspace/rustup-home:/opt/rustwide/rustup-home:ro,Z" "-e" "SOURCE_DIR=/opt/rustwide/workdir" "-e" "CARGO_TARGET_DIR=/opt/rustwide/target" "-e" "CARGO_HOME=/opt/rustwide/cargo-home" "-e" "RUSTUP_HOME=/opt/rustwide/rustup-home" "-w" "/opt/rustwide/workdir" "-m" "1610612736" "--user" "0:0" "--network" "none" "ghcr.io/rust-lang/crates-build-env/linux@sha256:2788e3201cd34a07e3172128adcd8b3090168a8e3bcc40d7c032b9dda1df7d1c" "/opt/rustwide/cargo-home/bin/cargo" "+1.75.0" "metadata" "--no-deps" "--format-version=1", kill_on_drop: false }`
[INFO] [stdout] 824599b7bce3ee1ff3cbe5957b1c54cead623a99e019eba83a85c16f8a338b42
[INFO] running `Command { std: "docker" "start" "-a" "824599b7bce3ee1ff3cbe5957b1c54cead623a99e019eba83a85c16f8a338b42", kill_on_drop: false }`
[INFO] running `Command { std: "docker" "inspect" "824599b7bce3ee1ff3cbe5957b1c54cead623a99e019eba83a85c16f8a338b42", kill_on_drop: false }`
[INFO] running `Command { std: "docker" "rm" "-f" "824599b7bce3ee1ff3cbe5957b1c54cead623a99e019eba83a85c16f8a338b42", kill_on_drop: false }`
[INFO] [stdout] 824599b7bce3ee1ff3cbe5957b1c54cead623a99e019eba83a85c16f8a338b42
[INFO] running `Command { std: "docker" "create" "-v" "/var/lib/crater-agent-workspace/builds/worker-5-tc1/target:/opt/rustwide/target:rw,Z" "-v" "/var/lib/crater-agent-workspace/builds/worker-5-tc1/source:/opt/rustwide/workdir:ro,Z" "-v" "/var/lib/crater-agent-workspace/cargo-home:/opt/rustwide/cargo-home:ro,Z" "-v" "/var/lib/crater-agent-workspace/rustup-home:/opt/rustwide/rustup-home:ro,Z" "-e" "SOURCE_DIR=/opt/rustwide/workdir" "-e" "CARGO_TARGET_DIR=/opt/rustwide/target" "-e" "CARGO_INCREMENTAL=0" "-e" "RUST_BACKTRACE=full" "-e" "RUSTFLAGS=--cap-lints=warn" "-e" "RUSTDOCFLAGS=--cap-lints=warn" "-e" "CARGO_HOME=/opt/rustwide/cargo-home" "-e" "RUSTUP_HOME=/opt/rustwide/rustup-home" "-w" "/opt/rustwide/workdir" "-m" "1610612736" "--user" "0:0" "--network" "none" "ghcr.io/rust-lang/crates-build-env/linux@sha256:2788e3201cd34a07e3172128adcd8b3090168a8e3bcc40d7c032b9dda1df7d1c" "/opt/rustwide/cargo-home/bin/cargo" "+1.75.0" "doc" "--frozen" "--no-deps" "--document-private-items" "--message-format=json", kill_on_drop: false }`
[INFO] [stdout] 8a6267c8658c4a68a0fbfcab544c4d3428f4e4e7649105f1e50361b5793153da
[INFO] running `Command { std: "docker" "start" "-a" "8a6267c8658c4a68a0fbfcab544c4d3428f4e4e7649105f1e50361b5793153da", kill_on_drop: false }`
[INFO] [stderr]    Compiling proc-macro2 v1.0.50
[INFO] [stderr]    Compiling quote v1.0.23
[INFO] [stderr]    Compiling unicode-ident v1.0.6
[INFO] [stderr]    Compiling syn v1.0.107
[INFO] [stderr]     Checking cfg-if v1.0.0
[INFO] [stderr]    Compiling autocfg v1.1.0
[INFO] [stderr]    Compiling libc v0.2.139
[INFO] [stderr]    Compiling serde_derive v1.0.152
[INFO] [stderr]    Compiling serde v1.0.152
[INFO] [stderr]     Checking once_cell v1.17.0
[INFO] [stderr]    Compiling version_check v0.9.4
[INFO] [stderr]     Checking bitflags v1.3.2
[INFO] [stderr]    Compiling thiserror v1.0.38
[INFO] [stderr]     Checking byteorder v1.4.3
[INFO] [stderr]     Checking scopeguard v1.1.0
[INFO] [stderr]    Compiling memchr v2.5.0
[INFO] [stderr]    Compiling crossbeam-utils v0.8.14
[INFO] [stderr]     Checking pin-project-lite v0.2.9
[INFO] [stderr]     Checking instant v0.1.12
[INFO] [stderr]    Compiling parking_lot_core v0.9.6
[INFO] [stderr]    Compiling futures-core v0.3.25
[INFO] [stderr]     Checking tracing-core v0.1.30
[INFO] [stderr]    Compiling log v0.4.17
[INFO] [stderr]     Checking fixedbitset v0.4.2
[INFO] [stderr]     Checking parking v2.0.0
[INFO] [stderr]     Checking fastrand v1.8.0
[INFO] [stderr]     Checking event-listener v2.5.3
[INFO] [stderr]     Checking waker-fn v1.1.0
[INFO] [stderr]     Checking futures-io v0.3.25
[INFO] [stderr]     Checking fxhash v0.2.1
[INFO] [stderr]    Compiling erased-serde v0.3.24
[INFO] [stderr]     Checking tracing v0.1.37
[INFO] [stderr]     Checking async-task v4.3.0
[INFO] [stderr]     Checking thread_local v1.1.4
[INFO] [stderr]     Checking bevy_ptr v0.8.1
[INFO] [stderr]     Checking downcast-rs v1.2.0
[INFO] [stderr]     Checking lazy_static v1.4.0
[INFO] [stderr]    Compiling pkg-config v0.3.26
[INFO] [stderr]     Checking regex-syntax v0.6.28
[INFO] [stderr]     Checking overload v0.1.1
[INFO] [stderr]     Checking cty v0.2.2
[INFO] [stderr]     Checking nu-ansi-term v0.46.0
[INFO] [stderr]     Checking sharded-slab v0.1.4
[INFO] [stderr]     Checking raw-window-handle v0.4.3
[INFO] [stderr]     Checking libloading v0.7.4
[INFO] [stderr]     Checking tracing-log v0.1.3
[INFO] [stderr]     Checking concurrent-queue v2.1.0
[INFO] [stderr]     Checking futures-lite v1.12.0
[INFO] [stderr]     Checking aho-corasick v0.7.20
[INFO] [stderr]     Checking crossbeam-channel v0.5.6
[INFO] [stderr]     Checking bit-vec v0.6.3
[INFO] [stderr]     Checking async-channel v1.8.0
[INFO] [stderr]     Checking termcolor v1.2.0
[INFO] [stderr]    Compiling ash v0.37.2+1.3.238
[INFO] [stderr]    Compiling lock_api v0.4.9
[INFO] [stderr]    Compiling ahash v0.7.6
[INFO] [stderr]    Compiling slab v0.4.7
[INFO] [stderr]    Compiling num-traits v0.2.15
[INFO] [stderr]    Compiling indexmap v1.9.2
[INFO] [stderr]     Checking unicode-xid v0.2.4
[INFO] [stderr]    Compiling getrandom v0.2.8
[INFO] [stderr]     Checking unicode-width v0.1.10
[INFO] [stderr]    Compiling anyhow v1.0.68
[INFO] [stderr]     Checking async-lock v2.6.0
[INFO] [stderr]    Compiling uuid v1.2.2
[INFO] [stderr]    Compiling crc32fast v1.3.2
[INFO] [stderr]     Checking same-file v1.0.6
[INFO] [stderr]    Compiling khronos-egl v4.1.0
[INFO] [stderr]     Checking codespan-reporting v0.11.1
[INFO] [stderr]     Checking async-executor v1.5.0
[INFO] [stderr]     Checking pp-rs v0.2.1
[INFO] [stderr]     Checking num_cpus v1.15.0
[INFO] [stderr]     Checking mio v0.8.5
[INFO] [stderr]     Checking bevy_tasks v0.8.1
[INFO] [stderr]     Checking inotify-sys v0.1.5
[INFO] [stderr]     Checking inotify v0.9.6
[INFO] [stderr]     Checking walkdir v2.3.2
[INFO] [stderr]     Checking filetime v0.2.19
[INFO] [stderr]     Checking bit-set v0.5.3
[INFO] [stderr]    Compiling num-integer v0.1.45
[INFO] [stderr]     Checking gpu-descriptor-types v0.1.1
[INFO] [stderr]     Checking gpu-alloc-types v0.2.0
[INFO] [stderr]    Compiling cfg_aliases v0.1.1
[INFO] [stderr]     Checking rustc-hash v1.1.0
[INFO] [stderr]     Checking hexf-parse v0.2.1
[INFO] [stderr]     Checking adler v1.0.2
[INFO] [stderr]     Checking arrayvec v0.7.2
[INFO] [stderr]    Compiling wgpu-core v0.13.2
[INFO] [stderr]     Checking gpu-alloc v0.5.3
[INFO] [stderr]     Checking notify v5.0.0-pre.15
[INFO] [stderr]     Checking miniz_oxide v0.6.2
[INFO] [stderr]    Compiling num-rational v0.4.1
[INFO] [stderr]     Checking regex-automata v0.1.10
[INFO] [stderr]     Checking regex v1.7.1
[INFO] [stderr]     Checking wgpu-types v0.13.2
[INFO] [stderr]     Checking glow v0.11.2
[INFO] [stderr]     Checking inplace_it v0.3.5
[INFO] [stderr]     Checking profiling v1.0.7
[INFO] [stderr]     Checking renderdoc-sys v0.7.1
[INFO] [stderr]     Checking copyless v0.1.5
[INFO] [stderr]     Checking const_panic v0.2.7
[INFO] [stderr]     Checking flate2 v1.0.25
[INFO] [stderr]     Checking scoped_threadpool v0.1.9
[INFO] [stderr]     Checking color_quant v1.1.0
[INFO] [stderr]    Compiling parking_lot_core v0.8.6
[INFO] [stderr]     Checking spirv v0.2.0+1.5.4
[INFO] [stderr]     Checking hex v0.4.3
[INFO] [stderr]    Compiling memoffset v0.6.5
[INFO] [stderr]    Compiling alsa-sys v0.3.1
[INFO] [stderr]     Checking radsort v0.1.0
[INFO] [stderr]    Compiling libudev-sys v0.1.4
[INFO] [stderr]    Compiling serde_json v1.0.91
[INFO] [stderr]     Checking png v0.17.7
[INFO] [stderr]     Checking ttf-parser v0.18.1
[INFO] [stderr]     Checking matchers v0.1.0
[INFO] [stderr]     Checking nix v0.23.2
[INFO] [stderr]    Compiling x11-dl v2.21.0
[INFO] [stderr]     Checking euclid v0.22.7
[INFO] [stderr]     Checking approx v0.5.1
[INFO] [stderr]     Checking ryu v1.0.12
[INFO] [stderr]    Compiling typenum v1.16.0
[INFO] [stderr]     Checking itoa v1.0.5
[INFO] [stderr]     Checking tinyvec_macros v0.1.0
[INFO] [stderr]     Checking ab_glyph_rasterizer v0.1.8
[INFO] [stderr]     Checking svg_fmt v0.4.1
[INFO] [stderr]    Compiling cpal v0.13.5
[INFO] [stderr]    Compiling inflections v1.1.1
[INFO] [stderr]     Checking tinyvec v1.6.0
[INFO] [stderr]     Checking nix v0.24.3
[INFO] [stderr]     Checking ogg v0.8.0
[INFO] [stderr]     Checking percent-encoding v2.2.0
[INFO] [stderr]     Checking vec_map v0.8.2
[INFO] [stderr]    Compiling toml v0.5.11
[INFO] [stderr]    Compiling winit v0.26.1
[INFO] [stderr]     Checking xi-unicode v0.3.0
[INFO] [stderr]     Checking base64 v0.13.1
[INFO] [stderr]     Checking rectangle-pack v0.4.2
[INFO] [stderr]     Checking guillotiere v0.6.2
[INFO] [stderr]    Compiling encase_derive_impl v0.3.0
[INFO] [stderr]     Checking hash32 v0.2.1
[INFO] [stderr]     Checking fnv v1.0.7
[INFO] [stderr]     Checking lewton v0.10.2
[INFO] [stderr]    Compiling bevy_macro_utils v0.8.1
[INFO] [stderr]     Checking owned_ttf_parser v0.18.0
[INFO] [stderr]     Checking ab_glyph v0.2.19
[INFO] [stderr]     Checking glyph_brush_layout v0.2.3
[INFO] [stderr]     Checking alsa v0.6.0
[INFO] [stderr]    Compiling thiserror-impl v1.0.38
[INFO] [stderr]    Compiling bytemuck_derive v1.4.0
[INFO] [stderr]    Compiling bevy_reflect_derive v0.8.1
[INFO] [stderr]    Compiling bevy_ecs_macros v0.8.1
[INFO] [stderr]    Compiling bevy_derive v0.8.1
[INFO] [stderr]    Compiling encase_derive v0.3.0
[INFO] [stderr]    Compiling bevy_encase_derive v0.8.1
[INFO] [stderr]    Compiling bevy_render_macros v0.8.1
[INFO] [stderr]    Compiling gltf-derive v1.0.0
[INFO] [stderr]    Compiling hash32-derive v0.1.1
[INFO] [stderr]     Checking taffy v0.1.0
[INFO] [stderr]     Checking bytemuck v1.13.0
[INFO] [stderr]     Checking image v0.24.5
[INFO] [stderr]     Checking fort_builders v0.1.0 (/opt/rustwide/workdir/fort_builders)
[INFO] [stdout] error[E0554]: `#![feature]` may not be used on the stable release channel
[INFO] [stdout]  --> fort_builders/src/lib.rs:7:12
[INFO] [stdout]   |
[INFO] [stdout] 7 | #![feature(drain_filter)]
[INFO] [stdout]   |            ^^^^^^^^^^^^
[INFO] [stdout] 
[INFO] [stdout] 
[INFO] [stdout] error[E0635]: unknown feature `drain_filter`
[INFO] [stdout]  --> fort_builders/src/lib.rs:7:12
[INFO] [stdout]   |
[INFO] [stdout] 7 | #![feature(drain_filter)]
[INFO] [stdout]   |            ^^^^^^^^^^^^
[INFO] [stdout] 
[INFO] [stdout] 
[INFO] [stdout] error[E0599]: no method named `drain_filter` found for struct `Vec<Player>` in the current scope
[INFO] [stdout]    --> fort_builders/src/game.rs:127:14
[INFO] [stdout]     |
[INFO] [stdout] 126 | /         self.players
[INFO] [stdout] 127 | |             .drain_filter(|player| player.pieces.is_empty() && !player.is_winner)
[INFO] [stdout]     | |             -^^^^^^^^^^^^ method not found in `Vec<Player>`
[INFO] [stdout]     | |_____________|
[INFO] [stdout]     | 
[INFO] [stdout] 
[INFO] [stdout] 
[INFO] [stdout] error: aborting due to 3 previous errors
[INFO] [stdout] 
[INFO] [stdout] 
[INFO] [stdout] Some errors have detailed explanations: E0554, E0599, E0635.
[INFO] [stdout] 
[INFO] [stdout] For more information about an error, try `rustc --explain E0554`.
[INFO] [stdout] 
[INFO] [stderr] error: could not compile `fort_builders` (lib) due to 4 previous errors
[INFO] [stderr] warning: build failed, waiting for other jobs to finish...
[INFO] running `Command { std: "docker" "inspect" "8a6267c8658c4a68a0fbfcab544c4d3428f4e4e7649105f1e50361b5793153da", kill_on_drop: false }`
[INFO] running `Command { std: "docker" "rm" "-f" "8a6267c8658c4a68a0fbfcab544c4d3428f4e4e7649105f1e50361b5793153da", kill_on_drop: false }`
[INFO] [stdout] 8a6267c8658c4a68a0fbfcab544c4d3428f4e4e7649105f1e50361b5793153da
[INFO] documenting Feohr/fort_chess against beta-2023-12-22 for beta-1.76-rustdoc-1
[INFO] running `Command { std: "git" "clone" "/workspace/cache/git-repos/https%3A%2F%2Fgithub.com%2FFeohr%2Ffort_chess" "/workspace/builds/worker-5-tc2/source", kill_on_drop: false }`
[INFO] [stderr] Cloning into '/workspace/builds/worker-5-tc2/source'...
[INFO] [stderr] done.
[INFO] validating manifest of git repo https://github.com/Feohr/fort_chess on toolchain beta-2023-12-22
[INFO] running `Command { std: CARGO_HOME="/workspace/cargo-home" RUSTUP_HOME="/workspace/rustup-home" "/workspace/cargo-home/bin/cargo" "+beta-2023-12-22" "metadata" "--manifest-path" "Cargo.toml" "--no-deps", kill_on_drop: false }`
[INFO] removed /workspace/builds/worker-5-tc2/source/rust-toolchain.toml
[INFO] started tweaking git repo https://github.com/Feohr/fort_chess
[INFO] finished tweaking git repo https://github.com/Feohr/fort_chess
[INFO] tweaked toml for git repo https://github.com/Feohr/fort_chess written to /workspace/builds/worker-5-tc2/source/Cargo.toml
[INFO] crate git repo https://github.com/Feohr/fort_chess already has a lockfile, it will not be regenerated
[INFO] running `Command { std: CARGO_HOME="/workspace/cargo-home" RUSTUP_HOME="/workspace/rustup-home" "/workspace/cargo-home/bin/cargo" "+beta-2023-12-22" "fetch" "--manifest-path" "Cargo.toml", kill_on_drop: false }`
[INFO] running `Command { std: "docker" "create" "-v" "/var/lib/crater-agent-workspace/builds/worker-5-tc2/target:/opt/rustwide/target:rw,Z" "-v" "/var/lib/crater-agent-workspace/builds/worker-5-tc2/source:/opt/rustwide/workdir:ro,Z" "-v" "/var/lib/crater-agent-workspace/cargo-home:/opt/rustwide/cargo-home:ro,Z" "-v" "/var/lib/crater-agent-workspace/rustup-home:/opt/rustwide/rustup-home:ro,Z" "-e" "SOURCE_DIR=/opt/rustwide/workdir" "-e" "CARGO_TARGET_DIR=/opt/rustwide/target" "-e" "CARGO_HOME=/opt/rustwide/cargo-home" "-e" "RUSTUP_HOME=/opt/rustwide/rustup-home" "-w" "/opt/rustwide/workdir" "-m" "1610612736" "--user" "0:0" "--network" "none" "ghcr.io/rust-lang/crates-build-env/linux@sha256:2788e3201cd34a07e3172128adcd8b3090168a8e3bcc40d7c032b9dda1df7d1c" "/opt/rustwide/cargo-home/bin/cargo" "+beta-2023-12-22" "metadata" "--no-deps" "--format-version=1", kill_on_drop: false }`
[INFO] [stdout] bffab69c7be5ba909eac0b9e9aaf2003c792c4973164fee1da5f578a7f1072be
[INFO] running `Command { std: "docker" "start" "-a" "bffab69c7be5ba909eac0b9e9aaf2003c792c4973164fee1da5f578a7f1072be", kill_on_drop: false }`
[INFO] running `Command { std: "docker" "inspect" "bffab69c7be5ba909eac0b9e9aaf2003c792c4973164fee1da5f578a7f1072be", kill_on_drop: false }`
[INFO] running `Command { std: "docker" "rm" "-f" "bffab69c7be5ba909eac0b9e9aaf2003c792c4973164fee1da5f578a7f1072be", kill_on_drop: false }`
[INFO] [stdout] bffab69c7be5ba909eac0b9e9aaf2003c792c4973164fee1da5f578a7f1072be
[INFO] running `Command { std: "docker" "create" "-v" "/var/lib/crater-agent-workspace/builds/worker-5-tc2/target:/opt/rustwide/target:rw,Z" "-v" "/var/lib/crater-agent-workspace/builds/worker-5-tc2/source:/opt/rustwide/workdir:ro,Z" "-v" "/var/lib/crater-agent-workspace/cargo-home:/opt/rustwide/cargo-home:ro,Z" "-v" "/var/lib/crater-agent-workspace/rustup-home:/opt/rustwide/rustup-home:ro,Z" "-e" "SOURCE_DIR=/opt/rustwide/workdir" "-e" "CARGO_TARGET_DIR=/opt/rustwide/target" "-e" "CARGO_INCREMENTAL=0" "-e" "RUST_BACKTRACE=full" "-e" "RUSTFLAGS=--cap-lints=warn" "-e" "RUSTDOCFLAGS=--cap-lints=warn" "-e" "CARGO_HOME=/opt/rustwide/cargo-home" "-e" "RUSTUP_HOME=/opt/rustwide/rustup-home" "-w" "/opt/rustwide/workdir" "-m" "1610612736" "--user" "0:0" "--network" "none" "ghcr.io/rust-lang/crates-build-env/linux@sha256:2788e3201cd34a07e3172128adcd8b3090168a8e3bcc40d7c032b9dda1df7d1c" "/opt/rustwide/cargo-home/bin/cargo" "+beta-2023-12-22" "doc" "--frozen" "--no-deps" "--document-private-items" "--message-format=json", kill_on_drop: false }`
[INFO] [stdout] d47045d1b3780e2a138599e10a3e2ca43616e5c905de7a809908c4e230017727
[INFO] running `Command { std: "docker" "start" "-a" "d47045d1b3780e2a138599e10a3e2ca43616e5c905de7a809908c4e230017727", kill_on_drop: false }`
[INFO] [stderr]    Compiling proc-macro2 v1.0.50
[INFO] [stderr]    Compiling quote v1.0.23
[INFO] [stderr]    Compiling unicode-ident v1.0.6
[INFO] [stderr]    Compiling syn v1.0.107
[INFO] [stderr]     Checking cfg-if v1.0.0
[INFO] [stderr]    Compiling autocfg v1.1.0
[INFO] [stderr]    Compiling libc v0.2.139
[INFO] [stderr]    Compiling serde_derive v1.0.152
[INFO] [stderr]    Compiling serde v1.0.152
[INFO] [stderr]     Checking once_cell v1.17.0
[INFO] [stderr]     Checking bitflags v1.3.2
[INFO] [stderr]    Compiling version_check v0.9.4
[INFO] [stderr]    Compiling thiserror v1.0.38
[INFO] [stderr]     Checking byteorder v1.4.3
[INFO] [stderr]     Checking scopeguard v1.1.0
[INFO] [stderr]    Compiling memchr v2.5.0
[INFO] [stderr]     Checking pin-project-lite v0.2.9
[INFO] [stderr]    Compiling crossbeam-utils v0.8.14
[INFO] [stderr]     Checking instant v0.1.12
[INFO] [stderr]    Compiling parking_lot_core v0.9.6
[INFO] [stderr]    Compiling futures-core v0.3.25
[INFO] [stderr]     Checking tracing-core v0.1.30
[INFO] [stderr]    Compiling log v0.4.17
[INFO] [stderr]     Checking fixedbitset v0.4.2
[INFO] [stderr]     Checking event-listener v2.5.3
[INFO] [stderr]     Checking fastrand v1.8.0
[INFO] [stderr]     Checking futures-io v0.3.25
[INFO] [stderr]     Checking waker-fn v1.1.0
[INFO] [stderr]     Checking parking v2.0.0
[INFO] [stderr]     Checking tracing v0.1.37
[INFO] [stderr]     Checking fxhash v0.2.1
[INFO] [stderr]    Compiling erased-serde v0.3.24
[INFO] [stderr]     Checking async-task v4.3.0
[INFO] [stderr]     Checking thread_local v1.1.4
[INFO] [stderr]     Checking bevy_ptr v0.8.1
[INFO] [stderr]     Checking downcast-rs v1.2.0
[INFO] [stderr]     Checking lazy_static v1.4.0
[INFO] [stderr]    Compiling pkg-config v0.3.26
[INFO] [stderr]     Checking regex-syntax v0.6.28
[INFO] [stderr]     Checking overload v0.1.1
[INFO] [stderr]     Checking cty v0.2.2
[INFO] [stderr]     Checking raw-window-handle v0.4.3
[INFO] [stderr]     Checking sharded-slab v0.1.4
[INFO] [stderr]     Checking libloading v0.7.4
[INFO] [stderr]     Checking concurrent-queue v2.1.0
[INFO] [stderr]     Checking nu-ansi-term v0.46.0
[INFO] [stderr]     Checking tracing-log v0.1.3
[INFO] [stderr]     Checking crossbeam-channel v0.5.6
[INFO] [stderr]     Checking async-channel v1.8.0
[INFO] [stderr]     Checking futures-lite v1.12.0
[INFO] [stderr]     Checking aho-corasick v0.7.20
[INFO] [stderr]     Checking unicode-xid v0.2.4
[INFO] [stderr]    Compiling ash v0.37.2+1.3.238
[INFO] [stderr]     Checking termcolor v1.2.0
[INFO] [stderr]     Checking unicode-width v0.1.10
[INFO] [stderr]    Compiling crc32fast v1.3.2
[INFO] [stderr]    Compiling khronos-egl v4.1.0
[INFO] [stderr]    Compiling ahash v0.7.6
[INFO] [stderr]    Compiling lock_api v0.4.9
[INFO] [stderr]    Compiling slab v0.4.7
[INFO] [stderr]    Compiling getrandom v0.2.8
[INFO] [stderr]    Compiling num-traits v0.2.15
[INFO] [stderr]    Compiling indexmap v1.9.2
[INFO] [stderr]    Compiling uuid v1.2.2
[INFO] [stderr]     Checking same-file v1.0.6
[INFO] [stderr]     Checking bit-vec v0.6.3
[INFO] [stderr]    Compiling anyhow v1.0.68
[INFO] [stderr]     Checking async-lock v2.6.0
[INFO] [stderr]     Checking walkdir v2.3.2
[INFO] [stderr]     Checking codespan-reporting v0.11.1
[INFO] [stderr]    Compiling num-integer v0.1.45
[INFO] [stderr]     Checking num_cpus v1.15.0
[INFO] [stderr]     Checking mio v0.8.5
[INFO] [stderr]     Checking inotify-sys v0.1.5
[INFO] [stderr]     Checking async-executor v1.5.0
[INFO] [stderr]     Checking inotify v0.9.6
[INFO] [stderr]     Checking bit-set v0.5.3
[INFO] [stderr]     Checking filetime v0.2.19
[INFO] [stderr]     Checking bevy_tasks v0.8.1
[INFO] [stderr]     Checking pp-rs v0.2.1
[INFO] [stderr]     Checking gpu-descriptor-types v0.1.1
[INFO] [stderr]     Checking gpu-alloc-types v0.2.0
[INFO] [stderr]     Checking hexf-parse v0.2.1
[INFO] [stderr]     Checking adler v1.0.2
[INFO] [stderr]     Checking rustc-hash v1.1.0
[INFO] [stderr]     Checking arrayvec v0.7.2
[INFO] [stderr]    Compiling cfg_aliases v0.1.1
[INFO] [stderr]     Checking notify v5.0.0-pre.15
[INFO] [stderr]     Checking miniz_oxide v0.6.2
[INFO] [stderr]     Checking gpu-alloc v0.5.3
[INFO] [stderr]    Compiling wgpu-core v0.13.2
[INFO] [stderr]    Compiling num-rational v0.4.1
[INFO] [stderr]     Checking wgpu-types v0.13.2
[INFO] [stderr]     Checking profiling v1.0.7
[INFO] [stderr]     Checking inplace_it v0.3.5
[INFO] [stderr]     Checking glow v0.11.2
[INFO] [stderr]     Checking renderdoc-sys v0.7.1
[INFO] [stderr]     Checking copyless v0.1.5
[INFO] [stderr]     Checking const_panic v0.2.7
[INFO] [stderr]     Checking regex-automata v0.1.10
[INFO] [stderr]     Checking regex v1.7.1
[INFO] [stderr]     Checking color_quant v1.1.0
[INFO] [stderr]     Checking scoped_threadpool v0.1.9
[INFO] [stderr]     Checking flate2 v1.0.25
[INFO] [stderr]     Checking hex v0.4.3
[INFO] [stderr]    Compiling parking_lot_core v0.8.6
[INFO] [stderr]     Checking spirv v0.2.0+1.5.4
[INFO] [stderr]    Compiling memoffset v0.6.5
[INFO] [stderr]    Compiling alsa-sys v0.3.1
[INFO] [stderr]     Checking radsort v0.1.0
[INFO] [stderr]     Checking png v0.17.7
[INFO] [stderr]    Compiling libudev-sys v0.1.4
[INFO] [stderr]     Checking ttf-parser v0.18.1
[INFO] [stderr]    Compiling serde_json v1.0.91
[INFO] [stderr]     Checking nix v0.23.2
[INFO] [stderr]    Compiling x11-dl v2.21.0
[INFO] [stderr]     Checking euclid v0.22.7
[INFO] [stderr]     Checking matchers v0.1.0
[INFO] [stderr]     Checking approx v0.5.1
[INFO] [stderr]    Compiling inflections v1.1.1
[INFO] [stderr]    Compiling cpal v0.13.5
[INFO] [stderr]     Checking ryu v1.0.12
[INFO] [stderr]     Checking ab_glyph_rasterizer v0.1.8
[INFO] [stderr]     Checking tinyvec_macros v0.1.0
[INFO] [stderr]     Checking svg_fmt v0.4.1
[INFO] [stderr]     Checking itoa v1.0.5
[INFO] [stderr]    Compiling typenum v1.16.0
[INFO] [stderr]     Checking tinyvec v1.6.0
[INFO] [stderr]     Checking nix v0.24.3
[INFO] [stderr]     Checking ogg v0.8.0
[INFO] [stderr]    Compiling winit v0.26.1
[INFO] [stderr]     Checking percent-encoding v2.2.0
[INFO] [stderr]    Compiling toml v0.5.11
[INFO] [stderr]     Checking rectangle-pack v0.4.2
[INFO] [stderr]     Checking xi-unicode v0.3.0
[INFO] [stderr]     Checking vec_map v0.8.2
[INFO] [stderr]     Checking base64 v0.13.1
[INFO] [stderr]     Checking hash32 v0.2.1
[INFO] [stderr]     Checking fnv v1.0.7
[INFO] [stderr]     Checking guillotiere v0.6.2
[INFO] [stderr]    Compiling encase_derive_impl v0.3.0
[INFO] [stderr]     Checking lewton v0.10.2
[INFO] [stderr]    Compiling bevy_macro_utils v0.8.1
[INFO] [stderr]     Checking owned_ttf_parser v0.18.0
[INFO] [stderr]     Checking ab_glyph v0.2.19
[INFO] [stderr]     Checking glyph_brush_layout v0.2.3
[INFO] [stderr]     Checking alsa v0.6.0
[INFO] [stderr]    Compiling thiserror-impl v1.0.38
[INFO] [stderr]    Compiling bytemuck_derive v1.4.0
[INFO] [stderr]    Compiling bevy_reflect_derive v0.8.1
[INFO] [stderr]    Compiling bevy_ecs_macros v0.8.1
[INFO] [stderr]    Compiling bevy_derive v0.8.1
[INFO] [stderr]    Compiling encase_derive v0.3.0
[INFO] [stderr]    Compiling bevy_encase_derive v0.8.1
[INFO] [stderr]    Compiling bevy_render_macros v0.8.1
[INFO] [stderr]    Compiling gltf-derive v1.0.0
[INFO] [stderr]    Compiling hash32-derive v0.1.1
[INFO] [stderr]     Checking taffy v0.1.0
[INFO] [stderr]     Checking bytemuck v1.13.0
[INFO] [stderr]     Checking image v0.24.5
[INFO] [stderr]     Checking fort_builders v0.1.0 (/opt/rustwide/workdir/fort_builders)
[INFO] [stdout] error[E0554]: `#![feature]` may not be used on the beta release channel
[INFO] [stdout]  --> fort_builders/src/lib.rs:7:12
[INFO] [stdout]   |
[INFO] [stdout] 7 | #![feature(drain_filter)]
[INFO] [stdout]   |            ^^^^^^^^^^^^
[INFO] [stdout] 
[INFO] [stdout] 
[INFO] [stdout] error[E0635]: unknown feature `drain_filter`
[INFO] [stdout]  --> fort_builders/src/lib.rs:7:12
[INFO] [stdout]   |
[INFO] [stdout] 7 | #![feature(drain_filter)]
[INFO] [stdout]   |            ^^^^^^^^^^^^
[INFO] [stdout] 
[INFO] [stdout] 
[INFO] [stdout] error[E0599]: no method named `drain_filter` found for struct `Vec<Player>` in the current scope
[INFO] [stdout]    --> fort_builders/src/game.rs:127:14
[INFO] [stdout]     |
[INFO] [stdout] 126 | /         self.players
[INFO] [stdout] 127 | |             .drain_filter(|player| player.pieces.is_empty() && !player.is_winner)
[INFO] [stdout]     | |             -^^^^^^^^^^^^ method not found in `Vec<Player>`
[INFO] [stdout]     | |_____________|
[INFO] [stdout]     | 
[INFO] [stdout] 
[INFO] [stdout] 
[INFO] [stdout] error: aborting due to 3 previous errors
[INFO] [stdout] 
[INFO] [stdout] 
[INFO] [stdout] Some errors have detailed explanations: E0554, E0599, E0635.
[INFO] [stdout] 
[INFO] [stdout] For more information about an error, try `rustc --explain E0554`.
[INFO] [stdout] 
[INFO] [stderr] error: could not compile `fort_builders` (lib) due to 4 previous errors
[INFO] [stderr] warning: build failed, waiting for other jobs to finish...
[INFO] running `Command { std: "docker" "inspect" "d47045d1b3780e2a138599e10a3e2ca43616e5c905de7a809908c4e230017727", kill_on_drop: false }`
[INFO] running `Command { std: "docker" "rm" "-f" "d47045d1b3780e2a138599e10a3e2ca43616e5c905de7a809908c4e230017727", kill_on_drop: false }`
[INFO] [stdout] d47045d1b3780e2a138599e10a3e2ca43616e5c905de7a809908c4e230017727
