[INFO] cloning repository https://github.com/FaizChishtie/p2pllm
[INFO] running `Command { std: "git" "-c" "credential.helper=" "-c" "credential.helper=/workspace/cargo-home/bin/git-credential-null" "clone" "--bare" "https://github.com/FaizChishtie/p2pllm" "/workspace/cache/git-repos/https%3A%2F%2Fgithub.com%2FFaizChishtie%2Fp2pllm", kill_on_drop: false }`
[INFO] [stderr] Cloning into bare repository '/workspace/cache/git-repos/https%3A%2F%2Fgithub.com%2FFaizChishtie%2Fp2pllm'...
[INFO] running `Command { std: "git" "rev-parse" "HEAD", kill_on_drop: false }`
[INFO] [stdout] a010eec9c8ada043b880b5e516d1cb7ab38dd5ac
[INFO] documenting FaizChishtie/p2pllm against 1.75.0 for beta-1.76-rustdoc-1
[INFO] running `Command { std: "git" "clone" "/workspace/cache/git-repos/https%3A%2F%2Fgithub.com%2FFaizChishtie%2Fp2pllm" "/workspace/builds/worker-1-tc1/source", kill_on_drop: false }`
[INFO] [stderr] Cloning into '/workspace/builds/worker-1-tc1/source'...
[INFO] [stderr] done.
[INFO] validating manifest of git repo https://github.com/FaizChishtie/p2pllm on toolchain 1.75.0
[INFO] running `Command { std: CARGO_HOME="/workspace/cargo-home" RUSTUP_HOME="/workspace/rustup-home" "/workspace/cargo-home/bin/cargo" "+1.75.0" "metadata" "--manifest-path" "Cargo.toml" "--no-deps", kill_on_drop: false }`
[INFO] started tweaking git repo https://github.com/FaizChishtie/p2pllm
[INFO] finished tweaking git repo https://github.com/FaizChishtie/p2pllm
[INFO] tweaked toml for git repo https://github.com/FaizChishtie/p2pllm written to /workspace/builds/worker-1-tc1/source/Cargo.toml
[INFO] crate git repo https://github.com/FaizChishtie/p2pllm already has a lockfile, it will not be regenerated
[INFO] running `Command { std: CARGO_HOME="/workspace/cargo-home" RUSTUP_HOME="/workspace/rustup-home" "/workspace/cargo-home/bin/cargo" "+1.75.0" "fetch" "--manifest-path" "Cargo.toml", kill_on_drop: false }`
[INFO] [stderr]     Updating crates.io index
[INFO] [stderr]  Downloading crates ...
[INFO] [stderr]   Downloaded dtoa v1.0.6
[INFO] [stderr]   Downloaded libp2p-uds v0.31.0
[INFO] [stderr]   Downloaded libp2p-ping v0.33.0
[INFO] [stderr]   Downloaded libp2p-mplex v0.31.0
[INFO] [stderr]   Downloaded libp2p-metrics v0.3.0
[INFO] [stderr]   Downloaded open-metrics-client v0.14.0
[INFO] [stderr]   Downloaded libp2p-relay v0.6.1
[INFO] [stderr]   Downloaded aes-gcm v0.9.2
[INFO] [stderr]   Downloaded torch-sys v0.6.1
[INFO] [stderr]   Downloaded tch v0.6.1
[INFO] [stderr]   Downloaded polling v2.7.0
[INFO] [stderr]   Downloaded libp2p-core v0.31.1
[INFO] [stderr]   Downloaded libp2p-kad v0.34.0
[INFO] [stderr]   Downloaded libp2p-request-response v0.15.0
[INFO] [stderr]   Downloaded libp2p-swarm-derive v0.26.1
[INFO] [stderr]   Downloaded libp2p-autonat v0.1.0
[INFO] [stderr]   Downloaded libp2p-dns v0.31.0
[INFO] [stderr]   Downloaded libp2p-gossipsub v0.35.0
[INFO] [stderr]   Downloaded libp2p-pnet v0.22.3
[INFO] [stderr]   Downloaded libp2p-websocket v0.33.0
[INFO] [stderr]   Downloaded libp2p-noise v0.34.0
[INFO] [stderr]   Downloaded asynchronous-codec v0.6.1
[INFO] [stderr]   Downloaded libp2p-tcp v0.31.1
[INFO] [stderr]   Downloaded libp2p-plaintext v0.31.0
[INFO] [stderr]   Downloaded libp2p-identify v0.33.0
[INFO] [stderr]   Downloaded libp2p-deflate v0.31.0
[INFO] [stderr]   Downloaded libp2p-rendezvous v0.3.0
[INFO] [stderr]   Downloaded libp2p-wasm-ext v0.31.0
[INFO] [stderr]   Downloaded libp2p-mdns v0.34.0
[INFO] [stderr]   Downloaded libp2p-yamux v0.35.0
[INFO] [stderr]   Downloaded libp2p-floodsub v0.33.0
[INFO] [stderr]   Downloaded libp2p v0.42.2
[INFO] [stderr]   Downloaded libp2p-swarm v0.33.0
[INFO] [stderr]   Downloaded hdfs v0.0.4
[INFO] running `Command { std: "docker" "create" "-v" "/var/lib/crater-agent-workspace/builds/worker-1-tc1/target:/opt/rustwide/target:rw,Z" "-v" "/var/lib/crater-agent-workspace/builds/worker-1-tc1/source:/opt/rustwide/workdir:ro,Z" "-v" "/var/lib/crater-agent-workspace/cargo-home:/opt/rustwide/cargo-home:ro,Z" "-v" "/var/lib/crater-agent-workspace/rustup-home:/opt/rustwide/rustup-home:ro,Z" "-e" "SOURCE_DIR=/opt/rustwide/workdir" "-e" "CARGO_TARGET_DIR=/opt/rustwide/target" "-e" "CARGO_HOME=/opt/rustwide/cargo-home" "-e" "RUSTUP_HOME=/opt/rustwide/rustup-home" "-w" "/opt/rustwide/workdir" "-m" "1610612736" "--user" "0:0" "--network" "none" "ghcr.io/rust-lang/crates-build-env/linux@sha256:2788e3201cd34a07e3172128adcd8b3090168a8e3bcc40d7c032b9dda1df7d1c" "/opt/rustwide/cargo-home/bin/cargo" "+1.75.0" "metadata" "--no-deps" "--format-version=1", kill_on_drop: false }`
[INFO] [stdout] ad06990f94f1224c45662bfef84e0feb684534df9483bb34fb8a55867b1ebf6a
[INFO] running `Command { std: "docker" "start" "-a" "ad06990f94f1224c45662bfef84e0feb684534df9483bb34fb8a55867b1ebf6a", kill_on_drop: false }`
[INFO] running `Command { std: "docker" "inspect" "ad06990f94f1224c45662bfef84e0feb684534df9483bb34fb8a55867b1ebf6a", kill_on_drop: false }`
[INFO] running `Command { std: "docker" "rm" "-f" "ad06990f94f1224c45662bfef84e0feb684534df9483bb34fb8a55867b1ebf6a", kill_on_drop: false }`
[INFO] [stdout] ad06990f94f1224c45662bfef84e0feb684534df9483bb34fb8a55867b1ebf6a
[INFO] running `Command { std: "docker" "create" "-v" "/var/lib/crater-agent-workspace/builds/worker-1-tc1/target:/opt/rustwide/target:rw,Z" "-v" "/var/lib/crater-agent-workspace/builds/worker-1-tc1/source:/opt/rustwide/workdir:ro,Z" "-v" "/var/lib/crater-agent-workspace/cargo-home:/opt/rustwide/cargo-home:ro,Z" "-v" "/var/lib/crater-agent-workspace/rustup-home:/opt/rustwide/rustup-home:ro,Z" "-e" "SOURCE_DIR=/opt/rustwide/workdir" "-e" "CARGO_TARGET_DIR=/opt/rustwide/target" "-e" "CARGO_INCREMENTAL=0" "-e" "RUST_BACKTRACE=full" "-e" "RUSTFLAGS=--cap-lints=warn" "-e" "RUSTDOCFLAGS=--cap-lints=warn" "-e" "CARGO_HOME=/opt/rustwide/cargo-home" "-e" "RUSTUP_HOME=/opt/rustwide/rustup-home" "-w" "/opt/rustwide/workdir" "-m" "1610612736" "--user" "0:0" "--network" "none" "ghcr.io/rust-lang/crates-build-env/linux@sha256:2788e3201cd34a07e3172128adcd8b3090168a8e3bcc40d7c032b9dda1df7d1c" "/opt/rustwide/cargo-home/bin/cargo" "+1.75.0" "doc" "--frozen" "--no-deps" "--document-private-items" "--message-format=json", kill_on_drop: false }`
[INFO] [stdout] c323c027bc9870a9c505322e210298dfd4eef057c71ebd7baaf11a43bbaaa08b
[INFO] running `Command { std: "docker" "start" "-a" "c323c027bc9870a9c505322e210298dfd4eef057c71ebd7baaf11a43bbaaa08b", kill_on_drop: false }`
[INFO] [stderr]    Compiling proc-macro2 v1.0.56
[INFO] [stderr]    Compiling libc v0.2.141
[INFO] [stderr]    Compiling syn v1.0.109
[INFO] [stderr]    Compiling cc v1.0.79
[INFO] [stderr]    Compiling anyhow v1.0.70
[INFO] [stderr]    Compiling io-lifetimes v1.0.10
[INFO] [stderr]    Compiling futures-core v0.3.28
[INFO] [stderr]    Compiling indexmap v1.9.3
[INFO] [stderr]    Compiling either v1.8.1
[INFO] [stderr]    Compiling generic-array v0.14.7
[INFO] [stderr]     Checking futures-io v0.3.28
[INFO] [stderr]    Compiling slab v0.4.8
[INFO] [stderr]    Compiling thiserror v1.0.40
[INFO] [stderr]    Compiling value-bag v1.0.0-alpha.9
[INFO] [stderr]    Compiling unicode-segmentation v1.10.1
[INFO] [stderr]    Compiling rustix v0.37.11
[INFO] [stderr]    Compiling bytes v1.4.0
[INFO] [stderr]    Compiling itertools v0.10.5
[INFO] [stderr]    Compiling bitflags v1.3.2
[INFO] [stderr]    Compiling linux-raw-sys v0.3.1
[INFO] [stderr]    Compiling log v0.4.17
[INFO] [stderr]    Compiling aho-corasick v0.7.20
[INFO] [stderr]    Compiling fixedbitset v0.4.2
[INFO] [stderr]    Compiling heck v0.3.3
[INFO] [stderr]    Compiling fastrand v1.9.0
[INFO] [stderr]    Compiling regex-syntax v0.6.29
[INFO] [stderr]    Compiling lazy_static v1.4.0
[INFO] [stderr]     Checking futures-sink v0.3.28
[INFO] [stderr]    Compiling multimap v0.8.3
[INFO] [stderr]    Compiling futures-task v0.3.28
[INFO] [stderr]    Compiling futures-channel v0.3.28
[INFO] [stderr]    Compiling petgraph v0.6.3
[INFO] [stderr]    Compiling futures-util v0.3.28
[INFO] [stderr]    Compiling quote v1.0.26
[INFO] [stderr]    Compiling once_cell v1.17.1
[INFO] [stderr]     Checking digest v0.9.0
[INFO] [stderr]     Checking tinyvec_macros v0.1.1
[INFO] [stderr]     Checking subtle v2.5.0
[INFO] [stderr]     Checking cpufeatures v0.2.6
[INFO] [stderr]     Checking tinyvec v1.6.0
[INFO] [stderr]    Compiling syn v2.0.15
[INFO] [stderr]    Compiling crunchy v0.2.2
[INFO] [stderr]     Checking block-buffer v0.9.0
[INFO] [stderr]     Checking unicode-bidi v0.3.13
[INFO] [stderr]     Checking crypto-common v0.1.6
[INFO] [stderr]    Compiling proc-macro-error-attr v1.0.4
[INFO] [stderr]    Compiling winnow v0.4.1
[INFO] [stderr]    Compiling parking_lot_core v0.8.6
[INFO] [stderr]    Compiling toml_datetime v0.6.1
[INFO] [stderr]    Compiling ring v0.16.20
[INFO] [stderr]     Checking sha2 v0.9.9
[INFO] [stderr]     Checking block-buffer v0.10.4
[INFO] [stderr]     Checking instant v0.1.12
[INFO] [stderr]    Compiling libsecp256k1-core v0.3.0
[INFO] [stderr]    Compiling pin-project-internal v0.4.30
[INFO] [stderr]     Checking digest v0.10.6
[INFO] [stderr]     Checking crypto-mac v0.8.0
[INFO] [stderr]     Checking hmac v0.8.1
[INFO] [stderr]     Checking arrayref v0.3.7
[INFO] [stderr]     Checking getrandom v0.2.9
[INFO] [stderr]     Checking num_cpus v1.15.0
[INFO] [stderr]    Compiling which v4.4.0
[INFO] [stderr]     Checking getrandom v0.1.16
[INFO] [stderr]     Checking rand_core v0.6.4
[INFO] [stderr]     Checking hmac-drbg v0.3.0
[INFO] [stderr]     Checking rand_core v0.5.1
[INFO] [stderr]     Checking rand_chacha v0.3.1
[INFO] [stderr]     Checking sha2 v0.10.6
[INFO] [stderr]    Compiling prost-build v0.9.0
[INFO] [stderr]     Checking futures-timer v3.0.2
[INFO] [stderr]     Checking parking_lot v0.11.2
[INFO] [stderr]     Checking unicode-normalization v0.1.22
[INFO] [stderr]     Checking rand_chacha v0.2.2
[INFO] [stderr]     Checking asn1_der v0.7.6
[INFO] [stderr]     Checking rand v0.8.5
[INFO] [stderr]     Checking rand v0.7.3
[INFO] [stderr]    Compiling crossbeam-utils v0.8.15
[INFO] [stderr]     Checking waker-fn v1.1.0
[INFO] [stderr]     Checking parking v2.1.0
[INFO] [stderr]     Checking async-lock v2.7.0
[INFO] [stderr]    Compiling polling v2.7.0
[INFO] [stderr]     Checking futures-lite v1.13.0
[INFO] [stderr]    Compiling regex v1.7.3
[INFO] [stderr]    Compiling toml_edit v0.19.8
[INFO] [stderr]    Compiling async-io v1.13.0
[INFO] [stderr]     Checking idna v0.3.0
[INFO] [stderr]    Compiling libsecp256k1-gen-genmult v0.3.0
[INFO] [stderr]    Compiling libsecp256k1-gen-ecmult v0.3.0
[INFO] [stderr]     Checking socket2 v0.4.9
[INFO] [stderr]     Checking async-task v4.4.0
[INFO] [stderr]    Compiling bzip2-sys v0.1.11+1.0.8
[INFO] [stderr]     Checking concurrent-queue v2.2.0
[INFO] [stderr]     Checking atomic-waker v1.1.1
[INFO] [stderr]    Compiling paste v1.0.12
[INFO] [stderr]    Compiling openssl-sys v0.9.85
[INFO] [stderr]    Compiling libsecp256k1 v0.7.1
[INFO] [stderr]    Compiling libz-sys v1.1.8
[INFO] [stderr]    Compiling wasm-bindgen-shared v0.2.84
[INFO] [stderr]     Checking async-channel v1.8.0
[INFO] [stderr]     Checking async-executor v1.5.1
[INFO] [stderr]    Compiling tempfile v3.5.0
[INFO] [stderr]     Checking url v2.3.1
[INFO] [stderr]    Compiling async-trait v0.1.68
[INFO] [stderr]    Compiling ucd-trie v0.1.5
[INFO] [stderr]    Compiling curl-sys v0.4.61+curl-8.0.1
[INFO] [stderr]    Compiling tokio v1.27.0
[INFO] [stderr]     Checking ipnet v2.7.2
[INFO] [stderr]     Checking matches v0.1.10
[INFO] [stderr]    Compiling ahash v0.7.6
[INFO] [stderr]    Compiling adler v1.0.2
[INFO] [stderr]    Compiling miniz_oxide v0.6.2
[INFO] [stderr]    Compiling proc-macro-crate v1.3.1
[INFO] [stderr]     Checking flate2 v1.0.25
[INFO] [stderr]    Compiling crc32fast v1.3.2
[INFO] [stderr]    Compiling num-traits v0.2.15
[INFO] [stderr]    Compiling wasm-bindgen v0.2.84
[INFO] [stderr]    Compiling parking_lot_core v0.9.7
[INFO] [stderr]    Compiling curl v0.4.44
[INFO] [stderr]     Checking hostname v0.3.1
[INFO] [stderr]    Compiling bzip2 v0.4.4
[INFO] [stderr]     Checking idna v0.2.3
[INFO] [stderr]     Checking nix v0.24.3
[INFO] [stderr]    Compiling time v0.1.45
[INFO] [stderr]    Compiling httparse v1.8.0
[INFO] [stderr]     Checking stable_deref_trait v1.2.0
[INFO] [stderr]    Compiling openssl-probe v0.1.5
[INFO] [stderr]    Compiling rustls v0.20.8
[INFO] [stderr]    Compiling byteorder v1.4.3
[INFO] [stderr]     Checking lru-cache v0.1.2
[INFO] [stderr]     Checking owning_ref v0.4.1
[INFO] [stderr]     Checking hashbrown v0.12.3
[INFO] [stderr]     Checking resolv-conf v0.7.0
[INFO] [stderr]     Checking rand v0.4.6
[INFO] [stderr]     Checking inout v0.1.3
[INFO] [stderr]    Compiling num-integer v0.1.45
[INFO] [stderr]     Checking itoa v1.0.6
[INFO] [stderr]     Checking hex v0.4.3
[INFO] [stderr]     Checking nohash-hasher v0.2.0
[INFO] [stderr]     Checking webpki v0.22.0
[INFO] [stderr]     Checking sct v0.7.0
[INFO] [stderr]     Checking dtoa v1.0.6
[INFO] [stderr]     Checking uint v0.9.5
[INFO] [stderr]     Checking lru v0.7.8
[INFO] [stderr]     Checking rand v0.3.23
[INFO] [stderr]     Checking parking_lot v0.12.1
[INFO] [stderr]     Checking cipher v0.4.4
[INFO] [stderr]     Checking sha-1 v0.9.8
[INFO] [stderr]    Compiling atomic v0.5.1
[INFO] [stderr]    Compiling gcc v0.3.55
[INFO] [stderr]     Checking hex_fmt v0.3.0
[INFO] [stderr]     Checking pin-project-lite v0.1.12
[INFO] [stderr]     Checking arrayvec v0.5.2
[INFO] [stderr]     Checking matrixmultiply v0.3.2
[INFO] [stderr]     Checking quicksink v0.1.2
[INFO] [stderr]     Checking salsa20 v0.10.2
[INFO] [stderr]     Checking sha3 v0.10.7
[INFO] [stderr]     Checking uuid v0.1.18
[INFO] [stderr]     Checking webpki-roots v0.22.6
[INFO] [stderr]     Checking dns-parser v0.8.0
[INFO] [stderr]    Compiling proc-macro-error v1.0.4
[INFO] [stderr]    Compiling synstructure v0.12.6
[INFO] [stderr]    Compiling wasm-bindgen-backend v0.2.84
[INFO] [stderr]     Checking cuckoofilter v0.5.0
[INFO] [stderr]     Checking bimap v0.6.3
[INFO] [stderr]     Checking parity-send-wrapper v0.1.0
[INFO] [stderr]     Checking num-complex v0.4.3
[INFO] [stderr]     Checking url v0.2.38
[INFO] [stderr]     Checking clap v2.34.0
[INFO] [stderr]     Checking libc v0.1.12
[INFO] [stderr]     Checking itertools v0.4.19
[INFO] [stderr]    Compiling hdfs v0.0.4
[INFO] [stderr]     Checking ndarray v0.15.6
[INFO] [stderr] error: failed to run custom build command for `hdfs v0.0.4`
[INFO] [stderr] note: To improve backtraces for build dependencies, set the CARGO_PROFILE_DEV_BUILD_OVERRIDE_DEBUG=true environment variable to enable debug information generation.
[INFO] [stderr] 
[INFO] [stderr] Caused by:
[INFO] [stderr]   process didn't exit successfully: `/opt/rustwide/target/debug/build/hdfs-c34565ac404892f2/build-script-build` (exit status: 101)
[INFO] [stderr]   --- stderr
[INFO] [stderr]   thread 'main' panicked at /opt/rustwide/cargo-home/registry/src/index.crates.io-6f17d22bba15001f/hdfs-0.0.4/build.rs:12:17:
[INFO] [stderr]   HADOOP_HOME shell environment must be set: environment variable not found
[INFO] [stderr]   stack backtrace:
[INFO] [stderr]      0:     0x55d4c9096fec - std::backtrace_rs::backtrace::libunwind::trace::ha637c64ce894333a
[INFO] [stderr]                                  at /rustc/82e1608dfa6e0b5569232559e3d385fea5a93112/library/std/src/../../backtrace/src/backtrace/libunwind.rs:104:5
[INFO] [stderr]      1:     0x55d4c9096fec - std::backtrace_rs::backtrace::trace_unsynchronized::h47f62dea28e0c88d
[INFO] [stderr]                                  at /rustc/82e1608dfa6e0b5569232559e3d385fea5a93112/library/std/src/../../backtrace/src/backtrace/mod.rs:66:5
[INFO] [stderr]      2:     0x55d4c9096fec - std::sys_common::backtrace::_print_fmt::h9eef0abe20ede486
[INFO] [stderr]                                  at /rustc/82e1608dfa6e0b5569232559e3d385fea5a93112/library/std/src/sys_common/backtrace.rs:67:5
[INFO] [stderr]      3:     0x55d4c9096fec - <std::sys_common::backtrace::_print::DisplayBacktrace as core::fmt::Display>::fmt::hed7f999df88cc644
[INFO] [stderr]                                  at /rustc/82e1608dfa6e0b5569232559e3d385fea5a93112/library/std/src/sys_common/backtrace.rs:44:22
[INFO] [stderr]      4:     0x55d4c90bcb30 - core::fmt::rt::Argument::fmt::h1539a9308b8d058d
[INFO] [stderr]                                  at /rustc/82e1608dfa6e0b5569232559e3d385fea5a93112/library/core/src/fmt/rt.rs:142:9
[INFO] [stderr]      5:     0x55d4c90bcb30 - core::fmt::write::h3a39390d8560d9c9
[INFO] [stderr]                                  at /rustc/82e1608dfa6e0b5569232559e3d385fea5a93112/library/core/src/fmt/mod.rs:1120:17
[INFO] [stderr]      6:     0x55d4c909440f - std::io::Write::write_fmt::h5fc9997dfe05f882
[INFO] [stderr]                                  at /rustc/82e1608dfa6e0b5569232559e3d385fea5a93112/library/std/src/io/mod.rs:1762:15
[INFO] [stderr]      7:     0x55d4c9096dd4 - std::sys_common::backtrace::_print::h894006fb5c6f3d45
[INFO] [stderr]                                  at /rustc/82e1608dfa6e0b5569232559e3d385fea5a93112/library/std/src/sys_common/backtrace.rs:47:5
[INFO] [stderr]      8:     0x55d4c9096dd4 - std::sys_common::backtrace::print::h23a2d212c6fff936
[INFO] [stderr]                                  at /rustc/82e1608dfa6e0b5569232559e3d385fea5a93112/library/std/src/sys_common/backtrace.rs:34:9
[INFO] [stderr]      9:     0x55d4c90985e7 - std::panicking::default_hook::{{closure}}::h8a1d2ee00185001a
[INFO] [stderr]     10:     0x55d4c909834f - std::panicking::default_hook::h6038f2eba384e475
[INFO] [stderr]                                  at /rustc/82e1608dfa6e0b5569232559e3d385fea5a93112/library/std/src/panicking.rs:292:9
[INFO] [stderr]     11:     0x55d4c9098a68 - std::panicking::rust_panic_with_hook::h2b5517d590cab22e
[INFO] [stderr]                                  at /rustc/82e1608dfa6e0b5569232559e3d385fea5a93112/library/std/src/panicking.rs:779:13
[INFO] [stderr]     12:     0x55d4c909894e - std::panicking::begin_panic_handler::{{closure}}::h233112c06e0ef43e
[INFO] [stderr]                                  at /rustc/82e1608dfa6e0b5569232559e3d385fea5a93112/library/std/src/panicking.rs:657:13
[INFO] [stderr]     13:     0x55d4c90974b6 - std::sys_common::backtrace::__rust_end_short_backtrace::h6e893f24d7ebbff8
[INFO] [stderr]                                  at /rustc/82e1608dfa6e0b5569232559e3d385fea5a93112/library/std/src/sys_common/backtrace.rs:170:18
[INFO] [stderr]     14:     0x55d4c90986b2 - rust_begin_unwind
[INFO] [stderr]                                  at /rustc/82e1608dfa6e0b5569232559e3d385fea5a93112/library/std/src/panicking.rs:645:5
[INFO] [stderr]     15:     0x55d4c90495d5 - core::panicking::panic_fmt::hbf0e066aabfa482c
[INFO] [stderr]                                  at /rustc/82e1608dfa6e0b5569232559e3d385fea5a93112/library/core/src/panicking.rs:72:14
[INFO] [stderr]     16:     0x55d4c904a96e - build_script_build::main::h42b9a215bddaffad
[INFO] [stderr]     17:     0x55d4c904a1a3 - core::ops::function::FnOnce::call_once::h48eea391ef38bf96
[INFO] [stderr]     18:     0x55d4c9049ff6 - std::sys_common::backtrace::__rust_begin_short_backtrace::h1bdaff15b2fbde09
[INFO] [stderr]     19:     0x55d4c904a049 - std::rt::lang_start::{{closure}}::h5e97e12397554fc9
[INFO] [stderr]     20:     0x55d4c9090617 - core::ops::function::impls::<impl core::ops::function::FnOnce<A> for &F>::call_once::hd95060ecd5e1ca24
[INFO] [stderr]                                  at /rustc/82e1608dfa6e0b5569232559e3d385fea5a93112/library/core/src/ops/function.rs:284:13
[INFO] [stderr]     21:     0x55d4c9090617 - std::panicking::try::do_call::h6e8cf51db32a6e4b
[INFO] [stderr]                                  at /rustc/82e1608dfa6e0b5569232559e3d385fea5a93112/library/std/src/panicking.rs:552:40
[INFO] [stderr]     22:     0x55d4c9090617 - std::panicking::try::h3a52eefe24fe3c29
[INFO] [stderr]                                  at /rustc/82e1608dfa6e0b5569232559e3d385fea5a93112/library/std/src/panicking.rs:516:19
[INFO] [stderr]     23:     0x55d4c9090617 - std::panic::catch_unwind::h24c28c23c02c3841
[INFO] [stderr]                                  at /rustc/82e1608dfa6e0b5569232559e3d385fea5a93112/library/std/src/panic.rs:142:14
[INFO] [stderr]     24:     0x55d4c9090617 - std::rt::lang_start_internal::{{closure}}::h705d3c9cbc06ef47
[INFO] [stderr]                                  at /rustc/82e1608dfa6e0b5569232559e3d385fea5a93112/library/std/src/rt.rs:148:48
[INFO] [stderr]     25:     0x55d4c9090617 - std::panicking::try::do_call::ha21f52ba13158470
[INFO] [stderr]                                  at /rustc/82e1608dfa6e0b5569232559e3d385fea5a93112/library/std/src/panicking.rs:552:40
[INFO] [stderr]     26:     0x55d4c9090617 - std::panicking::try::h5581346bf6aeb1f8
[INFO] [stderr]                                  at /rustc/82e1608dfa6e0b5569232559e3d385fea5a93112/library/std/src/panicking.rs:516:19
[INFO] [stderr]     27:     0x55d4c9090617 - std::panic::catch_unwind::h7919645a6b72e25b
[INFO] [stderr]                                  at /rustc/82e1608dfa6e0b5569232559e3d385fea5a93112/library/std/src/panic.rs:142:14
[INFO] [stderr]     28:     0x55d4c9090617 - std::rt::lang_start_internal::h12de51168669836e
[INFO] [stderr]                                  at /rustc/82e1608dfa6e0b5569232559e3d385fea5a93112/library/std/src/rt.rs:148:20
[INFO] [stderr]     29:     0x55d4c904a027 - std::rt::lang_start::h07c6d858fb3e3483
[INFO] [stderr]     30:     0x55d4c904a995 - main
[INFO] [stderr]     31:     0x7f184d0f5d90 - <unknown>
[INFO] [stderr]     32:     0x7f184d0f5e40 - __libc_start_main
[INFO] [stderr]     33:     0x55d4c9049de5 - _start
[INFO] [stderr]     34:                0x0 - <unknown>
[INFO] [stderr] warning: build failed, waiting for other jobs to finish...
[INFO] running `Command { std: "docker" "inspect" "c323c027bc9870a9c505322e210298dfd4eef057c71ebd7baaf11a43bbaaa08b", kill_on_drop: false }`
[INFO] running `Command { std: "docker" "rm" "-f" "c323c027bc9870a9c505322e210298dfd4eef057c71ebd7baaf11a43bbaaa08b", kill_on_drop: false }`
[INFO] [stdout] c323c027bc9870a9c505322e210298dfd4eef057c71ebd7baaf11a43bbaaa08b
[INFO] documenting FaizChishtie/p2pllm against beta-2023-12-22 for beta-1.76-rustdoc-1
[INFO] running `Command { std: "git" "clone" "/workspace/cache/git-repos/https%3A%2F%2Fgithub.com%2FFaizChishtie%2Fp2pllm" "/workspace/builds/worker-1-tc2/source", kill_on_drop: false }`
[INFO] [stderr] Cloning into '/workspace/builds/worker-1-tc2/source'...
[INFO] [stderr] done.
[INFO] validating manifest of git repo https://github.com/FaizChishtie/p2pllm on toolchain beta-2023-12-22
[INFO] running `Command { std: CARGO_HOME="/workspace/cargo-home" RUSTUP_HOME="/workspace/rustup-home" "/workspace/cargo-home/bin/cargo" "+beta-2023-12-22" "metadata" "--manifest-path" "Cargo.toml" "--no-deps", kill_on_drop: false }`
[INFO] started tweaking git repo https://github.com/FaizChishtie/p2pllm
[INFO] finished tweaking git repo https://github.com/FaizChishtie/p2pllm
[INFO] tweaked toml for git repo https://github.com/FaizChishtie/p2pllm written to /workspace/builds/worker-1-tc2/source/Cargo.toml
[INFO] crate git repo https://github.com/FaizChishtie/p2pllm already has a lockfile, it will not be regenerated
[INFO] running `Command { std: CARGO_HOME="/workspace/cargo-home" RUSTUP_HOME="/workspace/rustup-home" "/workspace/cargo-home/bin/cargo" "+beta-2023-12-22" "fetch" "--manifest-path" "Cargo.toml", kill_on_drop: false }`
[INFO] [stderr]     Blocking waiting for file lock on package cache
[INFO] running `Command { std: "docker" "create" "-v" "/var/lib/crater-agent-workspace/builds/worker-1-tc2/target:/opt/rustwide/target:rw,Z" "-v" "/var/lib/crater-agent-workspace/builds/worker-1-tc2/source:/opt/rustwide/workdir:ro,Z" "-v" "/var/lib/crater-agent-workspace/cargo-home:/opt/rustwide/cargo-home:ro,Z" "-v" "/var/lib/crater-agent-workspace/rustup-home:/opt/rustwide/rustup-home:ro,Z" "-e" "SOURCE_DIR=/opt/rustwide/workdir" "-e" "CARGO_TARGET_DIR=/opt/rustwide/target" "-e" "CARGO_HOME=/opt/rustwide/cargo-home" "-e" "RUSTUP_HOME=/opt/rustwide/rustup-home" "-w" "/opt/rustwide/workdir" "-m" "1610612736" "--user" "0:0" "--network" "none" "ghcr.io/rust-lang/crates-build-env/linux@sha256:2788e3201cd34a07e3172128adcd8b3090168a8e3bcc40d7c032b9dda1df7d1c" "/opt/rustwide/cargo-home/bin/cargo" "+beta-2023-12-22" "metadata" "--no-deps" "--format-version=1", kill_on_drop: false }`
[INFO] [stdout] 7a742b4bd39dc46e070dff5a41b5ab655ddd02580c38b223abb7cf2719b74cd9
[INFO] running `Command { std: "docker" "start" "-a" "7a742b4bd39dc46e070dff5a41b5ab655ddd02580c38b223abb7cf2719b74cd9", kill_on_drop: false }`
[INFO] running `Command { std: "docker" "inspect" "7a742b4bd39dc46e070dff5a41b5ab655ddd02580c38b223abb7cf2719b74cd9", kill_on_drop: false }`
[INFO] running `Command { std: "docker" "rm" "-f" "7a742b4bd39dc46e070dff5a41b5ab655ddd02580c38b223abb7cf2719b74cd9", kill_on_drop: false }`
[INFO] [stdout] 7a742b4bd39dc46e070dff5a41b5ab655ddd02580c38b223abb7cf2719b74cd9
[INFO] running `Command { std: "docker" "create" "-v" "/var/lib/crater-agent-workspace/builds/worker-1-tc2/target:/opt/rustwide/target:rw,Z" "-v" "/var/lib/crater-agent-workspace/builds/worker-1-tc2/source:/opt/rustwide/workdir:ro,Z" "-v" "/var/lib/crater-agent-workspace/cargo-home:/opt/rustwide/cargo-home:ro,Z" "-v" "/var/lib/crater-agent-workspace/rustup-home:/opt/rustwide/rustup-home:ro,Z" "-e" "SOURCE_DIR=/opt/rustwide/workdir" "-e" "CARGO_TARGET_DIR=/opt/rustwide/target" "-e" "CARGO_INCREMENTAL=0" "-e" "RUST_BACKTRACE=full" "-e" "RUSTFLAGS=--cap-lints=warn" "-e" "RUSTDOCFLAGS=--cap-lints=warn" "-e" "CARGO_HOME=/opt/rustwide/cargo-home" "-e" "RUSTUP_HOME=/opt/rustwide/rustup-home" "-w" "/opt/rustwide/workdir" "-m" "1610612736" "--user" "0:0" "--network" "none" "ghcr.io/rust-lang/crates-build-env/linux@sha256:2788e3201cd34a07e3172128adcd8b3090168a8e3bcc40d7c032b9dda1df7d1c" "/opt/rustwide/cargo-home/bin/cargo" "+beta-2023-12-22" "doc" "--frozen" "--no-deps" "--document-private-items" "--message-format=json", kill_on_drop: false }`
[INFO] [stdout] 7b02104e352e1b846de17283da610c8df3954fb85ec3cdd493ecbf12ba2e3a57
[INFO] running `Command { std: "docker" "start" "-a" "7b02104e352e1b846de17283da610c8df3954fb85ec3cdd493ecbf12ba2e3a57", kill_on_drop: false }`
[INFO] [stderr]    Compiling proc-macro2 v1.0.56
[INFO] [stderr]    Compiling libc v0.2.141
[INFO] [stderr]    Compiling syn v1.0.109
[INFO] [stderr]    Compiling cc v1.0.79
[INFO] [stderr]    Compiling anyhow v1.0.70
[INFO] [stderr]    Compiling io-lifetimes v1.0.10
[INFO] [stderr]    Compiling futures-core v0.3.28
[INFO] [stderr]    Compiling either v1.8.1
[INFO] [stderr]    Compiling indexmap v1.9.3
[INFO] [stderr]    Compiling generic-array v0.14.7
[INFO] [stderr]     Checking futures-io v0.3.28
[INFO] [stderr]    Compiling slab v0.4.8
[INFO] [stderr]    Compiling thiserror v1.0.40
[INFO] [stderr]    Compiling value-bag v1.0.0-alpha.9
[INFO] [stderr]    Compiling unicode-segmentation v1.10.1
[INFO] [stderr]    Compiling rustix v0.37.11
[INFO] [stderr]    Compiling linux-raw-sys v0.3.1
[INFO] [stderr]    Compiling itertools v0.10.5
[INFO] [stderr]    Compiling log v0.4.17
[INFO] [stderr]    Compiling bytes v1.4.0
[INFO] [stderr]    Compiling heck v0.3.3
[INFO] [stderr]    Compiling bitflags v1.3.2
[INFO] [stderr]    Compiling aho-corasick v0.7.20
[INFO] [stderr]    Compiling regex-syntax v0.6.29
[INFO] [stderr]    Compiling fixedbitset v0.4.2
[INFO] [stderr]    Compiling fastrand v1.9.0
[INFO] [stderr]    Compiling multimap v0.8.3
[INFO] [stderr]    Compiling futures-channel v0.3.28
[INFO] [stderr]    Compiling lazy_static v1.4.0
[INFO] [stderr]     Checking futures-sink v0.3.28
[INFO] [stderr]    Compiling futures-task v0.3.28
[INFO] [stderr]    Compiling futures-util v0.3.28
[INFO] [stderr]     Checking digest v0.9.0
[INFO] [stderr]    Compiling once_cell v1.17.1
[INFO] [stderr]    Compiling petgraph v0.6.3
[INFO] [stderr]     Checking tinyvec_macros v0.1.1
[INFO] [stderr]     Checking subtle v2.5.0
[INFO] [stderr]     Checking tinyvec v1.6.0
[INFO] [stderr]     Checking cpufeatures v0.2.6
[INFO] [stderr]    Compiling crunchy v0.2.2
[INFO] [stderr]     Checking block-buffer v0.9.0
[INFO] [stderr]     Checking unicode-bidi v0.3.13
[INFO] [stderr]     Checking crypto-common v0.1.6
[INFO] [stderr]    Compiling winnow v0.4.1
[INFO] [stderr]    Compiling parking_lot_core v0.8.6
[INFO] [stderr]    Compiling toml_datetime v0.6.1
[INFO] [stderr]     Checking sha2 v0.9.9
[INFO] [stderr]    Compiling quote v1.0.26
[INFO] [stderr]     Checking block-buffer v0.10.4
[INFO] [stderr]    Compiling syn v2.0.15
[INFO] [stderr]     Checking instant v0.1.12
[INFO] [stderr]    Compiling pin-project-internal v0.4.30
[INFO] [stderr]    Compiling ring v0.16.20
[INFO] [stderr]     Checking digest v0.10.6
[INFO] [stderr]    Compiling which v4.4.0
[INFO] [stderr]     Checking crypto-mac v0.8.0
[INFO] [stderr]    Compiling proc-macro-error-attr v1.0.4
[INFO] [stderr]     Checking hmac v0.8.1
[INFO] [stderr]    Compiling libsecp256k1-core v0.3.0
[INFO] [stderr]     Checking arrayref v0.3.7
[INFO] [stderr]     Checking hmac-drbg v0.3.0
[INFO] [stderr]    Compiling prost-build v0.9.0
[INFO] [stderr]     Checking sha2 v0.10.6
[INFO] [stderr]     Checking futures-timer v3.0.2
[INFO] [stderr]     Checking asn1_der v0.7.6
[INFO] [stderr]     Checking getrandom v0.2.9
[INFO] [stderr]     Checking rand_core v0.6.4
[INFO] [stderr]     Checking num_cpus v1.15.0
[INFO] [stderr]     Checking unicode-normalization v0.1.22
[INFO] [stderr]     Checking getrandom v0.1.16
[INFO] [stderr]     Checking rand_chacha v0.3.1
[INFO] [stderr]    Compiling crossbeam-utils v0.8.15
[INFO] [stderr]     Checking waker-fn v1.1.0
[INFO] [stderr]     Checking parking v2.1.0
[INFO] [stderr]     Checking rand_core v0.5.1
[INFO] [stderr]     Checking async-lock v2.7.0
[INFO] [stderr]     Checking idna v0.3.0
[INFO] [stderr]     Checking parking_lot v0.11.2
[INFO] [stderr]     Checking rand v0.8.5
[INFO] [stderr]     Checking futures-lite v1.13.0
[INFO] [stderr]    Compiling polling v2.7.0
[INFO] [stderr]     Checking rand_chacha v0.2.2
[INFO] [stderr]     Checking concurrent-queue v2.2.0
[INFO] [stderr]     Checking rand v0.7.3
[INFO] [stderr]    Compiling async-io v1.13.0
[INFO] [stderr]    Compiling libsecp256k1-gen-genmult v0.3.0
[INFO] [stderr]    Compiling libsecp256k1-gen-ecmult v0.3.0
[INFO] [stderr]     Checking socket2 v0.4.9
[INFO] [stderr]     Checking url v2.3.1
[INFO] [stderr]     Checking async-task v4.4.0
[INFO] [stderr]     Checking async-channel v1.8.0
[INFO] [stderr]    Compiling bzip2-sys v0.1.11+1.0.8
[INFO] [stderr]    Compiling paste v1.0.12
[INFO] [stderr]     Checking atomic-waker v1.1.1
[INFO] [stderr]    Compiling libsecp256k1 v0.7.1
[INFO] [stderr]    Compiling openssl-sys v0.9.85
[INFO] [stderr]    Compiling libz-sys v1.1.8
[INFO] [stderr]    Compiling wasm-bindgen-shared v0.2.84
[INFO] [stderr]    Compiling toml_edit v0.19.8
[INFO] [stderr]     Checking async-executor v1.5.1
[INFO] [stderr]    Compiling regex v1.7.3
[INFO] [stderr]    Compiling async-trait v0.1.68
[INFO] [stderr]    Compiling ucd-trie v0.1.5
[INFO] [stderr]    Compiling curl-sys v0.4.61+curl-8.0.1
[INFO] [stderr]    Compiling tokio v1.27.0
[INFO] [stderr]     Checking matches v0.1.10
[INFO] [stderr]     Checking ipnet v2.7.2
[INFO] [stderr]    Compiling tempfile v3.5.0
[INFO] [stderr]    Compiling ahash v0.7.6
[INFO] [stderr]    Compiling adler v1.0.2
[INFO] [stderr]    Compiling miniz_oxide v0.6.2
[INFO] [stderr]     Checking flate2 v1.0.25
[INFO] [stderr]    Compiling crc32fast v1.3.2
[INFO] [stderr]    Compiling num-traits v0.2.15
[INFO] [stderr]    Compiling parking_lot_core v0.9.7
[INFO] [stderr]    Compiling wasm-bindgen v0.2.84
[INFO] [stderr]    Compiling curl v0.4.44
[INFO] [stderr]     Checking hostname v0.3.1
[INFO] [stderr]    Compiling bzip2 v0.4.4
[INFO] [stderr]     Checking idna v0.2.3
[INFO] [stderr]     Checking nix v0.24.3
[INFO] [stderr]    Compiling time v0.1.45
[INFO] [stderr]    Compiling httparse v1.8.0
[INFO] [stderr]    Compiling proc-macro-crate v1.3.1
[INFO] [stderr]    Compiling openssl-probe v0.1.5
[INFO] [stderr]     Checking stable_deref_trait v1.2.0
[INFO] [stderr]     Checking webpki v0.22.0
[INFO] [stderr]    Compiling byteorder v1.4.3
[INFO] [stderr]    Compiling rustls v0.20.8
[INFO] [stderr]     Checking owning_ref v0.4.1
[INFO] [stderr]     Checking sct v0.7.0
[INFO] [stderr]     Checking lru-cache v0.1.2
[INFO] [stderr]     Checking hashbrown v0.12.3
[INFO] [stderr]     Checking resolv-conf v0.7.0
[INFO] [stderr]     Checking rand v0.4.6
[INFO] [stderr]     Checking inout v0.1.3
[INFO] [stderr]    Compiling num-integer v0.1.45
[INFO] [stderr]     Checking itoa v1.0.6
[INFO] [stderr]     Checking nohash-hasher v0.2.0
[INFO] [stderr]     Checking dtoa v1.0.6
[INFO] [stderr]     Checking hex v0.4.3
[INFO] [stderr]     Checking cipher v0.4.4
[INFO] [stderr]     Checking parking_lot v0.12.1
[INFO] [stderr]     Checking sha-1 v0.9.8
[INFO] [stderr]     Checking uint v0.9.5
[INFO] [stderr]    Compiling atomic v0.5.1
[INFO] [stderr]     Checking hex_fmt v0.3.0
[INFO] [stderr]    Compiling gcc v0.3.55
[INFO] [stderr]     Checking lru v0.7.8
[INFO] [stderr]     Checking pin-project-lite v0.1.12
[INFO] [stderr]     Checking arrayvec v0.5.2
[INFO] [stderr]     Checking rustc-serialize v0.3.24
[INFO] [stderr]     Checking matrixmultiply v0.3.2
[INFO] [stderr]     Checking quicksink v0.1.2
[INFO] [stderr]     Checking sha3 v0.10.7
[INFO] [stderr]     Checking rand v0.3.23
[INFO] [stderr]     Checking salsa20 v0.10.2
[INFO] [stderr]     Checking webpki-roots v0.22.6
[INFO] [stderr]     Checking dns-parser v0.8.0
[INFO] [stderr]    Compiling proc-macro-error v1.0.4
[INFO] [stderr]    Compiling synstructure v0.12.6
[INFO] [stderr]    Compiling wasm-bindgen-backend v0.2.84
[INFO] [stderr]     Checking num-complex v0.4.3
[INFO] [stdout] error[E0310]: the parameter type `T` may not live long enough
[INFO] [stdout]     --> /opt/rustwide/cargo-home/registry/src/index.crates.io-6f17d22bba15001f/rustc-serialize-0.3.24/src/serialize.rs:1155:5
[INFO] [stdout]      |
[INFO] [stdout] 1155 |     fn decode<D: Decoder>(d: &mut D) -> Result<Cow<'static, T>, D::Error> {
[INFO] [stdout]      |     ^^^^^^^^^^^^^^^^^^^^^^^^^^^^^^^^^^^^^^^^^^^^^^^^^^^^^^^^^^^^^^^^^^^^^
[INFO] [stdout]      |     |
[INFO] [stdout]      |     the parameter type `T` must be valid for the static lifetime...
[INFO] [stdout]      |     ...so that the type `T` will meet its required lifetime bounds...
[INFO] [stdout]      |
[INFO] [stdout] note: ...that is required by this bound
[INFO] [stdout]     --> /rustc/0e09125c6c3c2fd70d7de961bcf0e51575235fad/library/alloc/src/borrow.rs:180:30
[INFO] [stdout] help: consider adding an explicit lifetime bound
[INFO] [stdout]      |
[INFO] [stdout] 1151 | impl<'a, T: ?Sized + 'static> Decodable for Cow<'a, T>
[INFO] [stdout]      |                    +++++++++
[INFO] [stdout] 
[INFO] [stdout] 
[INFO] [stderr]     Checking cuckoofilter v0.5.0
[INFO] [stderr]     Checking bimap v0.6.3
[INFO] [stderr]     Checking parity-send-wrapper v0.1.0
[INFO] [stderr]     Checking clap v2.34.0
[INFO] [stderr]     Checking itertools v0.4.19
[INFO] [stderr]     Checking libc v0.1.12
[INFO] [stderr]    Compiling hdfs v0.0.4
[INFO] [stderr]     Checking ndarray v0.15.6
[INFO] [stderr]    Compiling wasm-bindgen-macro-support v0.2.84
[INFO] [stderr] error: failed to run custom build command for `hdfs v0.0.4`
[INFO] [stderr] note: To improve backtraces for build dependencies, set the CARGO_PROFILE_DEV_BUILD_OVERRIDE_DEBUG=true environment variable to enable debug information generation.
[INFO] [stderr] 
[INFO] [stderr] Caused by:
[INFO] [stderr]   process didn't exit successfully: `/opt/rustwide/target/debug/build/hdfs-a773b2af3c8b6dfd/build-script-build` (exit status: 101)
[INFO] [stderr]   --- stderr
[INFO] [stderr]   thread 'main' panicked at /opt/rustwide/cargo-home/registry/src/index.crates.io-6f17d22bba15001f/hdfs-0.0.4/build.rs:12:17:
[INFO] [stderr]   HADOOP_HOME shell environment must be set: environment variable not found
[INFO] [stderr]   stack backtrace:
[INFO] [stderr]      0:     0x557e0fe3ab46 - std::backtrace_rs::backtrace::libunwind::trace::h261606ad26a499c1
[INFO] [stderr]                                  at /rustc/0e09125c6c3c2fd70d7de961bcf0e51575235fad/library/std/src/../../backtrace/src/backtrace/libunwind.rs:104:5
[INFO] [stderr]      1:     0x557e0fe3ab46 - std::backtrace_rs::backtrace::trace_unsynchronized::hd183f0625477fb28
[INFO] [stderr]                                  at /rustc/0e09125c6c3c2fd70d7de961bcf0e51575235fad/library/std/src/../../backtrace/src/backtrace/mod.rs:66:5
[INFO] [stderr]      2:     0x557e0fe3ab46 - std::sys_common::backtrace::_print_fmt::hd7f8fef21b4eda67
[INFO] [stderr]                                  at /rustc/0e09125c6c3c2fd70d7de961bcf0e51575235fad/library/std/src/sys_common/backtrace.rs:68:5
[INFO] [stderr]      3:     0x557e0fe3ab46 - <std::sys_common::backtrace::_print::DisplayBacktrace as core::fmt::Display>::fmt::h623d9b51f2f453f1
[INFO] [stderr]                                  at /rustc/0e09125c6c3c2fd70d7de961bcf0e51575235fad/library/std/src/sys_common/backtrace.rs:44:22
[INFO] [stderr]      4:     0x557e0fe5fa70 - core::fmt::rt::Argument::fmt::h9f417ac76a86f368
[INFO] [stderr]                                  at /rustc/0e09125c6c3c2fd70d7de961bcf0e51575235fad/library/core/src/fmt/rt.rs:142:9
[INFO] [stderr]      5:     0x557e0fe5fa70 - core::fmt::write::hc9b6faf4ac2aeff7
[INFO] [stderr]                                  at /rustc/0e09125c6c3c2fd70d7de961bcf0e51575235fad/library/core/src/fmt/mod.rs:1120:17
[INFO] [stderr]      6:     0x557e0fe3806f - std::io::Write::write_fmt::hfead1eee52c2e65e
[INFO] [stderr]                                  at /rustc/0e09125c6c3c2fd70d7de961bcf0e51575235fad/library/std/src/io/mod.rs:1810:15
[INFO] [stderr]      7:     0x557e0fe3a924 - std::sys_common::backtrace::_print::hd5d66399c7df88a2
[INFO] [stderr]                                  at /rustc/0e09125c6c3c2fd70d7de961bcf0e51575235fad/library/std/src/sys_common/backtrace.rs:47:5
[INFO] [stderr]      8:     0x557e0fe3a924 - std::sys_common::backtrace::print::he81ed2da642d37e5
[INFO] [stderr]                                  at /rustc/0e09125c6c3c2fd70d7de961bcf0e51575235fad/library/std/src/sys_common/backtrace.rs:34:9
[INFO] [stderr]      9:     0x557e0fe3c207 - std::panicking::default_hook::{{closure}}::h85773f4fa117163d
[INFO] [stderr]     10:     0x557e0fe3bf69 - std::panicking::default_hook::h6a1694a91d09b278
[INFO] [stderr]                                  at /rustc/0e09125c6c3c2fd70d7de961bcf0e51575235fad/library/std/src/panicking.rs:292:9
[INFO] [stderr]     11:     0x557e0fe3c698 - std::panicking::rust_panic_with_hook::h0a7ad96e90f7145b
[INFO] [stderr]                                  at /rustc/0e09125c6c3c2fd70d7de961bcf0e51575235fad/library/std/src/panicking.rs:779:13
[INFO] [stderr]     12:     0x557e0fe3c572 - std::panicking::begin_panic_handler::{{closure}}::h7919090525c6485e
[INFO] [stderr]                                  at /rustc/0e09125c6c3c2fd70d7de961bcf0e51575235fad/library/std/src/panicking.rs:657:13
[INFO] [stderr]     13:     0x557e0fe3b046 - std::sys_common::backtrace::__rust_end_short_backtrace::hf3289479464f7dfe
[INFO] [stderr]                                  at /rustc/0e09125c6c3c2fd70d7de961bcf0e51575235fad/library/std/src/sys_common/backtrace.rs:171:18
[INFO] [stderr]     14:     0x557e0fe3c2d0 - rust_begin_unwind
[INFO] [stderr]                                  at /rustc/0e09125c6c3c2fd70d7de961bcf0e51575235fad/library/std/src/panicking.rs:645:5
[INFO] [stderr]     15:     0x557e0fdec5f5 - core::panicking::panic_fmt::hcc9f77c5c132af55
[INFO] [stderr]                                  at /rustc/0e09125c6c3c2fd70d7de961bcf0e51575235fad/library/core/src/panicking.rs:72:14
[INFO] [stderr]     16:     0x557e0fded98a - build_script_build::main::h70d8b212e596424e
[INFO] [stderr]     17:     0x557e0fded1c3 - core::ops::function::FnOnce::call_once::h8fa388466c45cf58
[INFO] [stderr]     18:     0x557e0fded016 - std::sys_common::backtrace::__rust_begin_short_backtrace::h64a687c269f52401
[INFO] [stderr]     19:     0x557e0fded069 - std::rt::lang_start::{{closure}}::hfb0f8e938c8ad839
[INFO] [stderr]     20:     0x557e0fe34011 - core::ops::function::impls::<impl core::ops::function::FnOnce<A> for &F>::call_once::h4eb4c5e1620f29b0
[INFO] [stderr]                                  at /rustc/0e09125c6c3c2fd70d7de961bcf0e51575235fad/library/core/src/ops/function.rs:284:13
[INFO] [stderr]     21:     0x557e0fe34011 - std::panicking::try::do_call::h73fd26535faffcdf
[INFO] [stderr]                                  at /rustc/0e09125c6c3c2fd70d7de961bcf0e51575235fad/library/std/src/panicking.rs:552:40
[INFO] [stderr]     22:     0x557e0fe34011 - std::panicking::try::h77ff1d98f0fb9f39
[INFO] [stderr]                                  at /rustc/0e09125c6c3c2fd70d7de961bcf0e51575235fad/library/std/src/panicking.rs:516:19
[INFO] [stderr]     23:     0x557e0fe34011 - std::panic::catch_unwind::hab3caf2448b95e37
[INFO] [stderr]                                  at /rustc/0e09125c6c3c2fd70d7de961bcf0e51575235fad/library/std/src/panic.rs:142:14
[INFO] [stderr]     24:     0x557e0fe34011 - std::rt::lang_start_internal::{{closure}}::h8086711f9c783f78
[INFO] [stderr]                                  at /rustc/0e09125c6c3c2fd70d7de961bcf0e51575235fad/library/std/src/rt.rs:148:48
[INFO] [stderr]     25:     0x557e0fe34011 - std::panicking::try::do_call::hf920d4dc291cd6ca
[INFO] [stderr]                                  at /rustc/0e09125c6c3c2fd70d7de961bcf0e51575235fad/library/std/src/panicking.rs:552:40
[INFO] [stderr]     26:     0x557e0fe34011 - std::panicking::try::h2b806ccc0a85db74
[INFO] [stderr]                                  at /rustc/0e09125c6c3c2fd70d7de961bcf0e51575235fad/library/std/src/panicking.rs:516:19
[INFO] [stderr]     27:     0x557e0fe34011 - std::panic::catch_unwind::h038489539c507df2
[INFO] [stderr]                                  at /rustc/0e09125c6c3c2fd70d7de961bcf0e51575235fad/library/std/src/panic.rs:142:14
[INFO] [stderr]     28:     0x557e0fe34011 - std::rt::lang_start_internal::h28503b88912e8a5c
[INFO] [stderr]                                  at /rustc/0e09125c6c3c2fd70d7de961bcf0e51575235fad/library/std/src/rt.rs:148:20
[INFO] [stderr]     29:     0x557e0fded047 - std::rt::lang_start::h69830fdecec7720d
[INFO] [stderr]     30:     0x557e0fded9a5 - main
[INFO] [stderr]     31:     0x7f1acbdb3d90 - <unknown>
[INFO] [stderr]     32:     0x7f1acbdb3e40 - __libc_start_main
[INFO] [stderr]     33:     0x557e0fdece15 - _start
[INFO] [stderr]     34:                0x0 - <unknown>
[INFO] [stderr] warning: build failed, waiting for other jobs to finish...
[INFO] [stdout] error: aborting due to 1 previous error
[INFO] [stdout] 
[INFO] [stdout] 
[INFO] [stdout] For more information about this error, try `rustc --explain E0310`.
[INFO] [stdout] 
[INFO] [stderr] error: could not compile `rustc-serialize` (lib) due to 2 previous errors
[INFO] running `Command { std: "docker" "inspect" "7b02104e352e1b846de17283da610c8df3954fb85ec3cdd493ecbf12ba2e3a57", kill_on_drop: false }`
[INFO] running `Command { std: "docker" "rm" "-f" "7b02104e352e1b846de17283da610c8df3954fb85ec3cdd493ecbf12ba2e3a57", kill_on_drop: false }`
[INFO] [stdout] 7b02104e352e1b846de17283da610c8df3954fb85ec3cdd493ecbf12ba2e3a57
