[INFO] cloning repository https://github.com/ErrorNoInternet/ErrorNoWatcher
[INFO] running `Command { std: "git" "-c" "credential.helper=" "-c" "credential.helper=/workspace/cargo-home/bin/git-credential-null" "clone" "--bare" "https://github.com/ErrorNoInternet/ErrorNoWatcher" "/workspace/cache/git-repos/https%3A%2F%2Fgithub.com%2FErrorNoInternet%2FErrorNoWatcher", kill_on_drop: false }`
[INFO] [stderr] Cloning into bare repository '/workspace/cache/git-repos/https%3A%2F%2Fgithub.com%2FErrorNoInternet%2FErrorNoWatcher'...
[INFO] running `Command { std: "git" "rev-parse" "HEAD", kill_on_drop: false }`
[INFO] [stdout] 771057925db30efb8fc1347eaa643fa8a7247ab8
[INFO] documenting ErrorNoInternet/ErrorNoWatcher against 1.75.0 for beta-1.76-rustdoc-1
[INFO] running `Command { std: "git" "clone" "/workspace/cache/git-repos/https%3A%2F%2Fgithub.com%2FErrorNoInternet%2FErrorNoWatcher" "/workspace/builds/worker-3-tc1/source", kill_on_drop: false }`
[INFO] [stderr] Cloning into '/workspace/builds/worker-3-tc1/source'...
[INFO] [stderr] done.
[INFO] validating manifest of git repo https://github.com/ErrorNoInternet/ErrorNoWatcher on toolchain 1.75.0
[INFO] running `Command { std: CARGO_HOME="/workspace/cargo-home" RUSTUP_HOME="/workspace/rustup-home" "/workspace/cargo-home/bin/cargo" "+1.75.0" "metadata" "--manifest-path" "Cargo.toml" "--no-deps", kill_on_drop: false }`
[INFO] removed /workspace/builds/worker-3-tc1/source/.cargo/config.toml
[INFO] started tweaking git repo https://github.com/ErrorNoInternet/ErrorNoWatcher
[INFO] finished tweaking git repo https://github.com/ErrorNoInternet/ErrorNoWatcher
[INFO] tweaked toml for git repo https://github.com/ErrorNoInternet/ErrorNoWatcher written to /workspace/builds/worker-3-tc1/source/Cargo.toml
[INFO] crate git repo https://github.com/ErrorNoInternet/ErrorNoWatcher already has a lockfile, it will not be regenerated
[INFO] running `Command { std: CARGO_HOME="/workspace/cargo-home" RUSTUP_HOME="/workspace/rustup-home" "/workspace/cargo-home/bin/cargo" "+1.75.0" "fetch" "--manifest-path" "Cargo.toml", kill_on_drop: false }`
[INFO] [stderr]     Updating crates.io index
[INFO] [stderr]  Downloading crates ...
[INFO] [stderr]   Downloaded ruma v0.7.4
[INFO] [stderr]   Downloaded js_option v0.1.1
[INFO] [stderr]   Downloaded matrix-sdk-store-encryption v0.2.0
[INFO] [stderr]   Downloaded ruma-macros v0.10.5
[INFO] [stderr]   Downloaded ruma-identifiers-validation v0.9.0
[INFO] [stderr]   Downloaded rsa_public_encrypt_pkcs1 v0.4.0
[INFO] [stderr]   Downloaded matrix-sdk v0.6.2
[INFO] [stderr]   Downloaded ruma-federation-api v0.6.0
[INFO] [stderr]   Downloaded priority-queue v1.3.1
[INFO] [stderr]   Downloaded ruma-common v0.10.5
[INFO] [stderr]   Downloaded gimli v0.27.1
[INFO] [stderr]   Downloaded matrix-sdk-crypto v0.6.0
[INFO] [stderr]   Downloaded futures-signals v0.3.31
[INFO] [stderr]   Downloaded matrix-sdk-base v0.6.1
[INFO] [stderr]   Downloaded prost v0.11.6
[INFO] [stderr]   Downloaded vodozemac v0.3.0
[INFO] [stderr]   Downloaded ruma-client-api v0.15.3
[INFO] [stderr]   Downloaded js_int v0.2.2
[INFO] [stderr]   Downloaded cfb8 v0.8.1
[INFO] [stderr]   Downloaded simple_asn1 v0.5.4
[INFO] [stderr]   Downloaded async-once-cell v0.3.1
[INFO] [stderr]   Downloaded matrix-sdk-indexeddb v0.2.0
[INFO] [stderr]   Downloaded matrix-sdk-common v0.6.0
[INFO] [stderr]   Downloaded pkcs7 v0.3.0
[INFO] [stderr]   Downloaded prost-derive v0.11.6
[INFO] [stderr]   Downloaded matrix-sdk-sled v0.2.0
[INFO] [stderr]   Downloaded indexed_db_futures v0.2.3
[INFO] [stderr]   Downloaded azalea-chat v0.5.0
[INFO] [stderr]   Downloaded typemap_rev v0.2.0
[INFO] [stderr]   Downloaded azalea-crypto v0.5.0
[INFO] [stderr]   Downloaded azalea-block v0.5.0
[INFO] [stderr]   Downloaded azalea-brigadier v0.5.0
[INFO] [stderr]   Downloaded azalea-protocol-macros v0.5.0
[INFO] [stderr]   Downloaded azalea-buf-macros v0.5.0
[INFO] [stderr]   Downloaded azalea-core v0.5.0
[INFO] [stderr]   Downloaded azalea-block-macros v0.5.0
[INFO] [stderr]   Downloaded azalea-nbt v0.5.0
[INFO] [stderr]   Downloaded azalea-registry-macros v0.5.0
[INFO] [stderr]   Downloaded azalea-buf v0.5.0
[INFO] [stderr]   Downloaded azalea-world v0.5.0
[INFO] [stderr]   Downloaded azalea v0.5.0
[INFO] [stderr]   Downloaded azalea-registry v0.5.0
[INFO] [stderr]   Downloaded azalea-auth v0.5.0
[INFO] [stderr]   Downloaded azalea-client v0.5.0
[INFO] [stderr]   Downloaded azalea-protocol v0.5.0
[INFO] [stderr]   Downloaded azalea-language v0.5.0
[INFO] [stderr]   Downloaded azalea-physics v0.5.0
[INFO] running `Command { std: "docker" "create" "-v" "/var/lib/crater-agent-workspace/builds/worker-3-tc1/target:/opt/rustwide/target:rw,Z" "-v" "/var/lib/crater-agent-workspace/builds/worker-3-tc1/source:/opt/rustwide/workdir:ro,Z" "-v" "/var/lib/crater-agent-workspace/cargo-home:/opt/rustwide/cargo-home:ro,Z" "-v" "/var/lib/crater-agent-workspace/rustup-home:/opt/rustwide/rustup-home:ro,Z" "-e" "SOURCE_DIR=/opt/rustwide/workdir" "-e" "CARGO_TARGET_DIR=/opt/rustwide/target" "-e" "CARGO_HOME=/opt/rustwide/cargo-home" "-e" "RUSTUP_HOME=/opt/rustwide/rustup-home" "-w" "/opt/rustwide/workdir" "-m" "1610612736" "--user" "0:0" "--network" "none" "ghcr.io/rust-lang/crates-build-env/linux@sha256:2788e3201cd34a07e3172128adcd8b3090168a8e3bcc40d7c032b9dda1df7d1c" "/opt/rustwide/cargo-home/bin/cargo" "+1.75.0" "metadata" "--no-deps" "--format-version=1", kill_on_drop: false }`
[INFO] [stdout] 080515f5cb86892e2f2dc75dbf2e0291e15e099a3160cf468c283715953e7970
[INFO] running `Command { std: "docker" "start" "-a" "080515f5cb86892e2f2dc75dbf2e0291e15e099a3160cf468c283715953e7970", kill_on_drop: false }`
[INFO] running `Command { std: "docker" "inspect" "080515f5cb86892e2f2dc75dbf2e0291e15e099a3160cf468c283715953e7970", kill_on_drop: false }`
[INFO] running `Command { std: "docker" "rm" "-f" "080515f5cb86892e2f2dc75dbf2e0291e15e099a3160cf468c283715953e7970", kill_on_drop: false }`
[INFO] [stdout] 080515f5cb86892e2f2dc75dbf2e0291e15e099a3160cf468c283715953e7970
[INFO] running `Command { std: "docker" "create" "-v" "/var/lib/crater-agent-workspace/builds/worker-3-tc1/target:/opt/rustwide/target:rw,Z" "-v" "/var/lib/crater-agent-workspace/builds/worker-3-tc1/source:/opt/rustwide/workdir:ro,Z" "-v" "/var/lib/crater-agent-workspace/cargo-home:/opt/rustwide/cargo-home:ro,Z" "-v" "/var/lib/crater-agent-workspace/rustup-home:/opt/rustwide/rustup-home:ro,Z" "-e" "SOURCE_DIR=/opt/rustwide/workdir" "-e" "CARGO_TARGET_DIR=/opt/rustwide/target" "-e" "CARGO_INCREMENTAL=0" "-e" "RUST_BACKTRACE=full" "-e" "RUSTFLAGS=--cap-lints=warn" "-e" "RUSTDOCFLAGS=--cap-lints=warn" "-e" "CARGO_HOME=/opt/rustwide/cargo-home" "-e" "RUSTUP_HOME=/opt/rustwide/rustup-home" "-w" "/opt/rustwide/workdir" "-m" "1610612736" "--user" "0:0" "--network" "none" "ghcr.io/rust-lang/crates-build-env/linux@sha256:2788e3201cd34a07e3172128adcd8b3090168a8e3bcc40d7c032b9dda1df7d1c" "/opt/rustwide/cargo-home/bin/cargo" "+1.75.0" "doc" "--frozen" "--no-deps" "--document-private-items" "--message-format=json", kill_on_drop: false }`
[INFO] [stdout] 5ed668930a327593ef360ff1eb27245b1c0df86dff7ea397cafa16fa35b24ee2
[INFO] running `Command { std: "docker" "start" "-a" "5ed668930a327593ef360ff1eb27245b1c0df86dff7ea397cafa16fa35b24ee2", kill_on_drop: false }`
[INFO] [stderr]    Compiling proc-macro2 v1.0.50
[INFO] [stderr]    Compiling quote v1.0.23
[INFO] [stderr]    Compiling unicode-ident v1.0.6
[INFO] [stderr]    Compiling syn v1.0.107
[INFO] [stderr]    Compiling autocfg v1.1.0
[INFO] [stderr]     Checking cfg-if v1.0.0
[INFO] [stderr]    Compiling libc v0.2.139
[INFO] [stderr]    Compiling version_check v0.9.4
[INFO] [stderr]    Compiling serde_derive v1.0.152
[INFO] [stderr]    Compiling serde v1.0.152
[INFO] [stderr]    Compiling memchr v2.5.0
[INFO] [stderr]    Compiling typenum v1.16.0
[INFO] [stderr]     Checking once_cell v1.17.0
[INFO] [stderr]     Checking pin-project-lite v0.2.9
[INFO] [stderr]     Checking bytes v1.4.0
[INFO] [stderr]    Compiling log v0.4.17
[INFO] [stderr]     Checking getrandom v0.2.8
[INFO] [stderr]    Compiling thiserror v1.0.38
[INFO] [stderr]    Compiling generic-array v0.14.6
[INFO] [stderr]     Checking itoa v1.0.5
[INFO] [stderr]    Compiling tokio v1.25.0
[INFO] [stderr]    Compiling cc v1.0.79
[INFO] [stderr]     Checking mio v0.8.5
[INFO] [stderr]     Checking socket2 v0.4.7
[INFO] [stderr]     Checking num_cpus v1.15.0
[INFO] [stderr]    Compiling ahash v0.7.6
[INFO] [stderr]    Compiling serde_json v1.0.91
[INFO] [stderr]     Checking ryu v1.0.12
[INFO] [stderr]    Compiling indexmap v1.9.2
[INFO] [stderr]    Compiling futures-core v0.3.26
[INFO] [stderr]     Checking subtle v2.4.1
[INFO] [stderr]     Checking rand_core v0.6.4
[INFO] [stderr]     Checking hashbrown v0.12.3
[INFO] [stderr]     Checking ppv-lite86 v0.2.17
[INFO] [stderr]     Checking byteorder v1.4.3
[INFO] [stderr]     Checking uuid v1.3.0
[INFO] [stderr]    Compiling slab v0.4.7
[INFO] [stderr]    Compiling num-traits v0.2.15
[INFO] [stderr]     Checking tracing-core v0.1.30
[INFO] [stderr]     Checking cpufeatures v0.2.5
[INFO] [stderr]     Checking tinyvec_macros v0.1.1
[INFO] [stderr]    Compiling futures-task v0.3.26
[INFO] [stderr]     Checking futures-sink v0.3.26
[INFO] [stderr]    Compiling futures-channel v0.3.26
[INFO] [stderr]     Checking tinyvec v1.6.0
[INFO] [stderr]     Checking rand_chacha v0.3.1
[INFO] [stderr]    Compiling futures-util v0.3.26
[INFO] [stderr]     Checking adler v1.0.2
[INFO] [stderr]     Checking miniz_oxide v0.6.2
[INFO] [stderr]     Checking crypto-common v0.1.6
[INFO] [stderr]     Checking block-buffer v0.10.3
[INFO] [stderr]     Checking rand v0.8.5
[INFO] [stderr]     Checking fnv v1.0.7
[INFO] [stderr]     Checking unicode-normalization v0.1.22
[INFO] [stderr]     Checking percent-encoding v2.2.0
[INFO] [stderr]     Checking futures-io v0.3.26
[INFO] [stderr]     Checking unicode-bidi v0.3.10
[INFO] [stderr]     Checking pin-utils v0.1.0
[INFO] [stderr]     Checking form_urlencoded v1.1.0
[INFO] [stderr]     Checking http v0.2.8
[INFO] [stderr]     Checking digest v0.10.6
[INFO] [stderr]     Checking smallvec v1.10.0
[INFO] [stderr]     Checking block-padding v0.3.2
[INFO] [stderr]    Compiling lock_api v0.4.9
[INFO] [stderr]     Checking scopeguard v1.1.0
[INFO] [stderr]     Checking inout v0.1.3
[INFO] [stderr]     Checking idna v0.3.0
[INFO] [stderr]     Checking gimli v0.27.1
[INFO] [stderr]    Compiling pkg-config v0.3.26
[INFO] [stderr]     Checking cipher v0.4.3
[INFO] [stderr]     Checking object v0.30.3
[INFO] [stderr]    Compiling num-integer v0.1.45
[INFO] [stderr]     Checking url v2.3.1
[INFO] [stderr]    Compiling crc32fast v1.3.2
[INFO] [stderr]    Compiling parking_lot_core v0.9.7
[INFO] [stderr]    Compiling unicode-xid v0.2.4
[INFO] [stderr]     Checking fixedbitset v0.4.2
[INFO] [stderr]     Checking rustc-demangle v0.1.21
[INFO] [stderr]    Compiling synstructure v0.12.6
[INFO] [stderr]     Checking thread-id v4.0.0
[INFO] [stderr]    Compiling getrandom v0.1.16
[INFO] [stderr]    Compiling backtrace v0.3.67
[INFO] [stderr]    Compiling anyhow v1.0.68
[INFO] [stderr]     Checking addr2line v0.19.0
[INFO] [stderr]    Compiling openssl-sys v0.9.80
[INFO] [stderr]    Compiling nom8 v0.2.0
[INFO] [stderr]     Checking aho-corasick v0.7.20
[INFO] [stderr]    Compiling num-bigint v0.4.3
[INFO] [stderr]    Compiling openssl v0.10.45
[INFO] [stderr]     Checking regex-syntax v0.6.28
[INFO] [stderr]    Compiling async-trait v0.1.64
[INFO] [stderr]    Compiling toml_datetime v0.5.1
[INFO] [stderr]     Checking foreign-types-shared v0.1.1
[INFO] [stderr]     Checking foreign-types v0.3.2
[INFO] [stderr]     Checking rand_core v0.5.1
[INFO] [stderr]     Checking aes v0.8.2
[INFO] [stderr]     Checking bitflags v1.3.2
[INFO] [stderr]    Compiling js_int v0.2.2
[INFO] [stderr]    Compiling httparse v1.8.0
[INFO] [stderr]    Compiling native-tls v0.2.11
[INFO] [stderr]     Checking opaque-debug v0.3.0
[INFO] [stderr]     Checking digest v0.9.0
[INFO] [stderr]    Compiling num-rational v0.4.1
[INFO] [stderr]    Compiling num-iter v0.1.43
[INFO] [stderr]    Compiling toml_edit v0.18.1
[INFO] [stderr]    Compiling ahash v0.8.3
[INFO] [stderr]     Checking regex v1.7.1
[INFO] [stderr]     Checking instant v0.1.12
[INFO] [stderr]     Checking try-lock v0.2.4
[INFO] [stderr]    Compiling heck v0.4.1
[INFO] [stderr]     Checking openssl-probe v0.1.5
[INFO] [stderr]     Checking base64 v0.13.1
[INFO] [stderr]     Checking want v0.3.0
[INFO] [stderr]     Checking flate2 v1.0.25
[INFO] [stderr]     Checking http-body v0.4.5
[INFO] [stderr]     Checking hmac v0.12.1
[INFO] [stderr]     Checking time v0.1.45
[INFO] [stderr]     Checking httpdate v1.0.2
[INFO] [stderr]    Compiling ident_case v1.0.1
[INFO] [stderr]     Checking ipnet v2.7.1
[INFO] [stderr]     Checking const-oid v0.7.1
[INFO] [stderr]    Compiling strsim v0.10.0
[INFO] [stderr]     Checking wildmatch v2.1.1
[INFO] [stderr]     Checking tower-service v0.3.2
[INFO] [stderr]    Compiling either v1.8.1
[INFO] [stderr]     Checking iana-time-zone v0.1.53
[INFO] [stderr]     Checking chrono v0.4.23
[INFO] [stderr]    Compiling darling_core v0.14.2
[INFO] [stderr]     Checking der v0.5.1
[INFO] [stderr]    Compiling proc-macro-crate v1.3.0
[INFO] [stderr]    Compiling itertools v0.10.5
[INFO] [stderr]     Checking rand_chacha v0.2.2
[INFO] [stderr]     Checking num-complex v0.4.3
[INFO] [stderr]     Checking sha2 v0.10.6
[INFO] [stderr]     Checking block-buffer v0.9.0
[INFO] [stderr]     Checking assign v1.1.1
[INFO] [stderr]     Checking maplit v1.0.2
[INFO] [stderr]     Checking signature v1.6.4
[INFO] [stderr]     Checking base64ct v1.5.3
[INFO] [stderr]     Checking sha2 v0.9.9
[INFO] [stderr]     Checking num v0.4.0
[INFO] [stderr]     Checking rand v0.7.3
[INFO] [stderr]     Checking spki v0.5.4
[INFO] [stderr]    Compiling memoffset v0.7.1
[INFO] [stderr]     Checking password-hash v0.4.2
[INFO] [stderr]    Compiling atomic v0.5.1
[INFO] [stderr]     Checking encoding_rs v0.8.32
[INFO] [stderr]     Checking lazy_static v1.4.0
[INFO] [stderr]    Compiling parking_lot_core v0.8.6
[INFO] [stderr]     Checking base64 v0.21.0
[INFO] [stderr]     Checking mime v0.3.16
[INFO] [stderr]     Checking matches v0.1.10
[INFO] [stderr]    Compiling matrix-sdk-common v0.6.0
[INFO] [stderr]    Compiling crossbeam-utils v0.8.14
[INFO] [stderr]     Checking idna v0.2.3
[INFO] [stderr]     Checking pbkdf2 v0.11.0
[INFO] [stderr]     Checking pkcs7 v0.3.0
[INFO] [stderr]     Checking hkdf v0.12.3
[INFO] [stderr]    Compiling blake3 v1.3.3
[INFO] [stderr]     Checking cbc v0.1.2
[INFO] [stderr]     Checking cfb8 v0.8.1
[INFO] [stderr]     Checking sha-1 v0.10.1
[INFO] [stderr]     Checking cipher v0.3.0
[INFO] [stderr]     Checking universal-hash v0.4.1
[INFO] [stderr]    Compiling crossbeam-epoch v0.9.13
[INFO] [stderr]     Checking linked-hash-map v0.5.6
[INFO] [stderr]     Checking nohash-hasher v0.2.0
[INFO] [stderr]     Checking data-encoding v2.3.3
[INFO] [stderr]     Checking lru-cache v0.1.2
[INFO] [stderr]     Checking poly1305 v0.7.2
[INFO] [stderr]     Checking ctr v0.9.2
[INFO] [stderr]     Checking aead v0.4.3
[INFO] [stderr]     Checking event-listener v2.5.3
[INFO] [stderr]     Checking constant_time_eq v0.2.4
[INFO] [stderr]     Checking arrayref v0.3.6
[INFO] [stderr]     Checking discard v1.0.4
[INFO] [stderr]     Checking parking_lot v0.11.2
[INFO] [stderr]     Checking lru v0.8.1
[INFO] [stderr]     Checking fxhash v0.2.1
[INFO] [stderr]    Compiling priority-queue v1.3.1
[INFO] [stderr]     Checking fs2 v0.4.3
[INFO] [stderr]    Compiling matrix-sdk-sled v0.2.0
[INFO] [stderr]    Compiling rustversion v1.0.11
[INFO] [stderr]     Checking sled v0.34.7
[INFO] [stderr]     Checking typemap_rev v0.2.0
[INFO] [stderr]     Checking fs_extra v1.3.0
[INFO] [stderr]    Compiling matrix-sdk v0.6.2
[INFO] [stderr]     Checking atty v0.2.14
[INFO] [stderr]     Checking anymap2 v0.13.0
[INFO] [stderr]     Checking colored v2.0.0
[INFO] [stderr]     Checking strum v0.24.1
[INFO] [stderr]    Compiling thiserror-impl v1.0.38
[INFO] [stderr]    Compiling tokio-macros v1.8.2
[INFO] [stderr]    Compiling tracing-attributes v0.1.23
[INFO] [stderr]    Compiling futures-macro v0.3.26
[INFO] [stderr]    Compiling azalea-buf-macros v0.5.0
[INFO] [stderr]    Compiling zeroize_derive v1.3.3
[INFO] [stderr]    Compiling openssl-macros v0.1.0
[INFO] [stderr]     Checking zeroize v1.3.0
[INFO] [stderr]    Compiling enum-as-inner v0.5.1
[INFO] [stderr]    Compiling num-derive v0.3.3
[INFO] [stderr]    Compiling darling_macro v0.14.2
[INFO] [stderr]     Checking tokio-native-tls v0.3.0
[INFO] [stderr]    Compiling ruma-identifiers-validation v0.9.0
[INFO] [stderr]     Checking simple_asn1 v0.5.4
[INFO] [stderr]    Compiling prost-derive v0.11.6
[INFO] [stderr]    Compiling azalea-block-macros v0.5.0
[INFO] [stderr]    Compiling azalea-registry-macros v0.5.0
[INFO] [stderr]     Checking rsa_public_encrypt_pkcs1 v0.4.0
[INFO] [stderr]    Compiling pin-project-internal v1.0.12
[INFO] [stderr]     Checking futures-executor v0.3.26
[INFO] [stderr]     Checking chacha20 v0.8.2
[INFO] [stderr]    Compiling async-stream-impl v0.3.3
[INFO] [stderr]    Compiling darling v0.14.2
[INFO] [stderr]    Compiling derive_builder_core v0.11.2
[INFO] [stderr]     Checking chacha20poly1305 v0.9.1
[INFO] [stderr]     Checking futures v0.3.26
[INFO] [stderr]     Checking async-compression v0.3.15
[INFO] [stderr]    Compiling displaydoc v0.2.3
[INFO] [stderr]     Checking async-stream v0.3.3
[INFO] [stderr]    Compiling async-recursion v1.0.2
[INFO] [stderr]     Checking tracing v0.1.37
[INFO] [stderr]     Checking azalea-buf v0.5.0
[INFO] [stdout] error[E0432]: unresolved import `thiserror`
[INFO] [stdout]    --> /opt/rustwide/cargo-home/registry/src/index.crates.io-6f17d22bba15001f/azalea-buf-0.5.0/src/read.rs:12:10
[INFO] [stdout]     |
[INFO] [stdout] 12  | #[derive(Error, Debug)]
[INFO] [stdout]     |          ^^^^^ no `ThiserrorProvide` in `__private`
[INFO] [stdout]     |
[INFO] [stdout] note: found an item that was configured out
[INFO] [stdout]    --> /opt/rustwide/cargo-home/registry/src/index.crates.io-6f17d22bba15001f/thiserror-1.0.38/src/lib.rs:253:29
[INFO] [stdout]     |
[INFO] [stdout] 253 |     pub use crate::provide::ThiserrorProvide;
[INFO] [stdout]     |                             ^^^^^^^^^^^^^^^^
[INFO] [stdout]     = note: this error originates in the derive macro `Error` (in Nightly builds, run with -Z macro-backtrace for more info)
[INFO] [stdout] 
[INFO] [stdout] 
[INFO] [stdout] error[E0412]: cannot find type `Demand` in module `std::any`
[INFO] [stdout]   --> /opt/rustwide/cargo-home/registry/src/index.crates.io-6f17d22bba15001f/azalea-buf-0.5.0/src/read.rs:12:10
[INFO] [stdout]    |
[INFO] [stdout] 12 | #[derive(Error, Debug)]
[INFO] [stdout]    |          ^^^^^ not found in `std::any`
[INFO] [stdout]    |
[INFO] [stdout]    = note: this error originates in the derive macro `Error` (in Nightly builds, run with -Z macro-backtrace for more info)
[INFO] [stdout] 
[INFO] [stdout] 
[INFO] [stdout] error[E0554]: `#![feature]` may not be used on the stable release channel
[INFO] [stdout]  --> /opt/rustwide/cargo-home/registry/src/index.crates.io-6f17d22bba15001f/azalea-buf-0.5.0/src/lib.rs:3:1
[INFO] [stdout]   |
[INFO] [stdout] 3 | #![feature(min_specialization)]
[INFO] [stdout]   | ^^^^^^^^^^^^^^^^^^^^^^^^^^^^^^^
[INFO] [stdout] 
[INFO] [stdout] 
[INFO] [stdout] error[E0554]: `#![feature]` may not be used on the stable release channel
[INFO] [stdout]  --> /opt/rustwide/cargo-home/registry/src/index.crates.io-6f17d22bba15001f/azalea-buf-0.5.0/src/lib.rs:5:1
[INFO] [stdout]   |
[INFO] [stdout] 5 | #![feature(error_generic_member_access)]
[INFO] [stdout]   | ^^^^^^^^^^^^^^^^^^^^^^^^^^^^^^^^^^^^^^^^
[INFO] [stdout] 
[INFO] [stdout] 
[INFO] [stdout] error[E0554]: `#![feature]` may not be used on the stable release channel
[INFO] [stdout]  --> /opt/rustwide/cargo-home/registry/src/index.crates.io-6f17d22bba15001f/azalea-buf-0.5.0/src/lib.rs:6:1
[INFO] [stdout]   |
[INFO] [stdout] 6 | #![feature(provide_any)]
[INFO] [stdout]   | ^^^^^^^^^^^^^^^^^^^^^^^^
[INFO] [stdout] 
[INFO] [stdout] 
[INFO] [stdout] error[E0554]: `#![feature]` may not be used on the stable release channel
[INFO] [stdout]  --> /opt/rustwide/cargo-home/registry/src/index.crates.io-6f17d22bba15001f/azalea-buf-0.5.0/src/lib.rs:5:12
[INFO] [stdout]   |
[INFO] [stdout] 5 | #![feature(error_generic_member_access)]
[INFO] [stdout]   |            ^^^^^^^^^^^^^^^^^^^^^^^^^^^
[INFO] [stdout] 
[INFO] [stdout] 
[INFO] [stdout] error[E0554]: `#![feature]` may not be used on the stable release channel
[INFO] [stdout]  --> /opt/rustwide/cargo-home/registry/src/index.crates.io-6f17d22bba15001f/azalea-buf-0.5.0/src/lib.rs:6:12
[INFO] [stdout]   |
[INFO] [stdout] 6 | #![feature(provide_any)]
[INFO] [stdout]   |            ^^^^^^^^^^^
[INFO] [stdout] 
[INFO] [stdout] 
[INFO] [stdout] error[E0635]: unknown feature `provide_any`
[INFO] [stdout]  --> /opt/rustwide/cargo-home/registry/src/index.crates.io-6f17d22bba15001f/azalea-buf-0.5.0/src/lib.rs:6:12
[INFO] [stdout]   |
[INFO] [stdout] 6 | #![feature(provide_any)]
[INFO] [stdout]   |            ^^^^^^^^^^^
[INFO] [stdout] 
[INFO] [stdout] 
[INFO] [stdout] error[E0599]: no method named `thiserror_provide` found for reference `&std::io::Error` in the current scope
[INFO] [stdout]   --> /opt/rustwide/cargo-home/registry/src/index.crates.io-6f17d22bba15001f/azalea-buf-0.5.0/src/read.rs:26:9
[INFO] [stdout]    |
[INFO] [stdout] 26 |         source: std::io::Error,
[INFO] [stdout]    |         ^^^^^^ method not found in `&Error`
[INFO] [stdout] 
[INFO] [stdout] 
[INFO] [stdout] error[E0599]: no method named `thiserror_provide` found for reference `&serde_json::Error` in the current scope
[INFO] [stdout]   --> /opt/rustwide/cargo-home/registry/src/index.crates.io-6f17d22bba15001f/azalea-buf-0.5.0/src/read.rs:51:9
[INFO] [stdout]    |
[INFO] [stdout] 51 |         source: serde_json::Error,
[INFO] [stdout]    |         ^^^^^^ method not found in `&Error`
[INFO] [stdout] 
[INFO] [stdout] 
[INFO] [stdout] error: aborting due to 10 previous errors
[INFO] [stdout] 
[INFO] [stdout] 
[INFO] [stdout] Some errors have detailed explanations: E0412, E0432, E0554, E0599, E0635.
[INFO] [stdout] 
[INFO] [stdout] For more information about an error, try `rustc --explain E0412`.
[INFO] [stdout] 
[INFO] [stderr] error: could not compile `azalea-buf` (lib) due to 11 previous errors
[INFO] [stderr] warning: build failed, waiting for other jobs to finish...
[INFO] running `Command { std: "docker" "inspect" "5ed668930a327593ef360ff1eb27245b1c0df86dff7ea397cafa16fa35b24ee2", kill_on_drop: false }`
[INFO] running `Command { std: "docker" "rm" "-f" "5ed668930a327593ef360ff1eb27245b1c0df86dff7ea397cafa16fa35b24ee2", kill_on_drop: false }`
[INFO] [stdout] 5ed668930a327593ef360ff1eb27245b1c0df86dff7ea397cafa16fa35b24ee2
[INFO] documenting ErrorNoInternet/ErrorNoWatcher against beta-2023-12-22 for beta-1.76-rustdoc-1
[INFO] running `Command { std: "git" "clone" "/workspace/cache/git-repos/https%3A%2F%2Fgithub.com%2FErrorNoInternet%2FErrorNoWatcher" "/workspace/builds/worker-3-tc2/source", kill_on_drop: false }`
[INFO] [stderr] Cloning into '/workspace/builds/worker-3-tc2/source'...
[INFO] [stderr] done.
[INFO] validating manifest of git repo https://github.com/ErrorNoInternet/ErrorNoWatcher on toolchain beta-2023-12-22
[INFO] running `Command { std: CARGO_HOME="/workspace/cargo-home" RUSTUP_HOME="/workspace/rustup-home" "/workspace/cargo-home/bin/cargo" "+beta-2023-12-22" "metadata" "--manifest-path" "Cargo.toml" "--no-deps", kill_on_drop: false }`
[INFO] removed /workspace/builds/worker-3-tc2/source/.cargo/config.toml
[INFO] started tweaking git repo https://github.com/ErrorNoInternet/ErrorNoWatcher
[INFO] finished tweaking git repo https://github.com/ErrorNoInternet/ErrorNoWatcher
[INFO] tweaked toml for git repo https://github.com/ErrorNoInternet/ErrorNoWatcher written to /workspace/builds/worker-3-tc2/source/Cargo.toml
[INFO] crate git repo https://github.com/ErrorNoInternet/ErrorNoWatcher already has a lockfile, it will not be regenerated
[INFO] running `Command { std: CARGO_HOME="/workspace/cargo-home" RUSTUP_HOME="/workspace/rustup-home" "/workspace/cargo-home/bin/cargo" "+beta-2023-12-22" "fetch" "--manifest-path" "Cargo.toml", kill_on_drop: false }`
[INFO] running `Command { std: "docker" "create" "-v" "/var/lib/crater-agent-workspace/builds/worker-3-tc2/target:/opt/rustwide/target:rw,Z" "-v" "/var/lib/crater-agent-workspace/builds/worker-3-tc2/source:/opt/rustwide/workdir:ro,Z" "-v" "/var/lib/crater-agent-workspace/cargo-home:/opt/rustwide/cargo-home:ro,Z" "-v" "/var/lib/crater-agent-workspace/rustup-home:/opt/rustwide/rustup-home:ro,Z" "-e" "SOURCE_DIR=/opt/rustwide/workdir" "-e" "CARGO_TARGET_DIR=/opt/rustwide/target" "-e" "CARGO_HOME=/opt/rustwide/cargo-home" "-e" "RUSTUP_HOME=/opt/rustwide/rustup-home" "-w" "/opt/rustwide/workdir" "-m" "1610612736" "--user" "0:0" "--network" "none" "ghcr.io/rust-lang/crates-build-env/linux@sha256:2788e3201cd34a07e3172128adcd8b3090168a8e3bcc40d7c032b9dda1df7d1c" "/opt/rustwide/cargo-home/bin/cargo" "+beta-2023-12-22" "metadata" "--no-deps" "--format-version=1", kill_on_drop: false }`
[INFO] [stdout] 0e81cecb6741ae6abd7e8750ee84371d780e12209cbd9a2e239f738efd7b6d99
[INFO] running `Command { std: "docker" "start" "-a" "0e81cecb6741ae6abd7e8750ee84371d780e12209cbd9a2e239f738efd7b6d99", kill_on_drop: false }`
[INFO] running `Command { std: "docker" "inspect" "0e81cecb6741ae6abd7e8750ee84371d780e12209cbd9a2e239f738efd7b6d99", kill_on_drop: false }`
[INFO] running `Command { std: "docker" "rm" "-f" "0e81cecb6741ae6abd7e8750ee84371d780e12209cbd9a2e239f738efd7b6d99", kill_on_drop: false }`
[INFO] [stdout] 0e81cecb6741ae6abd7e8750ee84371d780e12209cbd9a2e239f738efd7b6d99
[INFO] running `Command { std: "docker" "create" "-v" "/var/lib/crater-agent-workspace/builds/worker-3-tc2/target:/opt/rustwide/target:rw,Z" "-v" "/var/lib/crater-agent-workspace/builds/worker-3-tc2/source:/opt/rustwide/workdir:ro,Z" "-v" "/var/lib/crater-agent-workspace/cargo-home:/opt/rustwide/cargo-home:ro,Z" "-v" "/var/lib/crater-agent-workspace/rustup-home:/opt/rustwide/rustup-home:ro,Z" "-e" "SOURCE_DIR=/opt/rustwide/workdir" "-e" "CARGO_TARGET_DIR=/opt/rustwide/target" "-e" "CARGO_INCREMENTAL=0" "-e" "RUST_BACKTRACE=full" "-e" "RUSTFLAGS=--cap-lints=warn" "-e" "RUSTDOCFLAGS=--cap-lints=warn" "-e" "CARGO_HOME=/opt/rustwide/cargo-home" "-e" "RUSTUP_HOME=/opt/rustwide/rustup-home" "-w" "/opt/rustwide/workdir" "-m" "1610612736" "--user" "0:0" "--network" "none" "ghcr.io/rust-lang/crates-build-env/linux@sha256:2788e3201cd34a07e3172128adcd8b3090168a8e3bcc40d7c032b9dda1df7d1c" "/opt/rustwide/cargo-home/bin/cargo" "+beta-2023-12-22" "doc" "--frozen" "--no-deps" "--document-private-items" "--message-format=json", kill_on_drop: false }`
[INFO] [stdout] 43d874b8a3b6e1fafca5c7314b1fb12bdcc6d2b135691eea4867a202bacd4ece
[INFO] running `Command { std: "docker" "start" "-a" "43d874b8a3b6e1fafca5c7314b1fb12bdcc6d2b135691eea4867a202bacd4ece", kill_on_drop: false }`
[INFO] [stderr]    Compiling proc-macro2 v1.0.50
[INFO] [stderr]    Compiling unicode-ident v1.0.6
[INFO] [stderr]    Compiling quote v1.0.23
[INFO] [stderr]    Compiling syn v1.0.107
[INFO] [stderr]    Compiling autocfg v1.1.0
[INFO] [stderr]     Checking cfg-if v1.0.0
[INFO] [stderr]    Compiling libc v0.2.139
[INFO] [stderr]    Compiling version_check v0.9.4
[INFO] [stderr]    Compiling serde_derive v1.0.152
[INFO] [stderr]    Compiling serde v1.0.152
[INFO] [stderr]    Compiling memchr v2.5.0
[INFO] [stderr]    Compiling typenum v1.16.0
[INFO] [stderr]     Checking once_cell v1.17.0
[INFO] [stderr]     Checking pin-project-lite v0.2.9
[INFO] [stderr]     Checking bytes v1.4.0
[INFO] [stderr]    Compiling log v0.4.17
[INFO] [stderr]     Checking getrandom v0.2.8
[INFO] [stderr]    Compiling thiserror v1.0.38
[INFO] [stderr]     Checking itoa v1.0.5
[INFO] [stderr]    Compiling generic-array v0.14.6
[INFO] [stderr]    Compiling tokio v1.25.0
[INFO] [stderr]    Compiling cc v1.0.79
[INFO] [stderr]     Checking mio v0.8.5
[INFO] [stderr]     Checking socket2 v0.4.7
[INFO] [stderr]     Checking num_cpus v1.15.0
[INFO] [stderr]    Compiling ahash v0.7.6
[INFO] [stderr]     Checking ryu v1.0.12
[INFO] [stderr]    Compiling serde_json v1.0.91
[INFO] [stderr]    Compiling indexmap v1.9.2
[INFO] [stderr]    Compiling futures-core v0.3.26
[INFO] [stderr]     Checking subtle v2.4.1
[INFO] [stderr]     Checking hashbrown v0.12.3
[INFO] [stderr]     Checking rand_core v0.6.4
[INFO] [stderr]     Checking ppv-lite86 v0.2.17
[INFO] [stderr]     Checking byteorder v1.4.3
[INFO] [stderr]     Checking uuid v1.3.0
[INFO] [stderr]    Compiling slab v0.4.7
[INFO] [stderr]    Compiling num-traits v0.2.15
[INFO] [stderr]     Checking tracing-core v0.1.30
[INFO] [stderr]     Checking tinyvec_macros v0.1.1
[INFO] [stderr]     Checking cpufeatures v0.2.5
[INFO] [stderr]    Compiling futures-task v0.3.26
[INFO] [stderr]     Checking futures-sink v0.3.26
[INFO] [stderr]    Compiling futures-channel v0.3.26
[INFO] [stderr]     Checking tinyvec v1.6.0
[INFO] [stderr]     Checking rand_chacha v0.3.1
[INFO] [stderr]     Checking adler v1.0.2
[INFO] [stderr]    Compiling futures-util v0.3.26
[INFO] [stderr]     Checking crypto-common v0.1.6
[INFO] [stderr]     Checking miniz_oxide v0.6.2
[INFO] [stderr]     Checking block-buffer v0.10.3
[INFO] [stderr]     Checking rand v0.8.5
[INFO] [stderr]     Checking unicode-bidi v0.3.10
[INFO] [stderr]     Checking percent-encoding v2.2.0
[INFO] [stderr]     Checking fnv v1.0.7
[INFO] [stderr]     Checking pin-utils v0.1.0
[INFO] [stderr]     Checking unicode-normalization v0.1.22
[INFO] [stderr]     Checking futures-io v0.3.26
[INFO] [stderr]     Checking form_urlencoded v1.1.0
[INFO] [stderr]     Checking http v0.2.8
[INFO] [stderr]     Checking digest v0.10.6
[INFO] [stderr]     Checking smallvec v1.10.0
[INFO] [stderr]     Checking block-padding v0.3.2
[INFO] [stderr]    Compiling lock_api v0.4.9
[INFO] [stderr]     Checking scopeguard v1.1.0
[INFO] [stderr]     Checking inout v0.1.3
[INFO] [stderr]     Checking gimli v0.27.1
[INFO] [stderr]    Compiling pkg-config v0.3.26
[INFO] [stderr]     Checking cipher v0.4.3
[INFO] [stderr]     Checking idna v0.3.0
[INFO] [stderr]    Compiling num-integer v0.1.45
[INFO] [stderr]     Checking object v0.30.3
[INFO] [stderr]     Checking fixedbitset v0.4.2
[INFO] [stderr]     Checking url v2.3.1
[INFO] [stderr]    Compiling crc32fast v1.3.2
[INFO] [stderr]     Checking rustc-demangle v0.1.21
[INFO] [stderr]    Compiling unicode-xid v0.2.4
[INFO] [stderr]    Compiling parking_lot_core v0.9.7
[INFO] [stderr]    Compiling synstructure v0.12.6
[INFO] [stderr]     Checking thread-id v4.0.0
[INFO] [stderr]    Compiling getrandom v0.1.16
[INFO] [stderr]    Compiling backtrace v0.3.67
[INFO] [stderr]     Checking addr2line v0.19.0
[INFO] [stderr]    Compiling openssl-sys v0.9.80
[INFO] [stderr]    Compiling anyhow v1.0.68
[INFO] [stderr]    Compiling nom8 v0.2.0
[INFO] [stderr]    Compiling num-bigint v0.4.3
[INFO] [stderr]     Checking aho-corasick v0.7.20
[INFO] [stderr]     Checking foreign-types-shared v0.1.1
[INFO] [stderr]    Compiling toml_datetime v0.5.1
[INFO] [stderr]    Compiling openssl v0.10.45
[INFO] [stderr]     Checking regex-syntax v0.6.28
[INFO] [stderr]    Compiling async-trait v0.1.64
[INFO] [stderr]     Checking foreign-types v0.3.2
[INFO] [stderr]     Checking rand_core v0.5.1
[INFO] [stderr]     Checking aes v0.8.2
[INFO] [stderr]     Checking bitflags v1.3.2
[INFO] [stderr]    Compiling httparse v1.8.0
[INFO] [stderr]    Compiling js_int v0.2.2
[INFO] [stderr]     Checking opaque-debug v0.3.0
[INFO] [stderr]    Compiling native-tls v0.2.11
[INFO] [stderr]     Checking digest v0.9.0
[INFO] [stderr]    Compiling ahash v0.8.3
[INFO] [stderr]    Compiling num-iter v0.1.43
[INFO] [stderr]    Compiling toml_edit v0.18.1
[INFO] [stderr]    Compiling num-rational v0.4.1
[INFO] [stderr]     Checking instant v0.1.12
[INFO] [stderr]     Checking try-lock v0.2.4
[INFO] [stderr]     Checking openssl-probe v0.1.5
[INFO] [stderr]    Compiling heck v0.4.1
[INFO] [stderr]     Checking base64 v0.13.1
[INFO] [stderr]     Checking want v0.3.0
[INFO] [stderr]     Checking regex v1.7.1
[INFO] [stderr]     Checking flate2 v1.0.25
[INFO] [stderr]     Checking http-body v0.4.5
[INFO] [stderr]     Checking hmac v0.12.1
[INFO] [stderr]     Checking time v0.1.45
[INFO] [stderr]     Checking const-oid v0.7.1
[INFO] [stderr]     Checking httpdate v1.0.2
[INFO] [stderr]     Checking tower-service v0.3.2
[INFO] [stderr]    Compiling ident_case v1.0.1
[INFO] [stderr]    Compiling strsim v0.10.0
[INFO] [stderr]    Compiling either v1.8.1
[INFO] [stderr]     Checking ipnet v2.7.1
[INFO] [stderr]     Checking iana-time-zone v0.1.53
[INFO] [stderr]     Checking wildmatch v2.1.1
[INFO] [stderr]     Checking chrono v0.4.23
[INFO] [stderr]    Compiling darling_core v0.14.2
[INFO] [stderr]    Compiling proc-macro-crate v1.3.0
[INFO] [stderr]    Compiling itertools v0.10.5
[INFO] [stderr]     Checking der v0.5.1
[INFO] [stderr]     Checking rand_chacha v0.2.2
[INFO] [stderr]     Checking sha2 v0.10.6
[INFO] [stderr]     Checking num-complex v0.4.3
[INFO] [stderr]     Checking block-buffer v0.9.0
[INFO] [stderr]     Checking base64ct v1.5.3
[INFO] [stderr]     Checking maplit v1.0.2
[INFO] [stderr]     Checking signature v1.6.4
[INFO] [stderr]     Checking assign v1.1.1
[INFO] [stderr]     Checking sha2 v0.9.9
[INFO] [stderr]     Checking rand v0.7.3
[INFO] [stderr]     Checking password-hash v0.4.2
[INFO] [stderr]     Checking num v0.4.0
[INFO] [stderr]     Checking spki v0.5.4
[INFO] [stderr]    Compiling memoffset v0.7.1
[INFO] [stderr]    Compiling atomic v0.5.1
[INFO] [stderr]     Checking encoding_rs v0.8.32
[INFO] [stderr]    Compiling matrix-sdk-common v0.6.0
[INFO] [stderr]     Checking base64 v0.21.0
[INFO] [stderr]     Checking lazy_static v1.4.0
[INFO] [stderr]    Compiling crossbeam-utils v0.8.14
[INFO] [stderr]    Compiling parking_lot_core v0.8.6
[INFO] [stderr]     Checking matches v0.1.10
[INFO] [stderr]     Checking mime v0.3.16
[INFO] [stderr]     Checking idna v0.2.3
[INFO] [stderr]     Checking pbkdf2 v0.11.0
[INFO] [stderr]     Checking pkcs7 v0.3.0
[INFO] [stderr]     Checking hkdf v0.12.3
[INFO] [stderr]    Compiling blake3 v1.3.3
[INFO] [stderr]     Checking cfb8 v0.8.1
[INFO] [stderr]     Checking cbc v0.1.2
[INFO] [stderr]     Checking sha-1 v0.10.1
[INFO] [stderr]     Checking universal-hash v0.4.1
[INFO] [stderr]     Checking cipher v0.3.0
[INFO] [stderr]    Compiling crossbeam-epoch v0.9.13
[INFO] [stderr]     Checking linked-hash-map v0.5.6
[INFO] [stderr]     Checking data-encoding v2.3.3
[INFO] [stderr]     Checking nohash-hasher v0.2.0
[INFO] [stderr]     Checking lru-cache v0.1.2
[INFO] [stderr]     Checking poly1305 v0.7.2
[INFO] [stderr]     Checking ctr v0.9.2
[INFO] [stderr]     Checking aead v0.4.3
[INFO] [stderr]     Checking discard v1.0.4
[INFO] [stderr]     Checking constant_time_eq v0.2.4
[INFO] [stderr]     Checking event-listener v2.5.3
[INFO] [stderr]     Checking arrayref v0.3.6
[INFO] [stderr]     Checking parking_lot v0.11.2
[INFO] [stderr]     Checking lru v0.8.1
[INFO] [stderr]     Checking fxhash v0.2.1
[INFO] [stderr]    Compiling priority-queue v1.3.1
[INFO] [stderr]     Checking fs2 v0.4.3
[INFO] [stderr]    Compiling rustversion v1.0.11
[INFO] [stderr]    Compiling matrix-sdk-sled v0.2.0
[INFO] [stderr]     Checking sled v0.34.7
[INFO] [stderr]     Checking typemap_rev v0.2.0
[INFO] [stderr]    Compiling matrix-sdk v0.6.2
[INFO] [stderr]     Checking fs_extra v1.3.0
[INFO] [stderr]     Checking atty v0.2.14
[INFO] [stderr]     Checking anymap2 v0.13.0
[INFO] [stderr]     Checking colored v2.0.0
[INFO] [stderr]     Checking strum v0.24.1
[INFO] [stderr]    Compiling thiserror-impl v1.0.38
[INFO] [stderr]    Compiling tokio-macros v1.8.2
[INFO] [stderr]    Compiling tracing-attributes v0.1.23
[INFO] [stderr]    Compiling futures-macro v0.3.26
[INFO] [stderr]    Compiling azalea-buf-macros v0.5.0
[INFO] [stderr]    Compiling zeroize_derive v1.3.3
[INFO] [stderr]    Compiling openssl-macros v0.1.0
[INFO] [stderr]     Checking zeroize v1.3.0
[INFO] [stderr]    Compiling enum-as-inner v0.5.1
[INFO] [stderr]    Compiling num-derive v0.3.3
[INFO] [stderr]    Compiling prost-derive v0.11.6
[INFO] [stderr]    Compiling ruma-identifiers-validation v0.9.0
[INFO] [stderr]     Checking simple_asn1 v0.5.4
[INFO] [stderr]     Checking tokio-native-tls v0.3.0
[INFO] [stderr]    Compiling azalea-registry-macros v0.5.0
[INFO] [stderr]    Compiling azalea-block-macros v0.5.0
[INFO] [stderr]    Compiling darling_macro v0.14.2
[INFO] [stderr]     Checking rsa_public_encrypt_pkcs1 v0.4.0
[INFO] [stderr]    Compiling pin-project-internal v1.0.12
[INFO] [stderr]     Checking futures-executor v0.3.26
[INFO] [stderr]     Checking chacha20 v0.8.2
[INFO] [stderr]    Compiling async-stream-impl v0.3.3
[INFO] [stderr]    Compiling darling v0.14.2
[INFO] [stderr]    Compiling derive_builder_core v0.11.2
[INFO] [stderr]     Checking chacha20poly1305 v0.9.1
[INFO] [stderr]     Checking futures v0.3.26
[INFO] [stderr]     Checking async-compression v0.3.15
[INFO] [stderr]    Compiling azalea-protocol-macros v0.5.0
[INFO] [stderr]     Checking tracing v0.1.37
[INFO] [stderr]     Checking tokio-util v0.7.4
[INFO] [stderr]     Checking async-stream v0.3.3
[INFO] [stderr]    Compiling async-recursion v1.0.2
[INFO] [stderr]    Compiling displaydoc v0.2.3
[INFO] [stderr]     Checking prost v0.11.6
[INFO] [stderr]     Checking backoff v0.4.0
[INFO] [stderr]    Compiling strum_macros v0.24.3
[INFO] [stderr]     Checking petgraph v0.6.2
[INFO] [stderr]     Checking azalea-buf v0.5.0
[INFO] [stdout] error[E0432]: unresolved import `thiserror`
[INFO] [stdout]    --> /opt/rustwide/cargo-home/registry/src/index.crates.io-6f17d22bba15001f/azalea-buf-0.5.0/src/read.rs:12:10
[INFO] [stdout]     |
[INFO] [stdout] 12  | #[derive(Error, Debug)]
[INFO] [stdout]     |          ^^^^^ no `ThiserrorProvide` in `__private`
[INFO] [stdout]     |
[INFO] [stdout] note: found an item that was configured out
[INFO] [stdout]    --> /opt/rustwide/cargo-home/registry/src/index.crates.io-6f17d22bba15001f/thiserror-1.0.38/src/lib.rs:253:29
[INFO] [stdout]     |
[INFO] [stdout] 253 |     pub use crate::provide::ThiserrorProvide;
[INFO] [stdout]     |                             ^^^^^^^^^^^^^^^^
[INFO] [stdout]     = note: this error originates in the derive macro `Error` (in Nightly builds, run with -Z macro-backtrace for more info)
[INFO] [stdout] 
[INFO] [stdout] 
[INFO] [stdout] error[E0412]: cannot find type `Demand` in module `std::any`
[INFO] [stdout]   --> /opt/rustwide/cargo-home/registry/src/index.crates.io-6f17d22bba15001f/azalea-buf-0.5.0/src/read.rs:12:10
[INFO] [stdout]    |
[INFO] [stdout] 12 | #[derive(Error, Debug)]
[INFO] [stdout]    |          ^^^^^ not found in `std::any`
[INFO] [stdout]    |
[INFO] [stdout]    = note: this error originates in the derive macro `Error` (in Nightly builds, run with -Z macro-backtrace for more info)
[INFO] [stdout] 
[INFO] [stdout] 
[INFO] [stdout] error[E0554]: `#![feature]` may not be used on the beta release channel
[INFO] [stdout]  --> /opt/rustwide/cargo-home/registry/src/index.crates.io-6f17d22bba15001f/azalea-buf-0.5.0/src/lib.rs:3:1
[INFO] [stdout]   |
[INFO] [stdout] 3 | #![feature(min_specialization)]
[INFO] [stdout]   | ^^^^^^^^^^^^^^^^^^^^^^^^^^^^^^^
[INFO] [stdout] 
[INFO] [stdout] 
[INFO] [stdout] error[E0554]: `#![feature]` may not be used on the beta release channel
[INFO] [stdout]  --> /opt/rustwide/cargo-home/registry/src/index.crates.io-6f17d22bba15001f/azalea-buf-0.5.0/src/lib.rs:5:1
[INFO] [stdout]   |
[INFO] [stdout] 5 | #![feature(error_generic_member_access)]
[INFO] [stdout]   | ^^^^^^^^^^^^^^^^^^^^^^^^^^^^^^^^^^^^^^^^
[INFO] [stdout] 
[INFO] [stdout] 
[INFO] [stdout] error[E0554]: `#![feature]` may not be used on the beta release channel
[INFO] [stdout]  --> /opt/rustwide/cargo-home/registry/src/index.crates.io-6f17d22bba15001f/azalea-buf-0.5.0/src/lib.rs:6:1
[INFO] [stdout]   |
[INFO] [stdout] 6 | #![feature(provide_any)]
[INFO] [stdout]   | ^^^^^^^^^^^^^^^^^^^^^^^^
[INFO] [stdout] 
[INFO] [stdout] 
[INFO] [stdout] error[E0554]: `#![feature]` may not be used on the beta release channel
[INFO] [stdout]  --> /opt/rustwide/cargo-home/registry/src/index.crates.io-6f17d22bba15001f/azalea-buf-0.5.0/src/lib.rs:5:12
[INFO] [stdout]   |
[INFO] [stdout] 5 | #![feature(error_generic_member_access)]
[INFO] [stdout]   |            ^^^^^^^^^^^^^^^^^^^^^^^^^^^
[INFO] [stdout] 
[INFO] [stdout] 
[INFO] [stdout] error[E0554]: `#![feature]` may not be used on the beta release channel
[INFO] [stdout]  --> /opt/rustwide/cargo-home/registry/src/index.crates.io-6f17d22bba15001f/azalea-buf-0.5.0/src/lib.rs:6:12
[INFO] [stdout]   |
[INFO] [stdout] 6 | #![feature(provide_any)]
[INFO] [stdout]   |            ^^^^^^^^^^^
[INFO] [stdout] 
[INFO] [stdout] 
[INFO] [stdout] error[E0635]: unknown feature `provide_any`
[INFO] [stdout]  --> /opt/rustwide/cargo-home/registry/src/index.crates.io-6f17d22bba15001f/azalea-buf-0.5.0/src/lib.rs:6:12
[INFO] [stdout]   |
[INFO] [stdout] 6 | #![feature(provide_any)]
[INFO] [stdout]   |            ^^^^^^^^^^^
[INFO] [stdout] 
[INFO] [stdout] 
[INFO] [stderr]    Compiling toml v0.5.11
[INFO] [stdout] error[E0599]: no method named `thiserror_provide` found for reference `&std::io::Error` in the current scope
[INFO] [stdout]   --> /opt/rustwide/cargo-home/registry/src/index.crates.io-6f17d22bba15001f/azalea-buf-0.5.0/src/read.rs:26:9
[INFO] [stdout]    |
[INFO] [stdout] 26 |         source: std::io::Error,
[INFO] [stdout]    |         ^^^^^^ method not found in `&Error`
[INFO] [stdout] 
[INFO] [stdout] 
[INFO] [stdout] error[E0599]: no method named `thiserror_provide` found for reference `&serde_json::Error` in the current scope
[INFO] [stdout]   --> /opt/rustwide/cargo-home/registry/src/index.crates.io-6f17d22bba15001f/azalea-buf-0.5.0/src/read.rs:51:9
[INFO] [stdout]    |
[INFO] [stdout] 51 |         source: serde_json::Error,
[INFO] [stdout]    |         ^^^^^^ method not found in `&Error`
[INFO] [stdout] 
[INFO] [stdout] 
[INFO] [stdout] error: aborting due to 10 previous errors
[INFO] [stdout] 
[INFO] [stdout] 
[INFO] [stdout] Some errors have detailed explanations: E0412, E0432, E0554, E0599, E0635.
[INFO] [stdout] 
[INFO] [stdout] For more information about an error, try `rustc --explain E0412`.
[INFO] [stdout] 
[INFO] [stderr] error: could not compile `azalea-buf` (lib) due to 11 previous errors
[INFO] [stderr] warning: build failed, waiting for other jobs to finish...
[INFO] running `Command { std: "docker" "inspect" "43d874b8a3b6e1fafca5c7314b1fb12bdcc6d2b135691eea4867a202bacd4ece", kill_on_drop: false }`
[INFO] running `Command { std: "docker" "rm" "-f" "43d874b8a3b6e1fafca5c7314b1fb12bdcc6d2b135691eea4867a202bacd4ece", kill_on_drop: false }`
[INFO] [stdout] 43d874b8a3b6e1fafca5c7314b1fb12bdcc6d2b135691eea4867a202bacd4ece
