[INFO] cloning repository https://github.com/Equilibris/n-orm
[INFO] running `Command { std: "git" "-c" "credential.helper=" "-c" "credential.helper=/workspace/cargo-home/bin/git-credential-null" "clone" "--bare" "https://github.com/Equilibris/n-orm" "/workspace/cache/git-repos/https%3A%2F%2Fgithub.com%2FEquilibris%2Fn-orm", kill_on_drop: false }`
[INFO] [stderr] Cloning into bare repository '/workspace/cache/git-repos/https%3A%2F%2Fgithub.com%2FEquilibris%2Fn-orm'...
[INFO] running `Command { std: "git" "rev-parse" "HEAD", kill_on_drop: false }`
[INFO] [stdout] 44bc36741ee5015cf27679c0cb0056c27e4b1644
[INFO] documenting Equilibris/n-orm against 1.75.0 for beta-1.76-rustdoc-1
[INFO] running `Command { std: "git" "clone" "/workspace/cache/git-repos/https%3A%2F%2Fgithub.com%2FEquilibris%2Fn-orm" "/workspace/builds/worker-7-tc1/source", kill_on_drop: false }`
[INFO] [stderr] Cloning into '/workspace/builds/worker-7-tc1/source'...
[INFO] [stderr] done.
[INFO] validating manifest of git repo https://github.com/Equilibris/n-orm on toolchain 1.75.0
[INFO] running `Command { std: CARGO_HOME="/workspace/cargo-home" RUSTUP_HOME="/workspace/rustup-home" "/workspace/cargo-home/bin/cargo" "+1.75.0" "metadata" "--manifest-path" "Cargo.toml" "--no-deps", kill_on_drop: false }`
[INFO] started tweaking git repo https://github.com/Equilibris/n-orm
[INFO] finished tweaking git repo https://github.com/Equilibris/n-orm
[INFO] tweaked toml for git repo https://github.com/Equilibris/n-orm written to /workspace/builds/worker-7-tc1/source/Cargo.toml
[INFO] crate git repo https://github.com/Equilibris/n-orm already has a lockfile, it will not be regenerated
[INFO] running `Command { std: CARGO_HOME="/workspace/cargo-home" RUSTUP_HOME="/workspace/rustup-home" "/workspace/cargo-home/bin/cargo" "+1.75.0" "fetch" "--manifest-path" "Cargo.toml", kill_on_drop: false }`
[INFO] [stderr]  Downloading crates ...
[INFO] [stderr]   Downloaded mongodb v2.3.1
[INFO] running `Command { std: "docker" "create" "-v" "/var/lib/crater-agent-workspace/builds/worker-7-tc1/target:/opt/rustwide/target:rw,Z" "-v" "/var/lib/crater-agent-workspace/builds/worker-7-tc1/source:/opt/rustwide/workdir:ro,Z" "-v" "/var/lib/crater-agent-workspace/cargo-home:/opt/rustwide/cargo-home:ro,Z" "-v" "/var/lib/crater-agent-workspace/rustup-home:/opt/rustwide/rustup-home:ro,Z" "-e" "SOURCE_DIR=/opt/rustwide/workdir" "-e" "CARGO_TARGET_DIR=/opt/rustwide/target" "-e" "CARGO_HOME=/opt/rustwide/cargo-home" "-e" "RUSTUP_HOME=/opt/rustwide/rustup-home" "-w" "/opt/rustwide/workdir" "-m" "1610612736" "--user" "0:0" "--network" "none" "ghcr.io/rust-lang/crates-build-env/linux@sha256:2788e3201cd34a07e3172128adcd8b3090168a8e3bcc40d7c032b9dda1df7d1c" "/opt/rustwide/cargo-home/bin/cargo" "+1.75.0" "metadata" "--no-deps" "--format-version=1", kill_on_drop: false }`
[INFO] [stdout] 476fd7d36318540a1b5552e2be9048f22a29bc587c478efde51354332ee4e708
[INFO] running `Command { std: "docker" "start" "-a" "476fd7d36318540a1b5552e2be9048f22a29bc587c478efde51354332ee4e708", kill_on_drop: false }`
[INFO] running `Command { std: "docker" "inspect" "476fd7d36318540a1b5552e2be9048f22a29bc587c478efde51354332ee4e708", kill_on_drop: false }`
[INFO] running `Command { std: "docker" "rm" "-f" "476fd7d36318540a1b5552e2be9048f22a29bc587c478efde51354332ee4e708", kill_on_drop: false }`
[INFO] [stdout] 476fd7d36318540a1b5552e2be9048f22a29bc587c478efde51354332ee4e708
[INFO] running `Command { std: "docker" "create" "-v" "/var/lib/crater-agent-workspace/builds/worker-7-tc1/target:/opt/rustwide/target:rw,Z" "-v" "/var/lib/crater-agent-workspace/builds/worker-7-tc1/source:/opt/rustwide/workdir:ro,Z" "-v" "/var/lib/crater-agent-workspace/cargo-home:/opt/rustwide/cargo-home:ro,Z" "-v" "/var/lib/crater-agent-workspace/rustup-home:/opt/rustwide/rustup-home:ro,Z" "-e" "SOURCE_DIR=/opt/rustwide/workdir" "-e" "CARGO_TARGET_DIR=/opt/rustwide/target" "-e" "CARGO_INCREMENTAL=0" "-e" "RUST_BACKTRACE=full" "-e" "RUSTFLAGS=--cap-lints=warn" "-e" "RUSTDOCFLAGS=--cap-lints=warn" "-e" "CARGO_HOME=/opt/rustwide/cargo-home" "-e" "RUSTUP_HOME=/opt/rustwide/rustup-home" "-w" "/opt/rustwide/workdir" "-m" "1610612736" "--user" "0:0" "--network" "none" "ghcr.io/rust-lang/crates-build-env/linux@sha256:2788e3201cd34a07e3172128adcd8b3090168a8e3bcc40d7c032b9dda1df7d1c" "/opt/rustwide/cargo-home/bin/cargo" "+1.75.0" "doc" "--frozen" "--no-deps" "--document-private-items" "--message-format=json", kill_on_drop: false }`
[INFO] [stdout] b8af4a65a46a6ccfbfbaded501dc5711e41474476e1a9f5a4f193fcb237b67b7
[INFO] running `Command { std: "docker" "start" "-a" "b8af4a65a46a6ccfbfbaded501dc5711e41474476e1a9f5a4f193fcb237b67b7", kill_on_drop: false }`
[INFO] [stderr]    Compiling proc-macro2 v1.0.56
[INFO] [stderr]    Compiling quote v1.0.26
[INFO] [stderr]    Compiling syn v1.0.103
[INFO] [stderr]    Compiling cc v1.0.78
[INFO] [stderr]     Checking once_cell v1.16.0
[INFO] [stderr]    Compiling futures-core v0.3.25
[INFO] [stderr]    Compiling libc v0.2.139
[INFO] [stderr]    Compiling tokio v1.23.0
[INFO] [stderr]    Compiling futures-task v0.3.25
[INFO] [stderr]     Checking untrusted v0.7.1
[INFO] [stderr]     Checking spin v0.5.2
[INFO] [stderr]     Checking bytes v1.3.0
[INFO] [stderr]    Compiling ident_case v1.0.1
[INFO] [stderr]    Compiling futures-util v0.3.25
[INFO] [stderr]     Checking digest v0.10.6
[INFO] [stderr]    Compiling strsim v0.10.0
[INFO] [stderr]     Checking futures-io v0.3.25
[INFO] [stderr]    Compiling async-trait v0.1.60
[INFO] [stderr]    Compiling futures-channel v0.3.25
[INFO] [stderr]    Compiling parking_lot_core v0.9.5
[INFO] [stderr]     Checking semver-parser v0.7.0
[INFO] [stderr]    Compiling serde_json v1.0.91
[INFO] [stderr]    Compiling rustls v0.20.7
[INFO] [stderr]     Checking indexmap v1.9.2
[INFO] [stderr]    Compiling time-macros v0.2.6
[INFO] [stderr]     Checking idna v0.2.3
[INFO] [stderr]     Checking url v2.3.1
[INFO] [stderr]     Checking semver v0.9.0
[INFO] [stderr]    Compiling rustc_version_runtime v0.2.1
[INFO] [stderr]     Checking ipnet v2.7.0
[INFO] [stderr]     Checking data-encoding v2.3.3
[INFO] [stderr]     Checking quick-error v1.2.3
[INFO] [stderr]     Checking lru-cache v0.1.2
[INFO] [stderr]     Checking futures-sink v0.3.25
[INFO] [stderr]     Checking sha2 v0.10.6
[INFO] [stderr]     Checking rustc_version v0.2.3
[INFO] [stderr]     Checking sha-1 v0.10.1
[INFO] [stderr]     Checking rustls-pemfile v0.3.0
[INFO] [stderr]     Checking pbkdf2 v0.10.1
[INFO] [stderr]     Checking md-5 v0.10.5
[INFO] [stderr]     Checking hmac v0.12.1
[INFO] [stderr]     Checking stringprep v0.1.2
[INFO] [stderr]     Checking os_info v3.5.1
[INFO] [stderr]     Checking getrandom v0.2.8
[INFO] [stderr]     Checking num_cpus v1.15.0
[INFO] [stderr]     Checking mio v0.8.5
[INFO] [stderr]     Checking socket2 v0.4.7
[INFO] [stderr]     Checking hostname v0.3.1
[INFO] [stderr]     Checking time v0.1.45
[INFO] [stderr]     Checking resolv-conf v0.7.0
[INFO] [stderr]     Checking rand_core v0.6.4
[INFO] [stderr]     Checking ahash v0.7.6
[INFO] [stderr]     Checking uuid v0.8.2
[INFO] [stderr]    Compiling ring v0.16.20
[INFO] [stderr]     Checking parking_lot v0.12.1
[INFO] [stderr]     Checking rand_chacha v0.3.1
[INFO] [stderr]     Checking chrono v0.4.23
[INFO] [stderr]    Compiling proc-macro-error-attr v1.0.4
[INFO] [stderr]     Checking rand v0.8.5
[INFO] [stderr]     Checking time v0.3.17
[INFO] [stderr]     Checking webpki v0.22.0
[INFO] [stderr]     Checking sct v0.7.0
[INFO] [stderr]     Checking webpki-roots v0.22.6
[INFO] [stderr]    Compiling darling_core v0.13.4
[INFO] [stderr]    Compiling proc-macro-error v1.0.4
[INFO] [stderr]    Compiling serde_derive v1.0.147
[INFO] [stderr]    Compiling tokio-macros v1.8.2
[INFO] [stderr]    Compiling futures-macro v0.3.25
[INFO] [stderr]    Compiling thiserror-impl v1.0.38
[INFO] [stderr]    Compiling enum-as-inner v0.4.0
[INFO] [stderr]    Compiling derivative v2.2.0
[INFO] [stderr]    Compiling typed-builder v0.10.0
[INFO] [stderr]    Compiling collection-macro v0.1.0 (/opt/rustwide/workdir/collection/collection-macro)
[INFO] [stderr]    Compiling profile v0.1.0 (/opt/rustwide/workdir/profile)
[INFO] [stdout] warning: unused imports: `Expr`, `ItemStruct`
[INFO] [stdout]   --> collection/collection-macro/src/lib.rs:11:51
[INFO] [stdout]    |
[INFO] [stdout] 11 | use syn::{parse2, parse_macro_input, DeriveInput, Expr, ItemStruct};
[INFO] [stdout]    |                                                   ^^^^  ^^^^^^^^^^
[INFO] [stdout]    |
[INFO] [stdout]    = note: `#[warn(unused_imports)]` on by default
[INFO] [stdout] 
[INFO] [stdout] 
[INFO] [stdout] error[E0554]: `#![feature]` may not be used on the stable release channel
[INFO] [stdout]  --> collection/collection-macro/src/lib.rs:1:12
[INFO] [stdout]   |
[INFO] [stdout] 1 | #![feature(iter_intersperse)]
[INFO] [stdout]   |            ^^^^^^^^^^^^^^^^
[INFO] [stdout] 
[INFO] [stdout] 
[INFO] [stdout] error[E0554]: `#![feature]` may not be used on the stable release channel
[INFO] [stdout]  --> profile/src/lib.rs:1:12
[INFO] [stdout]   |
[INFO] [stdout] 1 | #![feature(iter_intersperse)]
[INFO] [stdout]   |            ^^^^^^^^^^^^^^^^
[INFO] [stdout] 
[INFO] [stdout] 
[INFO] [stdout] error: aborting due to previous error; 1 warning emitted
[INFO] [stdout] 
[INFO] [stdout] 
[INFO] [stdout] For more information about this error, try `rustc --explain E0554`.
[INFO] [stdout] 
[INFO] [stderr] error: could not compile `collection-macro` (lib) due to 2 previous errors; 1 warning emitted
[INFO] [stderr] warning: build failed, waiting for other jobs to finish...
[INFO] [stdout] error: aborting due to previous error
[INFO] [stdout] 
[INFO] [stdout] 
[INFO] [stdout] For more information about this error, try `rustc --explain E0554`.
[INFO] [stdout] 
[INFO] [stderr] error: could not compile `profile` (lib) due to 2 previous errors
[INFO] running `Command { std: "docker" "inspect" "b8af4a65a46a6ccfbfbaded501dc5711e41474476e1a9f5a4f193fcb237b67b7", kill_on_drop: false }`
[INFO] running `Command { std: "docker" "rm" "-f" "b8af4a65a46a6ccfbfbaded501dc5711e41474476e1a9f5a4f193fcb237b67b7", kill_on_drop: false }`
[INFO] [stdout] b8af4a65a46a6ccfbfbaded501dc5711e41474476e1a9f5a4f193fcb237b67b7
[INFO] documenting Equilibris/n-orm against beta-2023-12-22 for beta-1.76-rustdoc-1
[INFO] running `Command { std: "git" "clone" "/workspace/cache/git-repos/https%3A%2F%2Fgithub.com%2FEquilibris%2Fn-orm" "/workspace/builds/worker-7-tc2/source", kill_on_drop: false }`
[INFO] [stderr] Cloning into '/workspace/builds/worker-7-tc2/source'...
[INFO] [stderr] done.
[INFO] validating manifest of git repo https://github.com/Equilibris/n-orm on toolchain beta-2023-12-22
[INFO] running `Command { std: CARGO_HOME="/workspace/cargo-home" RUSTUP_HOME="/workspace/rustup-home" "/workspace/cargo-home/bin/cargo" "+beta-2023-12-22" "metadata" "--manifest-path" "Cargo.toml" "--no-deps", kill_on_drop: false }`
[INFO] started tweaking git repo https://github.com/Equilibris/n-orm
[INFO] finished tweaking git repo https://github.com/Equilibris/n-orm
[INFO] tweaked toml for git repo https://github.com/Equilibris/n-orm written to /workspace/builds/worker-7-tc2/source/Cargo.toml
[INFO] crate git repo https://github.com/Equilibris/n-orm already has a lockfile, it will not be regenerated
[INFO] running `Command { std: CARGO_HOME="/workspace/cargo-home" RUSTUP_HOME="/workspace/rustup-home" "/workspace/cargo-home/bin/cargo" "+beta-2023-12-22" "fetch" "--manifest-path" "Cargo.toml", kill_on_drop: false }`
[INFO] running `Command { std: "docker" "create" "-v" "/var/lib/crater-agent-workspace/builds/worker-7-tc2/target:/opt/rustwide/target:rw,Z" "-v" "/var/lib/crater-agent-workspace/builds/worker-7-tc2/source:/opt/rustwide/workdir:ro,Z" "-v" "/var/lib/crater-agent-workspace/cargo-home:/opt/rustwide/cargo-home:ro,Z" "-v" "/var/lib/crater-agent-workspace/rustup-home:/opt/rustwide/rustup-home:ro,Z" "-e" "SOURCE_DIR=/opt/rustwide/workdir" "-e" "CARGO_TARGET_DIR=/opt/rustwide/target" "-e" "CARGO_HOME=/opt/rustwide/cargo-home" "-e" "RUSTUP_HOME=/opt/rustwide/rustup-home" "-w" "/opt/rustwide/workdir" "-m" "1610612736" "--user" "0:0" "--network" "none" "ghcr.io/rust-lang/crates-build-env/linux@sha256:2788e3201cd34a07e3172128adcd8b3090168a8e3bcc40d7c032b9dda1df7d1c" "/opt/rustwide/cargo-home/bin/cargo" "+beta-2023-12-22" "metadata" "--no-deps" "--format-version=1", kill_on_drop: false }`
[INFO] [stdout] 4833df48a75a7f248c676ce9ee3346bc32995254c4328aec4184b848350ce396
[INFO] running `Command { std: "docker" "start" "-a" "4833df48a75a7f248c676ce9ee3346bc32995254c4328aec4184b848350ce396", kill_on_drop: false }`
[INFO] running `Command { std: "docker" "inspect" "4833df48a75a7f248c676ce9ee3346bc32995254c4328aec4184b848350ce396", kill_on_drop: false }`
[INFO] running `Command { std: "docker" "rm" "-f" "4833df48a75a7f248c676ce9ee3346bc32995254c4328aec4184b848350ce396", kill_on_drop: false }`
[INFO] [stdout] 4833df48a75a7f248c676ce9ee3346bc32995254c4328aec4184b848350ce396
[INFO] running `Command { std: "docker" "create" "-v" "/var/lib/crater-agent-workspace/builds/worker-7-tc2/target:/opt/rustwide/target:rw,Z" "-v" "/var/lib/crater-agent-workspace/builds/worker-7-tc2/source:/opt/rustwide/workdir:ro,Z" "-v" "/var/lib/crater-agent-workspace/cargo-home:/opt/rustwide/cargo-home:ro,Z" "-v" "/var/lib/crater-agent-workspace/rustup-home:/opt/rustwide/rustup-home:ro,Z" "-e" "SOURCE_DIR=/opt/rustwide/workdir" "-e" "CARGO_TARGET_DIR=/opt/rustwide/target" "-e" "CARGO_INCREMENTAL=0" "-e" "RUST_BACKTRACE=full" "-e" "RUSTFLAGS=--cap-lints=warn" "-e" "RUSTDOCFLAGS=--cap-lints=warn" "-e" "CARGO_HOME=/opt/rustwide/cargo-home" "-e" "RUSTUP_HOME=/opt/rustwide/rustup-home" "-w" "/opt/rustwide/workdir" "-m" "1610612736" "--user" "0:0" "--network" "none" "ghcr.io/rust-lang/crates-build-env/linux@sha256:2788e3201cd34a07e3172128adcd8b3090168a8e3bcc40d7c032b9dda1df7d1c" "/opt/rustwide/cargo-home/bin/cargo" "+beta-2023-12-22" "doc" "--frozen" "--no-deps" "--document-private-items" "--message-format=json", kill_on_drop: false }`
[INFO] [stdout] b53f9ab229249ad8241ec388e4e347357ede77954f8594e6111c3fb8c34ba9db
[INFO] running `Command { std: "docker" "start" "-a" "b53f9ab229249ad8241ec388e4e347357ede77954f8594e6111c3fb8c34ba9db", kill_on_drop: false }`
[INFO] [stderr]    Compiling proc-macro2 v1.0.56
[INFO] [stderr]    Compiling quote v1.0.26
[INFO] [stderr]    Compiling syn v1.0.103
[INFO] [stderr]    Compiling cc v1.0.78
[INFO] [stderr]    Compiling futures-core v0.3.25
[INFO] [stderr]     Checking once_cell v1.16.0
[INFO] [stderr]    Compiling libc v0.2.139
[INFO] [stderr]    Compiling tokio v1.23.0
[INFO] [stderr]     Checking spin v0.5.2
[INFO] [stderr]    Compiling futures-task v0.3.25
[INFO] [stderr]     Checking untrusted v0.7.1
[INFO] [stderr]    Compiling ident_case v1.0.1
[INFO] [stderr]     Checking bytes v1.3.0
[INFO] [stderr]     Checking digest v0.10.6
[INFO] [stderr]    Compiling futures-util v0.3.25
[INFO] [stderr]    Compiling strsim v0.10.0
[INFO] [stderr]    Compiling parking_lot_core v0.9.5
[INFO] [stderr]    Compiling async-trait v0.1.60
[INFO] [stderr]    Compiling futures-channel v0.3.25
[INFO] [stderr]     Checking futures-io v0.3.25
[INFO] [stderr]     Checking semver-parser v0.7.0
[INFO] [stderr]    Compiling serde_json v1.0.91
[INFO] [stderr]    Compiling rustls v0.20.7
[INFO] [stderr]     Checking idna v0.2.3
[INFO] [stderr]     Checking semver v0.9.0
[INFO] [stderr]     Checking indexmap v1.9.2
[INFO] [stderr]    Compiling time-macros v0.2.6
[INFO] [stderr]     Checking url v2.3.1
[INFO] [stderr]    Compiling rustc_version_runtime v0.2.1
[INFO] [stderr]     Checking data-encoding v2.3.3
[INFO] [stderr]     Checking quick-error v1.2.3
[INFO] [stderr]     Checking ipnet v2.7.0
[INFO] [stderr]     Checking lru-cache v0.1.2
[INFO] [stderr]     Checking futures-sink v0.3.25
[INFO] [stderr]     Checking rustc_version v0.2.3
[INFO] [stderr]     Checking rustls-pemfile v0.3.0
[INFO] [stderr]     Checking sha2 v0.10.6
[INFO] [stderr]     Checking sha-1 v0.10.1
[INFO] [stderr]     Checking pbkdf2 v0.10.1
[INFO] [stderr]     Checking hmac v0.12.1
[INFO] [stderr]     Checking md-5 v0.10.5
[INFO] [stderr]     Checking stringprep v0.1.2
[INFO] [stderr]     Checking os_info v3.5.1
[INFO] [stderr]     Checking getrandom v0.2.8
[INFO] [stderr]     Checking num_cpus v1.15.0
[INFO] [stderr]     Checking socket2 v0.4.7
[INFO] [stderr]     Checking mio v0.8.5
[INFO] [stderr]     Checking hostname v0.3.1
[INFO] [stderr]     Checking time v0.1.45
[INFO] [stderr]     Checking resolv-conf v0.7.0
[INFO] [stderr]     Checking rand_core v0.6.4
[INFO] [stderr]     Checking ahash v0.7.6
[INFO] [stderr]     Checking uuid v0.8.2
[INFO] [stderr]     Checking parking_lot v0.12.1
[INFO] [stderr]    Compiling ring v0.16.20
[INFO] [stderr]     Checking rand_chacha v0.3.1
[INFO] [stderr]     Checking chrono v0.4.23
[INFO] [stderr]    Compiling proc-macro-error-attr v1.0.4
[INFO] [stderr]     Checking rand v0.8.5
[INFO] [stderr]     Checking time v0.3.17
[INFO] [stderr]     Checking webpki v0.22.0
[INFO] [stderr]     Checking sct v0.7.0
[INFO] [stderr]     Checking webpki-roots v0.22.6
[INFO] [stderr]    Compiling darling_core v0.13.4
[INFO] [stderr]    Compiling proc-macro-error v1.0.4
[INFO] [stderr]    Compiling serde_derive v1.0.147
[INFO] [stderr]    Compiling tokio-macros v1.8.2
[INFO] [stderr]    Compiling futures-macro v0.3.25
[INFO] [stderr]    Compiling thiserror-impl v1.0.38
[INFO] [stderr]    Compiling enum-as-inner v0.4.0
[INFO] [stderr]    Compiling typed-builder v0.10.0
[INFO] [stderr]    Compiling derivative v2.2.0
[INFO] [stderr]    Compiling collection-macro v0.1.0 (/opt/rustwide/workdir/collection/collection-macro)
[INFO] [stderr]    Compiling profile v0.1.0 (/opt/rustwide/workdir/profile)
[INFO] [stdout] warning: unused imports: `Expr`, `ItemStruct`
[INFO] [stdout]   --> collection/collection-macro/src/lib.rs:11:51
[INFO] [stdout]    |
[INFO] [stdout] 11 | use syn::{parse2, parse_macro_input, DeriveInput, Expr, ItemStruct};
[INFO] [stdout]    |                                                   ^^^^  ^^^^^^^^^^
[INFO] [stdout]    |
[INFO] [stdout]    = note: `#[warn(unused_imports)]` on by default
[INFO] [stdout] 
[INFO] [stdout] 
[INFO] [stdout] error[E0554]: `#![feature]` may not be used on the beta release channel
[INFO] [stdout]  --> profile/src/lib.rs:1:12
[INFO] [stdout]   |
[INFO] [stdout] 1 | #![feature(iter_intersperse)]
[INFO] [stdout]   |            ^^^^^^^^^^^^^^^^
[INFO] [stdout] 
[INFO] [stdout] 
[INFO] [stdout] error[E0554]: `#![feature]` may not be used on the beta release channel
[INFO] [stdout]  --> collection/collection-macro/src/lib.rs:1:12
[INFO] [stdout]   |
[INFO] [stdout] 1 | #![feature(iter_intersperse)]
[INFO] [stdout]   |            ^^^^^^^^^^^^^^^^
[INFO] [stdout] 
[INFO] [stdout] 
[INFO] [stdout] error: aborting due to 1 previous error; 1 warning emitted
[INFO] [stdout] 
[INFO] [stdout] 
[INFO] [stdout] For more information about this error, try `rustc --explain E0554`.
[INFO] [stdout] 
[INFO] [stderr] error: could not compile `collection-macro` (lib) due to 2 previous errors; 1 warning emitted
[INFO] [stderr] warning: build failed, waiting for other jobs to finish...
[INFO] [stdout] error: aborting due to 1 previous error
[INFO] [stdout] 
[INFO] [stdout] 
[INFO] [stdout] For more information about this error, try `rustc --explain E0554`.
[INFO] [stdout] 
[INFO] [stderr] error: could not compile `profile` (lib) due to 2 previous errors
[INFO] running `Command { std: "docker" "inspect" "b53f9ab229249ad8241ec388e4e347357ede77954f8594e6111c3fb8c34ba9db", kill_on_drop: false }`
[INFO] running `Command { std: "docker" "rm" "-f" "b53f9ab229249ad8241ec388e4e347357ede77954f8594e6111c3fb8c34ba9db", kill_on_drop: false }`
[INFO] [stdout] b53f9ab229249ad8241ec388e4e347357ede77954f8594e6111c3fb8c34ba9db
