[INFO] cloning repository https://github.com/Emilija97/PersonalFinanceTracker
[INFO] running `Command { std: "git" "-c" "credential.helper=" "-c" "credential.helper=/workspace/cargo-home/bin/git-credential-null" "clone" "--bare" "https://github.com/Emilija97/PersonalFinanceTracker" "/workspace/cache/git-repos/https%3A%2F%2Fgithub.com%2FEmilija97%2FPersonalFinanceTracker", kill_on_drop: false }`
[INFO] [stderr] Cloning into bare repository '/workspace/cache/git-repos/https%3A%2F%2Fgithub.com%2FEmilija97%2FPersonalFinanceTracker'...
[INFO] running `Command { std: "git" "rev-parse" "HEAD", kill_on_drop: false }`
[INFO] [stdout] 48c398d26dae0c947f0a04069416c053605b78df
[INFO] documenting Emilija97/PersonalFinanceTracker against 1.75.0 for beta-1.76-rustdoc-1
[INFO] running `Command { std: "git" "clone" "/workspace/cache/git-repos/https%3A%2F%2Fgithub.com%2FEmilija97%2FPersonalFinanceTracker" "/workspace/builds/worker-7-tc1/source", kill_on_drop: false }`
[INFO] [stderr] Cloning into '/workspace/builds/worker-7-tc1/source'...
[INFO] [stderr] done.
[INFO] validating manifest of git repo https://github.com/Emilija97/PersonalFinanceTracker on toolchain 1.75.0
[INFO] running `Command { std: CARGO_HOME="/workspace/cargo-home" RUSTUP_HOME="/workspace/rustup-home" "/workspace/cargo-home/bin/cargo" "+1.75.0" "metadata" "--manifest-path" "Cargo.toml" "--no-deps", kill_on_drop: false }`
[INFO] started tweaking git repo https://github.com/Emilija97/PersonalFinanceTracker
[INFO] finished tweaking git repo https://github.com/Emilija97/PersonalFinanceTracker
[INFO] tweaked toml for git repo https://github.com/Emilija97/PersonalFinanceTracker written to /workspace/builds/worker-7-tc1/source/Cargo.toml
[INFO] crate git repo https://github.com/Emilija97/PersonalFinanceTracker already has a lockfile, it will not be regenerated
[INFO] running `Command { std: CARGO_HOME="/workspace/cargo-home" RUSTUP_HOME="/workspace/rustup-home" "/workspace/cargo-home/bin/cargo" "+1.75.0" "fetch" "--manifest-path" "Cargo.toml", kill_on_drop: false }`
[INFO] [stderr]  Downloading crates ...
[INFO] [stderr]   Downloaded windows-targets v0.48.3
[INFO] [stderr]   Downloaded windows_x86_64_gnullvm v0.48.3
[INFO] [stderr]   Downloaded windows_x86_64_gnu v0.48.3
[INFO] [stderr]   Downloaded windows_aarch64_gnullvm v0.48.3
[INFO] [stderr]   Downloaded windows_i686_gnu v0.48.3
[INFO] [stderr]   Downloaded windows_x86_64_msvc v0.48.3
[INFO] [stderr]   Downloaded windows_aarch64_msvc v0.48.3
[INFO] [stderr]   Downloaded windows_i686_msvc v0.48.3
[INFO] running `Command { std: "docker" "create" "-v" "/var/lib/crater-agent-workspace/builds/worker-7-tc1/target:/opt/rustwide/target:rw,Z" "-v" "/var/lib/crater-agent-workspace/builds/worker-7-tc1/source:/opt/rustwide/workdir:ro,Z" "-v" "/var/lib/crater-agent-workspace/cargo-home:/opt/rustwide/cargo-home:ro,Z" "-v" "/var/lib/crater-agent-workspace/rustup-home:/opt/rustwide/rustup-home:ro,Z" "-e" "SOURCE_DIR=/opt/rustwide/workdir" "-e" "CARGO_TARGET_DIR=/opt/rustwide/target" "-e" "CARGO_HOME=/opt/rustwide/cargo-home" "-e" "RUSTUP_HOME=/opt/rustwide/rustup-home" "-w" "/opt/rustwide/workdir" "-m" "1610612736" "--user" "0:0" "--network" "none" "ghcr.io/rust-lang/crates-build-env/linux@sha256:2788e3201cd34a07e3172128adcd8b3090168a8e3bcc40d7c032b9dda1df7d1c" "/opt/rustwide/cargo-home/bin/cargo" "+1.75.0" "metadata" "--no-deps" "--format-version=1", kill_on_drop: false }`
[INFO] [stdout] 7d2daa8394b740d87d5921c1e3c7a8b3cc54d9f2bf35ef06116f85545f9aa5fe
[INFO] running `Command { std: "docker" "start" "-a" "7d2daa8394b740d87d5921c1e3c7a8b3cc54d9f2bf35ef06116f85545f9aa5fe", kill_on_drop: false }`
[INFO] running `Command { std: "docker" "inspect" "7d2daa8394b740d87d5921c1e3c7a8b3cc54d9f2bf35ef06116f85545f9aa5fe", kill_on_drop: false }`
[INFO] running `Command { std: "docker" "rm" "-f" "7d2daa8394b740d87d5921c1e3c7a8b3cc54d9f2bf35ef06116f85545f9aa5fe", kill_on_drop: false }`
[INFO] [stdout] 7d2daa8394b740d87d5921c1e3c7a8b3cc54d9f2bf35ef06116f85545f9aa5fe
[INFO] running `Command { std: "docker" "create" "-v" "/var/lib/crater-agent-workspace/builds/worker-7-tc1/target:/opt/rustwide/target:rw,Z" "-v" "/var/lib/crater-agent-workspace/builds/worker-7-tc1/source:/opt/rustwide/workdir:ro,Z" "-v" "/var/lib/crater-agent-workspace/cargo-home:/opt/rustwide/cargo-home:ro,Z" "-v" "/var/lib/crater-agent-workspace/rustup-home:/opt/rustwide/rustup-home:ro,Z" "-e" "SOURCE_DIR=/opt/rustwide/workdir" "-e" "CARGO_TARGET_DIR=/opt/rustwide/target" "-e" "CARGO_INCREMENTAL=0" "-e" "RUST_BACKTRACE=full" "-e" "RUSTFLAGS=--cap-lints=warn" "-e" "RUSTDOCFLAGS=--cap-lints=warn" "-e" "CARGO_HOME=/opt/rustwide/cargo-home" "-e" "RUSTUP_HOME=/opt/rustwide/rustup-home" "-w" "/opt/rustwide/workdir" "-m" "1610612736" "--user" "0:0" "--network" "none" "ghcr.io/rust-lang/crates-build-env/linux@sha256:2788e3201cd34a07e3172128adcd8b3090168a8e3bcc40d7c032b9dda1df7d1c" "/opt/rustwide/cargo-home/bin/cargo" "+1.75.0" "doc" "--frozen" "--no-deps" "--document-private-items" "--message-format=json", kill_on_drop: false }`
[INFO] [stdout] c9f9ed185962f085fe29e1624e757813ab9cf6f1d56545b6638d8f3830b5c1f9
[INFO] running `Command { std: "docker" "start" "-a" "c9f9ed185962f085fe29e1624e757813ab9cf6f1d56545b6638d8f3830b5c1f9", kill_on_drop: false }`
[INFO] [stderr]    Compiling libc v0.2.147
[INFO] [stderr]    Compiling proc-macro2 v1.0.66
[INFO] [stderr]    Compiling unicode-ident v1.0.11
[INFO] [stderr]    Compiling futures-core v0.3.28
[INFO] [stderr]    Compiling serde_derive v1.0.183
[INFO] [stderr]     Checking smallvec v1.11.0
[INFO] [stderr]     Checking once_cell v1.18.0
[INFO] [stderr]     Checking scopeguard v1.2.0
[INFO] [stderr]    Compiling serde v1.0.183
[INFO] [stderr]    Compiling lock_api v0.4.10
[INFO] [stderr]    Compiling futures-channel v0.3.28
[INFO] [stderr]    Compiling parking_lot_core v0.9.8
[INFO] [stderr]     Checking pin-project-lite v0.2.12
[INFO] [stderr]     Checking subtle v2.5.0
[INFO] [stderr]     Checking bytes v1.4.0
[INFO] [stderr]    Compiling proc-macro2-diagnostics v0.10.1
[INFO] [stderr]    Compiling yansi v1.0.0-rc.1
[INFO] [stderr]    Compiling itoa v1.0.9
[INFO] [stderr]    Compiling slab v0.4.8
[INFO] [stderr]    Compiling num-traits v0.2.16
[INFO] [stderr]    Compiling futures-task v0.3.28
[INFO] [stderr]     Checking cpufeatures v0.2.9
[INFO] [stderr]     Checking futures-sink v0.3.28
[INFO] [stderr]    Compiling futures-util v0.3.28
[INFO] [stderr]     Checking log v0.4.20
[INFO] [stderr]    Compiling untrusted v0.7.1
[INFO] [stderr]    Compiling spin v0.5.2
[INFO] [stderr]    Compiling crypto-common v0.1.6
[INFO] [stderr]    Compiling memchr v2.5.0
[INFO] [stderr]    Compiling percent-encoding v2.3.0
[INFO] [stderr]     Checking futures-io v0.3.28
[INFO] [stderr]    Compiling crossbeam-utils v0.8.16
[INFO] [stderr]    Compiling time-core v0.1.1
[INFO] [stderr]    Compiling digest v0.10.7
[INFO] [stderr]    Compiling indexmap v1.9.3
[INFO] [stderr]    Compiling time-macros v0.2.11
[INFO] [stderr]    Compiling quote v1.0.33
[INFO] [stderr]    Compiling tinyvec_macros v0.1.1
[INFO] [stderr]    Compiling either v1.9.0
[INFO] [stderr]    Compiling serde_json v1.0.105
[INFO] [stderr]    Compiling tinyvec v1.6.0
[INFO] [stderr]     Checking tracing-core v0.1.31
[INFO] [stderr]     Checking inout v0.1.3
[INFO] [stderr]    Compiling ref-cast v1.0.20
[INFO] [stderr]     Checking ppv-lite86 v0.2.17
[INFO] [stderr]    Compiling thiserror v1.0.47
[INFO] [stderr]    Compiling syn v2.0.29
[INFO] [stderr]     Checking getrandom v0.2.10
[INFO] [stderr]    Compiling cc v1.0.82
[INFO] [stderr]     Checking mio v0.8.8
[INFO] [stderr]     Checking signal-hook-registry v1.4.1
[INFO] [stderr]     Checking num_cpus v1.16.0
[INFO] [stderr]     Checking rand_core v0.6.4
[INFO] [stderr]     Checking socket2 v0.5.3
[INFO] [stderr]     Checking parking_lot v0.12.1
[INFO] [stderr]    Compiling hashbrown v0.12.3
[INFO] [stderr]     Checking cipher v0.4.4
[INFO] [stderr]     Checking universal-hash v0.5.1
[INFO] [stderr]     Checking rand_chacha v0.3.1
[INFO] [stderr]     Checking tracing v0.1.37
[INFO] [stderr]     Checking hmac v0.12.1
[INFO] [stderr]    Compiling tokio v1.32.0
[INFO] [stderr]     Checking http v0.2.9
[INFO] [stderr]    Compiling base64 v0.13.1
[INFO] [stderr]    Compiling unicode-normalization v0.1.22
[INFO] [stderr]    Compiling unicode-bidi v0.3.13
[INFO] [stderr]     Checking opaque-debug v0.3.0
[INFO] [stderr]    Compiling paste v1.0.14
[INFO] [stderr]    Compiling fnv v1.0.7
[INFO] [stderr]    Compiling syn v1.0.109
[INFO] [stderr]     Checking polyval v0.6.1
[INFO] [stderr]    Compiling parking_lot_core v0.8.6
[INFO] [stderr]     Checking rand v0.8.5
[INFO] [stderr]     Checking hkdf v0.12.3
[INFO] [stderr]     Checking sha2 v0.10.7
[INFO] [stderr]    Compiling ahash v0.7.6
[INFO] [stderr]    Compiling ring v0.16.20
[INFO] [stderr]    Compiling uncased v0.9.9
[INFO] [stderr]    Compiling cookie v0.17.0
[INFO] [stderr]     Checking equivalent v1.0.1
[INFO] [stderr]    Compiling rustix v0.38.8
[INFO] [stderr]    Compiling bitflags v2.4.0
[INFO] [stderr]    Compiling deranged v0.3.7
[INFO] [stderr]     Checking hashbrown v0.14.0
[INFO] [stderr]    Compiling try-lock v0.2.4
[INFO] [stderr]    Compiling want v0.3.1
[INFO] [stderr]    Compiling http-body v0.4.5
[INFO] [stderr]    Compiling nom v7.1.3
[INFO] [stderr]    Compiling hashbrown v0.11.2
[INFO] [stderr]    Compiling parking_lot v0.11.2
[INFO] [stderr]     Checking ghash v0.5.0
[INFO] [stderr]    Compiling idna v0.4.0
[INFO] [stderr]     Checking aes v0.8.3
[INFO] [stderr]     Checking indexmap v2.0.0
[INFO] [stderr]     Checking serde_spanned v0.6.3
[INFO] [stderr]    Compiling time v0.3.25
[INFO] [stderr]     Checking toml_datetime v0.6.3
[INFO] [stderr]     Checking ctr v0.9.2
[INFO] [stderr]     Checking aead v0.5.2
[INFO] [stderr]    Compiling dirs-sys v0.3.7
[INFO] [stderr]    Compiling socket2 v0.4.9
[INFO] [stderr]    Compiling itertools v0.10.5
[INFO] [stderr]    Compiling form_urlencoded v1.2.0
[INFO] [stderr]    Compiling httparse v1.8.0
[INFO] [stderr]    Compiling inlinable_string v0.1.15
[INFO] [stderr]    Compiling iana-time-zone v0.1.57
[INFO] [stderr]     Checking winnow v0.5.14
[INFO] [stderr]    Compiling ryu v1.0.15
[INFO] [stderr]     Checking linux-raw-sys v0.4.5
[INFO] [stderr]    Compiling tower-service v0.3.2
[INFO] [stderr]    Compiling httpdate v1.0.3
[INFO] [stderr]    Compiling chrono v0.4.26
[INFO] [stderr]    Compiling crossbeam-queue v0.3.8
[INFO] [stderr]    Compiling futures v0.3.28
[INFO] [stderr]    Compiling url v2.4.0
[INFO] [stderr]    Compiling dirs v4.0.0
[INFO] [stderr]     Checking aes-gcm v0.10.2
[INFO] [stderr]    Compiling hashlink v0.7.0
[INFO] [stderr]    Compiling devise_core v0.4.1
[INFO] [stderr]    Compiling sqlformat v0.1.8
[INFO] [stderr]    Compiling futures-intrusive v0.4.2
[INFO] [stderr]     Checking toml_edit v0.19.14
[INFO] [stderr]    Compiling atoi v0.4.0
[INFO] [stderr]    Compiling tokio-stream v0.1.14
[INFO] [stderr]    Compiling hyper v0.14.27
[INFO] [stderr]     Checking webpki v0.21.4
[INFO] [stderr]     Checking sct v0.6.1
[INFO] [stderr]     Checking rustls v0.19.1
[INFO] [stderr]    Compiling sha-1 v0.10.1
[INFO] [stderr]    Compiling webpki-roots v0.21.1
[INFO] [stderr]    Compiling stringprep v0.1.3
[INFO] [stderr]     Checking time v0.1.45
[INFO] [stderr]    Compiling stable-pattern v0.1.0
[INFO] [stderr]    Compiling md-5 v0.10.5
[INFO] [stderr]    Compiling multer v2.1.0
[INFO] [stderr]    Compiling figment v0.10.10
[INFO] [stderr]    Compiling async-trait v0.1.73
[INFO] [stderr]    Compiling pq-sys v0.4.8
[INFO] [stderr]    Compiling bitflags v1.3.2
[INFO] [stderr]     Checking base64 v0.21.2
[INFO] [stderr]    Compiling state v0.5.3
[INFO] [stderr]    Compiling whoami v1.4.1
[INFO] [stderr]    Compiling uuid v0.8.2
[INFO] [stderr]     Checking toml v0.7.6
[INFO] [stderr]     Checking scheduled-thread-pool v0.2.7
[INFO] [stderr]    Compiling tokio-macros v2.1.0
[INFO] [stderr]    Compiling pear_codegen v0.2.7
[INFO] [stderr]    Compiling ref-cast-impl v1.0.20
[INFO] [stderr]    Compiling thiserror-impl v1.0.47
[INFO] [stderr]    Compiling devise_codegen v0.4.1
[INFO] [stderr]    Compiling async-stream-impl v0.3.5
[INFO] [stderr]     Checking encoding_rs v0.8.32
[INFO] [stderr]    Compiling rocket v0.5.0-rc.3
[INFO] [stderr]     Checking mime v0.3.17
[INFO] [stderr]    Compiling unicode-xid v0.2.4
[INFO] [stderr]     Checking fastrand v2.0.0
[INFO] [stderr]     Checking spin v0.9.8
[INFO] [stderr]    Compiling glob v0.3.1
[INFO] [stderr]    Compiling dotenv v0.15.0
[INFO] [stderr]     Checking tempfile v3.7.1
[INFO] [stderr]     Checking r2d2 v0.8.10
[INFO] [stderr]    Compiling tokio-rustls v0.22.0
[INFO] [stderr]     Checking is-terminal v0.4.9
[INFO] [stderr]     Checking ubyte v0.10.3
[INFO] [stderr]     Checking atomic v0.5.3
[INFO] [stderr]     Checking binascii v0.1.4
[INFO] [stderr]     Checking yansi v0.5.1
[INFO] [stderr]    Compiling diesel_derives v1.4.1
[INFO] [stderr]    Compiling sqlx-rt v0.5.13
[INFO] [stderr]     Checking async-stream v0.3.5
[INFO] [stderr]    Compiling devise v0.4.1
[INFO] [stderr]    Compiling pear v0.2.7
[INFO] [stderr]    Compiling sqlx-core v0.5.13
[INFO] [stderr]    Compiling rocket_http v0.5.0-rc.3
[INFO] [stderr]     Checking diesel v1.4.8
[INFO] [stderr]    Compiling rocket_codegen v0.5.0-rc.3
[INFO] [stderr]     Checking tokio-util v0.7.8
[INFO] [stderr]     Checking h2 v0.3.20
[INFO] [stderr]    Compiling sqlx-macros v0.5.13
[INFO] [stderr]     Checking sqlx v0.5.13
[INFO] [stderr]  Documenting personal_finance_tracker v0.1.0 (/opt/rustwide/workdir)
[INFO] [stdout] error: error communicating with database: Cannot assign requested address (os error 99)
[INFO] [stdout]   --> src/operations/achievement_ops.rs:9:23
[INFO] [stdout]    |
[INFO] [stdout] 9  |       let achievement = sqlx::query_as!(
[INFO] [stdout]    |  _______________________^
[INFO] [stdout] 10 | |         Achievement,
[INFO] [stdout] 11 | |         "SELECT * FROM achievements WHERE id = $1",
[INFO] [stdout] 12 | |         achievement_id
[INFO] [stdout] 13 | |     )
[INFO] [stdout]    | |_____^
[INFO] [stdout]    |
[INFO] [stdout]    = note: this error originates in the macro `$crate::sqlx_macros::expand_query` which comes from the expansion of the macro `sqlx::query_as` (in Nightly builds, run with -Z macro-backtrace for more info)
[INFO] [stdout] 
[INFO] [stdout] 
[INFO] [stdout] error: error communicating with database: Cannot assign requested address (os error 99)
[INFO] [stdout]  --> src/operations/budget_ops.rs:6:18
[INFO] [stdout]   |
[INFO] [stdout] 6 |     let budget = sqlx::query_as!(Budget, "SELECT * FROM budgets WHERE id = $1", budget_id)
[INFO] [stdout]   |                  ^^^^^^^^^^^^^^^^^^^^^^^^^^^^^^^^^^^^^^^^^^^^^^^^^^^^^^^^^^^^^^^^^^^^^^^^^
[INFO] [stdout]   |
[INFO] [stdout]   = note: this error originates in the macro `$crate::sqlx_macros::expand_query` which comes from the expansion of the macro `sqlx::query_as` (in Nightly builds, run with -Z macro-backtrace for more info)
[INFO] [stdout] 
[INFO] [stdout] 
[INFO] [stdout] error: error communicating with database: Cannot assign requested address (os error 99)
[INFO] [stdout]   --> src/operations/category_ops.rs:9:20
[INFO] [stdout]    |
[INFO] [stdout] 9  |       let category = sqlx::query_as!(
[INFO] [stdout]    |  ____________________^
[INFO] [stdout] 10 | |         Category,
[INFO] [stdout] 11 | |         "SELECT * FROM categories WHERE id = $1",
[INFO] [stdout] 12 | |         category_id
[INFO] [stdout] 13 | |     )
[INFO] [stdout]    | |_____^
[INFO] [stdout]    |
[INFO] [stdout]    = note: this error originates in the macro `$crate::sqlx_macros::expand_query` which comes from the expansion of the macro `sqlx::query_as` (in Nightly builds, run with -Z macro-backtrace for more info)
[INFO] [stdout] 
[INFO] [stdout] 
[INFO] [stdout] error: error communicating with database: Cannot assign requested address (os error 99)
[INFO] [stdout]   --> src/operations/saving_goal_ops.rs:10:23
[INFO] [stdout]    |
[INFO] [stdout] 10 |       let saving_goal = sqlx::query_as!(
[INFO] [stdout]    |  _______________________^
[INFO] [stdout] 11 | |         SavingGoal,
[INFO] [stdout] 12 | |         "SELECT * FROM saving_goals WHERE id = $1",
[INFO] [stdout] 13 | |         saving_goal_id
[INFO] [stdout] 14 | |     )
[INFO] [stdout]    | |_____^
[INFO] [stdout]    |
[INFO] [stdout]    = note: this error originates in the macro `$crate::sqlx_macros::expand_query` which comes from the expansion of the macro `sqlx::query_as` (in Nightly builds, run with -Z macro-backtrace for more info)
[INFO] [stdout] 
[INFO] [stdout] 
[INFO] [stdout] error: error communicating with database: Cannot assign requested address (os error 99)
[INFO] [stdout]  --> src/operations/user_ops.rs:9:16
[INFO] [stdout]   |
[INFO] [stdout] 9 |     let user = sqlx::query_as!(User, "SELECT * FROM users WHERE id = $1", user_id)
[INFO] [stdout]   |                ^^^^^^^^^^^^^^^^^^^^^^^^^^^^^^^^^^^^^^^^^^^^^^^^^^^^^^^^^^^^^^^^^^^
[INFO] [stdout]   |
[INFO] [stdout]   = note: this error originates in the macro `$crate::sqlx_macros::expand_query` which comes from the expansion of the macro `sqlx::query_as` (in Nightly builds, run with -Z macro-backtrace for more info)
[INFO] [stdout] 
[INFO] [stdout] 
[INFO] [stdout] error: aborting due to 5 previous errors
[INFO] [stdout] 
[INFO] [stdout] 
[INFO] [stderr] error: could not document `personal_finance_tracker`
[INFO] [stderr] 
[INFO] [stderr] Caused by:
[INFO] [stderr]   process didn't exit successfully: `/opt/rustwide/rustup-home/toolchains/1.75.0-x86_64-unknown-linux-gnu/bin/rustdoc --edition=2021 --crate-type lib --crate-name personal_finance_tracker src/lib.rs -o /opt/rustwide/target/doc --error-format=json --json=diagnostic-rendered-ansi,artifacts,future-incompat --document-private-items -C metadata=29362c5acd8324cb -L dependency=/opt/rustwide/target/debug/deps --extern chrono=/opt/rustwide/target/debug/deps/libchrono-953bf9c926611f1e.rmeta --extern diesel=/opt/rustwide/target/debug/deps/libdiesel-7438eb42ac82c600.rmeta --extern dotenv=/opt/rustwide/target/debug/deps/libdotenv-5c7b155fb9ea380a.rmeta --extern once_cell=/opt/rustwide/target/debug/deps/libonce_cell-5022bfb9325dfd1a.rmeta --extern rocket=/opt/rustwide/target/debug/deps/librocket-a75edf1f5e39bf9c.rmeta --extern serde=/opt/rustwide/target/debug/deps/libserde-8a0a027c5383a652.rmeta --extern sqlx=/opt/rustwide/target/debug/deps/libsqlx-793148d1ced49729.rmeta --extern tokio=/opt/rustwide/target/debug/deps/libtokio-dffb56a2c631671c.rmeta --extern uuid=/opt/rustwide/target/debug/deps/libuuid-4e279e25279e594e.rmeta --cap-lints=warn --crate-version 0.1.0` (exit status: 1)
[INFO] running `Command { std: "docker" "inspect" "c9f9ed185962f085fe29e1624e757813ab9cf6f1d56545b6638d8f3830b5c1f9", kill_on_drop: false }`
[INFO] running `Command { std: "docker" "rm" "-f" "c9f9ed185962f085fe29e1624e757813ab9cf6f1d56545b6638d8f3830b5c1f9", kill_on_drop: false }`
[INFO] [stdout] c9f9ed185962f085fe29e1624e757813ab9cf6f1d56545b6638d8f3830b5c1f9
[INFO] documenting Emilija97/PersonalFinanceTracker against beta-2023-12-22 for beta-1.76-rustdoc-1
[INFO] running `Command { std: "git" "clone" "/workspace/cache/git-repos/https%3A%2F%2Fgithub.com%2FEmilija97%2FPersonalFinanceTracker" "/workspace/builds/worker-7-tc2/source", kill_on_drop: false }`
[INFO] [stderr] Cloning into '/workspace/builds/worker-7-tc2/source'...
[INFO] [stderr] done.
[INFO] validating manifest of git repo https://github.com/Emilija97/PersonalFinanceTracker on toolchain beta-2023-12-22
[INFO] running `Command { std: CARGO_HOME="/workspace/cargo-home" RUSTUP_HOME="/workspace/rustup-home" "/workspace/cargo-home/bin/cargo" "+beta-2023-12-22" "metadata" "--manifest-path" "Cargo.toml" "--no-deps", kill_on_drop: false }`
[INFO] started tweaking git repo https://github.com/Emilija97/PersonalFinanceTracker
[INFO] finished tweaking git repo https://github.com/Emilija97/PersonalFinanceTracker
[INFO] tweaked toml for git repo https://github.com/Emilija97/PersonalFinanceTracker written to /workspace/builds/worker-7-tc2/source/Cargo.toml
[INFO] crate git repo https://github.com/Emilija97/PersonalFinanceTracker already has a lockfile, it will not be regenerated
[INFO] running `Command { std: CARGO_HOME="/workspace/cargo-home" RUSTUP_HOME="/workspace/rustup-home" "/workspace/cargo-home/bin/cargo" "+beta-2023-12-22" "fetch" "--manifest-path" "Cargo.toml", kill_on_drop: false }`
[INFO] running `Command { std: "docker" "create" "-v" "/var/lib/crater-agent-workspace/builds/worker-7-tc2/target:/opt/rustwide/target:rw,Z" "-v" "/var/lib/crater-agent-workspace/builds/worker-7-tc2/source:/opt/rustwide/workdir:ro,Z" "-v" "/var/lib/crater-agent-workspace/cargo-home:/opt/rustwide/cargo-home:ro,Z" "-v" "/var/lib/crater-agent-workspace/rustup-home:/opt/rustwide/rustup-home:ro,Z" "-e" "SOURCE_DIR=/opt/rustwide/workdir" "-e" "CARGO_TARGET_DIR=/opt/rustwide/target" "-e" "CARGO_HOME=/opt/rustwide/cargo-home" "-e" "RUSTUP_HOME=/opt/rustwide/rustup-home" "-w" "/opt/rustwide/workdir" "-m" "1610612736" "--user" "0:0" "--network" "none" "ghcr.io/rust-lang/crates-build-env/linux@sha256:2788e3201cd34a07e3172128adcd8b3090168a8e3bcc40d7c032b9dda1df7d1c" "/opt/rustwide/cargo-home/bin/cargo" "+beta-2023-12-22" "metadata" "--no-deps" "--format-version=1", kill_on_drop: false }`
[INFO] [stdout] 88ba3a7af16e50775d060a79e87d4170e3d7385c620370ba40dae786086ce516
[INFO] running `Command { std: "docker" "start" "-a" "88ba3a7af16e50775d060a79e87d4170e3d7385c620370ba40dae786086ce516", kill_on_drop: false }`
[INFO] running `Command { std: "docker" "inspect" "88ba3a7af16e50775d060a79e87d4170e3d7385c620370ba40dae786086ce516", kill_on_drop: false }`
[INFO] running `Command { std: "docker" "rm" "-f" "88ba3a7af16e50775d060a79e87d4170e3d7385c620370ba40dae786086ce516", kill_on_drop: false }`
[INFO] [stdout] 88ba3a7af16e50775d060a79e87d4170e3d7385c620370ba40dae786086ce516
[INFO] running `Command { std: "docker" "create" "-v" "/var/lib/crater-agent-workspace/builds/worker-7-tc2/target:/opt/rustwide/target:rw,Z" "-v" "/var/lib/crater-agent-workspace/builds/worker-7-tc2/source:/opt/rustwide/workdir:ro,Z" "-v" "/var/lib/crater-agent-workspace/cargo-home:/opt/rustwide/cargo-home:ro,Z" "-v" "/var/lib/crater-agent-workspace/rustup-home:/opt/rustwide/rustup-home:ro,Z" "-e" "SOURCE_DIR=/opt/rustwide/workdir" "-e" "CARGO_TARGET_DIR=/opt/rustwide/target" "-e" "CARGO_INCREMENTAL=0" "-e" "RUST_BACKTRACE=full" "-e" "RUSTFLAGS=--cap-lints=warn" "-e" "RUSTDOCFLAGS=--cap-lints=warn" "-e" "CARGO_HOME=/opt/rustwide/cargo-home" "-e" "RUSTUP_HOME=/opt/rustwide/rustup-home" "-w" "/opt/rustwide/workdir" "-m" "1610612736" "--user" "0:0" "--network" "none" "ghcr.io/rust-lang/crates-build-env/linux@sha256:2788e3201cd34a07e3172128adcd8b3090168a8e3bcc40d7c032b9dda1df7d1c" "/opt/rustwide/cargo-home/bin/cargo" "+beta-2023-12-22" "doc" "--frozen" "--no-deps" "--document-private-items" "--message-format=json", kill_on_drop: false }`
[INFO] [stdout] 6443cb3f57cd73a82d1261c4d9a3c6111f7751e965c4ba3733f8667b382e7125
[INFO] running `Command { std: "docker" "start" "-a" "6443cb3f57cd73a82d1261c4d9a3c6111f7751e965c4ba3733f8667b382e7125", kill_on_drop: false }`
[INFO] [stderr]    Compiling libc v0.2.147
[INFO] [stderr]    Compiling proc-macro2 v1.0.66
[INFO] [stderr]    Compiling unicode-ident v1.0.11
[INFO] [stderr]    Compiling futures-core v0.3.28
[INFO] [stderr]    Compiling serde_derive v1.0.183
[INFO] [stderr]     Checking smallvec v1.11.0
[INFO] [stderr]     Checking once_cell v1.18.0
[INFO] [stderr]     Checking scopeguard v1.2.0
[INFO] [stderr]    Compiling serde v1.0.183
[INFO] [stderr]    Compiling lock_api v0.4.10
[INFO] [stderr]    Compiling futures-channel v0.3.28
[INFO] [stderr]    Compiling parking_lot_core v0.9.8
[INFO] [stderr]     Checking pin-project-lite v0.2.12
[INFO] [stderr]     Checking subtle v2.5.0
[INFO] [stderr]     Checking bytes v1.4.0
[INFO] [stderr]    Compiling proc-macro2-diagnostics v0.10.1
[INFO] [stderr]     Checking itoa v1.0.9
[INFO] [stderr]    Compiling yansi v1.0.0-rc.1
[INFO] [stderr]    Compiling num-traits v0.2.16
[INFO] [stderr]    Compiling slab v0.4.8
[INFO] [stderr]     Checking futures-sink v0.3.28
[INFO] [stderr]    Compiling futures-task v0.3.28
[INFO] [stderr]     Checking cpufeatures v0.2.9
[INFO] [stderr]    Compiling untrusted v0.7.1
[INFO] [stderr]    Compiling spin v0.5.2
[INFO] [stderr]    Compiling futures-util v0.3.28
[INFO] [stderr]     Checking log v0.4.20
[INFO] [stderr]    Compiling crypto-common v0.1.6
[INFO] [stderr]    Compiling memchr v2.5.0
[INFO] [stderr]    Compiling percent-encoding v2.3.0
[INFO] [stderr]    Compiling time-core v0.1.1
[INFO] [stderr]    Compiling crossbeam-utils v0.8.16
[INFO] [stderr]     Checking futures-io v0.3.28
[INFO] [stderr]    Compiling time-macros v0.2.11
[INFO] [stderr]    Compiling indexmap v1.9.3
[INFO] [stderr]    Compiling digest v0.10.7
[INFO] [stderr]    Compiling tinyvec_macros v0.1.1
[INFO] [stderr]    Compiling either v1.9.0
[INFO] [stderr]    Compiling serde_json v1.0.105
[INFO] [stderr]    Compiling quote v1.0.33
[INFO] [stderr]    Compiling tinyvec v1.6.0
[INFO] [stderr]     Checking tracing-core v0.1.31
[INFO] [stderr]     Checking inout v0.1.3
[INFO] [stderr]     Checking ppv-lite86 v0.2.17
[INFO] [stderr]    Compiling thiserror v1.0.47
[INFO] [stderr]     Checking hashbrown v0.12.3
[INFO] [stderr]    Compiling syn v2.0.29
[INFO] [stderr]     Checking getrandom v0.2.10
[INFO] [stderr]    Compiling cc v1.0.82
[INFO] [stderr]     Checking num_cpus v1.16.0
[INFO] [stderr]     Checking mio v0.8.8
[INFO] [stderr]     Checking socket2 v0.5.3
[INFO] [stderr]     Checking rand_core v0.6.4
[INFO] [stderr]     Checking signal-hook-registry v1.4.1
[INFO] [stderr]     Checking parking_lot v0.12.1
[INFO] [stderr]    Compiling ref-cast v1.0.20
[INFO] [stderr]     Checking http v0.2.9
[INFO] [stderr]     Checking cipher v0.4.4
[INFO] [stderr]     Checking universal-hash v0.5.1
[INFO] [stderr]     Checking hmac v0.12.1
[INFO] [stderr]    Compiling tokio v1.32.0
[INFO] [stderr]     Checking rand_chacha v0.3.1
[INFO] [stderr]     Checking tracing v0.1.37
[INFO] [stderr]    Compiling unicode-normalization v0.1.22
[INFO] [stderr]    Compiling paste v1.0.14
[INFO] [stderr]    Compiling unicode-bidi v0.3.13
[INFO] [stderr]    Compiling syn v1.0.109
[INFO] [stderr]    Compiling base64 v0.13.1
[INFO] [stderr]    Compiling fnv v1.0.7
[INFO] [stderr]     Checking opaque-debug v0.3.0
[INFO] [stderr]     Checking polyval v0.6.1
[INFO] [stderr]     Checking rand v0.8.5
[INFO] [stderr]    Compiling parking_lot_core v0.8.6
[INFO] [stderr]     Checking hkdf v0.12.3
[INFO] [stderr]     Checking sha2 v0.10.7
[INFO] [stderr]    Compiling ahash v0.7.6
[INFO] [stderr]    Compiling ring v0.16.20
[INFO] [stderr]    Compiling uncased v0.9.9
[INFO] [stderr]    Compiling cookie v0.17.0
[INFO] [stderr]    Compiling deranged v0.3.7
[INFO] [stderr]    Compiling bitflags v2.4.0
[INFO] [stderr]    Compiling try-lock v0.2.4
[INFO] [stderr]     Checking hashbrown v0.14.0
[INFO] [stderr]     Checking equivalent v1.0.1
[INFO] [stderr]    Compiling rustix v0.38.8
[INFO] [stderr]    Compiling http-body v0.4.5
[INFO] [stderr]    Compiling nom v7.1.3
[INFO] [stderr]    Compiling want v0.3.1
[INFO] [stderr]    Compiling hashbrown v0.11.2
[INFO] [stderr]    Compiling parking_lot v0.11.2
[INFO] [stderr]     Checking ghash v0.5.0
[INFO] [stderr]     Checking serde_spanned v0.6.3
[INFO] [stderr]     Checking toml_datetime v0.6.3
[INFO] [stderr]     Checking indexmap v2.0.0
[INFO] [stderr]    Compiling idna v0.4.0
[INFO] [stderr]     Checking aes v0.8.3
[INFO] [stderr]    Compiling time v0.3.25
[INFO] [stderr]     Checking ctr v0.9.2
[INFO] [stderr]     Checking aead v0.5.2
[INFO] [stderr]    Compiling socket2 v0.4.9
[INFO] [stderr]    Compiling dirs-sys v0.3.7
[INFO] [stderr]    Compiling itertools v0.10.5
[INFO] [stderr]    Compiling form_urlencoded v1.2.0
[INFO] [stderr]    Compiling httparse v1.8.0
[INFO] [stderr]     Checking inlinable_string v0.1.15
[INFO] [stderr]     Checking ryu v1.0.15
[INFO] [stderr]    Compiling iana-time-zone v0.1.57
[INFO] [stderr]    Compiling httpdate v1.0.3
[INFO] [stderr]    Compiling tower-service v0.3.2
[INFO] [stderr]     Checking linux-raw-sys v0.4.5
[INFO] [stderr]     Checking winnow v0.5.14
[INFO] [stderr]    Compiling chrono v0.4.26
[INFO] [stderr]    Compiling futures v0.3.28
[INFO] [stderr]    Compiling crossbeam-queue v0.3.8
[INFO] [stderr]    Compiling url v2.4.0
[INFO] [stderr]     Checking aes-gcm v0.10.2
[INFO] [stderr]    Compiling dirs v4.0.0
[INFO] [stderr]    Compiling hashlink v0.7.0
[INFO] [stderr]    Compiling devise_core v0.4.1
[INFO] [stderr]    Compiling sqlformat v0.1.8
[INFO] [stderr]    Compiling futures-intrusive v0.4.2
[INFO] [stderr]    Compiling hyper v0.14.27
[INFO] [stderr] error: could not compile `tokio` (lib)
[INFO] [stderr] 
[INFO] [stderr] Caused by:
[INFO] [stderr]   process didn't exit successfully: `/opt/rustwide/rustup-home/toolchains/beta-2023-12-22-x86_64-unknown-linux-gnu/bin/rustc --crate-name tokio --edition=2021 /opt/rustwide/cargo-home/registry/src/index.crates.io-6f17d22bba15001f/tokio-1.32.0/src/lib.rs --error-format=json --json=diagnostic-rendered-ansi,artifacts,future-incompat --crate-type lib --emit=dep-info,metadata,link -C embed-bitcode=no --cfg 'feature="bytes"' --cfg 'feature="default"' --cfg 'feature="fs"' --cfg 'feature="io-util"' --cfg 'feature="libc"' --cfg 'feature="mio"' --cfg 'feature="net"' --cfg 'feature="num_cpus"' --cfg 'feature="rt"' --cfg 'feature="rt-multi-thread"' --cfg 'feature="socket2"' --cfg 'feature="sync"' --cfg 'feature="time"' -C metadata=78236156b2ca643b -C extra-filename=-78236156b2ca643b --out-dir /opt/rustwide/target/debug/deps -L dependency=/opt/rustwide/target/debug/deps --extern bytes=/opt/rustwide/target/debug/deps/libbytes-b0f474d1dcdb2ff3.rmeta --extern libc=/opt/rustwide/target/debug/deps/liblibc-0fcfb3a01d4b6852.rmeta --extern mio=/opt/rustwide/target/debug/deps/libmio-56b72b2ab88af175.rmeta --extern num_cpus=/opt/rustwide/target/debug/deps/libnum_cpus-d3106ebda8ac3271.rmeta --extern pin_project_lite=/opt/rustwide/target/debug/deps/libpin_project_lite-54b738aae7d4d118.rmeta --extern socket2=/opt/rustwide/target/debug/deps/libsocket2-aec6e0504254a0f4.rmeta --cap-lints allow --cap-lints=warn` (signal: 9, SIGKILL: kill)
[INFO] [stderr] warning: build failed, waiting for other jobs to finish...
[INFO] [stderr] error: could not compile `syn` (lib)
[INFO] [stderr] 
[INFO] [stderr] Caused by:
[INFO] [stderr]   process didn't exit successfully: `/opt/rustwide/rustup-home/toolchains/beta-2023-12-22-x86_64-unknown-linux-gnu/bin/rustc --crate-name syn --edition=2021 /opt/rustwide/cargo-home/registry/src/index.crates.io-6f17d22bba15001f/syn-2.0.29/src/lib.rs --error-format=json --json=diagnostic-rendered-ansi,artifacts,future-incompat --crate-type lib --emit=dep-info,metadata,link -C embed-bitcode=no --cfg 'feature="clone-impls"' --cfg 'feature="default"' --cfg 'feature="derive"' --cfg 'feature="extra-traits"' --cfg 'feature="full"' --cfg 'feature="parsing"' --cfg 'feature="printing"' --cfg 'feature="proc-macro"' --cfg 'feature="quote"' --cfg 'feature="visit"' --cfg 'feature="visit-mut"' -C metadata=22dff22c7b840c4c -C extra-filename=-22dff22c7b840c4c --out-dir /opt/rustwide/target/debug/deps -L dependency=/opt/rustwide/target/debug/deps --extern proc_macro2=/opt/rustwide/target/debug/deps/libproc_macro2-8413b7ddbcc2ab46.rmeta --extern quote=/opt/rustwide/target/debug/deps/libquote-2fd4a2463c302a4d.rmeta --extern unicode_ident=/opt/rustwide/target/debug/deps/libunicode_ident-a5af4b19033f7c2c.rmeta --cap-lints allow --cap-lints=warn` (signal: 9, SIGKILL: kill)
[INFO] running `Command { std: "docker" "inspect" "6443cb3f57cd73a82d1261c4d9a3c6111f7751e965c4ba3733f8667b382e7125", kill_on_drop: false }`
[INFO] running `Command { std: "docker" "rm" "-f" "6443cb3f57cd73a82d1261c4d9a3c6111f7751e965c4ba3733f8667b382e7125", kill_on_drop: false }`
[INFO] [stdout] 6443cb3f57cd73a82d1261c4d9a3c6111f7751e965c4ba3733f8667b382e7125
