[INFO] cloning repository https://github.com/Emilgardis/ember_mug
[INFO] running `Command { std: "git" "-c" "credential.helper=" "-c" "credential.helper=/workspace/cargo-home/bin/git-credential-null" "clone" "--bare" "https://github.com/Emilgardis/ember_mug" "/workspace/cache/git-repos/https%3A%2F%2Fgithub.com%2FEmilgardis%2Fember_mug", kill_on_drop: false }`
[INFO] [stderr] Cloning into bare repository '/workspace/cache/git-repos/https%3A%2F%2Fgithub.com%2FEmilgardis%2Fember_mug'...
[INFO] running `Command { std: "git" "rev-parse" "HEAD", kill_on_drop: false }`
[INFO] [stdout] 1e3d6d19e7af740f394a7c2733a252bf46373546
[INFO] documenting Emilgardis/ember_mug against 1.75.0 for beta-1.76-rustdoc-1
[INFO] running `Command { std: "git" "clone" "/workspace/cache/git-repos/https%3A%2F%2Fgithub.com%2FEmilgardis%2Fember_mug" "/workspace/builds/worker-5-tc1/source", kill_on_drop: false }`
[INFO] [stderr] Cloning into '/workspace/builds/worker-5-tc1/source'...
[INFO] [stderr] done.
[INFO] validating manifest of git repo https://github.com/Emilgardis/ember_mug on toolchain 1.75.0
[INFO] running `Command { std: CARGO_HOME="/workspace/cargo-home" RUSTUP_HOME="/workspace/rustup-home" "/workspace/cargo-home/bin/cargo" "+1.75.0" "metadata" "--manifest-path" "Cargo.toml" "--no-deps", kill_on_drop: false }`
[INFO] removed /workspace/builds/worker-5-tc1/source/.cargo/config.toml
[INFO] started tweaking git repo https://github.com/Emilgardis/ember_mug
[INFO] removed 0 missing examples
[INFO] finished tweaking git repo https://github.com/Emilgardis/ember_mug
[INFO] tweaked toml for git repo https://github.com/Emilgardis/ember_mug written to /workspace/builds/worker-5-tc1/source/Cargo.toml
[INFO] crate git repo https://github.com/Emilgardis/ember_mug already has a lockfile, it will not be regenerated
[INFO] running `Command { std: CARGO_HOME="/workspace/cargo-home" RUSTUP_HOME="/workspace/rustup-home" "/workspace/cargo-home/bin/cargo" "+1.75.0" "fetch" "--manifest-path" "Cargo.toml", kill_on_drop: false }`
[INFO] [stderr]  Downloading crates ...
[INFO] [stderr]   Downloaded accesskit_winit v0.7.3
[INFO] [stderr]   Downloaded accesskit_consumer v0.12.1
[INFO] [stderr]   Downloaded ecolor v0.20.0
[INFO] [stderr]   Downloaded accesskit v0.8.1
[INFO] [stderr]   Downloaded emath v0.20.0
[INFO] [stderr]   Downloaded egui_glow v0.20.1
[INFO] [stderr]   Downloaded accesskit_macos v0.4.2
[INFO] [stderr]   Downloaded egui-winit v0.20.1
[INFO] [stderr]   Downloaded accesskit_windows v0.10.4
[INFO] [stderr]   Downloaded btleplug v0.11.3
[INFO] [stderr]   Downloaded binrw v0.13.2
[INFO] [stderr]   Downloaded epaint v0.20.0
[INFO] [stderr]   Downloaded eyre v0.6.9
[INFO] [stderr]   Downloaded egui v0.20.1
[INFO] [stderr]   Downloaded eframe v0.20.1
[INFO] [stderr]   Downloaded binrw_derive v0.13.2
[INFO] running `Command { std: "docker" "create" "-v" "/var/lib/crater-agent-workspace/builds/worker-5-tc1/target:/opt/rustwide/target:rw,Z" "-v" "/var/lib/crater-agent-workspace/builds/worker-5-tc1/source:/opt/rustwide/workdir:ro,Z" "-v" "/var/lib/crater-agent-workspace/cargo-home:/opt/rustwide/cargo-home:ro,Z" "-v" "/var/lib/crater-agent-workspace/rustup-home:/opt/rustwide/rustup-home:ro,Z" "-e" "SOURCE_DIR=/opt/rustwide/workdir" "-e" "CARGO_TARGET_DIR=/opt/rustwide/target" "-e" "CARGO_HOME=/opt/rustwide/cargo-home" "-e" "RUSTUP_HOME=/opt/rustwide/rustup-home" "-w" "/opt/rustwide/workdir" "-m" "1610612736" "--user" "0:0" "--network" "none" "ghcr.io/rust-lang/crates-build-env/linux@sha256:2788e3201cd34a07e3172128adcd8b3090168a8e3bcc40d7c032b9dda1df7d1c" "/opt/rustwide/cargo-home/bin/cargo" "+1.75.0" "metadata" "--no-deps" "--format-version=1", kill_on_drop: false }`
[INFO] [stdout] 5d8825231c53c203afe057cf516c06571f8584ba4a054668a5293e11b5038916
[INFO] running `Command { std: "docker" "start" "-a" "5d8825231c53c203afe057cf516c06571f8584ba4a054668a5293e11b5038916", kill_on_drop: false }`
[INFO] running `Command { std: "docker" "inspect" "5d8825231c53c203afe057cf516c06571f8584ba4a054668a5293e11b5038916", kill_on_drop: false }`
[INFO] running `Command { std: "docker" "rm" "-f" "5d8825231c53c203afe057cf516c06571f8584ba4a054668a5293e11b5038916", kill_on_drop: false }`
[INFO] [stdout] 5d8825231c53c203afe057cf516c06571f8584ba4a054668a5293e11b5038916
[INFO] running `Command { std: "docker" "create" "-v" "/var/lib/crater-agent-workspace/builds/worker-5-tc1/target:/opt/rustwide/target:rw,Z" "-v" "/var/lib/crater-agent-workspace/builds/worker-5-tc1/source:/opt/rustwide/workdir:ro,Z" "-v" "/var/lib/crater-agent-workspace/cargo-home:/opt/rustwide/cargo-home:ro,Z" "-v" "/var/lib/crater-agent-workspace/rustup-home:/opt/rustwide/rustup-home:ro,Z" "-e" "SOURCE_DIR=/opt/rustwide/workdir" "-e" "CARGO_TARGET_DIR=/opt/rustwide/target" "-e" "CARGO_INCREMENTAL=0" "-e" "RUST_BACKTRACE=full" "-e" "RUSTFLAGS=--cap-lints=warn" "-e" "RUSTDOCFLAGS=--cap-lints=warn" "-e" "CARGO_HOME=/opt/rustwide/cargo-home" "-e" "RUSTUP_HOME=/opt/rustwide/rustup-home" "-w" "/opt/rustwide/workdir" "-m" "1610612736" "--user" "0:0" "--network" "none" "ghcr.io/rust-lang/crates-build-env/linux@sha256:2788e3201cd34a07e3172128adcd8b3090168a8e3bcc40d7c032b9dda1df7d1c" "/opt/rustwide/cargo-home/bin/cargo" "+1.75.0" "doc" "--frozen" "--no-deps" "--document-private-items" "--message-format=json", kill_on_drop: false }`
[INFO] [stdout] 458ae38cbc9b6207de7516db1a83cb4ac1cdc9dc35921f90ddc0fc472a53d5ab
[INFO] running `Command { std: "docker" "start" "-a" "458ae38cbc9b6207de7516db1a83cb4ac1cdc9dc35921f90ddc0fc472a53d5ab", kill_on_drop: false }`
[INFO] [stderr]    Compiling proc-macro2 v1.0.69
[INFO] [stderr]    Compiling unicode-ident v1.0.12
[INFO] [stderr]    Compiling autocfg v1.1.0
[INFO] [stderr]    Compiling libc v0.2.150
[INFO] [stderr]    Compiling futures-core v0.3.29
[INFO] [stderr]     Checking pin-project-lite v0.2.13
[INFO] [stderr]     Checking futures-sink v0.3.29
[INFO] [stderr]    Compiling futures-channel v0.3.29
[INFO] [stderr]    Compiling futures-task v0.3.29
[INFO] [stderr]    Compiling futures-util v0.3.29
[INFO] [stderr]    Compiling pkg-config v0.3.27
[INFO] [stderr]     Checking memchr v2.6.4
[INFO] [stderr]     Checking pin-utils v0.1.0
[INFO] [stderr]     Checking futures-io v0.3.29
[INFO] [stderr]    Compiling thiserror v1.0.50
[INFO] [stderr]    Compiling serde v1.0.193
[INFO] [stderr]    Compiling parking_lot_core v0.9.9
[INFO] [stderr]    Compiling syn v1.0.109
[INFO] [stderr]    Compiling async-trait v0.1.74
[INFO] [stderr]     Checking once_cell v1.18.0
[INFO] [stderr]     Checking log v0.4.20
[INFO] [stderr]     Checking cfg-if v1.0.0
[INFO] [stderr]    Compiling quote v1.0.33
[INFO] [stderr]    Compiling binrw_derive v0.13.2
[INFO] [stderr]     Checking scopeguard v1.2.0
[INFO] [stderr]     Checking smallvec v1.11.2
[INFO] [stderr]    Compiling syn v2.0.39
[INFO] [stderr]    Compiling slab v0.4.9
[INFO] [stderr]    Compiling lock_api v0.4.11
[INFO] [stderr]     Checking mio v0.8.9
[INFO] [stderr]     Checking num_cpus v1.16.0
[INFO] [stderr]     Checking socket2 v0.5.5
[INFO] [stderr]     Checking bytes v1.5.0
[INFO] [stderr]     Checking xml-rs v0.8.19
[INFO] [stderr]     Checking either v1.9.0
[INFO] [stderr]     Checking itertools v0.10.5
[INFO] [stderr]    Compiling libdbus-sys v0.2.5
[INFO] [stderr]     Checking hashbrown v0.14.2
[INFO] [stderr]     Checking bitflags v2.4.1
[INFO] [stderr]    Compiling binrw v0.13.2
[INFO] [stderr]     Checking uuid v1.6.1
[INFO] [stderr]    Compiling owo-colors v3.5.0
[INFO] [stderr]     Checking dashmap v5.5.3
[INFO] [stderr]     Checking tracing-core v0.1.32
[INFO] [stderr]     Checking bytemuck v1.14.0
[INFO] [stderr]     Checking static_assertions v1.1.0
[INFO] [stderr]     Checking array-init v2.1.0
[INFO] [stderr]    Compiling futures-macro v0.3.29
[INFO] [stderr]    Compiling tokio-macros v2.2.0
[INFO] [stderr]    Compiling thiserror-impl v1.0.50
[INFO] [stderr]    Compiling serde_derive v1.0.193
[INFO] [stderr]    Compiling tracing-attributes v0.1.27
[INFO] [stderr]     Checking dbus v0.9.7
[INFO] [stderr]     Checking tokio v1.34.0
[INFO] [stderr]     Checking futures-executor v0.3.29
[INFO] [stderr]     Checking futures v0.3.29
[INFO] [stderr]     Checking bluez-generated v0.3.0
[INFO] [stderr]     Checking dbus-tokio v0.7.6
[INFO] [stderr]     Checking tokio-util v0.7.10
[INFO] [stderr]     Checking tokio-stream v0.1.14
[INFO] [stderr]     Checking tracing v0.1.40
[INFO] [stderr]     Checking serde-xml-rs v0.6.0
[INFO] [stderr]     Checking bluez-async v0.7.2
[INFO] [stderr]     Checking btleplug v0.11.3
[INFO] [stderr]  Documenting ember_mug v0.4.0 (/opt/rustwide/workdir)
[INFO] [stderr]     Finished dev [unoptimized + debuginfo] target(s) in 37.34s
[INFO] [stderr]    Generated /opt/rustwide/target/doc/ember_mug/index.html
[INFO] running `Command { std: "docker" "inspect" "458ae38cbc9b6207de7516db1a83cb4ac1cdc9dc35921f90ddc0fc472a53d5ab", kill_on_drop: false }`
[INFO] running `Command { std: "docker" "rm" "-f" "458ae38cbc9b6207de7516db1a83cb4ac1cdc9dc35921f90ddc0fc472a53d5ab", kill_on_drop: false }`
[INFO] [stdout] 458ae38cbc9b6207de7516db1a83cb4ac1cdc9dc35921f90ddc0fc472a53d5ab
[INFO] running `Command { std: "docker" "create" "-v" "/var/lib/crater-agent-workspace/builds/worker-5-tc1/target:/opt/rustwide/target:rw,Z" "-v" "/var/lib/crater-agent-workspace/builds/worker-5-tc1/source:/opt/rustwide/workdir:ro,Z" "-v" "/var/lib/crater-agent-workspace/cargo-home:/opt/rustwide/cargo-home:ro,Z" "-v" "/var/lib/crater-agent-workspace/rustup-home:/opt/rustwide/rustup-home:ro,Z" "-e" "SOURCE_DIR=/opt/rustwide/workdir" "-e" "CARGO_TARGET_DIR=/opt/rustwide/target" "-e" "CARGO_INCREMENTAL=0" "-e" "RUST_BACKTRACE=full" "-e" "RUSTFLAGS=--cap-lints=warn" "-e" "RUSTDOCFLAGS=--cap-lints=warn" "-e" "RUSTC_BOOTSTRAP=1" "-e" "DOCS_RS=1" "-e" "CARGO_HOME=/opt/rustwide/cargo-home" "-e" "RUSTUP_HOME=/opt/rustwide/rustup-home" "-w" "/opt/rustwide/workdir" "-m" "1610612736" "--user" "0:0" "--network" "none" "ghcr.io/rust-lang/crates-build-env/linux@sha256:2788e3201cd34a07e3172128adcd8b3090168a8e3bcc40d7c032b9dda1df7d1c" "/opt/rustwide/cargo-home/bin/cargo" "+1.75.0" "rustdoc" "--lib" "-Zrustdoc-map" "--all-features" "-Z" "unstable-options" "--config" "build.rustflags=[\"--cfg\", \"nightly\"]" "-Zhost-config" "-Ztarget-applies-to-host" "--config" "host.rustflags=[\"--cfg\", \"nightly\"]" "--config" "build.rustdocflags=[\"--cfg\", \"nightly\", \"-Z\", \"unstable-options\", \"--document-private-items\"]" "--frozen" "--message-format=json" "-Zunstable-options" "-Zrustdoc-scrape-examples", kill_on_drop: false }`
[INFO] [stdout] d270cce86cbde185fe10f0079e96be73468ddc178068713e66010e9dadbda5e4
[INFO] running `Command { std: "docker" "start" "-a" "d270cce86cbde185fe10f0079e96be73468ddc178068713e66010e9dadbda5e4", kill_on_drop: false }`
[INFO] [stderr]    Compiling proc-macro2 v1.0.69
[INFO] [stderr]    Compiling unicode-ident v1.0.12
[INFO] [stderr]    Compiling libc v0.2.150
[INFO] [stderr]     Checking pin-project-lite v0.2.13
[INFO] [stderr]    Compiling autocfg v1.1.0
[INFO] [stderr]    Compiling futures-core v0.3.29
[INFO] [stderr]     Checking memchr v2.6.4
[INFO] [stderr]     Checking once_cell v1.18.0
[INFO] [stderr]     Checking futures-sink v0.3.29
[INFO] [stderr]    Compiling futures-task v0.3.29
[INFO] [stderr]    Compiling futures-channel v0.3.29
[INFO] [stderr]    Compiling futures-util v0.3.29
[INFO] [stderr]     Checking cfg-if v1.0.0
[INFO] [stderr]    Compiling pkg-config v0.3.27
[INFO] [stderr]     Checking pin-utils v0.1.0
[INFO] [stderr]     Checking log v0.4.20
[INFO] [stderr]     Checking futures-io v0.3.29
[INFO] [stderr]     Checking smallvec v1.11.2
[INFO] [stderr]     Checking tracing-core v0.1.32
[INFO] [stderr]     Checking regex-syntax v0.6.29
[INFO] [stderr]    Compiling thiserror v1.0.50
[INFO] [stderr]     Checking regex-syntax v0.8.2
[INFO] [stderr]    Compiling quote v1.0.33
[INFO] [stderr]    Compiling syn v2.0.39
[INFO] [stderr]    Compiling slab v0.4.9
[INFO] [stderr]     Checking num_cpus v1.16.0
[INFO] [stderr]     Checking mio v0.8.9
[INFO] [stderr]     Checking socket2 v0.5.5
[INFO] [stderr]    Compiling serde v1.0.193
[INFO] [stderr]    Compiling lock_api v0.4.11
[INFO] [stderr]     Checking regex-automata v0.1.10
[INFO] [stderr]    Compiling libdbus-sys v0.2.5
[INFO] [stderr]     Checking lazy_static v1.4.0
[INFO] [stderr]    Compiling async-trait v0.1.74
[INFO] [stderr]    Compiling parking_lot_core v0.9.9
[INFO] [stderr]     Checking overload v0.1.1
[INFO] [stderr]    Compiling syn v1.0.109
[INFO] [stderr]     Checking regex-automata v0.4.3
[INFO] [stderr]     Checking nu-ansi-term v0.46.0
[INFO] [stderr]     Checking sharded-slab v0.1.7
[INFO] [stderr]     Checking matchers v0.1.0
[INFO] [stderr]    Compiling cc v1.0.83
[INFO] [stderr]     Checking tracing-log v0.2.0
[INFO] [stderr]     Checking thread_local v1.1.7
[INFO] [stderr]     Checking bytes v1.5.0
[INFO] [stderr]    Compiling binrw_derive v0.13.2
[INFO] [stderr]     Checking either v1.9.0
[INFO] [stderr]     Checking xml-rs v0.8.19
[INFO] [stderr]     Checking scopeguard v1.2.0
[INFO] [stderr]     Checking itertools v0.10.5
[INFO] [stderr]    Compiling owo-colors v3.5.0
[INFO] [stderr]    Compiling binrw v0.13.2
[INFO] [stderr]     Checking gimli v0.28.1
[INFO] [stderr]     Checking regex v1.10.2
[INFO] [stderr]     Checking hashbrown v0.14.2
[INFO] [stderr]     Checking bitflags v2.4.1
[INFO] [stderr]    Compiling eyre v0.6.9
[INFO] [stderr]     Checking adler v1.0.2
[INFO] [stderr]     Checking uuid v1.6.1
[INFO] [stderr]     Checking miniz_oxide v0.7.1
[INFO] [stderr]     Checking dashmap v5.5.3
[INFO] [stderr]     Checking object v0.32.1
[INFO] [stderr]     Checking bytemuck v1.14.0
[INFO] [stderr]     Checking array-init v2.1.0
[INFO] [stderr]     Checking static_assertions v1.1.0
[INFO] [stderr]     Checking indenter v0.3.3
[INFO] [stderr]     Checking rustc-demangle v0.1.23
[INFO] [stderr]     Checking addr2line v0.21.0
[INFO] [stderr]    Compiling backtrace v0.3.69
[INFO] [stderr]    Compiling futures-macro v0.3.29
[INFO] [stderr]    Compiling tokio-macros v2.2.0
[INFO] [stderr]    Compiling tracing-attributes v0.1.27
[INFO] [stderr]    Compiling thiserror-impl v1.0.50
[INFO] [stderr]    Compiling serde_derive v1.0.193
[INFO] [stdout] error[E0599]: no method named `unwrap` found for struct `proc_macro2::Span` in the current scope
[INFO] [stdout]    --> /opt/rustwide/cargo-home/registry/src/index.crates.io-6f17d22bba15001f/binrw_derive-0.13.2/src/binrw/backtrace/mod.rs:204:21
[INFO] [stdout]     |
[INFO] [stdout] 204 |     let span = span.unwrap().start();
[INFO] [stdout]     |                     ^^^^^^ method not found in `Span`
[INFO] [stdout] 
[INFO] [stdout] 
[INFO] [stdout] error[E0599]: no method named `unwrap` found for struct `proc_macro2::Span` in the current scope
[INFO] [stdout]    --> /opt/rustwide/cargo-home/registry/src/index.crates.io-6f17d22bba15001f/binrw_derive-0.13.2/src/binrw/backtrace/mod.rs:212:21
[INFO] [stdout]     |
[INFO] [stdout] 212 |     let span = span.unwrap().end();
[INFO] [stdout]     |                     ^^^^^^ method not found in `Span`
[INFO] [stdout] 
[INFO] [stdout] 
[INFO] [stdout] error[E0599]: no method named `unwrap` found for struct `proc_macro2::Span` in the current scope
[INFO] [stdout]    --> /opt/rustwide/cargo-home/registry/src/index.crates.io-6f17d22bba15001f/binrw_derive-0.13.2/src/binrw/codegen/read_options/struct.rs:203:18
[INFO] [stdout]     |
[INFO] [stdout] 203 |             span.unwrap().start().line()
[INFO] [stdout]     |                  ^^^^^^ method not found in `Span`
[INFO] [stdout] 
[INFO] [stdout] 
[INFO] [stdout] error: aborting due to 3 previous errors
[INFO] [stdout] 
[INFO] [stdout] 
[INFO] [stdout] For more information about this error, try `rustc --explain E0599`.
[INFO] [stdout] 
[INFO] [stderr] error: could not compile `binrw_derive` (lib) due to 4 previous errors
[INFO] [stderr] warning: build failed, waiting for other jobs to finish...
[INFO] running `Command { std: "docker" "inspect" "d270cce86cbde185fe10f0079e96be73468ddc178068713e66010e9dadbda5e4", kill_on_drop: false }`
[INFO] running `Command { std: "docker" "rm" "-f" "d270cce86cbde185fe10f0079e96be73468ddc178068713e66010e9dadbda5e4", kill_on_drop: false }`
[INFO] [stdout] d270cce86cbde185fe10f0079e96be73468ddc178068713e66010e9dadbda5e4
[INFO] documenting Emilgardis/ember_mug against beta-2023-12-22 for beta-1.76-rustdoc-1
[INFO] running `Command { std: "git" "clone" "/workspace/cache/git-repos/https%3A%2F%2Fgithub.com%2FEmilgardis%2Fember_mug" "/workspace/builds/worker-5-tc2/source", kill_on_drop: false }`
[INFO] [stderr] Cloning into '/workspace/builds/worker-5-tc2/source'...
[INFO] [stderr] done.
[INFO] validating manifest of git repo https://github.com/Emilgardis/ember_mug on toolchain beta-2023-12-22
[INFO] running `Command { std: CARGO_HOME="/workspace/cargo-home" RUSTUP_HOME="/workspace/rustup-home" "/workspace/cargo-home/bin/cargo" "+beta-2023-12-22" "metadata" "--manifest-path" "Cargo.toml" "--no-deps", kill_on_drop: false }`
[INFO] removed /workspace/builds/worker-5-tc2/source/.cargo/config.toml
[INFO] started tweaking git repo https://github.com/Emilgardis/ember_mug
[INFO] removed 0 missing examples
[INFO] finished tweaking git repo https://github.com/Emilgardis/ember_mug
[INFO] tweaked toml for git repo https://github.com/Emilgardis/ember_mug written to /workspace/builds/worker-5-tc2/source/Cargo.toml
[INFO] crate git repo https://github.com/Emilgardis/ember_mug already has a lockfile, it will not be regenerated
[INFO] running `Command { std: CARGO_HOME="/workspace/cargo-home" RUSTUP_HOME="/workspace/rustup-home" "/workspace/cargo-home/bin/cargo" "+beta-2023-12-22" "fetch" "--manifest-path" "Cargo.toml", kill_on_drop: false }`
[INFO] running `Command { std: "docker" "create" "-v" "/var/lib/crater-agent-workspace/builds/worker-5-tc2/target:/opt/rustwide/target:rw,Z" "-v" "/var/lib/crater-agent-workspace/builds/worker-5-tc2/source:/opt/rustwide/workdir:ro,Z" "-v" "/var/lib/crater-agent-workspace/cargo-home:/opt/rustwide/cargo-home:ro,Z" "-v" "/var/lib/crater-agent-workspace/rustup-home:/opt/rustwide/rustup-home:ro,Z" "-e" "SOURCE_DIR=/opt/rustwide/workdir" "-e" "CARGO_TARGET_DIR=/opt/rustwide/target" "-e" "CARGO_HOME=/opt/rustwide/cargo-home" "-e" "RUSTUP_HOME=/opt/rustwide/rustup-home" "-w" "/opt/rustwide/workdir" "-m" "1610612736" "--user" "0:0" "--network" "none" "ghcr.io/rust-lang/crates-build-env/linux@sha256:2788e3201cd34a07e3172128adcd8b3090168a8e3bcc40d7c032b9dda1df7d1c" "/opt/rustwide/cargo-home/bin/cargo" "+beta-2023-12-22" "metadata" "--no-deps" "--format-version=1", kill_on_drop: false }`
[INFO] [stdout] f2a1652cfeec475227d2bcc0320b601974f1c33ac6015c4b04933350f17415b5
[INFO] running `Command { std: "docker" "start" "-a" "f2a1652cfeec475227d2bcc0320b601974f1c33ac6015c4b04933350f17415b5", kill_on_drop: false }`
[INFO] running `Command { std: "docker" "inspect" "f2a1652cfeec475227d2bcc0320b601974f1c33ac6015c4b04933350f17415b5", kill_on_drop: false }`
[INFO] running `Command { std: "docker" "rm" "-f" "f2a1652cfeec475227d2bcc0320b601974f1c33ac6015c4b04933350f17415b5", kill_on_drop: false }`
[INFO] [stdout] f2a1652cfeec475227d2bcc0320b601974f1c33ac6015c4b04933350f17415b5
[INFO] running `Command { std: "docker" "create" "-v" "/var/lib/crater-agent-workspace/builds/worker-5-tc2/target:/opt/rustwide/target:rw,Z" "-v" "/var/lib/crater-agent-workspace/builds/worker-5-tc2/source:/opt/rustwide/workdir:ro,Z" "-v" "/var/lib/crater-agent-workspace/cargo-home:/opt/rustwide/cargo-home:ro,Z" "-v" "/var/lib/crater-agent-workspace/rustup-home:/opt/rustwide/rustup-home:ro,Z" "-e" "SOURCE_DIR=/opt/rustwide/workdir" "-e" "CARGO_TARGET_DIR=/opt/rustwide/target" "-e" "CARGO_INCREMENTAL=0" "-e" "RUST_BACKTRACE=full" "-e" "RUSTFLAGS=--cap-lints=warn" "-e" "RUSTDOCFLAGS=--cap-lints=warn" "-e" "CARGO_HOME=/opt/rustwide/cargo-home" "-e" "RUSTUP_HOME=/opt/rustwide/rustup-home" "-w" "/opt/rustwide/workdir" "-m" "1610612736" "--user" "0:0" "--network" "none" "ghcr.io/rust-lang/crates-build-env/linux@sha256:2788e3201cd34a07e3172128adcd8b3090168a8e3bcc40d7c032b9dda1df7d1c" "/opt/rustwide/cargo-home/bin/cargo" "+beta-2023-12-22" "doc" "--frozen" "--no-deps" "--document-private-items" "--message-format=json", kill_on_drop: false }`
[INFO] [stdout] 2e723e1fa478bee45fadb4ab5bb14b8e23445a4edec73349ca28af27ce3c5d79
[INFO] running `Command { std: "docker" "start" "-a" "2e723e1fa478bee45fadb4ab5bb14b8e23445a4edec73349ca28af27ce3c5d79", kill_on_drop: false }`
[INFO] [stderr]    Compiling proc-macro2 v1.0.69
[INFO] [stderr]    Compiling unicode-ident v1.0.12
[INFO] [stderr]    Compiling autocfg v1.1.0
[INFO] [stderr]    Compiling libc v0.2.150
[INFO] [stderr]    Compiling futures-core v0.3.29
[INFO] [stderr]     Checking pin-project-lite v0.2.13
[INFO] [stderr]     Checking futures-sink v0.3.29
[INFO] [stderr]    Compiling futures-channel v0.3.29
[INFO] [stderr]    Compiling futures-task v0.3.29
[INFO] [stderr]    Compiling futures-util v0.3.29
[INFO] [stderr]     Checking memchr v2.6.4
[INFO] [stderr]     Checking pin-utils v0.1.0
[INFO] [stderr]     Checking futures-io v0.3.29
[INFO] [stderr]    Compiling pkg-config v0.3.27
[INFO] [stderr]    Compiling serde v1.0.193
[INFO] [stderr]    Compiling thiserror v1.0.50
[INFO] [stderr]     Checking once_cell v1.18.0
[INFO] [stderr]    Compiling parking_lot_core v0.9.9
[INFO] [stderr]    Compiling async-trait v0.1.74
[INFO] [stderr]    Compiling syn v1.0.109
[INFO] [stderr]    Compiling quote v1.0.33
[INFO] [stderr]    Compiling binrw_derive v0.13.2
[INFO] [stderr]     Checking either v1.9.0
[INFO] [stderr]    Compiling syn v2.0.39
[INFO] [stderr]    Compiling slab v0.4.9
[INFO] [stderr]    Compiling lock_api v0.4.11
[INFO] [stderr]     Checking mio v0.8.9
[INFO] [stderr]     Checking num_cpus v1.16.0
[INFO] [stderr]     Checking socket2 v0.5.5
[INFO] [stderr]     Checking smallvec v1.11.2
[INFO] [stderr]     Checking xml-rs v0.8.19
[INFO] [stderr]     Checking log v0.4.20
[INFO] [stderr]     Checking scopeguard v1.2.0
[INFO] [stderr]     Checking cfg-if v1.0.0
[INFO] [stderr]     Checking bytes v1.5.0
[INFO] [stderr]     Checking itertools v0.10.5
[INFO] [stderr]     Checking bitflags v2.4.1
[INFO] [stderr]    Compiling binrw v0.13.2
[INFO] [stderr]     Checking hashbrown v0.14.2
[INFO] [stderr]     Checking uuid v1.6.1
[INFO] [stderr]    Compiling libdbus-sys v0.2.5
[INFO] [stderr]    Compiling owo-colors v3.5.0
[INFO] [stderr]     Checking dashmap v5.5.3
[INFO] [stderr]     Checking tracing-core v0.1.32
[INFO] [stderr]     Checking array-init v2.1.0
[INFO] [stderr]     Checking bytemuck v1.14.0
[INFO] [stderr]     Checking static_assertions v1.1.0
[INFO] [stderr]    Compiling futures-macro v0.3.29
[INFO] [stderr]    Compiling tokio-macros v2.2.0
[INFO] [stderr]    Compiling serde_derive v1.0.193
[INFO] [stderr]    Compiling thiserror-impl v1.0.50
[INFO] [stderr]    Compiling tracing-attributes v0.1.27
[INFO] [stderr]     Checking tokio v1.34.0
[INFO] [stderr]     Checking dbus v0.9.7
[INFO] [stderr]     Checking futures-executor v0.3.29
[INFO] [stderr]     Checking futures v0.3.29
[INFO] [stderr]     Checking tokio-util v0.7.10
[INFO] [stderr]     Checking tokio-stream v0.1.14
[INFO] [stderr]     Checking bluez-generated v0.3.0
[INFO] [stderr]     Checking dbus-tokio v0.7.6
[INFO] [stderr]     Checking tracing v0.1.40
[INFO] [stderr]     Checking serde-xml-rs v0.6.0
[INFO] [stderr]     Checking bluez-async v0.7.2
[INFO] [stderr]     Checking btleplug v0.11.3
[INFO] [stderr]  Documenting ember_mug v0.4.0 (/opt/rustwide/workdir)
[INFO] [stderr]     Finished dev [unoptimized + debuginfo] target(s) in 51.67s
[INFO] [stderr]    Generated /opt/rustwide/target/doc/ember_mug/index.html
[INFO] running `Command { std: "docker" "inspect" "2e723e1fa478bee45fadb4ab5bb14b8e23445a4edec73349ca28af27ce3c5d79", kill_on_drop: false }`
[INFO] running `Command { std: "docker" "rm" "-f" "2e723e1fa478bee45fadb4ab5bb14b8e23445a4edec73349ca28af27ce3c5d79", kill_on_drop: false }`
[INFO] [stdout] 2e723e1fa478bee45fadb4ab5bb14b8e23445a4edec73349ca28af27ce3c5d79
[INFO] running `Command { std: "docker" "create" "-v" "/var/lib/crater-agent-workspace/builds/worker-5-tc2/target:/opt/rustwide/target:rw,Z" "-v" "/var/lib/crater-agent-workspace/builds/worker-5-tc2/source:/opt/rustwide/workdir:ro,Z" "-v" "/var/lib/crater-agent-workspace/cargo-home:/opt/rustwide/cargo-home:ro,Z" "-v" "/var/lib/crater-agent-workspace/rustup-home:/opt/rustwide/rustup-home:ro,Z" "-e" "SOURCE_DIR=/opt/rustwide/workdir" "-e" "CARGO_TARGET_DIR=/opt/rustwide/target" "-e" "CARGO_INCREMENTAL=0" "-e" "RUST_BACKTRACE=full" "-e" "RUSTFLAGS=--cap-lints=warn" "-e" "RUSTDOCFLAGS=--cap-lints=warn" "-e" "DOCS_RS=1" "-e" "RUSTC_BOOTSTRAP=1" "-e" "CARGO_HOME=/opt/rustwide/cargo-home" "-e" "RUSTUP_HOME=/opt/rustwide/rustup-home" "-w" "/opt/rustwide/workdir" "-m" "1610612736" "--user" "0:0" "--network" "none" "ghcr.io/rust-lang/crates-build-env/linux@sha256:2788e3201cd34a07e3172128adcd8b3090168a8e3bcc40d7c032b9dda1df7d1c" "/opt/rustwide/cargo-home/bin/cargo" "+beta-2023-12-22" "rustdoc" "--lib" "-Zrustdoc-map" "--all-features" "-Z" "unstable-options" "--config" "build.rustflags=[\"--cfg\", \"nightly\"]" "-Zhost-config" "-Ztarget-applies-to-host" "--config" "host.rustflags=[\"--cfg\", \"nightly\"]" "--config" "build.rustdocflags=[\"--cfg\", \"nightly\", \"-Z\", \"unstable-options\", \"--document-private-items\"]" "--frozen" "--message-format=json" "-Zunstable-options" "-Zrustdoc-scrape-examples", kill_on_drop: false }`
[INFO] [stdout] 48c9753dc67456eb6fafb68019dcda3aacea12cc253d071db4dcd12a061c4ad8
[INFO] running `Command { std: "docker" "start" "-a" "48c9753dc67456eb6fafb68019dcda3aacea12cc253d071db4dcd12a061c4ad8", kill_on_drop: false }`
[INFO] [stderr]    Compiling proc-macro2 v1.0.69
[INFO] [stderr]    Compiling unicode-ident v1.0.12
[INFO] [stderr]    Compiling libc v0.2.150
[INFO] [stderr]     Checking pin-project-lite v0.2.13
[INFO] [stderr]    Compiling autocfg v1.1.0
[INFO] [stderr]    Compiling futures-core v0.3.29
[INFO] [stderr]     Checking memchr v2.6.4
[INFO] [stderr]     Checking futures-sink v0.3.29
[INFO] [stderr]     Checking once_cell v1.18.0
[INFO] [stderr]    Compiling futures-channel v0.3.29
[INFO] [stderr]    Compiling futures-task v0.3.29
[INFO] [stderr]    Compiling futures-util v0.3.29
[INFO] [stderr]     Checking cfg-if v1.0.0
[INFO] [stderr]    Compiling pkg-config v0.3.27
[INFO] [stderr]     Checking futures-io v0.3.29
[INFO] [stderr]     Checking pin-utils v0.1.0
[INFO] [stderr]     Checking log v0.4.20
[INFO] [stderr]     Checking smallvec v1.11.2
[INFO] [stderr]     Checking tracing-core v0.1.32
[INFO] [stderr]    Compiling serde v1.0.193
[INFO] [stderr]     Checking regex-syntax v0.8.2
[INFO] [stderr]     Checking regex-syntax v0.6.29
[INFO] [stderr]    Compiling quote v1.0.33
[INFO] [stderr]    Compiling slab v0.4.9
[INFO] [stderr]    Compiling syn v2.0.39
[INFO] [stderr]     Checking socket2 v0.5.5
[INFO] [stderr]     Checking num_cpus v1.16.0
[INFO] [stderr]     Checking mio v0.8.9
[INFO] [stderr]    Compiling thiserror v1.0.50
[INFO] [stderr]     Checking regex-automata v0.4.3
[INFO] [stderr]    Compiling lock_api v0.4.11
[INFO] [stderr]    Compiling syn v1.0.109
[INFO] [stderr]    Compiling async-trait v0.1.74
[INFO] [stderr]     Checking regex-automata v0.1.10
[INFO] [stderr]    Compiling libdbus-sys v0.2.5
[INFO] [stderr]     Checking overload v0.1.1
[INFO] [stderr]     Checking lazy_static v1.4.0
[INFO] [stderr]    Compiling parking_lot_core v0.9.9
[INFO] [stderr]     Checking sharded-slab v0.1.7
[INFO] [stderr]     Checking nu-ansi-term v0.46.0
[INFO] [stderr]    Compiling cc v1.0.83
[INFO] [stderr]     Checking tracing-log v0.2.0
[INFO] [stderr]     Checking matchers v0.1.0
[INFO] [stderr]     Checking thread_local v1.1.7
[INFO] [stderr]     Checking xml-rs v0.8.19
[INFO] [stderr]     Checking bytes v1.5.0
[INFO] [stderr]     Checking either v1.9.0
[INFO] [stderr]    Compiling binrw_derive v0.13.2
[INFO] [stderr]     Checking scopeguard v1.2.0
[INFO] [stderr]     Checking regex v1.10.2
[INFO] [stderr]     Checking itertools v0.10.5
[INFO] [stderr]    Compiling eyre v0.6.9
[INFO] [stderr]     Checking adler v1.0.2
[INFO] [stderr]     Checking hashbrown v0.14.2
[INFO] [stderr]    Compiling binrw v0.13.2
[INFO] [stderr]    Compiling owo-colors v3.5.0
[INFO] [stderr]     Checking uuid v1.6.1
[INFO] [stderr]     Checking bitflags v2.4.1
[INFO] [stderr]     Checking gimli v0.28.1
[INFO] [stderr]     Checking dashmap v5.5.3
[INFO] [stderr]     Checking miniz_oxide v0.7.1
[INFO] [stderr]     Checking object v0.32.1
[INFO] [stderr]     Checking indenter v0.3.3
[INFO] [stderr]     Checking rustc-demangle v0.1.23
[INFO] [stderr]     Checking array-init v2.1.0
[INFO] [stderr]     Checking static_assertions v1.1.0
[INFO] [stderr]     Checking bytemuck v1.14.0
[INFO] [stderr]     Checking addr2line v0.21.0
[INFO] [stderr]    Compiling backtrace v0.3.69
[INFO] [stderr]    Compiling futures-macro v0.3.29
[INFO] [stderr]    Compiling tokio-macros v2.2.0
[INFO] [stderr]    Compiling tracing-attributes v0.1.27
[INFO] [stderr]    Compiling thiserror-impl v1.0.50
[INFO] [stderr]    Compiling serde_derive v1.0.193
[INFO] [stderr]     Checking tokio v1.34.0
[INFO] [stdout] error[E0599]: no method named `unwrap` found for struct `proc_macro2::Span` in the current scope
[INFO] [stdout]    --> /opt/rustwide/cargo-home/registry/src/index.crates.io-6f17d22bba15001f/binrw_derive-0.13.2/src/binrw/backtrace/mod.rs:204:21
[INFO] [stdout]     |
[INFO] [stdout] 204 |     let span = span.unwrap().start();
[INFO] [stdout]     |                     ^^^^^^ method not found in `Span`
[INFO] [stdout] 
[INFO] [stdout] 
[INFO] [stdout] error[E0599]: no method named `unwrap` found for struct `proc_macro2::Span` in the current scope
[INFO] [stdout]    --> /opt/rustwide/cargo-home/registry/src/index.crates.io-6f17d22bba15001f/binrw_derive-0.13.2/src/binrw/backtrace/mod.rs:212:21
[INFO] [stdout]     |
[INFO] [stdout] 212 |     let span = span.unwrap().end();
[INFO] [stdout]     |                     ^^^^^^ method not found in `Span`
[INFO] [stdout] 
[INFO] [stdout] 
[INFO] [stderr]     Checking tokio-util v0.7.10
[INFO] [stdout] error[E0599]: no method named `unwrap` found for struct `proc_macro2::Span` in the current scope
[INFO] [stdout]    --> /opt/rustwide/cargo-home/registry/src/index.crates.io-6f17d22bba15001f/binrw_derive-0.13.2/src/binrw/codegen/read_options/struct.rs:203:18
[INFO] [stdout]     |
[INFO] [stdout] 203 |             span.unwrap().start().line()
[INFO] [stdout]     |                  ^^^^^^ method not found in `Span`
[INFO] [stdout] 
[INFO] [stdout] 
[INFO] [stderr]     Checking tokio-stream v0.1.14
[INFO] [stdout] error: aborting due to 3 previous errors
[INFO] [stdout] 
[INFO] [stdout] 
[INFO] [stdout] For more information about this error, try `rustc --explain E0599`.
[INFO] [stdout] 
[INFO] [stderr] error: could not compile `binrw_derive` (lib) due to 4 previous errors
[INFO] [stderr] warning: build failed, waiting for other jobs to finish...
[INFO] running `Command { std: "docker" "inspect" "48c9753dc67456eb6fafb68019dcda3aacea12cc253d071db4dcd12a061c4ad8", kill_on_drop: false }`
[INFO] running `Command { std: "docker" "rm" "-f" "48c9753dc67456eb6fafb68019dcda3aacea12cc253d071db4dcd12a061c4ad8", kill_on_drop: false }`
[INFO] [stdout] 48c9753dc67456eb6fafb68019dcda3aacea12cc253d071db4dcd12a061c4ad8
