[INFO] cloning repository https://github.com/Ekleog/todiff
[INFO] running `Command { std: "git" "-c" "credential.helper=" "-c" "credential.helper=/workspace/cargo-home/bin/git-credential-null" "clone" "--bare" "https://github.com/Ekleog/todiff" "/workspace/cache/git-repos/https%3A%2F%2Fgithub.com%2FEkleog%2Ftodiff", kill_on_drop: false }`
[INFO] [stderr] Cloning into bare repository '/workspace/cache/git-repos/https%3A%2F%2Fgithub.com%2FEkleog%2Ftodiff'...
[INFO] running `Command { std: "git" "rev-parse" "HEAD", kill_on_drop: false }`
[INFO] [stdout] 0dbc70480ada8bcffcea0af4e41a3563774080bf
[INFO] documenting Ekleog/todiff against 1.75.0 for beta-1.76-rustdoc-1
[INFO] running `Command { std: "git" "clone" "/workspace/cache/git-repos/https%3A%2F%2Fgithub.com%2FEkleog%2Ftodiff" "/workspace/builds/worker-0-tc1/source", kill_on_drop: false }`
[INFO] [stderr] Cloning into '/workspace/builds/worker-0-tc1/source'...
[INFO] [stderr] done.
[INFO] validating manifest of git repo https://github.com/Ekleog/todiff on toolchain 1.75.0
[INFO] running `Command { std: CARGO_HOME="/workspace/cargo-home" RUSTUP_HOME="/workspace/rustup-home" "/workspace/cargo-home/bin/cargo" "+1.75.0" "metadata" "--manifest-path" "Cargo.toml" "--no-deps", kill_on_drop: false }`
[INFO] started tweaking git repo https://github.com/Ekleog/todiff
[INFO] removed 0 missing tests
[INFO] finished tweaking git repo https://github.com/Ekleog/todiff
[INFO] tweaked toml for git repo https://github.com/Ekleog/todiff written to /workspace/builds/worker-0-tc1/source/Cargo.toml
[INFO] crate git repo https://github.com/Ekleog/todiff already has a lockfile, it will not be regenerated
[INFO] running `Command { std: CARGO_HOME="/workspace/cargo-home" RUSTUP_HOME="/workspace/rustup-home" "/workspace/cargo-home/bin/cargo" "+1.75.0" "fetch" "--manifest-path" "Cargo.toml", kill_on_drop: false }`
[INFO] [stderr]     Updating crates.io index
[INFO] [stderr]  Downloading crates ...
[INFO] [stderr]   Downloaded ctor v0.1.17
[INFO] [stderr]   Downloaded todo-txt v2.2.0
[INFO] running `Command { std: "docker" "create" "-v" "/var/lib/crater-agent-workspace/builds/worker-0-tc1/target:/opt/rustwide/target:rw,Z" "-v" "/var/lib/crater-agent-workspace/builds/worker-0-tc1/source:/opt/rustwide/workdir:ro,Z" "-v" "/var/lib/crater-agent-workspace/cargo-home:/opt/rustwide/cargo-home:ro,Z" "-v" "/var/lib/crater-agent-workspace/rustup-home:/opt/rustwide/rustup-home:ro,Z" "-e" "SOURCE_DIR=/opt/rustwide/workdir" "-e" "CARGO_TARGET_DIR=/opt/rustwide/target" "-e" "CARGO_HOME=/opt/rustwide/cargo-home" "-e" "RUSTUP_HOME=/opt/rustwide/rustup-home" "-w" "/opt/rustwide/workdir" "-m" "1610612736" "--user" "0:0" "--network" "none" "ghcr.io/rust-lang/crates-build-env/linux@sha256:2788e3201cd34a07e3172128adcd8b3090168a8e3bcc40d7c032b9dda1df7d1c" "/opt/rustwide/cargo-home/bin/cargo" "+1.75.0" "metadata" "--no-deps" "--format-version=1", kill_on_drop: false }`
[INFO] [stdout] 2f85f550165db2c71812fa93db3ce1d9d0e5272932187c26e2b3af76bc69c897
[INFO] running `Command { std: "docker" "start" "-a" "2f85f550165db2c71812fa93db3ce1d9d0e5272932187c26e2b3af76bc69c897", kill_on_drop: false }`
[INFO] running `Command { std: "docker" "inspect" "2f85f550165db2c71812fa93db3ce1d9d0e5272932187c26e2b3af76bc69c897", kill_on_drop: false }`
[INFO] running `Command { std: "docker" "rm" "-f" "2f85f550165db2c71812fa93db3ce1d9d0e5272932187c26e2b3af76bc69c897", kill_on_drop: false }`
[INFO] [stdout] 2f85f550165db2c71812fa93db3ce1d9d0e5272932187c26e2b3af76bc69c897
[INFO] running `Command { std: "docker" "create" "-v" "/var/lib/crater-agent-workspace/builds/worker-0-tc1/target:/opt/rustwide/target:rw,Z" "-v" "/var/lib/crater-agent-workspace/builds/worker-0-tc1/source:/opt/rustwide/workdir:ro,Z" "-v" "/var/lib/crater-agent-workspace/cargo-home:/opt/rustwide/cargo-home:ro,Z" "-v" "/var/lib/crater-agent-workspace/rustup-home:/opt/rustwide/rustup-home:ro,Z" "-e" "SOURCE_DIR=/opt/rustwide/workdir" "-e" "CARGO_TARGET_DIR=/opt/rustwide/target" "-e" "CARGO_INCREMENTAL=0" "-e" "RUST_BACKTRACE=full" "-e" "RUSTFLAGS=--cap-lints=warn" "-e" "RUSTDOCFLAGS=--cap-lints=warn" "-e" "CARGO_HOME=/opt/rustwide/cargo-home" "-e" "RUSTUP_HOME=/opt/rustwide/rustup-home" "-w" "/opt/rustwide/workdir" "-m" "1610612736" "--user" "0:0" "--network" "none" "ghcr.io/rust-lang/crates-build-env/linux@sha256:2788e3201cd34a07e3172128adcd8b3090168a8e3bcc40d7c032b9dda1df7d1c" "/opt/rustwide/cargo-home/bin/cargo" "+1.75.0" "doc" "--frozen" "--no-deps" "--document-private-items" "--message-format=json", kill_on_drop: false }`
[INFO] [stdout] 7da215f8b64c92c6bc3156ecf41b66d914c9c7c04b4dd7b2969c302cd3cd5d2f
[INFO] running `Command { std: "docker" "start" "-a" "7da215f8b64c92c6bc3156ecf41b66d914c9c7c04b4dd7b2969c302cd3cd5d2f", kill_on_drop: false }`
[INFO] [stderr]    Compiling libc v0.2.69
[INFO] [stderr]    Compiling autocfg v1.0.0
[INFO] [stderr]    Compiling proc-macro2 v1.0.24
[INFO] [stderr]    Compiling memchr v2.3.3
[INFO] [stderr]    Compiling getrandom v0.2.2
[INFO] [stderr]    Compiling unicode-xid v0.2.0
[INFO] [stderr]    Compiling syn v1.0.60
[INFO] [stderr]    Compiling log v0.4.8
[INFO] [stderr]     Checking ppv-lite86 v0.2.10
[INFO] [stderr]     Checking regex-syntax v0.6.17
[INFO] [stderr]     Checking cfg-if v0.1.9
[INFO] [stderr]     Checking unicode-width v0.1.7
[INFO] [stderr]     Checking thread_local v1.0.1
[INFO] [stderr]     Checking ansi_term v0.11.0
[INFO] [stderr]     Checking vec_map v0.8.1
[INFO] [stderr]     Checking strsim v0.8.0
[INFO] [stderr]     Checking itertools v0.10.1
[INFO] [stderr]     Checking textwrap v0.11.0
[INFO] [stderr]     Checking strsim v0.10.0
[INFO] [stderr]     Checking diff v0.1.13
[INFO] [stderr]     Checking ansi_term v0.12.1
[INFO] [stderr]    Compiling num-traits v0.2.11
[INFO] [stderr]    Compiling num-integer v0.1.42
[INFO] [stderr]     Checking aho-corasick v0.7.10
[INFO] [stderr]     Checking nom v7.1.1
[INFO] [stderr]    Compiling quote v1.0.8
[INFO] [stderr]     Checking time v0.1.43
[INFO] [stderr]     Checking atty v0.2.14
[INFO] [stderr]     Checking clap v2.33.3
[INFO] [stderr]     Checking rand_core v0.6.2
[INFO] [stderr]     Checking rand_chacha v0.3.0
[INFO] [stderr]     Checking rand v0.8.3
[INFO] [stderr]     Checking chrono v0.4.19
[INFO] [stderr]     Checking regex v1.3.6
[INFO] [stderr]    Compiling thiserror-impl v1.0.30
[INFO] [stderr]     Checking thiserror v1.0.30
[INFO] [stderr]     Checking todo-txt v2.2.0
[INFO] [stderr]     Checking todiff v0.6.1 (/opt/rustwide/workdir)
[INFO] [stderr]  Documenting todiff v0.6.1 (/opt/rustwide/workdir)
[INFO] [stdout] error[E0308]: mismatched types
[INFO] [stdout]    --> src/compute_changes.rs:193:28
[INFO] [stdout]     |
[INFO] [stdout] 193 |         if from.priority < 26 {
[INFO] [stdout]     |            -------------   ^^ expected `Priority`, found integer
[INFO] [stdout]     |            |
[INFO] [stdout]     |            expected because this is `todo_txt::Priority`
[INFO] [stdout]     |
[INFO] [stdout] help: call `Into::into` on this expression to convert `{integer}` into `todo_txt::Priority`
[INFO] [stdout]     |
[INFO] [stdout] 193 |         if from.priority < 26.into() {
[INFO] [stdout]     |                              +++++++
[INFO] [stdout] 
[INFO] [stdout] 
[INFO] [stdout] error[E0277]: cannot add `todo_txt::Priority` to `u8`
[INFO] [stdout]    --> src/compute_changes.rs:194:36
[INFO] [stdout]     |
[INFO] [stdout] 194 |             from_prio = Some((b'A' + from.priority) as char);
[INFO] [stdout]     |                                    ^ no implementation for `u8 + todo_txt::Priority`
[INFO] [stdout]     |
[INFO] [stdout]     = help: the trait `Add<todo_txt::Priority>` is not implemented for `u8`
[INFO] [stdout]     = help: the following other types implement trait `Add<Rhs>`:
[INFO] [stdout]               <u8 as Add>
[INFO] [stdout]               <u8 as Add<&u8>>
[INFO] [stdout]               <&'a u8 as Add<u8>>
[INFO] [stdout]               <&u8 as Add<&u8>>
[INFO] [stdout] 
[INFO] [stdout] 
[INFO] [stdout] error[E0308]: mismatched types
[INFO] [stdout]    --> src/compute_changes.rs:199:26
[INFO] [stdout]     |
[INFO] [stdout] 199 |         if to.priority < 26 {
[INFO] [stdout]     |            -----------   ^^ expected `Priority`, found integer
[INFO] [stdout]     |            |
[INFO] [stdout]     |            expected because this is `todo_txt::Priority`
[INFO] [stdout]     |
[INFO] [stdout] help: call `Into::into` on this expression to convert `{integer}` into `todo_txt::Priority`
[INFO] [stdout]     |
[INFO] [stdout] 199 |         if to.priority < 26.into() {
[INFO] [stdout]     |                            +++++++
[INFO] [stdout] 
[INFO] [stdout] 
[INFO] [stdout] error[E0277]: cannot add `todo_txt::Priority` to `u8`
[INFO] [stdout]    --> src/compute_changes.rs:200:34
[INFO] [stdout]     |
[INFO] [stdout] 200 |             to_prio = Some((b'A' + to.priority) as char);
[INFO] [stdout]     |                                  ^ no implementation for `u8 + todo_txt::Priority`
[INFO] [stdout]     |
[INFO] [stdout]     = help: the trait `Add<todo_txt::Priority>` is not implemented for `u8`
[INFO] [stdout]     = help: the following other types implement trait `Add<Rhs>`:
[INFO] [stdout]               <u8 as Add>
[INFO] [stdout]               <u8 as Add<&u8>>
[INFO] [stdout]               <&'a u8 as Add<u8>>
[INFO] [stdout]               <&u8 as Add<&u8>>
[INFO] [stdout] 
[INFO] [stdout] 
[INFO] [stdout] error[E0308]: mismatched types
[INFO] [stdout]    --> src/compute_changes.rs:236:24
[INFO] [stdout]     |
[INFO] [stdout] 236 |     if orig.priority < 26 {
[INFO] [stdout]     |        -------------   ^^ expected `Priority`, found integer
[INFO] [stdout]     |        |
[INFO] [stdout]     |        expected because this is `todo_txt::Priority`
[INFO] [stdout]     |
[INFO] [stdout] help: call `Into::into` on this expression to convert `{integer}` into `todo_txt::Priority`
[INFO] [stdout]     |
[INFO] [stdout] 236 |     if orig.priority < 26.into() {
[INFO] [stdout]     |                          +++++++
[INFO] [stdout] 
[INFO] [stdout] 
[INFO] [stdout] error: aborting due to 5 previous errors
[INFO] [stdout] 
[INFO] [stdout] 
[INFO] [stdout] Some errors have detailed explanations: E0277, E0308.
[INFO] [stdout] 
[INFO] [stdout] For more information about an error, try `rustc --explain E0277`.
[INFO] [stdout] 
[INFO] [stderr] error: could not compile `todiff` (lib) due to 6 previous errors
[INFO] [stderr] warning: build failed, waiting for other jobs to finish...
[INFO] running `Command { std: "docker" "inspect" "7da215f8b64c92c6bc3156ecf41b66d914c9c7c04b4dd7b2969c302cd3cd5d2f", kill_on_drop: false }`
[INFO] running `Command { std: "docker" "rm" "-f" "7da215f8b64c92c6bc3156ecf41b66d914c9c7c04b4dd7b2969c302cd3cd5d2f", kill_on_drop: false }`
[INFO] [stdout] 7da215f8b64c92c6bc3156ecf41b66d914c9c7c04b4dd7b2969c302cd3cd5d2f
[INFO] documenting Ekleog/todiff against beta-2023-12-22 for beta-1.76-rustdoc-1
[INFO] running `Command { std: "git" "clone" "/workspace/cache/git-repos/https%3A%2F%2Fgithub.com%2FEkleog%2Ftodiff" "/workspace/builds/worker-0-tc2/source", kill_on_drop: false }`
[INFO] [stderr] Cloning into '/workspace/builds/worker-0-tc2/source'...
[INFO] [stderr] done.
[INFO] validating manifest of git repo https://github.com/Ekleog/todiff on toolchain beta-2023-12-22
[INFO] running `Command { std: CARGO_HOME="/workspace/cargo-home" RUSTUP_HOME="/workspace/rustup-home" "/workspace/cargo-home/bin/cargo" "+beta-2023-12-22" "metadata" "--manifest-path" "Cargo.toml" "--no-deps", kill_on_drop: false }`
[INFO] started tweaking git repo https://github.com/Ekleog/todiff
[INFO] removed 0 missing tests
[INFO] finished tweaking git repo https://github.com/Ekleog/todiff
[INFO] tweaked toml for git repo https://github.com/Ekleog/todiff written to /workspace/builds/worker-0-tc2/source/Cargo.toml
[INFO] crate git repo https://github.com/Ekleog/todiff already has a lockfile, it will not be regenerated
[INFO] running `Command { std: CARGO_HOME="/workspace/cargo-home" RUSTUP_HOME="/workspace/rustup-home" "/workspace/cargo-home/bin/cargo" "+beta-2023-12-22" "fetch" "--manifest-path" "Cargo.toml", kill_on_drop: false }`
[INFO] running `Command { std: "docker" "create" "-v" "/var/lib/crater-agent-workspace/builds/worker-0-tc2/target:/opt/rustwide/target:rw,Z" "-v" "/var/lib/crater-agent-workspace/builds/worker-0-tc2/source:/opt/rustwide/workdir:ro,Z" "-v" "/var/lib/crater-agent-workspace/cargo-home:/opt/rustwide/cargo-home:ro,Z" "-v" "/var/lib/crater-agent-workspace/rustup-home:/opt/rustwide/rustup-home:ro,Z" "-e" "SOURCE_DIR=/opt/rustwide/workdir" "-e" "CARGO_TARGET_DIR=/opt/rustwide/target" "-e" "CARGO_HOME=/opt/rustwide/cargo-home" "-e" "RUSTUP_HOME=/opt/rustwide/rustup-home" "-w" "/opt/rustwide/workdir" "-m" "1610612736" "--user" "0:0" "--network" "none" "ghcr.io/rust-lang/crates-build-env/linux@sha256:2788e3201cd34a07e3172128adcd8b3090168a8e3bcc40d7c032b9dda1df7d1c" "/opt/rustwide/cargo-home/bin/cargo" "+beta-2023-12-22" "metadata" "--no-deps" "--format-version=1", kill_on_drop: false }`
[INFO] [stdout] e183fd5a6987d9448ba0edeab6e4f76b4a0d4c3b5dab16fb35e1a1806831b828
[INFO] running `Command { std: "docker" "start" "-a" "e183fd5a6987d9448ba0edeab6e4f76b4a0d4c3b5dab16fb35e1a1806831b828", kill_on_drop: false }`
[INFO] running `Command { std: "docker" "inspect" "e183fd5a6987d9448ba0edeab6e4f76b4a0d4c3b5dab16fb35e1a1806831b828", kill_on_drop: false }`
[INFO] running `Command { std: "docker" "rm" "-f" "e183fd5a6987d9448ba0edeab6e4f76b4a0d4c3b5dab16fb35e1a1806831b828", kill_on_drop: false }`
[INFO] [stdout] e183fd5a6987d9448ba0edeab6e4f76b4a0d4c3b5dab16fb35e1a1806831b828
[INFO] running `Command { std: "docker" "create" "-v" "/var/lib/crater-agent-workspace/builds/worker-0-tc2/target:/opt/rustwide/target:rw,Z" "-v" "/var/lib/crater-agent-workspace/builds/worker-0-tc2/source:/opt/rustwide/workdir:ro,Z" "-v" "/var/lib/crater-agent-workspace/cargo-home:/opt/rustwide/cargo-home:ro,Z" "-v" "/var/lib/crater-agent-workspace/rustup-home:/opt/rustwide/rustup-home:ro,Z" "-e" "SOURCE_DIR=/opt/rustwide/workdir" "-e" "CARGO_TARGET_DIR=/opt/rustwide/target" "-e" "CARGO_INCREMENTAL=0" "-e" "RUST_BACKTRACE=full" "-e" "RUSTFLAGS=--cap-lints=warn" "-e" "RUSTDOCFLAGS=--cap-lints=warn" "-e" "CARGO_HOME=/opt/rustwide/cargo-home" "-e" "RUSTUP_HOME=/opt/rustwide/rustup-home" "-w" "/opt/rustwide/workdir" "-m" "1610612736" "--user" "0:0" "--network" "none" "ghcr.io/rust-lang/crates-build-env/linux@sha256:2788e3201cd34a07e3172128adcd8b3090168a8e3bcc40d7c032b9dda1df7d1c" "/opt/rustwide/cargo-home/bin/cargo" "+beta-2023-12-22" "doc" "--frozen" "--no-deps" "--document-private-items" "--message-format=json", kill_on_drop: false }`
[INFO] [stdout] bb6ffb7b28f7dc130fd26d7fffba5cab06bfe259b09079cd35fa8d8896ac17db
[INFO] running `Command { std: "docker" "start" "-a" "bb6ffb7b28f7dc130fd26d7fffba5cab06bfe259b09079cd35fa8d8896ac17db", kill_on_drop: false }`
[INFO] [stderr]    Compiling libc v0.2.69
[INFO] [stderr]    Compiling autocfg v1.0.0
[INFO] [stderr]    Compiling proc-macro2 v1.0.24
[INFO] [stderr]    Compiling memchr v2.3.3
[INFO] [stderr]    Compiling unicode-xid v0.2.0
[INFO] [stderr]    Compiling getrandom v0.2.2
[INFO] [stderr]    Compiling syn v1.0.60
[INFO] [stderr]     Checking ppv-lite86 v0.2.10
[INFO] [stderr]    Compiling log v0.4.8
[INFO] [stderr]     Checking cfg-if v0.1.9
[INFO] [stderr]     Checking regex-syntax v0.6.17
[INFO] [stderr]     Checking unicode-width v0.1.7
[INFO] [stderr]     Checking thread_local v1.0.1
[INFO] [stderr]     Checking strsim v0.8.0
[INFO] [stderr]     Checking vec_map v0.8.1
[INFO] [stderr]     Checking ansi_term v0.11.0
[INFO] [stderr]     Checking itertools v0.10.1
[INFO] [stderr]     Checking diff v0.1.13
[INFO] [stderr]     Checking textwrap v0.11.0
[INFO] [stderr]     Checking ansi_term v0.12.1
[INFO] [stderr]     Checking strsim v0.10.0
[INFO] [stderr]    Compiling num-traits v0.2.11
[INFO] [stderr]    Compiling num-integer v0.1.42
[INFO] [stderr]     Checking aho-corasick v0.7.10
[INFO] [stderr]     Checking nom v7.1.1
[INFO] [stderr]    Compiling quote v1.0.8
[INFO] [stderr]     Checking time v0.1.43
[INFO] [stderr]     Checking atty v0.2.14
[INFO] [stderr]     Checking clap v2.33.3
[INFO] [stderr]     Checking rand_core v0.6.2
[INFO] [stderr]     Checking rand_chacha v0.3.0
[INFO] [stderr]     Checking rand v0.8.3
[INFO] [stderr]     Checking chrono v0.4.19
[INFO] [stderr]     Checking regex v1.3.6
[INFO] [stderr]    Compiling thiserror-impl v1.0.30
[INFO] [stderr]     Checking thiserror v1.0.30
[INFO] [stderr]     Checking todo-txt v2.2.0
[INFO] [stderr]  Documenting todiff v0.6.1 (/opt/rustwide/workdir)
[INFO] [stderr]     Checking todiff v0.6.1 (/opt/rustwide/workdir)
[INFO] [stdout] error[E0308]: mismatched types
[INFO] [stdout]    --> src/compute_changes.rs:193:28
[INFO] [stdout]     |
[INFO] [stdout] 193 |         if from.priority < 26 {
[INFO] [stdout]     |            -------------   ^^ expected `Priority`, found integer
[INFO] [stdout]     |            |
[INFO] [stdout]     |            expected because this is `todo_txt::Priority`
[INFO] [stdout]     |
[INFO] [stdout] help: call `Into::into` on this expression to convert `{integer}` into `todo_txt::Priority`
[INFO] [stdout]     |
[INFO] [stdout] 193 |         if from.priority < 26.into() {
[INFO] [stdout]     |                              +++++++
[INFO] [stdout] 
[INFO] [stdout] 
[INFO] [stdout] error[E0277]: cannot add `todo_txt::Priority` to `u8`
[INFO] [stdout]    --> src/compute_changes.rs:194:36
[INFO] [stdout]     |
[INFO] [stdout] 194 |             from_prio = Some((b'A' + from.priority) as char);
[INFO] [stdout]     |                                    ^ no implementation for `u8 + todo_txt::Priority`
[INFO] [stdout]     |
[INFO] [stdout]     = help: the trait `Add<todo_txt::Priority>` is not implemented for `u8`
[INFO] [stdout]     = help: the following other types implement trait `Add<Rhs>`:
[INFO] [stdout]               <u8 as Add>
[INFO] [stdout]               <u8 as Add<&u8>>
[INFO] [stdout]               <&'a u8 as Add<u8>>
[INFO] [stdout]               <&u8 as Add<&u8>>
[INFO] [stdout] 
[INFO] [stdout] 
[INFO] [stdout] error[E0308]: mismatched types
[INFO] [stdout]    --> src/compute_changes.rs:199:26
[INFO] [stdout]     |
[INFO] [stdout] 199 |         if to.priority < 26 {
[INFO] [stdout]     |            -----------   ^^ expected `Priority`, found integer
[INFO] [stdout]     |            |
[INFO] [stdout]     |            expected because this is `todo_txt::Priority`
[INFO] [stdout]     |
[INFO] [stdout] help: call `Into::into` on this expression to convert `{integer}` into `todo_txt::Priority`
[INFO] [stdout]     |
[INFO] [stdout] 199 |         if to.priority < 26.into() {
[INFO] [stdout]     |                            +++++++
[INFO] [stdout] 
[INFO] [stdout] 
[INFO] [stdout] error[E0277]: cannot add `todo_txt::Priority` to `u8`
[INFO] [stdout]    --> src/compute_changes.rs:200:34
[INFO] [stdout]     |
[INFO] [stdout] 200 |             to_prio = Some((b'A' + to.priority) as char);
[INFO] [stdout]     |                                  ^ no implementation for `u8 + todo_txt::Priority`
[INFO] [stdout]     |
[INFO] [stdout]     = help: the trait `Add<todo_txt::Priority>` is not implemented for `u8`
[INFO] [stdout]     = help: the following other types implement trait `Add<Rhs>`:
[INFO] [stdout]               <u8 as Add>
[INFO] [stdout]               <u8 as Add<&u8>>
[INFO] [stdout]               <&'a u8 as Add<u8>>
[INFO] [stdout]               <&u8 as Add<&u8>>
[INFO] [stdout] 
[INFO] [stdout] 
[INFO] [stdout] error[E0308]: mismatched types
[INFO] [stdout]    --> src/compute_changes.rs:236:24
[INFO] [stdout]     |
[INFO] [stdout] 236 |     if orig.priority < 26 {
[INFO] [stdout]     |        -------------   ^^ expected `Priority`, found integer
[INFO] [stdout]     |        |
[INFO] [stdout]     |        expected because this is `todo_txt::Priority`
[INFO] [stdout]     |
[INFO] [stdout] help: call `Into::into` on this expression to convert `{integer}` into `todo_txt::Priority`
[INFO] [stdout]     |
[INFO] [stdout] 236 |     if orig.priority < 26.into() {
[INFO] [stdout]     |                          +++++++
[INFO] [stdout] 
[INFO] [stdout] 
[INFO] [stdout] error: aborting due to 5 previous errors
[INFO] [stdout] 
[INFO] [stdout] 
[INFO] [stdout] Some errors have detailed explanations: E0277, E0308.
[INFO] [stdout] 
[INFO] [stdout] For more information about an error, try `rustc --explain E0277`.
[INFO] [stdout] 
[INFO] [stderr] error: could not compile `todiff` (lib) due to 6 previous errors
[INFO] [stderr] warning: build failed, waiting for other jobs to finish...
[INFO] running `Command { std: "docker" "inspect" "bb6ffb7b28f7dc130fd26d7fffba5cab06bfe259b09079cd35fa8d8896ac17db", kill_on_drop: false }`
[INFO] running `Command { std: "docker" "rm" "-f" "bb6ffb7b28f7dc130fd26d7fffba5cab06bfe259b09079cd35fa8d8896ac17db", kill_on_drop: false }`
[INFO] [stdout] bb6ffb7b28f7dc130fd26d7fffba5cab06bfe259b09079cd35fa8d8896ac17db
