[INFO] cloning repository https://github.com/EkaterynaKuznetsova/plonky2
[INFO] running `Command { std: "git" "-c" "credential.helper=" "-c" "credential.helper=/workspace/cargo-home/bin/git-credential-null" "clone" "--bare" "https://github.com/EkaterynaKuznetsova/plonky2" "/workspace/cache/git-repos/https%3A%2F%2Fgithub.com%2FEkaterynaKuznetsova%2Fplonky2", kill_on_drop: false }`
[INFO] [stderr] Cloning into bare repository '/workspace/cache/git-repos/https%3A%2F%2Fgithub.com%2FEkaterynaKuznetsova%2Fplonky2'...
[INFO] running `Command { std: "git" "rev-parse" "HEAD", kill_on_drop: false }`
[INFO] [stdout] af8898875c6f613dc5b6aaac314938f44965330d
[INFO] documenting EkaterynaKuznetsova/plonky2 against 1.75.0 for beta-1.76-rustdoc-1
[INFO] running `Command { std: "git" "clone" "/workspace/cache/git-repos/https%3A%2F%2Fgithub.com%2FEkaterynaKuznetsova%2Fplonky2" "/workspace/builds/worker-6-tc1/source", kill_on_drop: false }`
[INFO] [stderr] Cloning into '/workspace/builds/worker-6-tc1/source'...
[INFO] [stderr] done.
[INFO] validating manifest of git repo https://github.com/EkaterynaKuznetsova/plonky2 on toolchain 1.75.0
[INFO] running `Command { std: CARGO_HOME="/workspace/cargo-home" RUSTUP_HOME="/workspace/rustup-home" "/workspace/cargo-home/bin/cargo" "+1.75.0" "metadata" "--manifest-path" "Cargo.toml" "--no-deps", kill_on_drop: false }`
[INFO] started tweaking git repo https://github.com/EkaterynaKuznetsova/plonky2
[INFO] finished tweaking git repo https://github.com/EkaterynaKuznetsova/plonky2
[INFO] tweaked toml for git repo https://github.com/EkaterynaKuznetsova/plonky2 written to /workspace/builds/worker-6-tc1/source/Cargo.toml
[INFO] crate git repo https://github.com/EkaterynaKuznetsova/plonky2 already has a lockfile, it will not be regenerated
[INFO] running `Command { std: CARGO_HOME="/workspace/cargo-home" RUSTUP_HOME="/workspace/rustup-home" "/workspace/cargo-home/bin/cargo" "+1.75.0" "fetch" "--manifest-path" "Cargo.toml", kill_on_drop: false }`
[INFO] [stderr] warning: virtual workspace defaulting to `resolver = "1"` despite one or more workspace members being on edition 2021 which implies `resolver = "2"`
[INFO] [stderr] note: to keep the current resolver, specify `workspace.resolver = "1"` in the workspace root's manifest
[INFO] [stderr] note: to use the edition 2021 resolver, specify `workspace.resolver = "2"` in the workspace root's manifest
[INFO] [stderr] note: for more details see https://doc.rust-lang.org/cargo/reference/resolver.html#resolver-versions
[INFO] [stderr]     Updating crates.io index
[INFO] [stderr]  Downloading crates ...
[INFO] [stderr]   Downloaded jemallocator v0.5.4
[INFO] [stderr]   Downloaded jemalloc-sys v0.5.4+5.3.0-patched
[INFO] [stderr]   Downloaded tynm v0.1.8
[INFO] [stderr]   Downloaded parity-scale-codec-derive v3.6.6
[INFO] [stderr]   Downloaded unroll v0.1.5
[INFO] [stderr]   Downloaded keccak-hash v0.8.0
[INFO] [stderr]   Downloaded eth_trie_utils v0.4.1
[INFO] running `Command { std: "docker" "create" "-v" "/var/lib/crater-agent-workspace/builds/worker-6-tc1/target:/opt/rustwide/target:rw,Z" "-v" "/var/lib/crater-agent-workspace/builds/worker-6-tc1/source:/opt/rustwide/workdir:ro,Z" "-v" "/var/lib/crater-agent-workspace/cargo-home:/opt/rustwide/cargo-home:ro,Z" "-v" "/var/lib/crater-agent-workspace/rustup-home:/opt/rustwide/rustup-home:ro,Z" "-e" "SOURCE_DIR=/opt/rustwide/workdir" "-e" "CARGO_TARGET_DIR=/opt/rustwide/target" "-e" "CARGO_HOME=/opt/rustwide/cargo-home" "-e" "RUSTUP_HOME=/opt/rustwide/rustup-home" "-w" "/opt/rustwide/workdir" "-m" "1610612736" "--user" "0:0" "--network" "none" "ghcr.io/rust-lang/crates-build-env/linux@sha256:2788e3201cd34a07e3172128adcd8b3090168a8e3bcc40d7c032b9dda1df7d1c" "/opt/rustwide/cargo-home/bin/cargo" "+1.75.0" "metadata" "--no-deps" "--format-version=1", kill_on_drop: false }`
[INFO] [stdout] a0b63ee76aae5fb089a63aaef44cc4c51003c859bfe38131c165b92ae5d10b1b
[INFO] running `Command { std: "docker" "start" "-a" "a0b63ee76aae5fb089a63aaef44cc4c51003c859bfe38131c165b92ae5d10b1b", kill_on_drop: false }`
[INFO] running `Command { std: "docker" "inspect" "a0b63ee76aae5fb089a63aaef44cc4c51003c859bfe38131c165b92ae5d10b1b", kill_on_drop: false }`
[INFO] running `Command { std: "docker" "rm" "-f" "a0b63ee76aae5fb089a63aaef44cc4c51003c859bfe38131c165b92ae5d10b1b", kill_on_drop: false }`
[INFO] [stdout] a0b63ee76aae5fb089a63aaef44cc4c51003c859bfe38131c165b92ae5d10b1b
[INFO] running `Command { std: "docker" "create" "-v" "/var/lib/crater-agent-workspace/builds/worker-6-tc1/target:/opt/rustwide/target:rw,Z" "-v" "/var/lib/crater-agent-workspace/builds/worker-6-tc1/source:/opt/rustwide/workdir:ro,Z" "-v" "/var/lib/crater-agent-workspace/cargo-home:/opt/rustwide/cargo-home:ro,Z" "-v" "/var/lib/crater-agent-workspace/rustup-home:/opt/rustwide/rustup-home:ro,Z" "-e" "SOURCE_DIR=/opt/rustwide/workdir" "-e" "CARGO_TARGET_DIR=/opt/rustwide/target" "-e" "CARGO_INCREMENTAL=0" "-e" "RUST_BACKTRACE=full" "-e" "RUSTFLAGS=--cap-lints=warn" "-e" "RUSTDOCFLAGS=--cap-lints=warn" "-e" "CARGO_HOME=/opt/rustwide/cargo-home" "-e" "RUSTUP_HOME=/opt/rustwide/rustup-home" "-w" "/opt/rustwide/workdir" "-m" "1610612736" "--user" "0:0" "--network" "none" "ghcr.io/rust-lang/crates-build-env/linux@sha256:2788e3201cd34a07e3172128adcd8b3090168a8e3bcc40d7c032b9dda1df7d1c" "/opt/rustwide/cargo-home/bin/cargo" "+1.75.0" "doc" "--frozen" "--no-deps" "--document-private-items" "--message-format=json", kill_on_drop: false }`
[INFO] [stdout] c9ff2ee4d07acdbe6ebf938c9b3f5ee54fb1f9a5f318eb38a6a6084cbc684cbd
[INFO] running `Command { std: "docker" "start" "-a" "c9ff2ee4d07acdbe6ebf938c9b3f5ee54fb1f9a5f318eb38a6a6084cbc684cbd", kill_on_drop: false }`
[INFO] [stderr] warning: virtual workspace defaulting to `resolver = "1"` despite one or more workspace members being on edition 2021 which implies `resolver = "2"`
[INFO] [stderr] note: to keep the current resolver, specify `workspace.resolver = "1"` in the workspace root's manifest
[INFO] [stderr] note: to use the edition 2021 resolver, specify `workspace.resolver = "2"` in the workspace root's manifest
[INFO] [stderr] note: for more details see https://doc.rust-lang.org/cargo/reference/resolver.html#resolver-versions
[INFO] [stderr]    Compiling libc v0.2.147
[INFO] [stderr]    Compiling autocfg v1.1.0
[INFO] [stderr]    Compiling proc-macro2 v1.0.66
[INFO] [stderr]    Compiling unicode-ident v1.0.11
[INFO] [stderr]     Checking cfg-if v1.0.0
[INFO] [stderr]    Compiling crunchy v0.2.2
[INFO] [stderr]     Checking ppv-lite86 v0.2.17
[INFO] [stderr]     Checking static_assertions v1.1.0
[INFO] [stderr]    Compiling tiny-keccak v2.0.2
[INFO] [stderr]    Compiling serde v1.0.188
[INFO] [stderr]    Compiling version_check v0.9.4
[INFO] [stderr]    Compiling crossbeam-utils v0.8.16
[INFO] [stderr]    Compiling num-traits v0.2.16
[INFO] [stderr]    Compiling memoffset v0.9.0
[INFO] [stderr]     Checking byteorder v1.4.3
[INFO] [stderr]    Compiling crossbeam-epoch v0.9.15
[INFO] [stderr]    Compiling num-integer v0.1.45
[INFO] [stderr]    Compiling syn v1.0.109
[INFO] [stderr]     Checking either v1.9.0
[INFO] [stderr]     Checking hex v0.4.3
[INFO] [stderr]    Compiling quote v1.0.33
[INFO] [stderr]    Compiling once_cell v1.18.0
[INFO] [stderr]     Checking scopeguard v1.2.0
[INFO] [stderr]     Checking uint v0.9.5
[INFO] [stderr]    Compiling syn v2.0.31
[INFO] [stderr]    Compiling num-bigint v0.4.4
[INFO] [stderr]    Compiling proc-macro-hack v0.5.20+deprecated
[INFO] [stderr]    Compiling rayon-core v1.11.0
[INFO] [stderr]     Checking crossbeam-deque v0.8.3
[INFO] [stderr]     Checking crossbeam-channel v0.5.8
[INFO] [stderr]    Compiling num-rational v0.4.1
[INFO] [stderr]     Checking getrandom v0.2.10
[INFO] [stderr]     Checking num_cpus v1.16.0
[INFO] [stderr]     Checking rand_core v0.6.4
[INFO] [stderr]    Compiling num-iter v0.1.43
[INFO] [stderr]     Checking rand_chacha v0.3.1
[INFO] [stderr]     Checking rand v0.8.5
[INFO] [stderr]    Compiling anyhow v1.0.75
[INFO] [stderr]    Compiling ahash v0.7.6
[INFO] [stderr]     Checking itertools v0.10.5
[INFO] [stderr]     Checking rayon v1.7.0
[INFO] [stderr]     Checking fixed-hash v0.7.0
[INFO] [stderr]     Checking log v0.4.20
[INFO] [stderr]     Checking plonky2_util v0.1.0 (/opt/rustwide/workdir/util)
[INFO] [stderr]     Checking primitive-types v0.10.1
[INFO] [stderr]     Checking num-complex v0.4.4
[INFO] [stderr]    Compiling const-random-macro v0.1.15
[INFO] [stderr]     Checking dyn-clone v1.0.13
[INFO] [stderr]    Compiling thiserror v1.0.48
[INFO] [stderr]     Checking rustc-hex v2.1.0
[INFO] [stderr]    Compiling typenum v1.16.0
[INFO] [stderr]     Checking const-random v0.1.15
[INFO] [stderr]     Checking keccak-hash v0.8.0
[INFO] [stderr]     Checking bytes v1.5.0
[INFO] [stderr]    Compiling generic-array v0.14.7
[INFO] [stderr]     Checking fixed-hash v0.8.0
[INFO] [stderr]     Checking memchr v2.6.3
[INFO] [stderr]    Compiling cc v1.0.83
[INFO] [stderr]     Checking rlp v0.5.2
[INFO] [stderr]     Checking impl-rlp v0.3.0
[INFO] [stderr]    Compiling ucd-trie v0.1.6
[INFO] [stderr]     Checking num v0.4.1
[INFO] [stderr]    Compiling rustix v0.38.11
[INFO] [stderr]     Checking maybe_rayon v0.1.0 (/opt/rustwide/workdir/maybe_rayon)
[INFO] [stderr]     Checking aho-corasick v1.0.5
[INFO] [stderr]     Checking regex-syntax v0.7.5
[INFO] [stderr]     Checking bitflags v2.4.0
[INFO] [stderr]     Checking linux-raw-sys v0.4.5
[INFO] [stderr]     Checking subtle v2.5.0
[INFO] [stderr]    Compiling jemalloc-sys v0.5.4+5.3.0-patched
[INFO] [stderr]     Checking termcolor v1.2.0
[INFO] [stderr]     Checking crypto-common v0.1.6
[INFO] [stderr]     Checking block-buffer v0.10.4
[INFO] [stderr]     Checking regex-automata v0.3.8
[INFO] [stderr]     Checking humantime v2.1.0
[INFO] [stderr]     Checking bimap v0.6.3
[INFO] [stderr]     Checking digest v0.10.7
[INFO] [stderr]     Checking array_tool v1.0.3
[INFO] [stderr]     Checking blake2 v0.10.6
[INFO] [stderr]    Compiling hex-literal v0.3.4
[INFO] [stderr]  Documenting maybe_rayon v0.1.0 (/opt/rustwide/workdir/maybe_rayon)
[INFO] [stderr]     Checking is-terminal v0.4.9
[INFO] [stderr]  Documenting plonky2_util v0.1.0 (/opt/rustwide/workdir/util)
[INFO] [stderr]    Compiling unroll v0.1.5
[INFO] [stderr]    Compiling dyn-clonable-impl v0.9.0
[INFO] [stderr]    Compiling rlp-derive v0.1.0
[INFO] [stderr]    Compiling serde_derive v1.0.188
[INFO] [stderr]    Compiling thiserror-impl v1.0.48
[INFO] [stderr]     Checking dyn-clonable v0.9.0
[INFO] [stderr]     Checking regex v1.9.5
[INFO] [stderr]     Checking env_logger v0.10.0
[INFO] [stderr]    Compiling pest v2.7.3
[INFO] [stderr]    Compiling pest_meta v2.7.3
[INFO] [stderr]    Compiling pest_generator v2.7.3
[INFO] [stderr]    Compiling pest_derive v2.7.3
[INFO] [stderr]     Checking plonky2_field v0.1.0 (/opt/rustwide/workdir/field)
[INFO] [stderr]     Checking hashbrown v0.12.3
[INFO] [stderr]     Checking impl-serde v0.4.0
[INFO] [stderr]  Documenting plonky2_field v0.1.0 (/opt/rustwide/workdir/field)
[INFO] [stdout] error[E0554]: `#![feature]` may not be used on the stable release channel
[INFO] [stdout]  --> field/src/lib.rs:8:1
[INFO] [stdout]   |
[INFO] [stdout] 8 | #![feature(generic_const_exprs)]
[INFO] [stdout]   | ^^^^^^^^^^^^^^^^^^^^^^^^^^^^^^^^
[INFO] [stdout] 
[INFO] [stdout] 
[INFO] [stdout] error[E0554]: `#![feature]` may not be used on the stable release channel
[INFO] [stdout]  --> field/src/lib.rs:9:1
[INFO] [stdout]   |
[INFO] [stdout] 9 | #![feature(stdsimd)]
[INFO] [stdout]   | ^^^^^^^^^^^^^^^^^^^^
[INFO] [stdout] 
[INFO] [stdout] 
[INFO] [stdout] error[E0554]: `#![feature]` may not be used on the stable release channel
[INFO] [stdout]   --> field/src/lib.rs:10:1
[INFO] [stdout]    |
[INFO] [stdout] 10 | #![feature(specialization)]
[INFO] [stdout]    | ^^^^^^^^^^^^^^^^^^^^^^^^^^^
[INFO] [stdout] 
[INFO] [stdout] 
[INFO] [stderr]     Checking primitive-types v0.12.1
[INFO] [stderr]     Checking ethbloom v0.13.0
[INFO] [stdout] error[E0554]: `#![feature]` may not be used on the stable release channel
[INFO] [stdout]  --> field/src/lib.rs:8:1
[INFO] [stdout]   |
[INFO] [stdout] 8 | #![feature(generic_const_exprs)]
[INFO] [stdout]   | ^^^^^^^^^^^^^^^^^^^^^^^^^^^^^^^^
[INFO] [stdout] 
[INFO] [stdout] 
[INFO] [stdout] error[E0554]: `#![feature]` may not be used on the stable release channel
[INFO] [stdout]  --> field/src/lib.rs:9:1
[INFO] [stdout]   |
[INFO] [stdout] 9 | #![feature(stdsimd)]
[INFO] [stdout]   | ^^^^^^^^^^^^^^^^^^^^
[INFO] [stdout] 
[INFO] [stdout] 
[INFO] [stdout] error[E0554]: `#![feature]` may not be used on the stable release channel
[INFO] [stdout]   --> field/src/lib.rs:10:1
[INFO] [stdout]    |
[INFO] [stdout] 10 | #![feature(specialization)]
[INFO] [stdout]    | ^^^^^^^^^^^^^^^^^^^^^^^^^^^
[INFO] [stdout] 
[INFO] [stdout] 
[INFO] [stdout] error[E0554]: `#![feature]` may not be used on the stable release channel
[INFO] [stdout]  --> field/src/lib.rs:9:12
[INFO] [stdout]   |
[INFO] [stdout] 9 | #![feature(stdsimd)]
[INFO] [stdout]   |            ^^^^^^^
[INFO] [stdout] 
[INFO] [stdout] 
[INFO] [stdout] error: aborting due to 3 previous errors
[INFO] [stdout] 
[INFO] [stdout] 
[INFO] [stdout] For more information about this error, try `rustc --explain E0554`.
[INFO] [stdout] 
[INFO] [stderr] error: could not document `plonky2_field`
[INFO] [stderr] 
[INFO] [stderr] Caused by:
[INFO] [stderr]   process didn't exit successfully: `/opt/rustwide/rustup-home/toolchains/1.75.0-x86_64-unknown-linux-gnu/bin/rustdoc --edition=2021 --crate-type lib --crate-name plonky2_field field/src/lib.rs -o /opt/rustwide/target/doc --error-format=json --json=diagnostic-rendered-ansi,artifacts,future-incompat --document-private-items -C metadata=afc4da2ebb47b37b -L dependency=/opt/rustwide/target/debug/deps --extern anyhow=/opt/rustwide/target/debug/deps/libanyhow-407784efe10f3351.rmeta --extern itertools=/opt/rustwide/target/debug/deps/libitertools-dbd7922ddc771bc2.rmeta --extern num=/opt/rustwide/target/debug/deps/libnum-055675c86309013b.rmeta --extern plonky2_util=/opt/rustwide/target/debug/deps/libplonky2_util-fc1077dd5425f249.rmeta --extern rand=/opt/rustwide/target/debug/deps/librand-7bc9c8a94c41b52a.rmeta --extern serde=/opt/rustwide/target/debug/deps/libserde-917d113954722278.rmeta --extern static_assertions=/opt/rustwide/target/debug/deps/libstatic_assertions-e6a2a0c27a403d56.rmeta --extern unroll=/opt/rustwide/target/debug/deps/libunroll-586d89ed74244064.so --cap-lints=warn --crate-version 0.1.0` (exit status: 1)
[INFO] [stderr] warning: build failed, waiting for other jobs to finish...
[INFO] [stdout] error: aborting due to 4 previous errors
[INFO] [stdout] 
[INFO] [stdout] 
[INFO] [stdout] For more information about this error, try `rustc --explain E0554`.
[INFO] [stdout] 
[INFO] [stderr] error: could not compile `plonky2_field` (lib) due to 5 previous errors
[INFO] running `Command { std: "docker" "inspect" "c9ff2ee4d07acdbe6ebf938c9b3f5ee54fb1f9a5f318eb38a6a6084cbc684cbd", kill_on_drop: false }`
[INFO] running `Command { std: "docker" "rm" "-f" "c9ff2ee4d07acdbe6ebf938c9b3f5ee54fb1f9a5f318eb38a6a6084cbc684cbd", kill_on_drop: false }`
[INFO] [stdout] c9ff2ee4d07acdbe6ebf938c9b3f5ee54fb1f9a5f318eb38a6a6084cbc684cbd
[INFO] documenting EkaterynaKuznetsova/plonky2 against beta-2023-12-22 for beta-1.76-rustdoc-1
[INFO] running `Command { std: "git" "clone" "/workspace/cache/git-repos/https%3A%2F%2Fgithub.com%2FEkaterynaKuznetsova%2Fplonky2" "/workspace/builds/worker-6-tc2/source", kill_on_drop: false }`
[INFO] [stderr] Cloning into '/workspace/builds/worker-6-tc2/source'...
[INFO] [stderr] done.
[INFO] validating manifest of git repo https://github.com/EkaterynaKuznetsova/plonky2 on toolchain beta-2023-12-22
[INFO] running `Command { std: CARGO_HOME="/workspace/cargo-home" RUSTUP_HOME="/workspace/rustup-home" "/workspace/cargo-home/bin/cargo" "+beta-2023-12-22" "metadata" "--manifest-path" "Cargo.toml" "--no-deps", kill_on_drop: false }`
[INFO] started tweaking git repo https://github.com/EkaterynaKuznetsova/plonky2
[INFO] finished tweaking git repo https://github.com/EkaterynaKuznetsova/plonky2
[INFO] tweaked toml for git repo https://github.com/EkaterynaKuznetsova/plonky2 written to /workspace/builds/worker-6-tc2/source/Cargo.toml
[INFO] crate git repo https://github.com/EkaterynaKuznetsova/plonky2 already has a lockfile, it will not be regenerated
[INFO] running `Command { std: CARGO_HOME="/workspace/cargo-home" RUSTUP_HOME="/workspace/rustup-home" "/workspace/cargo-home/bin/cargo" "+beta-2023-12-22" "fetch" "--manifest-path" "Cargo.toml", kill_on_drop: false }`
[INFO] [stderr] warning: virtual workspace defaulting to `resolver = "1"` despite one or more workspace members being on edition 2021 which implies `resolver = "2"`
[INFO] [stderr] note: to keep the current resolver, specify `workspace.resolver = "1"` in the workspace root's manifest
[INFO] [stderr] note: to use the edition 2021 resolver, specify `workspace.resolver = "2"` in the workspace root's manifest
[INFO] [stderr] note: for more details see https://doc.rust-lang.org/cargo/reference/resolver.html#resolver-versions
[INFO] running `Command { std: "docker" "create" "-v" "/var/lib/crater-agent-workspace/builds/worker-6-tc2/target:/opt/rustwide/target:rw,Z" "-v" "/var/lib/crater-agent-workspace/builds/worker-6-tc2/source:/opt/rustwide/workdir:ro,Z" "-v" "/var/lib/crater-agent-workspace/cargo-home:/opt/rustwide/cargo-home:ro,Z" "-v" "/var/lib/crater-agent-workspace/rustup-home:/opt/rustwide/rustup-home:ro,Z" "-e" "SOURCE_DIR=/opt/rustwide/workdir" "-e" "CARGO_TARGET_DIR=/opt/rustwide/target" "-e" "CARGO_HOME=/opt/rustwide/cargo-home" "-e" "RUSTUP_HOME=/opt/rustwide/rustup-home" "-w" "/opt/rustwide/workdir" "-m" "1610612736" "--user" "0:0" "--network" "none" "ghcr.io/rust-lang/crates-build-env/linux@sha256:2788e3201cd34a07e3172128adcd8b3090168a8e3bcc40d7c032b9dda1df7d1c" "/opt/rustwide/cargo-home/bin/cargo" "+beta-2023-12-22" "metadata" "--no-deps" "--format-version=1", kill_on_drop: false }`
[INFO] [stdout] a6705ef9f7a4b2fc9b5c238d2423a604949cfa9f208762964cad45c36fb7f85d
[INFO] running `Command { std: "docker" "start" "-a" "a6705ef9f7a4b2fc9b5c238d2423a604949cfa9f208762964cad45c36fb7f85d", kill_on_drop: false }`
[INFO] running `Command { std: "docker" "inspect" "a6705ef9f7a4b2fc9b5c238d2423a604949cfa9f208762964cad45c36fb7f85d", kill_on_drop: false }`
[INFO] running `Command { std: "docker" "rm" "-f" "a6705ef9f7a4b2fc9b5c238d2423a604949cfa9f208762964cad45c36fb7f85d", kill_on_drop: false }`
[INFO] [stdout] a6705ef9f7a4b2fc9b5c238d2423a604949cfa9f208762964cad45c36fb7f85d
[INFO] running `Command { std: "docker" "create" "-v" "/var/lib/crater-agent-workspace/builds/worker-6-tc2/target:/opt/rustwide/target:rw,Z" "-v" "/var/lib/crater-agent-workspace/builds/worker-6-tc2/source:/opt/rustwide/workdir:ro,Z" "-v" "/var/lib/crater-agent-workspace/cargo-home:/opt/rustwide/cargo-home:ro,Z" "-v" "/var/lib/crater-agent-workspace/rustup-home:/opt/rustwide/rustup-home:ro,Z" "-e" "SOURCE_DIR=/opt/rustwide/workdir" "-e" "CARGO_TARGET_DIR=/opt/rustwide/target" "-e" "CARGO_INCREMENTAL=0" "-e" "RUST_BACKTRACE=full" "-e" "RUSTFLAGS=--cap-lints=warn" "-e" "RUSTDOCFLAGS=--cap-lints=warn" "-e" "CARGO_HOME=/opt/rustwide/cargo-home" "-e" "RUSTUP_HOME=/opt/rustwide/rustup-home" "-w" "/opt/rustwide/workdir" "-m" "1610612736" "--user" "0:0" "--network" "none" "ghcr.io/rust-lang/crates-build-env/linux@sha256:2788e3201cd34a07e3172128adcd8b3090168a8e3bcc40d7c032b9dda1df7d1c" "/opt/rustwide/cargo-home/bin/cargo" "+beta-2023-12-22" "doc" "--frozen" "--no-deps" "--document-private-items" "--message-format=json", kill_on_drop: false }`
[INFO] [stdout] 7f37924be4f1fefb37a483845dc515647ca79a021aa1b0dad358e8531a9d4767
[INFO] running `Command { std: "docker" "start" "-a" "7f37924be4f1fefb37a483845dc515647ca79a021aa1b0dad358e8531a9d4767", kill_on_drop: false }`
[INFO] [stderr] warning: virtual workspace defaulting to `resolver = "1"` despite one or more workspace members being on edition 2021 which implies `resolver = "2"`
[INFO] [stderr] note: to keep the current resolver, specify `workspace.resolver = "1"` in the workspace root's manifest
[INFO] [stderr] note: to use the edition 2021 resolver, specify `workspace.resolver = "2"` in the workspace root's manifest
[INFO] [stderr] note: for more details see https://doc.rust-lang.org/cargo/reference/resolver.html#resolver-versions
[INFO] [stderr]    Compiling libc v0.2.147
[INFO] [stderr]    Compiling autocfg v1.1.0
[INFO] [stderr]    Compiling proc-macro2 v1.0.66
[INFO] [stderr]    Compiling unicode-ident v1.0.11
[INFO] [stderr]     Checking cfg-if v1.0.0
[INFO] [stderr]    Compiling crunchy v0.2.2
[INFO] [stderr]     Checking ppv-lite86 v0.2.17
[INFO] [stderr]    Compiling tiny-keccak v2.0.2
[INFO] [stderr]     Checking static_assertions v1.1.0
[INFO] [stderr]    Compiling version_check v0.9.4
[INFO] [stderr]    Compiling serde v1.0.188
[INFO] [stderr]    Compiling crossbeam-utils v0.8.16
[INFO] [stderr]     Checking byteorder v1.4.3
[INFO] [stderr]    Compiling num-traits v0.2.16
[INFO] [stderr]    Compiling memoffset v0.9.0
[INFO] [stderr]    Compiling crossbeam-epoch v0.9.15
[INFO] [stderr]    Compiling num-integer v0.1.45
[INFO] [stderr]    Compiling syn v1.0.109
[INFO] [stderr]     Checking hex v0.4.3
[INFO] [stderr]     Checking either v1.9.0
[INFO] [stderr]     Checking scopeguard v1.2.0
[INFO] [stderr]    Compiling once_cell v1.18.0
[INFO] [stderr]    Compiling quote v1.0.33
[INFO] [stderr]    Compiling num-bigint v0.4.4
[INFO] [stderr]     Checking uint v0.9.5
[INFO] [stderr]    Compiling proc-macro-hack v0.5.20+deprecated
[INFO] [stderr]    Compiling rayon-core v1.11.0
[INFO] [stderr]    Compiling syn v2.0.31
[INFO] [stderr]     Checking crossbeam-deque v0.8.3
[INFO] [stderr]     Checking crossbeam-channel v0.5.8
[INFO] [stderr]     Checking getrandom v0.2.10
[INFO] [stderr]     Checking num_cpus v1.16.0
[INFO] [stderr]     Checking rand_core v0.6.4
[INFO] [stderr]    Compiling num-rational v0.4.1
[INFO] [stderr]    Compiling num-iter v0.1.43
[INFO] [stderr]     Checking rand_chacha v0.3.1
[INFO] [stderr]     Checking rand v0.8.5
[INFO] [stderr]    Compiling anyhow v1.0.75
[INFO] [stderr]    Compiling ahash v0.7.6
[INFO] [stderr]     Checking itertools v0.10.5
[INFO] [stderr]     Checking num-complex v0.4.4
[INFO] [stderr]     Checking rayon v1.7.0
[INFO] [stderr]     Checking fixed-hash v0.7.0
[INFO] [stderr]     Checking log v0.4.20
[INFO] [stderr]    Compiling const-random-macro v0.1.15
[INFO] [stderr]     Checking plonky2_util v0.1.0 (/opt/rustwide/workdir/util)
[INFO] [stderr]     Checking primitive-types v0.10.1
[INFO] [stderr]     Checking dyn-clone v1.0.13
[INFO] [stderr]    Compiling thiserror v1.0.48
[INFO] [stderr]     Checking rustc-hex v2.1.0
[INFO] [stderr]     Checking bytes v1.5.0
[INFO] [stderr]     Checking const-random v0.1.15
[INFO] [stderr]    Compiling typenum v1.16.0
[INFO] [stderr]    Compiling generic-array v0.14.7
[INFO] [stderr]     Checking rlp v0.5.2
[INFO] [stderr]     Checking num v0.4.1
[INFO] [stderr]     Checking fixed-hash v0.8.0
[INFO] [stderr]     Checking memchr v2.6.3
[INFO] [stderr]     Checking keccak-hash v0.8.0
[INFO] [stderr]     Checking impl-rlp v0.3.0
[INFO] [stderr]    Compiling cc v1.0.83
[INFO] [stderr]    Compiling ucd-trie v0.1.6
[INFO] [stderr]    Compiling rustix v0.38.11
[INFO] [stderr]     Checking maybe_rayon v0.1.0 (/opt/rustwide/workdir/maybe_rayon)
[INFO] [stderr]     Checking aho-corasick v1.0.5
[INFO] [stderr]     Checking bitflags v2.4.0
[INFO] [stderr]     Checking linux-raw-sys v0.4.5
[INFO] [stderr]     Checking regex-syntax v0.7.5
[INFO] [stderr]     Checking subtle v2.5.0
[INFO] [stderr]     Checking humantime v2.1.0
[INFO] [stderr]     Checking termcolor v1.2.0
[INFO] [stderr]    Compiling hex-literal v0.3.4
[INFO] [stderr]     Checking bimap v0.6.3
[INFO] [stderr]     Checking is-terminal v0.4.9
[INFO] [stderr]    Compiling jemalloc-sys v0.5.4+5.3.0-patched
[INFO] [stderr]     Checking crypto-common v0.1.6
[INFO] [stderr]     Checking block-buffer v0.10.4
[INFO] [stderr]     Checking array_tool v1.0.3
[INFO] [stderr]  Documenting maybe_rayon v0.1.0 (/opt/rustwide/workdir/maybe_rayon)
[INFO] [stderr]     Checking digest v0.10.7
[INFO] [stderr]  Documenting plonky2_util v0.1.0 (/opt/rustwide/workdir/util)
[INFO] [stderr]    Compiling unroll v0.1.5
[INFO] [stderr]    Compiling dyn-clonable-impl v0.9.0
[INFO] [stderr]     Checking regex-automata v0.3.8
[INFO] [stderr]     Checking blake2 v0.10.6
[INFO] [stderr]    Compiling rlp-derive v0.1.0
[INFO] [stderr]     Checking dyn-clonable v0.9.0
[INFO] [stderr]    Compiling serde_derive v1.0.188
[INFO] [stderr]    Compiling thiserror-impl v1.0.48
[INFO] [stderr]    Compiling pest v2.7.3
[INFO] [stderr]     Checking regex v1.9.5
[INFO] [stderr]     Checking env_logger v0.10.0
[INFO] [stderr]    Compiling pest_meta v2.7.3
[INFO] [stderr]    Compiling pest_generator v2.7.3
[INFO] [stderr]    Compiling pest_derive v2.7.3
[INFO] [stderr]     Checking hashbrown v0.12.3
[INFO] [stderr]     Checking plonky2_field v0.1.0 (/opt/rustwide/workdir/field)
[INFO] [stderr]     Checking impl-serde v0.4.0
[INFO] [stderr]  Documenting plonky2_field v0.1.0 (/opt/rustwide/workdir/field)
[INFO] [stderr]     Checking primitive-types v0.12.1
[INFO] [stderr]     Checking ethbloom v0.13.0
[INFO] [stdout] error[E0554]: `#![feature]` may not be used on the beta release channel
[INFO] [stdout]  --> field/src/lib.rs:8:1
[INFO] [stdout]   |
[INFO] [stdout] 8 | #![feature(generic_const_exprs)]
[INFO] [stdout]   | ^^^^^^^^^^^^^^^^^^^^^^^^^^^^^^^^
[INFO] [stdout] 
[INFO] [stdout] 
[INFO] [stdout] error[E0554]: `#![feature]` may not be used on the beta release channel
[INFO] [stdout]  --> field/src/lib.rs:9:1
[INFO] [stdout]   |
[INFO] [stdout] 9 | #![feature(stdsimd)]
[INFO] [stdout]   | ^^^^^^^^^^^^^^^^^^^^
[INFO] [stdout] 
[INFO] [stdout] 
[INFO] [stdout] error[E0554]: `#![feature]` may not be used on the beta release channel
[INFO] [stdout]   --> field/src/lib.rs:10:1
[INFO] [stdout]    |
[INFO] [stdout] 10 | #![feature(specialization)]
[INFO] [stdout]    | ^^^^^^^^^^^^^^^^^^^^^^^^^^^
[INFO] [stdout] 
[INFO] [stdout] 
[INFO] [stdout] error[E0554]: `#![feature]` may not be used on the beta release channel
[INFO] [stdout]  --> field/src/lib.rs:8:1
[INFO] [stdout]   |
[INFO] [stdout] 8 | #![feature(generic_const_exprs)]
[INFO] [stdout]   | ^^^^^^^^^^^^^^^^^^^^^^^^^^^^^^^^
[INFO] [stdout] 
[INFO] [stdout] 
[INFO] [stdout] error[E0554]: `#![feature]` may not be used on the beta release channel
[INFO] [stdout]  --> field/src/lib.rs:9:1
[INFO] [stdout]   |
[INFO] [stdout] 9 | #![feature(stdsimd)]
[INFO] [stdout]   | ^^^^^^^^^^^^^^^^^^^^
[INFO] [stdout] 
[INFO] [stdout] 
[INFO] [stdout] error[E0554]: `#![feature]` may not be used on the beta release channel
[INFO] [stdout]   --> field/src/lib.rs:10:1
[INFO] [stdout]    |
[INFO] [stdout] 10 | #![feature(specialization)]
[INFO] [stdout]    | ^^^^^^^^^^^^^^^^^^^^^^^^^^^
[INFO] [stdout] 
[INFO] [stdout] 
[INFO] [stdout] error[E0554]: `#![feature]` may not be used on the beta release channel
[INFO] [stdout]  --> field/src/lib.rs:9:12
[INFO] [stdout]   |
[INFO] [stdout] 9 | #![feature(stdsimd)]
[INFO] [stdout]   |            ^^^^^^^
[INFO] [stdout] 
[INFO] [stdout] 
[INFO] [stdout] error: aborting due to 3 previous errors
[INFO] [stdout] 
[INFO] [stdout] 
[INFO] [stdout] For more information about this error, try `rustc --explain E0554`.
[INFO] [stdout] 
[INFO] [stderr] error: could not document `plonky2_field`
[INFO] [stderr] 
[INFO] [stderr] Caused by:
[INFO] [stderr]   process didn't exit successfully: `/opt/rustwide/rustup-home/toolchains/beta-2023-12-22-x86_64-unknown-linux-gnu/bin/rustdoc --edition=2021 --crate-type lib --crate-name plonky2_field field/src/lib.rs -o /opt/rustwide/target/doc --error-format=json --json=diagnostic-rendered-ansi,artifacts,future-incompat --document-private-items -C metadata=39430af509af561e -L dependency=/opt/rustwide/target/debug/deps --extern anyhow=/opt/rustwide/target/debug/deps/libanyhow-d175569fa4968c54.rmeta --extern itertools=/opt/rustwide/target/debug/deps/libitertools-caa732e6743421e5.rmeta --extern num=/opt/rustwide/target/debug/deps/libnum-9a706fb3244fce6d.rmeta --extern plonky2_util=/opt/rustwide/target/debug/deps/libplonky2_util-9d5bc95512f046f4.rmeta --extern rand=/opt/rustwide/target/debug/deps/librand-dd25c1b3a2967216.rmeta --extern serde=/opt/rustwide/target/debug/deps/libserde-cec52aa510c1b992.rmeta --extern static_assertions=/opt/rustwide/target/debug/deps/libstatic_assertions-c434cabeec96ace4.rmeta --extern unroll=/opt/rustwide/target/debug/deps/libunroll-b6c0e798397f0bda.so --cap-lints=warn --crate-version 0.1.0` (exit status: 1)
[INFO] [stderr] warning: build failed, waiting for other jobs to finish...
[INFO] [stdout] error: aborting due to 4 previous errors
[INFO] [stdout] 
[INFO] [stdout] 
[INFO] [stdout] For more information about this error, try `rustc --explain E0554`.
[INFO] [stdout] 
[INFO] [stderr] error: could not compile `plonky2_field` (lib) due to 5 previous errors
[INFO] running `Command { std: "docker" "inspect" "7f37924be4f1fefb37a483845dc515647ca79a021aa1b0dad358e8531a9d4767", kill_on_drop: false }`
[INFO] running `Command { std: "docker" "rm" "-f" "7f37924be4f1fefb37a483845dc515647ca79a021aa1b0dad358e8531a9d4767", kill_on_drop: false }`
[INFO] [stdout] 7f37924be4f1fefb37a483845dc515647ca79a021aa1b0dad358e8531a9d4767
