[INFO] cloning repository https://github.com/Eddio0141/hltas-editor-rs
[INFO] running `Command { std: "git" "-c" "credential.helper=" "-c" "credential.helper=/workspace/cargo-home/bin/git-credential-null" "clone" "--bare" "https://github.com/Eddio0141/hltas-editor-rs" "/workspace/cache/git-repos/https%3A%2F%2Fgithub.com%2FEddio0141%2Fhltas-editor-rs", kill_on_drop: false }`
[INFO] [stderr] Cloning into bare repository '/workspace/cache/git-repos/https%3A%2F%2Fgithub.com%2FEddio0141%2Fhltas-editor-rs'...
[INFO] running `Command { std: "git" "rev-parse" "HEAD", kill_on_drop: false }`
[INFO] [stdout] f3748e4ce867194c33e9b1a03ac78c0a88b4375c
[INFO] documenting Eddio0141/hltas-editor-rs against 1.75.0 for beta-1.76-rustdoc-1
[INFO] running `Command { std: "git" "clone" "/workspace/cache/git-repos/https%3A%2F%2Fgithub.com%2FEddio0141%2Fhltas-editor-rs" "/workspace/builds/worker-7-tc1/source", kill_on_drop: false }`
[INFO] [stderr] Cloning into '/workspace/builds/worker-7-tc1/source'...
[INFO] [stderr] done.
[INFO] validating manifest of git repo https://github.com/Eddio0141/hltas-editor-rs on toolchain 1.75.0
[INFO] running `Command { std: CARGO_HOME="/workspace/cargo-home" RUSTUP_HOME="/workspace/rustup-home" "/workspace/cargo-home/bin/cargo" "+1.75.0" "metadata" "--manifest-path" "Cargo.toml" "--no-deps", kill_on_drop: false }`
[INFO] started tweaking git repo https://github.com/Eddio0141/hltas-editor-rs
[INFO] finished tweaking git repo https://github.com/Eddio0141/hltas-editor-rs
[INFO] tweaked toml for git repo https://github.com/Eddio0141/hltas-editor-rs written to /workspace/builds/worker-7-tc1/source/Cargo.toml
[INFO] crate git repo https://github.com/Eddio0141/hltas-editor-rs already has a lockfile, it will not be regenerated
[INFO] running `Command { std: CARGO_HOME="/workspace/cargo-home" RUSTUP_HOME="/workspace/rustup-home" "/workspace/cargo-home/bin/cargo" "+1.75.0" "fetch" "--manifest-path" "Cargo.toml", kill_on_drop: false }`
[INFO] [stderr]     Updating crates.io index
[INFO] [stderr]  Downloading crates ...
[INFO] [stderr]   Downloaded ouroboros_macro v0.8.3
[INFO] [stderr]   Downloaded unic-langid v0.9.0
[INFO] [stderr]   Downloaded fluent-syntax v0.10.3
[INFO] [stderr]   Downloaded unic-langid-macros-impl v0.9.0
[INFO] [stderr]   Downloaded unic-langid-macros v0.9.0
[INFO] [stderr]   Downloaded serde_json v1.0.71
[INFO] [stderr]   Downloaded fluent v0.14.4
[INFO] [stderr]   Downloaded chlorine v1.0.10
[INFO] [stderr]   Downloaded fluent-templates v0.6.1
[INFO] [stderr]   Downloaded fluent-bundle v0.14.4
[INFO] [stderr]   Downloaded intl_pluralrules v7.0.1
[INFO] [stderr]   Downloaded flume v0.10.9
[INFO] [stderr]   Downloaded imgui v0.8.2
[INFO] [stderr]   Downloaded glium v0.30.2
[INFO] [stderr]   Downloaded imgui-sys v0.8.2
[INFO] [stderr]   Downloaded hltas v0.5.0
[INFO] [stderr]   Downloaded imgui-winit-support v0.8.0
[INFO] [stderr]   Downloaded fluent-template-macros v0.6.0
[INFO] [stderr]   Downloaded nanorand v0.6.1
[INFO] [stderr]   Downloaded ouroboros v0.8.3
[INFO] [stderr]   Downloaded crc32fast v1.2.2
[INFO] [stderr]   Downloaded unic-langid-impl v0.9.0
[INFO] [stderr]   Downloaded wfd v0.1.7
[INFO] [stderr]   Downloaded hltas_cleaner v2.1.0
[INFO] [stderr]   Downloaded imgui-glium-renderer v0.8.0
[INFO] [stderr]   Downloaded native-dialog v0.6.1
[INFO] running `Command { std: "docker" "create" "-v" "/var/lib/crater-agent-workspace/builds/worker-7-tc1/target:/opt/rustwide/target:rw,Z" "-v" "/var/lib/crater-agent-workspace/builds/worker-7-tc1/source:/opt/rustwide/workdir:ro,Z" "-v" "/var/lib/crater-agent-workspace/cargo-home:/opt/rustwide/cargo-home:ro,Z" "-v" "/var/lib/crater-agent-workspace/rustup-home:/opt/rustwide/rustup-home:ro,Z" "-e" "SOURCE_DIR=/opt/rustwide/workdir" "-e" "CARGO_TARGET_DIR=/opt/rustwide/target" "-e" "CARGO_HOME=/opt/rustwide/cargo-home" "-e" "RUSTUP_HOME=/opt/rustwide/rustup-home" "-w" "/opt/rustwide/workdir" "-m" "1610612736" "--user" "0:0" "--network" "none" "ghcr.io/rust-lang/crates-build-env/linux@sha256:2788e3201cd34a07e3172128adcd8b3090168a8e3bcc40d7c032b9dda1df7d1c" "/opt/rustwide/cargo-home/bin/cargo" "+1.75.0" "metadata" "--no-deps" "--format-version=1", kill_on_drop: false }`
[INFO] [stdout] 1f9c937430ba7f27b974b88d203f690b4c0e5a42be80ebfce828d54ce43df16d
[INFO] running `Command { std: "docker" "start" "-a" "1f9c937430ba7f27b974b88d203f690b4c0e5a42be80ebfce828d54ce43df16d", kill_on_drop: false }`
[INFO] running `Command { std: "docker" "inspect" "1f9c937430ba7f27b974b88d203f690b4c0e5a42be80ebfce828d54ce43df16d", kill_on_drop: false }`
[INFO] running `Command { std: "docker" "rm" "-f" "1f9c937430ba7f27b974b88d203f690b4c0e5a42be80ebfce828d54ce43df16d", kill_on_drop: false }`
[INFO] [stdout] 1f9c937430ba7f27b974b88d203f690b4c0e5a42be80ebfce828d54ce43df16d
[INFO] running `Command { std: "docker" "create" "-v" "/var/lib/crater-agent-workspace/builds/worker-7-tc1/target:/opt/rustwide/target:rw,Z" "-v" "/var/lib/crater-agent-workspace/builds/worker-7-tc1/source:/opt/rustwide/workdir:ro,Z" "-v" "/var/lib/crater-agent-workspace/cargo-home:/opt/rustwide/cargo-home:ro,Z" "-v" "/var/lib/crater-agent-workspace/rustup-home:/opt/rustwide/rustup-home:ro,Z" "-e" "SOURCE_DIR=/opt/rustwide/workdir" "-e" "CARGO_TARGET_DIR=/opt/rustwide/target" "-e" "CARGO_INCREMENTAL=0" "-e" "RUST_BACKTRACE=full" "-e" "RUSTFLAGS=--cap-lints=warn" "-e" "RUSTDOCFLAGS=--cap-lints=warn" "-e" "CARGO_HOME=/opt/rustwide/cargo-home" "-e" "RUSTUP_HOME=/opt/rustwide/rustup-home" "-w" "/opt/rustwide/workdir" "-m" "1610612736" "--user" "0:0" "--network" "none" "ghcr.io/rust-lang/crates-build-env/linux@sha256:2788e3201cd34a07e3172128adcd8b3090168a8e3bcc40d7c032b9dda1df7d1c" "/opt/rustwide/cargo-home/bin/cargo" "+1.75.0" "doc" "--frozen" "--no-deps" "--document-private-items" "--message-format=json", kill_on_drop: false }`
[INFO] [stdout] d7e31087ae071d6a12526a4a5ec72d5ac01f15a6e027ac39fba56d67ea3bb005
[INFO] running `Command { std: "docker" "start" "-a" "d7e31087ae071d6a12526a4a5ec72d5ac01f15a6e027ac39fba56d67ea3bb005", kill_on_drop: false }`
[INFO] [stderr]    Compiling libc v0.2.107
[INFO] [stderr]    Compiling proc-macro2 v1.0.32
[INFO] [stderr]    Compiling unicode-xid v0.2.2
[INFO] [stderr]    Compiling autocfg v1.0.1
[INFO] [stderr]    Compiling memchr v2.4.1
[INFO] [stderr]    Compiling xml-rs v0.8.4
[INFO] [stderr]    Compiling log v0.4.14
[INFO] [stderr]    Compiling syn v1.0.81
[INFO] [stderr]    Compiling version_check v0.9.3
[INFO] [stderr]    Compiling pkg-config v0.3.22
[INFO] [stderr]    Compiling memoffset v0.6.4
[INFO] [stderr]    Compiling crossbeam-utils v0.8.5
[INFO] [stderr]     Checking smallvec v1.7.0
[INFO] [stderr]     Checking scopeguard v1.1.0
[INFO] [stderr]    Compiling cfg-if v1.0.0
[INFO] [stderr]     Checking libloading v0.7.2
[INFO] [stderr]     Checking once_cell v1.8.0
[INFO] [stderr]     Checking dlib v0.5.0
[INFO] [stderr]    Compiling quote v1.0.10
[INFO] [stderr]     Checking downcast-rs v1.2.0
[INFO] [stderr]     Checking scoped-tls v1.0.0
[INFO] [stderr]    Compiling crossbeam-epoch v0.9.5
[INFO] [stderr]    Compiling proc-macro-hack v0.5.19
[INFO] [stderr]    Compiling wayland-scanner v0.28.6
[INFO] [stderr]    Compiling khronos_api v3.1.0
[INFO] [stderr]    Compiling wayland-sys v0.28.6
[INFO] [stderr]    Compiling nom v7.1.0
[INFO] [stderr]    Compiling tinystr v0.3.4
[INFO] [stderr]    Compiling unic-langid-impl v0.9.0
[INFO] [stderr]     Checking crossbeam-channel v0.5.1
[INFO] [stderr]     Checking crossbeam-deque v0.8.1
[INFO] [stderr]     Checking minimal-lexical v0.2.1
[INFO] [stderr]     Checking nix v0.20.0
[INFO] [stderr]    Compiling gl_generator v0.14.0
[INFO] [stderr]     Checking lock_api v0.4.5
[INFO] [stderr]    Compiling proc-macro-error-attr v1.0.4
[INFO] [stderr]    Compiling aho-corasick v0.7.18
[INFO] [stderr]    Compiling proc-macro-error v1.0.4
[INFO] [stderr]    Compiling regex-syntax v0.6.25
[INFO] [stderr]    Compiling wayland-client v0.28.6
[INFO] [stderr]    Compiling parking_lot_core v0.8.5
[INFO] [stderr]    Compiling cc v1.0.72
[INFO] [stderr]     Checking xcursor v0.3.4
[INFO] [stderr]     Checking same-file v1.0.6
[INFO] [stderr]     Checking walkdir v2.3.2
[INFO] [stderr]     Checking dirs-sys v0.3.6
[INFO] [stderr]    Compiling wayland-scanner v0.29.1
[INFO] [stderr]    Compiling x11-dl v2.19.1
[INFO] [stderr]     Checking instant v0.1.12
[INFO] [stderr]    Compiling crossbeam-queue v0.3.2
[INFO] [stderr]     Checking ttf-parser v0.6.2
[INFO] [stderr]    Compiling lazy_static v1.4.0
[INFO] [stderr]    Compiling regex v1.5.4
[INFO] [stderr]     Checking wayland-commons v0.28.6
[INFO] [stderr]    Compiling nix v0.18.0
[INFO] [stderr]     Checking dirs v3.0.2
[INFO] [stderr]    Compiling wayland-protocols v0.28.6
[INFO] [stderr]     Checking owned_ttf_parser v0.6.0
[INFO] [stderr]    Compiling wayland-sys v0.29.1
[INFO] [stderr]     Checking ab_glyph_rasterizer v0.1.5
[INFO] [stderr]     Checking cfg-if v0.1.10
[INFO] [stderr]    Compiling ryu v1.0.5
[INFO] [stderr]     Checking rusttype v0.9.2
[INFO] [stderr]     Checking xdg v2.4.0
[INFO] [stderr]     Checking parking_lot v0.11.2
[INFO] [stderr]     Checking nix v0.22.0
[INFO] [stderr]    Compiling miniz_oxide v0.4.4
[INFO] [stderr]     Checking libloading v0.6.7
[INFO] [stderr]    Compiling rayon-core v1.9.1
[INFO] [stderr]    Compiling futures-core v0.3.18
[INFO] [stderr]     Checking andrew v0.3.1
[INFO] [stderr]     Checking dlib v0.4.2
[INFO] [stderr]     Checking wayland-cursor v0.28.6
[INFO] [stderr]     Checking crossbeam v0.8.1
[INFO] [stderr]    Compiling wayland-client v0.29.1
[INFO] [stderr]     Checking memmap2 v0.1.0
[INFO] [stderr]     Checking mio v0.7.14
[INFO] [stderr]    Compiling num-traits v0.2.14
[INFO] [stderr]    Compiling winit v0.25.0
[INFO] [stderr]     Checking adler v1.0.2
[INFO] [stderr]     Checking either v1.6.1
[INFO] [stderr]     Checking mio-misc v1.2.1
[INFO] [stderr]    Compiling Inflector v0.11.4
[INFO] [stderr]    Compiling imgui-sys v0.8.2
[INFO] [stderr]     Checking calloop v0.6.5
[INFO] [stderr]    Compiling glutin_glx_sys v0.1.7
[INFO] [stderr]    Compiling unic-langid-macros-impl v0.9.0
[INFO] [stderr]    Compiling pin-project-internal v1.0.8
[INFO] [stderr]    Compiling glutin_egl_sys v0.1.5
[INFO] [stderr]     Checking num_cpus v1.13.0
[INFO] [stderr]     Checking raw-window-handle v0.3.3
[INFO] [stderr]     Checking wayland-commons v0.29.1
[INFO] [stderr]    Compiling rayon v1.5.1
[INFO] [stderr]     Checking unic-langid-macros v0.9.0
[INFO] [stderr]     Checking unic-langid v0.9.0
[INFO] [stderr]    Compiling num-integer v0.1.44
[INFO] [stderr]     Checking rustc-hash v1.1.0
[INFO] [stderr]    Compiling lexical-core v0.7.6
[INFO] [stderr]    Compiling serde_derive v1.0.132
[INFO] [stderr]     Checking type-map v0.4.0
[INFO] [stderr]    Compiling ouroboros_macro v0.8.3
[INFO] [stderr]    Compiling wayland-protocols v0.29.1
[INFO] [stderr]    Compiling backtrace v0.3.63
[INFO] [stderr]    Compiling xcb v0.8.2
[INFO] [stderr]    Compiling getrandom v0.2.3
[INFO] [stderr]    Compiling bstr v0.2.17
[INFO] [stderr]     Checking shared_library v0.1.9
[INFO] [stderr]    Compiling nom v5.1.2
[INFO] [stderr]    Compiling indexmap v1.7.0
[INFO] [stderr]    Compiling crc32fast v1.2.2
[INFO] [stderr]     Checking adler32 v1.2.0
[INFO] [stderr]    Compiling unicode-segmentation v1.8.0
[INFO] [stderr]     Checking gimli v0.26.1
[INFO] [stderr]    Compiling doc-comment v0.3.3
[INFO] [stderr]    Compiling serde v1.0.132
[INFO] [stderr]     Checking arrayvec v0.5.2
[INFO] [stderr]     Checking chlorine v1.0.10
[INFO] [stderr]    Compiling fnv v1.0.7
[INFO] [stderr]     Checking static_assertions v1.1.0
[INFO] [stderr]     Checking stable_deref_trait v1.2.0
[INFO] [stderr]    Compiling globset v0.4.8
[INFO] [stderr]    Compiling thread_local v1.1.3
[INFO] [stderr]     Checking ouroboros v0.8.3
[INFO] [stderr]    Compiling heck v0.3.3
[INFO] [stderr]     Checking osmesa-sys v0.1.2
[INFO] [stderr]    Compiling nanorand v0.6.1
[INFO] [stderr] error: failed to run custom build command for `xcb v0.8.2`
[INFO] [stderr] note: To improve backtraces for build dependencies, set the CARGO_PROFILE_DEV_BUILD_OVERRIDE_DEBUG=true environment variable to enable debug information generation.
[INFO] [stderr] 
[INFO] [stderr] Caused by:
[INFO] [stderr]   process didn't exit successfully: `/opt/rustwide/target/debug/build/xcb-01550b9d98496f1b/build-script-build` (exit status: 101)
[INFO] [stderr]   --- stderr
[INFO] [stderr]   error occured in handler:  ('request: ', ('xcb', 'SELinux', 'GetClientContext'))
[INFO] [stderr]   Traceback (most recent call last):
[INFO] [stderr]     File "/opt/rustwide/cargo-home/registry/src/index.crates.io-6f17d22bba15001f/xcb-0.8.2/rs_client.py", line 2448, in <module>
[INFO] [stderr]       module.generate()
[INFO] [stderr]     File "/opt/rustwide/cargo-home/registry/src/index.crates.io-6f17d22bba15001f/xcb-0.8.2/xcbgen/state.py", line 108, in generate
[INFO] [stderr]       self.close()
[INFO] [stderr]     File "/opt/rustwide/cargo-home/registry/src/index.crates.io-6f17d22bba15001f/xcb-0.8.2/rs_client.py", line 296, in rs_close
[INFO] [stderr]       _f.writeout(os.path.join(module.rs_srcdir, "ffi", "%s.rs" % _module_name(_ns.ext_name)))
[INFO] [stderr]     File "/opt/rustwide/cargo-home/registry/src/index.crates.io-6f17d22bba15001f/xcb-0.8.2/rs_client.py", line 114, in writeout
[INFO] [stderr]       with open(path, 'w') as f:
[INFO] [stderr]   OSError: [Errno 30] Read-only file system: '/opt/rustwide/cargo-home/registry/src/index.crates.io-6f17d22bba15001f/xcb-0.8.2/src/ffi/selinux.rs'
[INFO] [stderr]   thread 'main' panicked at /opt/rustwide/cargo-home/registry/src/index.crates.io-6f17d22bba15001f/xcb-0.8.2/build.rs:75:17:
[INFO] [stderr]   processing of /opt/rustwide/cargo-home/registry/src/index.crates.io-6f17d22bba15001f/xcb-0.8.2/xml/xselinux.xml returned non-zero (1)
[INFO] [stderr]   stack backtrace:
[INFO] [stderr]      0:     0x564d6c5aa2cc - std::backtrace_rs::backtrace::libunwind::trace::ha637c64ce894333a
[INFO] [stderr]                                  at /rustc/82e1608dfa6e0b5569232559e3d385fea5a93112/library/std/src/../../backtrace/src/backtrace/libunwind.rs:104:5
[INFO] [stderr]      1:     0x564d6c5aa2cc - std::backtrace_rs::backtrace::trace_unsynchronized::h47f62dea28e0c88d
[INFO] [stderr]                                  at /rustc/82e1608dfa6e0b5569232559e3d385fea5a93112/library/std/src/../../backtrace/src/backtrace/mod.rs:66:5
[INFO] [stderr]      2:     0x564d6c5aa2cc - std::sys_common::backtrace::_print_fmt::h9eef0abe20ede486
[INFO] [stderr]                                  at /rustc/82e1608dfa6e0b5569232559e3d385fea5a93112/library/std/src/sys_common/backtrace.rs:67:5
[INFO] [stderr]      3:     0x564d6c5aa2cc - <std::sys_common::backtrace::_print::DisplayBacktrace as core::fmt::Display>::fmt::hed7f999df88cc644
[INFO] [stderr]                                  at /rustc/82e1608dfa6e0b5569232559e3d385fea5a93112/library/std/src/sys_common/backtrace.rs:44:22
[INFO] [stderr]      4:     0x564d6c5cd6c0 - core::fmt::rt::Argument::fmt::h1539a9308b8d058d
[INFO] [stderr]                                  at /rustc/82e1608dfa6e0b5569232559e3d385fea5a93112/library/core/src/fmt/rt.rs:142:9
[INFO] [stderr]      5:     0x564d6c5cd6c0 - core::fmt::write::h3a39390d8560d9c9
[INFO] [stderr]                                  at /rustc/82e1608dfa6e0b5569232559e3d385fea5a93112/library/core/src/fmt/mod.rs:1120:17
[INFO] [stderr]      6:     0x564d6c5a829f - std::io::Write::write_fmt::h5fc9997dfe05f882
[INFO] [stderr]                                  at /rustc/82e1608dfa6e0b5569232559e3d385fea5a93112/library/std/src/io/mod.rs:1762:15
[INFO] [stderr]      7:     0x564d6c5aa0b4 - std::sys_common::backtrace::_print::h894006fb5c6f3d45
[INFO] [stderr]                                  at /rustc/82e1608dfa6e0b5569232559e3d385fea5a93112/library/std/src/sys_common/backtrace.rs:47:5
[INFO] [stderr]      8:     0x564d6c5aa0b4 - std::sys_common::backtrace::print::h23a2d212c6fff936
[INFO] [stderr]                                  at /rustc/82e1608dfa6e0b5569232559e3d385fea5a93112/library/std/src/sys_common/backtrace.rs:34:9
[INFO] [stderr]      9:     0x564d6c5ab757 - std::panicking::default_hook::{{closure}}::h8a1d2ee00185001a
[INFO] [stderr]     10:     0x564d6c5ab4bf - std::panicking::default_hook::h6038f2eba384e475
[INFO] [stderr]                                  at /rustc/82e1608dfa6e0b5569232559e3d385fea5a93112/library/std/src/panicking.rs:292:9
[INFO] [stderr]     11:     0x564d6c5abbd8 - std::panicking::rust_panic_with_hook::h2b5517d590cab22e
[INFO] [stderr]                                  at /rustc/82e1608dfa6e0b5569232559e3d385fea5a93112/library/std/src/panicking.rs:779:13
[INFO] [stderr]     12:     0x564d6c5ababe - std::panicking::begin_panic_handler::{{closure}}::h233112c06e0ef43e
[INFO] [stderr]                                  at /rustc/82e1608dfa6e0b5569232559e3d385fea5a93112/library/std/src/panicking.rs:657:13
[INFO] [stderr]     13:     0x564d6c5aa796 - std::sys_common::backtrace::__rust_end_short_backtrace::h6e893f24d7ebbff8
[INFO] [stderr]                                  at /rustc/82e1608dfa6e0b5569232559e3d385fea5a93112/library/std/src/sys_common/backtrace.rs:170:18
[INFO] [stderr]     14:     0x564d6c5ab822 - rust_begin_unwind
[INFO] [stderr]                                  at /rustc/82e1608dfa6e0b5569232559e3d385fea5a93112/library/std/src/panicking.rs:645:5
[INFO] [stderr]     15:     0x564d6c584285 - core::panicking::panic_fmt::hbf0e066aabfa482c
[INFO] [stderr]                                  at /rustc/82e1608dfa6e0b5569232559e3d385fea5a93112/library/core/src/panicking.rs:72:14
[INFO] [stderr]     16:     0x564d6c58a171 - build_script_build::main::{{closure}}::h51daa76ca602e79f
[INFO] [stderr]     17:     0x564d6c589065 - build_script_build::visit_xml::ha712887bc602adf1
[INFO] [stderr]     18:     0x564d6c589703 - build_script_build::main::hf9e3b23fe61f3c57
[INFO] [stderr]     19:     0x564d6c585e33 - core::ops::function::FnOnce::call_once::hb7e1bd0e9b336039
[INFO] [stderr]     20:     0x564d6c584dc6 - std::sys_common::backtrace::__rust_begin_short_backtrace::haae7c3bbd7cd18d1
[INFO] [stderr]     21:     0x564d6c585509 - std::rt::lang_start::{{closure}}::ha1f86b8364b0034a
[INFO] [stderr]     22:     0x564d6c5a4fa7 - core::ops::function::impls::<impl core::ops::function::FnOnce<A> for &F>::call_once::hd95060ecd5e1ca24
[INFO] [stderr]                                  at /rustc/82e1608dfa6e0b5569232559e3d385fea5a93112/library/core/src/ops/function.rs:284:13
[INFO] [stderr]     23:     0x564d6c5a4fa7 - std::panicking::try::do_call::h6e8cf51db32a6e4b
[INFO] [stderr]                                  at /rustc/82e1608dfa6e0b5569232559e3d385fea5a93112/library/std/src/panicking.rs:552:40
[INFO] [stderr]     24:     0x564d6c5a4fa7 - std::panicking::try::h3a52eefe24fe3c29
[INFO] [stderr]                                  at /rustc/82e1608dfa6e0b5569232559e3d385fea5a93112/library/std/src/panicking.rs:516:19
[INFO] [stderr]     25:     0x564d6c5a4fa7 - std::panic::catch_unwind::h24c28c23c02c3841
[INFO] [stderr]                                  at /rustc/82e1608dfa6e0b5569232559e3d385fea5a93112/library/std/src/panic.rs:142:14
[INFO] [stderr]     26:     0x564d6c5a4fa7 - std::rt::lang_start_internal::{{closure}}::h705d3c9cbc06ef47
[INFO] [stderr]                                  at /rustc/82e1608dfa6e0b5569232559e3d385fea5a93112/library/std/src/rt.rs:148:48
[INFO] [stderr]     27:     0x564d6c5a4fa7 - std::panicking::try::do_call::ha21f52ba13158470
[INFO] [stderr]                                  at /rustc/82e1608dfa6e0b5569232559e3d385fea5a93112/library/std/src/panicking.rs:552:40
[INFO] [stderr]     28:     0x564d6c5a4fa7 - std::panicking::try::h5581346bf6aeb1f8
[INFO] [stderr]                                  at /rustc/82e1608dfa6e0b5569232559e3d385fea5a93112/library/std/src/panicking.rs:516:19
[INFO] [stderr]     29:     0x564d6c5a4fa7 - std::panic::catch_unwind::h7919645a6b72e25b
[INFO] [stderr]                                  at /rustc/82e1608dfa6e0b5569232559e3d385fea5a93112/library/std/src/panic.rs:142:14
[INFO] [stderr]     30:     0x564d6c5a4fa7 - std::rt::lang_start_internal::h12de51168669836e
[INFO] [stderr]                                  at /rustc/82e1608dfa6e0b5569232559e3d385fea5a93112/library/std/src/rt.rs:148:20
[INFO] [stderr]     31:     0x564d6c5854e7 - std::rt::lang_start::h55503d0434b5ce7f
[INFO] [stderr]     32:     0x564d6c58a1f5 - main
[INFO] [stderr]     33:     0x7fbb77e03d90 - <unknown>
[INFO] [stderr]     34:     0x7fbb77e03e40 - __libc_start_main
[INFO] [stderr]     35:     0x564d6c5849a5 - _start
[INFO] [stderr]     36:                0x0 - <unknown>
[INFO] [stderr] warning: build failed, waiting for other jobs to finish...
[INFO] running `Command { std: "docker" "inspect" "d7e31087ae071d6a12526a4a5ec72d5ac01f15a6e027ac39fba56d67ea3bb005", kill_on_drop: false }`
[INFO] running `Command { std: "docker" "rm" "-f" "d7e31087ae071d6a12526a4a5ec72d5ac01f15a6e027ac39fba56d67ea3bb005", kill_on_drop: false }`
[INFO] [stdout] d7e31087ae071d6a12526a4a5ec72d5ac01f15a6e027ac39fba56d67ea3bb005
[INFO] documenting Eddio0141/hltas-editor-rs against beta-2023-12-22 for beta-1.76-rustdoc-1
[INFO] running `Command { std: "git" "clone" "/workspace/cache/git-repos/https%3A%2F%2Fgithub.com%2FEddio0141%2Fhltas-editor-rs" "/workspace/builds/worker-7-tc2/source", kill_on_drop: false }`
[INFO] [stderr] Cloning into '/workspace/builds/worker-7-tc2/source'...
[INFO] [stderr] done.
[INFO] validating manifest of git repo https://github.com/Eddio0141/hltas-editor-rs on toolchain beta-2023-12-22
[INFO] running `Command { std: CARGO_HOME="/workspace/cargo-home" RUSTUP_HOME="/workspace/rustup-home" "/workspace/cargo-home/bin/cargo" "+beta-2023-12-22" "metadata" "--manifest-path" "Cargo.toml" "--no-deps", kill_on_drop: false }`
[INFO] started tweaking git repo https://github.com/Eddio0141/hltas-editor-rs
[INFO] finished tweaking git repo https://github.com/Eddio0141/hltas-editor-rs
[INFO] tweaked toml for git repo https://github.com/Eddio0141/hltas-editor-rs written to /workspace/builds/worker-7-tc2/source/Cargo.toml
[INFO] crate git repo https://github.com/Eddio0141/hltas-editor-rs already has a lockfile, it will not be regenerated
[INFO] running `Command { std: CARGO_HOME="/workspace/cargo-home" RUSTUP_HOME="/workspace/rustup-home" "/workspace/cargo-home/bin/cargo" "+beta-2023-12-22" "fetch" "--manifest-path" "Cargo.toml", kill_on_drop: false }`
[INFO] running `Command { std: "docker" "create" "-v" "/var/lib/crater-agent-workspace/builds/worker-7-tc2/target:/opt/rustwide/target:rw,Z" "-v" "/var/lib/crater-agent-workspace/builds/worker-7-tc2/source:/opt/rustwide/workdir:ro,Z" "-v" "/var/lib/crater-agent-workspace/cargo-home:/opt/rustwide/cargo-home:ro,Z" "-v" "/var/lib/crater-agent-workspace/rustup-home:/opt/rustwide/rustup-home:ro,Z" "-e" "SOURCE_DIR=/opt/rustwide/workdir" "-e" "CARGO_TARGET_DIR=/opt/rustwide/target" "-e" "CARGO_HOME=/opt/rustwide/cargo-home" "-e" "RUSTUP_HOME=/opt/rustwide/rustup-home" "-w" "/opt/rustwide/workdir" "-m" "1610612736" "--user" "0:0" "--network" "none" "ghcr.io/rust-lang/crates-build-env/linux@sha256:2788e3201cd34a07e3172128adcd8b3090168a8e3bcc40d7c032b9dda1df7d1c" "/opt/rustwide/cargo-home/bin/cargo" "+beta-2023-12-22" "metadata" "--no-deps" "--format-version=1", kill_on_drop: false }`
[INFO] [stdout] 53f201b81b23bb41ef15bdc537b6e39df1182f6c1b7fd36e8a4bdf737e9007bb
[INFO] running `Command { std: "docker" "start" "-a" "53f201b81b23bb41ef15bdc537b6e39df1182f6c1b7fd36e8a4bdf737e9007bb", kill_on_drop: false }`
[INFO] running `Command { std: "docker" "inspect" "53f201b81b23bb41ef15bdc537b6e39df1182f6c1b7fd36e8a4bdf737e9007bb", kill_on_drop: false }`
[INFO] running `Command { std: "docker" "rm" "-f" "53f201b81b23bb41ef15bdc537b6e39df1182f6c1b7fd36e8a4bdf737e9007bb", kill_on_drop: false }`
[INFO] [stdout] 53f201b81b23bb41ef15bdc537b6e39df1182f6c1b7fd36e8a4bdf737e9007bb
[INFO] running `Command { std: "docker" "create" "-v" "/var/lib/crater-agent-workspace/builds/worker-7-tc2/target:/opt/rustwide/target:rw,Z" "-v" "/var/lib/crater-agent-workspace/builds/worker-7-tc2/source:/opt/rustwide/workdir:ro,Z" "-v" "/var/lib/crater-agent-workspace/cargo-home:/opt/rustwide/cargo-home:ro,Z" "-v" "/var/lib/crater-agent-workspace/rustup-home:/opt/rustwide/rustup-home:ro,Z" "-e" "SOURCE_DIR=/opt/rustwide/workdir" "-e" "CARGO_TARGET_DIR=/opt/rustwide/target" "-e" "CARGO_INCREMENTAL=0" "-e" "RUST_BACKTRACE=full" "-e" "RUSTFLAGS=--cap-lints=warn" "-e" "RUSTDOCFLAGS=--cap-lints=warn" "-e" "CARGO_HOME=/opt/rustwide/cargo-home" "-e" "RUSTUP_HOME=/opt/rustwide/rustup-home" "-w" "/opt/rustwide/workdir" "-m" "1610612736" "--user" "0:0" "--network" "none" "ghcr.io/rust-lang/crates-build-env/linux@sha256:2788e3201cd34a07e3172128adcd8b3090168a8e3bcc40d7c032b9dda1df7d1c" "/opt/rustwide/cargo-home/bin/cargo" "+beta-2023-12-22" "doc" "--frozen" "--no-deps" "--document-private-items" "--message-format=json", kill_on_drop: false }`
[INFO] [stdout] da107727dc6bd3a2fd5657b73fe2979d3369ed3414e96b3816d260e46821d04a
[INFO] running `Command { std: "docker" "start" "-a" "da107727dc6bd3a2fd5657b73fe2979d3369ed3414e96b3816d260e46821d04a", kill_on_drop: false }`
[INFO] [stderr]    Compiling libc v0.2.107
[INFO] [stderr]    Compiling proc-macro2 v1.0.32
[INFO] [stderr]    Compiling unicode-xid v0.2.2
[INFO] [stderr]    Compiling autocfg v1.0.1
[INFO] [stderr]    Compiling memchr v2.4.1
[INFO] [stderr]    Compiling log v0.4.14
[INFO] [stderr]    Compiling xml-rs v0.8.4
[INFO] [stderr]    Compiling syn v1.0.81
[INFO] [stderr]    Compiling version_check v0.9.3
[INFO] [stderr]    Compiling pkg-config v0.3.22
[INFO] [stderr]    Compiling crossbeam-utils v0.8.5
[INFO] [stderr]    Compiling memoffset v0.6.4
[INFO] [stderr]     Checking smallvec v1.7.0
[INFO] [stderr]    Compiling cfg-if v1.0.0
[INFO] [stderr]    Compiling quote v1.0.10
[INFO] [stderr]     Checking scopeguard v1.1.0
[INFO] [stderr]     Checking libloading v0.7.2
[INFO] [stderr]     Checking once_cell v1.8.0
[INFO] [stderr]     Checking dlib v0.5.0
[INFO] [stderr]    Compiling crossbeam-epoch v0.9.5
[INFO] [stderr]     Checking scoped-tls v1.0.0
[INFO] [stderr]     Checking downcast-rs v1.2.0
[INFO] [stderr]    Compiling wayland-scanner v0.28.6
[INFO] [stderr]    Compiling khronos_api v3.1.0
[INFO] [stderr]    Compiling proc-macro-hack v0.5.19
[INFO] [stderr]    Compiling wayland-sys v0.28.6
[INFO] [stderr]    Compiling nom v7.1.0
[INFO] [stderr]    Compiling tinystr v0.3.4
[INFO] [stderr]    Compiling unic-langid-impl v0.9.0
[INFO] [stderr]     Checking crossbeam-channel v0.5.1
[INFO] [stderr]     Checking crossbeam-deque v0.8.1
[INFO] [stderr]     Checking minimal-lexical v0.2.1
[INFO] [stderr]     Checking nix v0.20.0
[INFO] [stderr]    Compiling gl_generator v0.14.0
[INFO] [stderr]     Checking lock_api v0.4.5
[INFO] [stderr]    Compiling proc-macro-error-attr v1.0.4
[INFO] [stderr]    Compiling aho-corasick v0.7.18
[INFO] [stderr]    Compiling proc-macro-error v1.0.4
[INFO] [stderr]    Compiling wayland-client v0.28.6
[INFO] [stderr]    Compiling regex-syntax v0.6.25
[INFO] [stderr]    Compiling cc v1.0.72
[INFO] [stderr]     Checking xcursor v0.3.4
[INFO] [stderr]    Compiling parking_lot_core v0.8.5
[INFO] [stderr]     Checking same-file v1.0.6
[INFO] [stderr]     Checking walkdir v2.3.2
[INFO] [stderr]     Checking dirs-sys v0.3.6
[INFO] [stderr]    Compiling wayland-scanner v0.29.1
[INFO] [stderr]    Compiling x11-dl v2.19.1
[INFO] [stderr]     Checking instant v0.1.12
[INFO] [stderr]    Compiling nix v0.18.0
[INFO] [stderr]     Checking ttf-parser v0.6.2
[INFO] [stderr]    Compiling crossbeam-queue v0.3.2
[INFO] [stderr]    Compiling lazy_static v1.4.0
[INFO] [stderr]    Compiling regex v1.5.4
[INFO] [stderr]     Checking wayland-commons v0.28.6
[INFO] [stderr]     Checking dirs v3.0.2
[INFO] [stderr]    Compiling wayland-protocols v0.28.6
[INFO] [stderr]    Compiling wayland-sys v0.29.1
[INFO] [stderr]     Checking cfg-if v0.1.10
[INFO] [stderr]     Checking owned_ttf_parser v0.6.0
[INFO] [stderr]    Compiling ryu v1.0.5
[INFO] [stderr]     Checking ab_glyph_rasterizer v0.1.5
[INFO] [stderr]     Checking rusttype v0.9.2
[INFO] [stderr]     Checking parking_lot v0.11.2
[INFO] [stderr]     Checking xdg v2.4.0
[INFO] [stderr]     Checking nix v0.22.0
[INFO] [stderr]    Compiling miniz_oxide v0.4.4
[INFO] [stderr]     Checking libloading v0.6.7
[INFO] [stderr]    Compiling futures-core v0.3.18
[INFO] [stderr]    Compiling rayon-core v1.9.1
[INFO] [stderr]     Checking dlib v0.4.2
[INFO] [stderr]     Checking crossbeam v0.8.1
[INFO] [stderr]     Checking wayland-cursor v0.28.6
[INFO] [stderr]     Checking andrew v0.3.1
[INFO] [stderr]    Compiling wayland-client v0.29.1
[INFO] [stderr]     Checking memmap2 v0.1.0
[INFO] [stderr]     Checking mio v0.7.14
[INFO] [stderr]    Compiling num-traits v0.2.14
[INFO] [stderr]    Compiling winit v0.25.0
[INFO] [stderr]     Checking either v1.6.1
[INFO] [stderr]     Checking adler v1.0.2
[INFO] [stderr]     Checking mio-misc v1.2.1
[INFO] [stderr]    Compiling Inflector v0.11.4
[INFO] [stderr]    Compiling imgui-sys v0.8.2
[INFO] [stderr]    Compiling glutin_glx_sys v0.1.7
[INFO] [stderr]    Compiling glutin_egl_sys v0.1.5
[INFO] [stderr]    Compiling unic-langid-macros-impl v0.9.0
[INFO] [stderr]    Compiling pin-project-internal v1.0.8
[INFO] [stderr]     Checking calloop v0.6.5
[INFO] [stderr]     Checking raw-window-handle v0.3.3
[INFO] [stderr]     Checking wayland-commons v0.29.1
[INFO] [stderr]     Checking num_cpus v1.13.0
[INFO] [stderr]     Checking unic-langid-macros v0.9.0
[INFO] [stderr]    Compiling rayon v1.5.1
[INFO] [stderr]     Checking unic-langid v0.9.0
[INFO] [stderr]    Compiling num-integer v0.1.44
[INFO] [stderr]    Compiling serde_derive v1.0.132
[INFO] [stderr]     Checking rustc-hash v1.1.0
[INFO] [stderr]    Compiling lexical-core v0.7.6
[INFO] [stderr]     Checking type-map v0.4.0
[INFO] [stderr]    Compiling ouroboros_macro v0.8.3
[INFO] [stderr]    Compiling wayland-protocols v0.29.1
[INFO] [stderr]    Compiling xcb v0.8.2
[INFO] [stderr]    Compiling backtrace v0.3.63
[INFO] [stderr]    Compiling getrandom v0.2.3
[INFO] [stderr]    Compiling bstr v0.2.17
[INFO] [stderr]     Checking shared_library v0.1.9
[INFO] [stderr]    Compiling nom v5.1.2
[INFO] [stderr]    Compiling indexmap v1.7.0
[INFO] [stderr]    Compiling doc-comment v0.3.3
[INFO] [stderr]    Compiling fnv v1.0.7
[INFO] [stderr]     Checking gimli v0.26.1
[INFO] [stderr]     Checking chlorine v1.0.10
[INFO] [stderr]     Checking static_assertions v1.1.0
[INFO] [stderr]    Compiling unicode-segmentation v1.8.0
[INFO] [stderr]    Compiling serde v1.0.132
[INFO] [stderr]     Checking adler32 v1.2.0
[INFO] [stderr]    Compiling crc32fast v1.2.2
[INFO] [stderr]     Checking arrayvec v0.5.2
[INFO] [stderr]     Checking stable_deref_trait v1.2.0
[INFO] [stderr]    Compiling heck v0.3.3
[INFO] [stderr]     Checking ouroboros v0.8.3
[INFO] [stderr]    Compiling thread_local v1.1.3
[INFO] [stderr]    Compiling globset v0.4.8
[INFO] [stderr]     Checking osmesa-sys v0.1.2
[INFO] [stderr]    Compiling nanorand v0.6.1
[INFO] [stderr] error: failed to run custom build command for `xcb v0.8.2`
[INFO] [stderr] note: To improve backtraces for build dependencies, set the CARGO_PROFILE_DEV_BUILD_OVERRIDE_DEBUG=true environment variable to enable debug information generation.
[INFO] [stderr] 
[INFO] [stderr] Caused by:
[INFO] [stderr]   process didn't exit successfully: `/opt/rustwide/target/debug/build/xcb-c59f2dc5acbbbde6/build-script-build` (exit status: 101)
[INFO] [stderr]   --- stderr
[INFO] [stderr]   error occured in handler:  ('request: ', ('xcb', 'SELinux', 'GetClientContext'))
[INFO] [stderr]   Traceback (most recent call last):
[INFO] [stderr]     File "/opt/rustwide/cargo-home/registry/src/index.crates.io-6f17d22bba15001f/xcb-0.8.2/rs_client.py", line 2448, in <module>
[INFO] [stderr]       module.generate()
[INFO] [stderr]     File "/opt/rustwide/cargo-home/registry/src/index.crates.io-6f17d22bba15001f/xcb-0.8.2/xcbgen/state.py", line 108, in generate
[INFO] [stderr]       self.close()
[INFO] [stderr]     File "/opt/rustwide/cargo-home/registry/src/index.crates.io-6f17d22bba15001f/xcb-0.8.2/rs_client.py", line 296, in rs_close
[INFO] [stderr]       _f.writeout(os.path.join(module.rs_srcdir, "ffi", "%s.rs" % _module_name(_ns.ext_name)))
[INFO] [stderr]     File "/opt/rustwide/cargo-home/registry/src/index.crates.io-6f17d22bba15001f/xcb-0.8.2/rs_client.py", line 114, in writeout
[INFO] [stderr]       with open(path, 'w') as f:
[INFO] [stderr]   OSError: [Errno 30] Read-only file system: '/opt/rustwide/cargo-home/registry/src/index.crates.io-6f17d22bba15001f/xcb-0.8.2/src/ffi/selinux.rs'
[INFO] [stderr]   thread 'main' panicked at /opt/rustwide/cargo-home/registry/src/index.crates.io-6f17d22bba15001f/xcb-0.8.2/build.rs:75:17:
[INFO] [stderr]   processing of /opt/rustwide/cargo-home/registry/src/index.crates.io-6f17d22bba15001f/xcb-0.8.2/xml/xselinux.xml returned non-zero (1)
[INFO] [stderr]   stack backtrace:
[INFO] [stderr]      0:     0x55f331419376 - std::backtrace_rs::backtrace::libunwind::trace::h261606ad26a499c1
[INFO] [stderr]                                  at /rustc/0e09125c6c3c2fd70d7de961bcf0e51575235fad/library/std/src/../../backtrace/src/backtrace/libunwind.rs:104:5
[INFO] [stderr]      1:     0x55f331419376 - std::backtrace_rs::backtrace::trace_unsynchronized::hd183f0625477fb28
[INFO] [stderr]                                  at /rustc/0e09125c6c3c2fd70d7de961bcf0e51575235fad/library/std/src/../../backtrace/src/backtrace/mod.rs:66:5
[INFO] [stderr]      2:     0x55f331419376 - std::sys_common::backtrace::_print_fmt::hd7f8fef21b4eda67
[INFO] [stderr]                                  at /rustc/0e09125c6c3c2fd70d7de961bcf0e51575235fad/library/std/src/sys_common/backtrace.rs:68:5
[INFO] [stderr]      3:     0x55f331419376 - <std::sys_common::backtrace::_print::DisplayBacktrace as core::fmt::Display>::fmt::h623d9b51f2f453f1
[INFO] [stderr]                                  at /rustc/0e09125c6c3c2fd70d7de961bcf0e51575235fad/library/std/src/sys_common/backtrace.rs:44:22
[INFO] [stderr]      4:     0x55f33143baa0 - core::fmt::rt::Argument::fmt::h9f417ac76a86f368
[INFO] [stderr]                                  at /rustc/0e09125c6c3c2fd70d7de961bcf0e51575235fad/library/core/src/fmt/rt.rs:142:9
[INFO] [stderr]      5:     0x55f33143baa0 - core::fmt::write::hc9b6faf4ac2aeff7
[INFO] [stderr]                                  at /rustc/0e09125c6c3c2fd70d7de961bcf0e51575235fad/library/core/src/fmt/mod.rs:1120:17
[INFO] [stderr]      6:     0x55f3314173ef - std::io::Write::write_fmt::hfead1eee52c2e65e
[INFO] [stderr]                                  at /rustc/0e09125c6c3c2fd70d7de961bcf0e51575235fad/library/std/src/io/mod.rs:1810:15
[INFO] [stderr]      7:     0x55f331419154 - std::sys_common::backtrace::_print::hd5d66399c7df88a2
[INFO] [stderr]                                  at /rustc/0e09125c6c3c2fd70d7de961bcf0e51575235fad/library/std/src/sys_common/backtrace.rs:47:5
[INFO] [stderr]      8:     0x55f331419154 - std::sys_common::backtrace::print::he81ed2da642d37e5
[INFO] [stderr]                                  at /rustc/0e09125c6c3c2fd70d7de961bcf0e51575235fad/library/std/src/sys_common/backtrace.rs:34:9
[INFO] [stderr]      9:     0x55f33141a847 - std::panicking::default_hook::{{closure}}::h85773f4fa117163d
[INFO] [stderr]     10:     0x55f33141a5a9 - std::panicking::default_hook::h6a1694a91d09b278
[INFO] [stderr]                                  at /rustc/0e09125c6c3c2fd70d7de961bcf0e51575235fad/library/std/src/panicking.rs:292:9
[INFO] [stderr]     11:     0x55f33141acd8 - std::panicking::rust_panic_with_hook::h0a7ad96e90f7145b
[INFO] [stderr]                                  at /rustc/0e09125c6c3c2fd70d7de961bcf0e51575235fad/library/std/src/panicking.rs:779:13
[INFO] [stderr]     12:     0x55f33141abb2 - std::panicking::begin_panic_handler::{{closure}}::h7919090525c6485e
[INFO] [stderr]                                  at /rustc/0e09125c6c3c2fd70d7de961bcf0e51575235fad/library/std/src/panicking.rs:657:13
[INFO] [stderr]     13:     0x55f331419876 - std::sys_common::backtrace::__rust_end_short_backtrace::hf3289479464f7dfe
[INFO] [stderr]                                  at /rustc/0e09125c6c3c2fd70d7de961bcf0e51575235fad/library/std/src/sys_common/backtrace.rs:171:18
[INFO] [stderr]     14:     0x55f33141a910 - rust_begin_unwind
[INFO] [stderr]                                  at /rustc/0e09125c6c3c2fd70d7de961bcf0e51575235fad/library/std/src/panicking.rs:645:5
[INFO] [stderr]     15:     0x55f3313f3285 - core::panicking::panic_fmt::hcc9f77c5c132af55
[INFO] [stderr]                                  at /rustc/0e09125c6c3c2fd70d7de961bcf0e51575235fad/library/core/src/panicking.rs:72:14
[INFO] [stderr]     16:     0x55f3313f9141 - build_script_build::main::{{closure}}::ha41f39e681270833
[INFO] [stderr]     17:     0x55f3313f8033 - build_script_build::visit_xml::h4f1bc95413454607
[INFO] [stderr]     18:     0x55f3313f86d3 - build_script_build::main::hab575b56043152ef
[INFO] [stderr]     19:     0x55f3313f4d83 - core::ops::function::FnOnce::call_once::h4d97ed3241c031e5
[INFO] [stderr]     20:     0x55f3313f3dd6 - std::sys_common::backtrace::__rust_begin_short_backtrace::h75deebbc3f5f9471
[INFO] [stderr]     21:     0x55f3313f4509 - std::rt::lang_start::{{closure}}::h4deca3e6f077db03
[INFO] [stderr]     22:     0x55f331413fd1 - core::ops::function::impls::<impl core::ops::function::FnOnce<A> for &F>::call_once::h4eb4c5e1620f29b0
[INFO] [stderr]                                  at /rustc/0e09125c6c3c2fd70d7de961bcf0e51575235fad/library/core/src/ops/function.rs:284:13
[INFO] [stderr]     23:     0x55f331413fd1 - std::panicking::try::do_call::h73fd26535faffcdf
[INFO] [stderr]                                  at /rustc/0e09125c6c3c2fd70d7de961bcf0e51575235fad/library/std/src/panicking.rs:552:40
[INFO] [stderr]     24:     0x55f331413fd1 - std::panicking::try::h77ff1d98f0fb9f39
[INFO] [stderr]                                  at /rustc/0e09125c6c3c2fd70d7de961bcf0e51575235fad/library/std/src/panicking.rs:516:19
[INFO] [stderr]     25:     0x55f331413fd1 - std::panic::catch_unwind::hab3caf2448b95e37
[INFO] [stderr]                                  at /rustc/0e09125c6c3c2fd70d7de961bcf0e51575235fad/library/std/src/panic.rs:142:14
[INFO] [stderr]     26:     0x55f331413fd1 - std::rt::lang_start_internal::{{closure}}::h8086711f9c783f78
[INFO] [stderr]                                  at /rustc/0e09125c6c3c2fd70d7de961bcf0e51575235fad/library/std/src/rt.rs:148:48
[INFO] [stderr]     27:     0x55f331413fd1 - std::panicking::try::do_call::hf920d4dc291cd6ca
[INFO] [stderr]                                  at /rustc/0e09125c6c3c2fd70d7de961bcf0e51575235fad/library/std/src/panicking.rs:552:40
[INFO] [stderr]     28:     0x55f331413fd1 - std::panicking::try::h2b806ccc0a85db74
[INFO] [stderr]                                  at /rustc/0e09125c6c3c2fd70d7de961bcf0e51575235fad/library/std/src/panicking.rs:516:19
[INFO] [stderr]     29:     0x55f331413fd1 - std::panic::catch_unwind::h038489539c507df2
[INFO] [stderr]                                  at /rustc/0e09125c6c3c2fd70d7de961bcf0e51575235fad/library/std/src/panic.rs:142:14
[INFO] [stderr]     30:     0x55f331413fd1 - std::rt::lang_start_internal::h28503b88912e8a5c
[INFO] [stderr]                                  at /rustc/0e09125c6c3c2fd70d7de961bcf0e51575235fad/library/std/src/rt.rs:148:20
[INFO] [stderr]     31:     0x55f3313f44e7 - std::rt::lang_start::h3013aeb612ed9990
[INFO] [stderr]     32:     0x55f3313f91c5 - main
[INFO] [stderr]     33:     0x7f17ea511d90 - <unknown>
[INFO] [stderr]     34:     0x7f17ea511e40 - __libc_start_main
[INFO] [stderr]     35:     0x55f3313f39b5 - _start
[INFO] [stderr]     36:                0x0 - <unknown>
[INFO] [stderr] warning: build failed, waiting for other jobs to finish...
[INFO] running `Command { std: "docker" "inspect" "da107727dc6bd3a2fd5657b73fe2979d3369ed3414e96b3816d260e46821d04a", kill_on_drop: false }`
[INFO] running `Command { std: "docker" "rm" "-f" "da107727dc6bd3a2fd5657b73fe2979d3369ed3414e96b3816d260e46821d04a", kill_on_drop: false }`
[INFO] [stdout] da107727dc6bd3a2fd5657b73fe2979d3369ed3414e96b3816d260e46821d04a
