[INFO] cloning repository https://github.com/EcomDev/mage-os-database-changelog
[INFO] running `Command { std: "git" "-c" "credential.helper=" "-c" "credential.helper=/workspace/cargo-home/bin/git-credential-null" "clone" "--bare" "https://github.com/EcomDev/mage-os-database-changelog" "/workspace/cache/git-repos/https%3A%2F%2Fgithub.com%2FEcomDev%2Fmage-os-database-changelog", kill_on_drop: false }`
[INFO] [stderr] Cloning into bare repository '/workspace/cache/git-repos/https%3A%2F%2Fgithub.com%2FEcomDev%2Fmage-os-database-changelog'...
[INFO] running `Command { std: "git" "rev-parse" "HEAD", kill_on_drop: false }`
[INFO] [stdout] ee666f187e29547a8ad424032a393f08ec0b3c91
[INFO] documenting EcomDev/mage-os-database-changelog against 1.75.0 for beta-1.76-rustdoc-1
[INFO] running `Command { std: "git" "clone" "/workspace/cache/git-repos/https%3A%2F%2Fgithub.com%2FEcomDev%2Fmage-os-database-changelog" "/workspace/builds/worker-0-tc1/source", kill_on_drop: false }`
[INFO] [stderr] Cloning into '/workspace/builds/worker-0-tc1/source'...
[INFO] [stderr] done.
[INFO] validating manifest of git repo https://github.com/EcomDev/mage-os-database-changelog on toolchain 1.75.0
[INFO] running `Command { std: CARGO_HOME="/workspace/cargo-home" RUSTUP_HOME="/workspace/rustup-home" "/workspace/cargo-home/bin/cargo" "+1.75.0" "metadata" "--manifest-path" "Cargo.toml" "--no-deps", kill_on_drop: false }`
[INFO] removed /workspace/builds/worker-0-tc1/source/rust-toolchain.toml
[INFO] started tweaking git repo https://github.com/EcomDev/mage-os-database-changelog
[INFO] finished tweaking git repo https://github.com/EcomDev/mage-os-database-changelog
[INFO] tweaked toml for git repo https://github.com/EcomDev/mage-os-database-changelog written to /workspace/builds/worker-0-tc1/source/Cargo.toml
[INFO] crate git repo https://github.com/EcomDev/mage-os-database-changelog already has a lockfile, it will not be regenerated
[INFO] running `Command { std: CARGO_HOME="/workspace/cargo-home" RUSTUP_HOME="/workspace/rustup-home" "/workspace/cargo-home/bin/cargo" "+1.75.0" "fetch" "--manifest-path" "Cargo.toml", kill_on_drop: false }`
[INFO] [stderr]  Downloading crates ...
[INFO] [stderr]   Downloaded frunk_derives v0.4.1
[INFO] [stderr]   Downloaded frunk_proc_macros v0.1.1
[INFO] [stderr]   Downloaded rkyv_derive v0.7.41
[INFO] [stderr]   Downloaded frunk_core v0.4.1
[INFO] [stderr]   Downloaded frunk_proc_macro_helpers v0.1.1
[INFO] [stderr]   Downloaded frunk_proc_macros_impl v0.1.1
[INFO] [stderr]   Downloaded serde_test v1.0.163
[INFO] [stderr]   Downloaded frunk v0.4.1
[INFO] [stderr]   Downloaded rkyv v0.7.41
[INFO] [stderr]   Downloaded mysql_common v0.30.4
[INFO] [stderr]   Downloaded priority-queue v1.3.1
[INFO] [stderr]   Downloaded rust_decimal v1.29.1
[INFO] running `Command { std: "docker" "create" "-v" "/var/lib/crater-agent-workspace/builds/worker-0-tc1/target:/opt/rustwide/target:rw,Z" "-v" "/var/lib/crater-agent-workspace/builds/worker-0-tc1/source:/opt/rustwide/workdir:ro,Z" "-v" "/var/lib/crater-agent-workspace/cargo-home:/opt/rustwide/cargo-home:ro,Z" "-v" "/var/lib/crater-agent-workspace/rustup-home:/opt/rustwide/rustup-home:ro,Z" "-e" "SOURCE_DIR=/opt/rustwide/workdir" "-e" "CARGO_TARGET_DIR=/opt/rustwide/target" "-e" "CARGO_HOME=/opt/rustwide/cargo-home" "-e" "RUSTUP_HOME=/opt/rustwide/rustup-home" "-w" "/opt/rustwide/workdir" "-m" "1610612736" "--user" "0:0" "--network" "none" "ghcr.io/rust-lang/crates-build-env/linux@sha256:2788e3201cd34a07e3172128adcd8b3090168a8e3bcc40d7c032b9dda1df7d1c" "/opt/rustwide/cargo-home/bin/cargo" "+1.75.0" "metadata" "--no-deps" "--format-version=1", kill_on_drop: false }`
[INFO] [stdout] 4a9d83668528a122190946825448390fb35f3a2db006438869bc0fa5e03b4731
[INFO] running `Command { std: "docker" "start" "-a" "4a9d83668528a122190946825448390fb35f3a2db006438869bc0fa5e03b4731", kill_on_drop: false }`
[INFO] running `Command { std: "docker" "inspect" "4a9d83668528a122190946825448390fb35f3a2db006438869bc0fa5e03b4731", kill_on_drop: false }`
[INFO] running `Command { std: "docker" "rm" "-f" "4a9d83668528a122190946825448390fb35f3a2db006438869bc0fa5e03b4731", kill_on_drop: false }`
[INFO] [stdout] 4a9d83668528a122190946825448390fb35f3a2db006438869bc0fa5e03b4731
[INFO] running `Command { std: "docker" "create" "-v" "/var/lib/crater-agent-workspace/builds/worker-0-tc1/target:/opt/rustwide/target:rw,Z" "-v" "/var/lib/crater-agent-workspace/builds/worker-0-tc1/source:/opt/rustwide/workdir:ro,Z" "-v" "/var/lib/crater-agent-workspace/cargo-home:/opt/rustwide/cargo-home:ro,Z" "-v" "/var/lib/crater-agent-workspace/rustup-home:/opt/rustwide/rustup-home:ro,Z" "-e" "SOURCE_DIR=/opt/rustwide/workdir" "-e" "CARGO_TARGET_DIR=/opt/rustwide/target" "-e" "CARGO_INCREMENTAL=0" "-e" "RUST_BACKTRACE=full" "-e" "RUSTFLAGS=--cap-lints=warn" "-e" "RUSTDOCFLAGS=--cap-lints=warn" "-e" "CARGO_HOME=/opt/rustwide/cargo-home" "-e" "RUSTUP_HOME=/opt/rustwide/rustup-home" "-w" "/opt/rustwide/workdir" "-m" "1610612736" "--user" "0:0" "--network" "none" "ghcr.io/rust-lang/crates-build-env/linux@sha256:2788e3201cd34a07e3172128adcd8b3090168a8e3bcc40d7c032b9dda1df7d1c" "/opt/rustwide/cargo-home/bin/cargo" "+1.75.0" "doc" "--frozen" "--no-deps" "--document-private-items" "--message-format=json", kill_on_drop: false }`
[INFO] [stdout] 95d4ca5c9514f61e134976df0ae87a9bb150f72318c8941618c8e6dcc6ad79ed
[INFO] running `Command { std: "docker" "start" "-a" "95d4ca5c9514f61e134976df0ae87a9bb150f72318c8941618c8e6dcc6ad79ed", kill_on_drop: false }`
[INFO] [stderr]    Compiling proc-macro2 v1.0.56
[INFO] [stderr]    Compiling quote v1.0.26
[INFO] [stderr]    Compiling unicode-ident v1.0.8
[INFO] [stderr]    Compiling libc v0.2.141
[INFO] [stderr]    Compiling version_check v0.9.4
[INFO] [stderr]    Compiling cc v1.0.79
[INFO] [stderr]    Compiling syn v1.0.109
[INFO] [stderr]     Checking once_cell v1.17.1
[INFO] [stderr]    Compiling indexmap v1.9.3
[INFO] [stderr]     Checking static_assertions v1.1.0
[INFO] [stderr]    Compiling typenum v1.16.0
[INFO] [stderr]    Compiling serde v1.0.163
[INFO] [stderr]    Compiling generic-array v0.14.7
[INFO] [stderr]    Compiling num-traits v0.2.15
[INFO] [stderr]    Compiling glob v0.3.1
[INFO] [stderr]    Compiling log v0.4.17
[INFO] [stderr]    Compiling clang-sys v1.6.1
[INFO] [stderr]    Compiling syn v2.0.16
[INFO] [stderr]    Compiling memchr v2.5.0
[INFO] [stderr]     Checking lexical-util v0.8.5
[INFO] [stderr]     Checking untrusted v0.7.1
[INFO] [stderr]    Compiling crossbeam-utils v0.8.15
[INFO] [stderr]     Checking spin v0.5.2
[INFO] [stderr]    Compiling ring v0.16.20
[INFO] [stderr]    Compiling num-bigint v0.4.3
[INFO] [stderr]    Compiling io-lifetimes v1.0.10
[INFO] [stderr]     Checking pin-project-lite v0.2.9
[INFO] [stderr]    Compiling frunk_core v0.4.1
[INFO] [stderr]    Compiling minimal-lexical v0.2.1
[INFO] [stderr]    Compiling proc-macro-hack v0.5.20+deprecated
[INFO] [stderr]    Compiling libloading v0.7.4
[INFO] [stderr]    Compiling nom v7.1.3
[INFO] [stderr]     Checking getrandom v0.2.9
[INFO] [stderr]    Compiling proc-macro-error-attr v1.0.4
[INFO] [stderr]    Compiling memoffset v0.8.0
[INFO] [stderr]    Compiling num-integer v0.1.45
[INFO] [stderr]    Compiling tokio v1.27.0
[INFO] [stderr]     Checking bytes v1.4.0
[INFO] [stderr]    Compiling regex-syntax v0.6.29
[INFO] [stderr]    Compiling hashbrown v0.12.3
[INFO] [stderr]    Compiling pkg-config v0.3.26
[INFO] [stderr]    Compiling bindgen v0.59.2
[INFO] [stderr]    Compiling rustix v0.37.11
[INFO] [stderr]    Compiling thiserror v1.0.40
[INFO] [stderr]    Compiling futures-core v0.3.28
[INFO] [stderr]    Compiling cexpr v0.6.0
[INFO] [stderr]    Compiling darling_core v0.20.1
[INFO] [stderr]    Compiling libz-sys v1.1.8
[INFO] [stderr]    Compiling frunk_proc_macro_helpers v0.1.1
[INFO] [stderr]    Compiling regex v1.7.3
[INFO] [stderr]     Checking rand_core v0.6.4
[INFO] [stderr]     Checking block-buffer v0.10.4
[INFO] [stderr]     Checking crypto-common v0.1.6
[INFO] [stderr]     Checking mio v0.8.6
[INFO] [stderr]     Checking socket2 v0.4.9
[INFO] [stderr]     Checking signal-hook-registry v1.4.1
[INFO] [stderr]     Checking num_cpus v1.15.0
[INFO] [stderr]     Checking lexical-parse-integer v0.8.6
[INFO] [stderr]     Checking lexical-write-integer v0.8.5
[INFO] [stderr]    Compiling ahash v0.8.3
[INFO] [stderr]    Compiling proc-macro-error v1.0.4
[INFO] [stderr]    Compiling crossbeam-epoch v0.9.14
[INFO] [stderr]    Compiling shlex v1.1.0
[INFO] [stderr]    Compiling heck v0.4.1
[INFO] [stderr]    Compiling bitflags v1.3.2
[INFO] [stderr]    Compiling radium v0.7.0
[INFO] [stderr]     Checking linux-raw-sys v0.3.1
[INFO] [stderr]    Compiling serde_derive v1.0.163
[INFO] [stderr]    Compiling tokio-macros v2.0.0
[INFO] [stderr]    Compiling thiserror-impl v1.0.40
[INFO] [stderr]    Compiling crc32fast v1.3.2
[INFO] [stderr]    Compiling peeking_take_while v0.1.2
[INFO] [stderr]    Compiling winnow v0.4.1
[INFO] [stderr]    Compiling lazycell v1.3.0
[INFO] [stderr]    Compiling toml_datetime v0.6.1
[INFO] [stderr]    Compiling lazy_static v1.4.0
[INFO] [stderr]    Compiling rustc-hash v1.1.0
[INFO] [stderr]     Checking tinyvec_macros v0.1.1
[INFO] [stderr]     Checking tinyvec v1.6.0
[INFO] [stderr]    Compiling frunk_proc_macros_impl v0.1.1
[INFO] [stderr]     Checking rand_chacha v0.3.1
[INFO] [stderr]    Compiling darling_macro v0.20.1
[INFO] [stderr]     Checking lexical-parse-float v0.8.5
[INFO] [stderr]    Compiling toml_edit v0.19.8
[INFO] [stderr]     Checking lexical-write-float v0.8.5
[INFO] [stderr]     Checking digest v0.10.6
[INFO] [stderr]     Checking rustls-webpki v0.100.1
[INFO] [stderr]    Compiling subprocess v0.2.9
[INFO] [stderr]    Compiling cmake v0.1.50
[INFO] [stderr]    Compiling slab v0.4.8
[INFO] [stderr]    Compiling rustls v0.21.1
[INFO] [stderr]     Checking adler v1.0.2
[INFO] [stderr]     Checking base64 v0.21.0
[INFO] [stderr]    Compiling crossbeam-queue v0.3.8
[INFO] [stderr]    Compiling serde_json v1.0.95
[INFO] [stderr]     Checking cpufeatures v0.2.6
[INFO] [stderr]     Checking utf8parse v0.2.1
[INFO] [stderr]    Compiling rust_decimal v1.29.1
[INFO] [stderr]    Compiling futures-task v0.3.28
[INFO] [stderr]     Checking tap v1.0.1
[INFO] [stderr]     Checking wyz v0.5.1
[INFO] [stderr]     Checking anstyle-parse v0.1.1
[INFO] [stderr]    Compiling proc-macro-crate v1.3.1
[INFO] [stderr]     Checking miniz_oxide v0.6.2
[INFO] [stderr]     Checking aho-corasick v0.7.20
[INFO] [stderr]     Checking lexical-core v0.8.5
[INFO] [stderr]     Checking is-terminal v0.4.7
[INFO] [stderr]    Compiling darling v0.20.1
[INFO] [stderr]     Checking rand v0.8.5
[INFO] [stderr]     Checking unicode-normalization v0.1.22
[INFO] [stderr]    Compiling tracing-attributes v0.1.23
[INFO] [stderr]     Checking frunk_proc_macros v0.1.1
[INFO] [stderr]    Compiling frunk_derives v0.4.1
[INFO] [stderr]     Checking sct v0.7.0
[INFO] [stderr]     Checking tracing-core v0.1.30
[INFO] [stderr]    Compiling priority-queue v1.3.1
[INFO] [stderr]     Checking anstyle v0.3.5
[INFO] [stderr]    Compiling futures-util v0.3.28
[INFO] [stderr]     Checking concolor-override v1.0.0
[INFO] [stderr]     Checking funty v2.0.0
[INFO] [stderr]     Checking itoa v1.0.6
[INFO] [stderr]     Checking concolor-query v0.3.3
[INFO] [stderr]     Checking percent-encoding v2.2.0
[INFO] [stderr]     Checking arrayvec v0.7.2
[INFO] [stderr]    Compiling paste v1.0.12
[INFO] [stderr]     Checking ryu v1.0.13
[INFO] [stderr]     Checking unicode-bidi v0.3.13
[INFO] [stderr]    Compiling termcolor v1.2.0
[INFO] [stderr]     Checking time-core v0.1.0
[INFO] [stderr]     Checking time v0.3.20
[INFO] [stderr]     Checking bitvec v1.0.1
[INFO] [stderr]     Checking idna v0.3.0
[INFO] [stderr]    Compiling mysql-common-derive v0.30.2
[INFO] [stderr]    Compiling mysql_common v0.30.4
[INFO] [stderr]     Checking serde_spanned v0.6.1
[INFO] [stderr]     Checking tracing v0.1.37
[INFO] [stderr]     Checking frunk v0.4.1
[INFO] [stderr]     Checking form_urlencoded v1.1.0
[INFO] [stderr]     Checking anstream v0.2.6
[INFO] [stderr]     Checking bigdecimal v0.3.0
[INFO] [stderr]     Checking flate2 v1.0.25
[INFO] [stderr]     Checking hashbrown v0.13.2
[INFO] [stderr]     Checking lexical v6.1.1
[INFO] [stderr]     Checking crossbeam-deque v0.8.3
[INFO] [stderr]     Checking sha1 v0.10.5
[INFO] [stderr]     Checking sha2 v0.10.6
[INFO] [stderr]    Compiling pin-project-internal v1.0.12
[INFO] [stderr]    Compiling futures-macro v0.3.28
[INFO] [stderr]     Checking crossbeam-channel v0.5.8
[INFO] [stderr]     Checking bitflags v2.3.1
[INFO] [stderr]     Checking clap_lex v0.4.1
[INFO] [stderr]     Checking strsim v0.10.0
[INFO] [stderr]     Checking saturating v0.1.0
[INFO] [stderr]     Checking smallvec v1.10.0
[INFO] [stderr]     Checking uuid v1.3.1
[INFO] [stderr]     Checking futures-sink v0.3.28
[INFO] [stderr]     Checking tokio-util v0.7.7
[INFO] [stderr]     Checking clap_builder v4.2.1
[INFO] [stderr]     Checking crossbeam v0.8.2
[INFO] [stderr]     Checking lru v0.10.0
[INFO] [stderr]     Checking tokio-rustls v0.24.0
[INFO] [stderr]     Checking url v2.3.1
[INFO] [stderr]     Checking twox-hash v1.6.3
[INFO] [stderr]     Checking pem v2.0.1
[INFO] [stderr]     Checking rustls-pemfile v1.0.2
[INFO] [stderr]     Checking webpki-roots v0.23.0
[INFO] [stderr]    Compiling clap_derive v4.2.0
[INFO] [stderr]     Checking webpki v0.22.0
[INFO] [stderr]     Checking pin-project v1.0.12
[INFO] [stderr]     Checking socket2 v0.5.3
[INFO] [stderr]     Checking rmp v0.8.11
[INFO] [stderr]     Checking tokio-stream v0.1.12
[INFO] [stderr]     Checking toml v0.7.3
[INFO] [stderr]     Checking clap v4.2.1
[INFO] [stderr]     Checking mysql_async v0.32.2
[INFO] [stderr]     Checking mage-os-database-changelog v0.1.0 (/opt/rustwide/workdir)
[INFO] [stderr]  Documenting mage-os-database-changelog v0.1.0 (/opt/rustwide/workdir)
[INFO] [stdout] error[E0554]: `#![feature]` may not be used on the stable release channel
[INFO] [stdout]  --> src/lib/mod.rs:1:1
[INFO] [stdout]   |
[INFO] [stdout] 1 | #![feature(async_fn_in_trait)]
[INFO] [stdout]   | ^^^^^^^^^^^^^^^^^^^^^^^^^^^^^^ help: remove the attribute
[INFO] [stdout]   |
[INFO] [stdout]   = help: the feature `async_fn_in_trait` has been stable since `1.75.0` and no longer requires an attribute to enable
[INFO] [stdout] 
[INFO] [stdout] 
[INFO] [stdout] warning: unused macro definition: `process_event`
[INFO] [stdout]  --> src/lib/replication/observer/macros.rs:1:14
[INFO] [stdout]   |
[INFO] [stdout] 1 | macro_rules! process_event(
[INFO] [stdout]   |              ^^^^^^^^^^^^^
[INFO] [stdout]   |
[INFO] [stdout]   = note: `#[warn(unused_macros)]` on by default
[INFO] [stdout] 
[INFO] [stdout] 
[INFO] [stdout] error[E0554]: `#![feature]` may not be used on the stable release channel
[INFO] [stdout]  --> src/lib/mod.rs:1:1
[INFO] [stdout]   |
[INFO] [stdout] 1 | #![feature(async_fn_in_trait)]
[INFO] [stdout]   | ^^^^^^^^^^^^^^^^^^^^^^^^^^^^^^ help: remove the attribute
[INFO] [stdout]   |
[INFO] [stdout]   = help: the feature `async_fn_in_trait` has been stable since `1.75.0` and no longer requires an attribute to enable
[INFO] [stdout] 
[INFO] [stdout] 
[INFO] [stdout] warning: the feature `async_fn_in_trait` has been stable since 1.75.0 and no longer requires an attribute to enable
[INFO] [stdout]  --> src/lib/mod.rs:1:12
[INFO] [stdout]   |
[INFO] [stdout] 1 | #![feature(async_fn_in_trait)]
[INFO] [stdout]   |            ^^^^^^^^^^^^^^^^^
[INFO] [stdout]   |
[INFO] [stdout]   = note: `#[warn(stable_features)]` on by default
[INFO] [stdout] 
[INFO] [stdout] 
[INFO] [stdout] error: aborting due to previous error
[INFO] [stdout] 
[INFO] [stdout] 
[INFO] [stdout] For more information about this error, try `rustc --explain E0554`.
[INFO] [stdout] 
[INFO] [stderr] error: could not document `mage-os-database-changelog`
[INFO] [stderr] 
[INFO] [stderr] Caused by:
[INFO] [stderr]   process didn't exit successfully: `/opt/rustwide/rustup-home/toolchains/1.75.0-x86_64-unknown-linux-gnu/bin/rustdoc --edition=2021 --crate-type lib --crate-name mage_os_database_changelog src/lib/mod.rs -o /opt/rustwide/target/doc --error-format=json --json=diagnostic-rendered-ansi,artifacts,future-incompat --document-private-items -C metadata=0e56099177c7211f -L dependency=/opt/rustwide/target/debug/deps --extern bitvec=/opt/rustwide/target/debug/deps/libbitvec-bb0e03d1746ed239.rmeta --extern clap=/opt/rustwide/target/debug/deps/libclap-77f2e2e2ce73b973.rmeta --extern mysql_async=/opt/rustwide/target/debug/deps/libmysql_async-70f00b231111cb98.rmeta --extern mysql_common=/opt/rustwide/target/debug/deps/libmysql_common-7901c1e36e21699c.rmeta --extern rmp=/opt/rustwide/target/debug/deps/librmp-3ad12b846d7ad63c.rmeta --extern serde=/opt/rustwide/target/debug/deps/libserde-d2d7099d9a4172bd.rmeta --extern serde_json=/opt/rustwide/target/debug/deps/libserde_json-f0a57a48655a5820.rmeta --extern smallvec=/opt/rustwide/target/debug/deps/libsmallvec-d7ee266e80d9b493.rmeta --extern thiserror=/opt/rustwide/target/debug/deps/libthiserror-3e3f59b10cfd0d63.rmeta --extern tokio=/opt/rustwide/target/debug/deps/libtokio-3b79b0583d5f907e.rmeta --extern tokio_stream=/opt/rustwide/target/debug/deps/libtokio_stream-44a3943ea9d600a0.rmeta --extern toml=/opt/rustwide/target/debug/deps/libtoml-77396fb75615c58f.rmeta --extern tracing=/opt/rustwide/target/debug/deps/libtracing-3fd8268baa1d00e8.rmeta --cap-lints=warn --crate-version 0.1.0` (exit status: 1)
[INFO] [stderr] warning: build failed, waiting for other jobs to finish...
[INFO] [stdout] error: aborting due to previous error; 2 warnings emitted
[INFO] [stdout] 
[INFO] [stdout] 
[INFO] [stdout] For more information about this error, try `rustc --explain E0554`.
[INFO] [stdout] 
[INFO] [stderr] error: could not compile `mage-os-database-changelog` (lib) due to 2 previous errors; 2 warnings emitted
[INFO] running `Command { std: "docker" "inspect" "95d4ca5c9514f61e134976df0ae87a9bb150f72318c8941618c8e6dcc6ad79ed", kill_on_drop: false }`
[INFO] running `Command { std: "docker" "rm" "-f" "95d4ca5c9514f61e134976df0ae87a9bb150f72318c8941618c8e6dcc6ad79ed", kill_on_drop: false }`
[INFO] [stdout] 95d4ca5c9514f61e134976df0ae87a9bb150f72318c8941618c8e6dcc6ad79ed
[INFO] documenting EcomDev/mage-os-database-changelog against beta-2023-12-22 for beta-1.76-rustdoc-1
[INFO] running `Command { std: "git" "clone" "/workspace/cache/git-repos/https%3A%2F%2Fgithub.com%2FEcomDev%2Fmage-os-database-changelog" "/workspace/builds/worker-0-tc2/source", kill_on_drop: false }`
[INFO] [stderr] Cloning into '/workspace/builds/worker-0-tc2/source'...
[INFO] [stderr] done.
[INFO] validating manifest of git repo https://github.com/EcomDev/mage-os-database-changelog on toolchain beta-2023-12-22
[INFO] running `Command { std: CARGO_HOME="/workspace/cargo-home" RUSTUP_HOME="/workspace/rustup-home" "/workspace/cargo-home/bin/cargo" "+beta-2023-12-22" "metadata" "--manifest-path" "Cargo.toml" "--no-deps", kill_on_drop: false }`
[INFO] removed /workspace/builds/worker-0-tc2/source/rust-toolchain.toml
[INFO] started tweaking git repo https://github.com/EcomDev/mage-os-database-changelog
[INFO] finished tweaking git repo https://github.com/EcomDev/mage-os-database-changelog
[INFO] tweaked toml for git repo https://github.com/EcomDev/mage-os-database-changelog written to /workspace/builds/worker-0-tc2/source/Cargo.toml
[INFO] crate git repo https://github.com/EcomDev/mage-os-database-changelog already has a lockfile, it will not be regenerated
[INFO] running `Command { std: CARGO_HOME="/workspace/cargo-home" RUSTUP_HOME="/workspace/rustup-home" "/workspace/cargo-home/bin/cargo" "+beta-2023-12-22" "fetch" "--manifest-path" "Cargo.toml", kill_on_drop: false }`
[INFO] running `Command { std: "docker" "create" "-v" "/var/lib/crater-agent-workspace/builds/worker-0-tc2/target:/opt/rustwide/target:rw,Z" "-v" "/var/lib/crater-agent-workspace/builds/worker-0-tc2/source:/opt/rustwide/workdir:ro,Z" "-v" "/var/lib/crater-agent-workspace/cargo-home:/opt/rustwide/cargo-home:ro,Z" "-v" "/var/lib/crater-agent-workspace/rustup-home:/opt/rustwide/rustup-home:ro,Z" "-e" "SOURCE_DIR=/opt/rustwide/workdir" "-e" "CARGO_TARGET_DIR=/opt/rustwide/target" "-e" "CARGO_HOME=/opt/rustwide/cargo-home" "-e" "RUSTUP_HOME=/opt/rustwide/rustup-home" "-w" "/opt/rustwide/workdir" "-m" "1610612736" "--user" "0:0" "--network" "none" "ghcr.io/rust-lang/crates-build-env/linux@sha256:2788e3201cd34a07e3172128adcd8b3090168a8e3bcc40d7c032b9dda1df7d1c" "/opt/rustwide/cargo-home/bin/cargo" "+beta-2023-12-22" "metadata" "--no-deps" "--format-version=1", kill_on_drop: false }`
[INFO] [stdout] c50baff7e806b300cfab84d175915464cef54ebcff3589fa10c04510bba7f6f9
[INFO] running `Command { std: "docker" "start" "-a" "c50baff7e806b300cfab84d175915464cef54ebcff3589fa10c04510bba7f6f9", kill_on_drop: false }`
[INFO] running `Command { std: "docker" "inspect" "c50baff7e806b300cfab84d175915464cef54ebcff3589fa10c04510bba7f6f9", kill_on_drop: false }`
[INFO] running `Command { std: "docker" "rm" "-f" "c50baff7e806b300cfab84d175915464cef54ebcff3589fa10c04510bba7f6f9", kill_on_drop: false }`
[INFO] [stdout] c50baff7e806b300cfab84d175915464cef54ebcff3589fa10c04510bba7f6f9
[INFO] running `Command { std: "docker" "create" "-v" "/var/lib/crater-agent-workspace/builds/worker-0-tc2/target:/opt/rustwide/target:rw,Z" "-v" "/var/lib/crater-agent-workspace/builds/worker-0-tc2/source:/opt/rustwide/workdir:ro,Z" "-v" "/var/lib/crater-agent-workspace/cargo-home:/opt/rustwide/cargo-home:ro,Z" "-v" "/var/lib/crater-agent-workspace/rustup-home:/opt/rustwide/rustup-home:ro,Z" "-e" "SOURCE_DIR=/opt/rustwide/workdir" "-e" "CARGO_TARGET_DIR=/opt/rustwide/target" "-e" "CARGO_INCREMENTAL=0" "-e" "RUST_BACKTRACE=full" "-e" "RUSTFLAGS=--cap-lints=warn" "-e" "RUSTDOCFLAGS=--cap-lints=warn" "-e" "CARGO_HOME=/opt/rustwide/cargo-home" "-e" "RUSTUP_HOME=/opt/rustwide/rustup-home" "-w" "/opt/rustwide/workdir" "-m" "1610612736" "--user" "0:0" "--network" "none" "ghcr.io/rust-lang/crates-build-env/linux@sha256:2788e3201cd34a07e3172128adcd8b3090168a8e3bcc40d7c032b9dda1df7d1c" "/opt/rustwide/cargo-home/bin/cargo" "+beta-2023-12-22" "doc" "--frozen" "--no-deps" "--document-private-items" "--message-format=json", kill_on_drop: false }`
[INFO] [stdout] 9b303169d3938d1ce5c613c3706a86d8397554609e19b52256f3a6748d0eb40f
[INFO] running `Command { std: "docker" "start" "-a" "9b303169d3938d1ce5c613c3706a86d8397554609e19b52256f3a6748d0eb40f", kill_on_drop: false }`
[INFO] [stderr]    Compiling proc-macro2 v1.0.56
[INFO] [stderr]    Compiling quote v1.0.26
[INFO] [stderr]    Compiling unicode-ident v1.0.8
[INFO] [stderr]    Compiling libc v0.2.141
[INFO] [stderr]    Compiling version_check v0.9.4
[INFO] [stderr]    Compiling cc v1.0.79
[INFO] [stderr]    Compiling syn v1.0.109
[INFO] [stderr]     Checking once_cell v1.17.1
[INFO] [stderr]    Compiling indexmap v1.9.3
[INFO] [stderr]    Compiling serde v1.0.163
[INFO] [stderr]    Compiling typenum v1.16.0
[INFO] [stderr]     Checking static_assertions v1.1.0
[INFO] [stderr]    Compiling generic-array v0.14.7
[INFO] [stderr]    Compiling num-traits v0.2.15
[INFO] [stderr]    Compiling glob v0.3.1
[INFO] [stderr]    Compiling log v0.4.17
[INFO] [stderr]    Compiling memchr v2.5.0
[INFO] [stderr]    Compiling clang-sys v1.6.1
[INFO] [stderr]     Checking lexical-util v0.8.5
[INFO] [stderr]    Compiling syn v2.0.16
[INFO] [stderr]     Checking untrusted v0.7.1
[INFO] [stderr]     Checking spin v0.5.2
[INFO] [stderr]    Compiling crossbeam-utils v0.8.15
[INFO] [stderr]    Compiling ring v0.16.20
[INFO] [stderr]    Compiling num-bigint v0.4.3
[INFO] [stderr]    Compiling proc-macro-hack v0.5.20+deprecated
[INFO] [stderr]    Compiling minimal-lexical v0.2.1
[INFO] [stderr]    Compiling io-lifetimes v1.0.10
[INFO] [stderr]    Compiling frunk_core v0.4.1
[INFO] [stderr]     Checking pin-project-lite v0.2.9
[INFO] [stderr]    Compiling libloading v0.7.4
[INFO] [stderr]    Compiling nom v7.1.3
[INFO] [stderr]     Checking getrandom v0.2.9
[INFO] [stderr]    Compiling proc-macro-error-attr v1.0.4
[INFO] [stderr]    Compiling num-integer v0.1.45
[INFO] [stderr]    Compiling memoffset v0.8.0
[INFO] [stderr]    Compiling tokio v1.27.0
[INFO] [stderr]    Compiling pkg-config v0.3.26
[INFO] [stderr]    Compiling regex-syntax v0.6.29
[INFO] [stderr]     Checking bytes v1.4.0
[INFO] [stderr]    Compiling hashbrown v0.12.3
[INFO] [stderr]    Compiling bindgen v0.59.2
[INFO] [stderr]    Compiling thiserror v1.0.40
[INFO] [stderr]    Compiling futures-core v0.3.28
[INFO] [stderr]    Compiling rustix v0.37.11
[INFO] [stderr]    Compiling darling_core v0.20.1
[INFO] [stderr]    Compiling frunk_proc_macro_helpers v0.1.1
[INFO] [stderr]    Compiling cexpr v0.6.0
[INFO] [stderr]    Compiling libz-sys v1.1.8
[INFO] [stderr]    Compiling regex v1.7.3
[INFO] [stderr]     Checking rand_core v0.6.4
[INFO] [stderr]     Checking crypto-common v0.1.6
[INFO] [stderr]     Checking block-buffer v0.10.4
[INFO] [stderr]     Checking mio v0.8.6
[INFO] [stderr]     Checking socket2 v0.4.9
[INFO] [stderr]     Checking num_cpus v1.15.0
[INFO] [stderr]     Checking signal-hook-registry v1.4.1
[INFO] [stderr]     Checking lexical-write-integer v0.8.5
[INFO] [stderr]     Checking lexical-parse-integer v0.8.6
[INFO] [stderr]    Compiling ahash v0.8.3
[INFO] [stderr]    Compiling proc-macro-error v1.0.4
[INFO] [stderr]    Compiling crossbeam-epoch v0.9.14
[INFO] [stderr]    Compiling heck v0.4.1
[INFO] [stderr]    Compiling rustc-hash v1.1.0
[INFO] [stderr]    Compiling peeking_take_while v0.1.2
[INFO] [stderr]    Compiling lazycell v1.3.0
[INFO] [stderr]     Checking linux-raw-sys v0.3.1
[INFO] [stderr]    Compiling bitflags v1.3.2
[INFO] [stderr]    Compiling serde_derive v1.0.163
[INFO] [stderr]    Compiling tokio-macros v2.0.0
[INFO] [stderr]    Compiling thiserror-impl v1.0.40
[INFO] [stderr]    Compiling winnow v0.4.1
[INFO] [stderr]    Compiling lazy_static v1.4.0
[INFO] [stderr]    Compiling shlex v1.1.0
[INFO] [stderr]    Compiling radium v0.7.0
[INFO] [stderr]    Compiling toml_datetime v0.6.1
[INFO] [stderr]    Compiling crc32fast v1.3.2
[INFO] [stderr]     Checking tinyvec_macros v0.1.1
[INFO] [stderr]     Checking tinyvec v1.6.0
[INFO] [stderr]    Compiling frunk_proc_macros_impl v0.1.1
[INFO] [stderr]    Compiling toml_edit v0.19.8
[INFO] [stderr]     Checking rand_chacha v0.3.1
[INFO] [stderr]    Compiling darling_macro v0.20.1
[INFO] [stderr]     Checking lexical-parse-float v0.8.5
[INFO] [stderr]     Checking lexical-write-float v0.8.5
[INFO] [stderr]     Checking digest v0.10.6
[INFO] [stderr]     Checking rustls-webpki v0.100.1
[INFO] [stderr]    Compiling subprocess v0.2.9
[INFO] [stderr]    Compiling cmake v0.1.50
[INFO] [stderr]    Compiling slab v0.4.8
[INFO] [stderr]     Checking base64 v0.21.0
[INFO] [stderr]    Compiling serde_json v1.0.95
[INFO] [stderr]     Checking tap v1.0.1
[INFO] [stderr]    Compiling rustls v0.21.1
[INFO] [stderr]     Checking adler v1.0.2
[INFO] [stderr]    Compiling rust_decimal v1.29.1
[INFO] [stderr]    Compiling futures-task v0.3.28
[INFO] [stderr]    Compiling crossbeam-queue v0.3.8
[INFO] [stderr]     Checking utf8parse v0.2.1
[INFO] [stderr]     Checking cpufeatures v0.2.6
[INFO] [stderr]     Checking anstyle-parse v0.1.1
[INFO] [stderr]    Compiling proc-macro-crate v1.3.1
[INFO] [stderr]     Checking miniz_oxide v0.6.2
[INFO] [stderr]     Checking wyz v0.5.1
[INFO] [stderr]     Checking aho-corasick v0.7.20
[INFO] [stderr]     Checking lexical-core v0.8.5
[INFO] [stderr]    Compiling darling v0.20.1
[INFO] [stderr]     Checking is-terminal v0.4.7
[INFO] [stderr]     Checking rand v0.8.5
[INFO] [stderr]     Checking unicode-normalization v0.1.22
[INFO] [stderr]     Checking frunk_proc_macros v0.1.1
[INFO] [stderr]    Compiling tracing-attributes v0.1.23
[INFO] [stderr]    Compiling frunk_derives v0.4.1
[INFO] [stderr]     Checking sct v0.7.0
[INFO] [stderr]     Checking tracing-core v0.1.30
[INFO] [stderr]    Compiling priority-queue v1.3.1
[INFO] [stderr]     Checking concolor-override v1.0.0
[INFO] [stderr]     Checking itoa v1.0.6
[INFO] [stderr]     Checking concolor-query v0.3.3
[INFO] [stderr]     Checking time-core v0.1.0
[INFO] [stderr]    Compiling futures-util v0.3.28
[INFO] [stderr]     Checking unicode-bidi v0.3.13
[INFO] [stderr]     Checking funty v2.0.0
[INFO] [stderr]     Checking percent-encoding v2.2.0
[INFO] [stderr]     Checking anstyle v0.3.5
[INFO] [stderr]     Checking ryu v1.0.13
[INFO] [stderr]    Compiling paste v1.0.12
[INFO] [stderr]     Checking arrayvec v0.7.2
[INFO] [stderr]    Compiling termcolor v1.2.0
[INFO] [stderr]     Checking bitvec v1.0.1
[INFO] [stderr]     Checking serde_spanned v0.6.1
[INFO] [stderr]    Compiling mysql-common-derive v0.30.2
[INFO] [stderr]     Checking frunk v0.4.1
[INFO] [stderr]    Compiling mysql_common v0.30.4
[INFO] [stderr]     Checking anstream v0.2.6
[INFO] [stderr]     Checking form_urlencoded v1.1.0
[INFO] [stderr]     Checking idna v0.3.0
[INFO] [stderr]     Checking time v0.3.20
[INFO] [stderr]     Checking bigdecimal v0.3.0
[INFO] [stderr]     Checking tracing v0.1.37
[INFO] [stderr]     Checking flate2 v1.0.25
[INFO] [stderr]     Checking hashbrown v0.13.2
[INFO] [stderr]     Checking lexical v6.1.1
[INFO] [stderr]     Checking crossbeam-deque v0.8.3
[INFO] [stderr]     Checking sha2 v0.10.6
[INFO] [stderr]     Checking sha1 v0.10.5
[INFO] [stderr]    Compiling pin-project-internal v1.0.12
[INFO] [stderr]    Compiling futures-macro v0.3.28
[INFO] [stderr]     Checking crossbeam-channel v0.5.8
[INFO] [stderr]     Checking bitflags v2.3.1
[INFO] [stderr]     Checking uuid v1.3.1
[INFO] [stderr]     Checking saturating v0.1.0
[INFO] [stderr]     Checking futures-sink v0.3.28
[INFO] [stderr]     Checking smallvec v1.10.0
[INFO] [stderr]     Checking strsim v0.10.0
[INFO] [stderr]     Checking clap_lex v0.4.1
[INFO] [stderr]     Checking tokio-util v0.7.7
[INFO] [stderr]     Checking crossbeam v0.8.2
[INFO] [stderr]     Checking lru v0.10.0
[INFO] [stderr]     Checking clap_builder v4.2.1
[INFO] [stderr]     Checking url v2.3.1
[INFO] [stderr]     Checking tokio-rustls v0.24.0
[INFO] [stderr]     Checking twox-hash v1.6.3
[INFO] [stderr]     Checking pem v2.0.1
[INFO] [stderr]     Checking rustls-pemfile v1.0.2
[INFO] [stderr]     Checking webpki-roots v0.23.0
[INFO] [stderr]    Compiling clap_derive v4.2.0
[INFO] [stderr]     Checking webpki v0.22.0
[INFO] [stderr]     Checking pin-project v1.0.12
[INFO] [stderr]     Checking socket2 v0.5.3
[INFO] [stderr]     Checking rmp v0.8.11
[INFO] [stderr]     Checking tokio-stream v0.1.12
[INFO] [stderr]     Checking toml v0.7.3
[INFO] [stderr]     Checking clap v4.2.1
[INFO] [stderr]     Checking mysql_async v0.32.2
[INFO] [stderr]     Checking mage-os-database-changelog v0.1.0 (/opt/rustwide/workdir)
[INFO] [stderr]  Documenting mage-os-database-changelog v0.1.0 (/opt/rustwide/workdir)
[INFO] [stdout] error[E0554]: `#![feature]` may not be used on the beta release channel
[INFO] [stdout]  --> src/lib/mod.rs:1:1
[INFO] [stdout]   |
[INFO] [stdout] 1 | #![feature(async_fn_in_trait)]
[INFO] [stdout]   | ^^^^^^^^^^^^^^^^^^^^^^^^^^^^^^ help: remove the attribute
[INFO] [stdout]   |
[INFO] [stdout]   = help: the feature `async_fn_in_trait` has been stable since `1.75.0` and no longer requires an attribute to enable
[INFO] [stdout] 
[INFO] [stdout] 
[INFO] [stdout] error[E0554]: `#![feature]` may not be used on the beta release channel
[INFO] [stdout]  --> src/lib/mod.rs:1:1
[INFO] [stdout]   |
[INFO] [stdout] 1 | #![feature(async_fn_in_trait)]
[INFO] [stdout]   | ^^^^^^^^^^^^^^^^^^^^^^^^^^^^^^ help: remove the attribute
[INFO] [stdout]   |
[INFO] [stdout]   = help: the feature `async_fn_in_trait` has been stable since `1.75.0` and no longer requires an attribute to enable
[INFO] [stdout] 
[INFO] [stdout] 
[INFO] [stdout] warning: unused macro definition: `process_event`
[INFO] [stdout]  --> src/lib/replication/observer/macros.rs:1:14
[INFO] [stdout]   |
[INFO] [stdout] 1 | macro_rules! process_event(
[INFO] [stdout]   |              ^^^^^^^^^^^^^
[INFO] [stdout]   |
[INFO] [stdout]   = note: `#[warn(unused_macros)]` on by default
[INFO] [stdout] 
[INFO] [stdout] 
[INFO] [stdout] warning: the feature `async_fn_in_trait` has been stable since 1.75.0 and no longer requires an attribute to enable
[INFO] [stdout]  --> src/lib/mod.rs:1:12
[INFO] [stdout]   |
[INFO] [stdout] 1 | #![feature(async_fn_in_trait)]
[INFO] [stdout]   |            ^^^^^^^^^^^^^^^^^
[INFO] [stdout]   |
[INFO] [stdout]   = note: `#[warn(stable_features)]` on by default
[INFO] [stdout] 
[INFO] [stdout] 
[INFO] [stdout] error: aborting due to 1 previous error
[INFO] [stdout] 
[INFO] [stdout] 
[INFO] [stdout] For more information about this error, try `rustc --explain E0554`.
[INFO] [stdout] 
[INFO] [stderr] error: could not document `mage-os-database-changelog`
[INFO] [stderr] 
[INFO] [stderr] Caused by:
[INFO] [stderr]   process didn't exit successfully: `/opt/rustwide/rustup-home/toolchains/beta-2023-12-22-x86_64-unknown-linux-gnu/bin/rustdoc --edition=2021 --crate-type lib --crate-name mage_os_database_changelog src/lib/mod.rs -o /opt/rustwide/target/doc --error-format=json --json=diagnostic-rendered-ansi,artifacts,future-incompat --document-private-items -C metadata=a500bf6f786667d6 -L dependency=/opt/rustwide/target/debug/deps --extern bitvec=/opt/rustwide/target/debug/deps/libbitvec-ced9850f9783ead5.rmeta --extern clap=/opt/rustwide/target/debug/deps/libclap-ecbb25722b6d261f.rmeta --extern mysql_async=/opt/rustwide/target/debug/deps/libmysql_async-0d0496b07735abc8.rmeta --extern mysql_common=/opt/rustwide/target/debug/deps/libmysql_common-8647719b7bc69333.rmeta --extern rmp=/opt/rustwide/target/debug/deps/librmp-560e4635fa7c0bc0.rmeta --extern serde=/opt/rustwide/target/debug/deps/libserde-c45dfdc5472b0c44.rmeta --extern serde_json=/opt/rustwide/target/debug/deps/libserde_json-95e0815fa33ba7fc.rmeta --extern smallvec=/opt/rustwide/target/debug/deps/libsmallvec-12de824cd2ea811e.rmeta --extern thiserror=/opt/rustwide/target/debug/deps/libthiserror-ae22f408b321a722.rmeta --extern tokio=/opt/rustwide/target/debug/deps/libtokio-f1105e65ca23aa30.rmeta --extern tokio_stream=/opt/rustwide/target/debug/deps/libtokio_stream-06b56fdda0c421ad.rmeta --extern toml=/opt/rustwide/target/debug/deps/libtoml-271ffcc670266f30.rmeta --extern tracing=/opt/rustwide/target/debug/deps/libtracing-5fb14d4ac8f5e3db.rmeta --cap-lints=warn --crate-version 0.1.0` (exit status: 1)
[INFO] [stderr] warning: build failed, waiting for other jobs to finish...
[INFO] [stdout] error: aborting due to 1 previous error; 2 warnings emitted
[INFO] [stdout] 
[INFO] [stdout] 
[INFO] [stdout] For more information about this error, try `rustc --explain E0554`.
[INFO] [stdout] 
[INFO] [stderr] error: could not compile `mage-os-database-changelog` (lib) due to 2 previous errors; 2 warnings emitted
[INFO] running `Command { std: "docker" "inspect" "9b303169d3938d1ce5c613c3706a86d8397554609e19b52256f3a6748d0eb40f", kill_on_drop: false }`
[INFO] running `Command { std: "docker" "rm" "-f" "9b303169d3938d1ce5c613c3706a86d8397554609e19b52256f3a6748d0eb40f", kill_on_drop: false }`
[INFO] [stdout] 9b303169d3938d1ce5c613c3706a86d8397554609e19b52256f3a6748d0eb40f
