[INFO] cloning repository https://github.com/ENDERZOMBI102/Ungine.rs
[INFO] running `Command { std: "git" "-c" "credential.helper=" "-c" "credential.helper=/workspace/cargo-home/bin/git-credential-null" "clone" "--bare" "https://github.com/ENDERZOMBI102/Ungine.rs" "/workspace/cache/git-repos/https%3A%2F%2Fgithub.com%2FENDERZOMBI102%2FUngine.rs", kill_on_drop: false }`
[INFO] [stderr] Cloning into bare repository '/workspace/cache/git-repos/https%3A%2F%2Fgithub.com%2FENDERZOMBI102%2FUngine.rs'...
[INFO] running `Command { std: "git" "rev-parse" "HEAD", kill_on_drop: false }`
[INFO] [stdout] 2b4902d56a61cff193d86006787110e58aafd4cc
[INFO] documenting ENDERZOMBI102/Ungine.rs against 1.75.0 for beta-1.76-rustdoc-1
[INFO] running `Command { std: "git" "clone" "/workspace/cache/git-repos/https%3A%2F%2Fgithub.com%2FENDERZOMBI102%2FUngine.rs" "/workspace/builds/worker-6-tc1/source", kill_on_drop: false }`
[INFO] [stderr] Cloning into '/workspace/builds/worker-6-tc1/source'...
[INFO] [stderr] done.
[INFO] validating manifest of git repo https://github.com/ENDERZOMBI102/Ungine.rs on toolchain 1.75.0
[INFO] running `Command { std: CARGO_HOME="/workspace/cargo-home" RUSTUP_HOME="/workspace/rustup-home" "/workspace/cargo-home/bin/cargo" "+1.75.0" "metadata" "--manifest-path" "Cargo.toml" "--no-deps", kill_on_drop: false }`
[INFO] removed /workspace/builds/worker-6-tc1/source/.cargo/config.toml
[INFO] removed /workspace/builds/worker-6-tc1/source/rust-toolchain.toml
[INFO] started tweaking git repo https://github.com/ENDERZOMBI102/Ungine.rs
[INFO] finished tweaking git repo https://github.com/ENDERZOMBI102/Ungine.rs
[INFO] tweaked toml for git repo https://github.com/ENDERZOMBI102/Ungine.rs written to /workspace/builds/worker-6-tc1/source/Cargo.toml
[INFO] crate git repo https://github.com/ENDERZOMBI102/Ungine.rs already has a lockfile, it will not be regenerated
[INFO] running `Command { std: CARGO_HOME="/workspace/cargo-home" RUSTUP_HOME="/workspace/rustup-home" "/workspace/cargo-home/bin/cargo" "+1.75.0" "fetch" "--manifest-path" "Cargo.toml", kill_on_drop: false }`
[INFO] [stderr]     Updating crates.io index
[INFO] [stderr]  Downloading crates ...
[INFO] [stderr]   Downloaded redox_syscall v0.3.4
[INFO] [stderr]   Downloaded advancedresearch-tree_mem_sort v0.2.0
[INFO] [stderr]   Downloaded memmap2 v0.9.0
[INFO] [stderr]   Downloaded sha256 v1.4.0
[INFO] [stderr]   Downloaded tiny-skia-path v0.11.2
[INFO] [stderr]   Downloaded discord-rich-presence v0.2.3
[INFO] [stderr]   Downloaded sctk-adwaita v0.7.0
[INFO] [stderr]   Downloaded rhai_codegen v1.5.0
[INFO] [stderr]   Downloaded steamworks v0.10.0
[INFO] [stderr]   Downloaded savefile v0.16.2
[INFO] [stderr]   Downloaded tiny-skia v0.11.2
[INFO] [stderr]   Downloaded steamworks-sys v0.10.0
[INFO] [stderr]   Downloaded winit v0.29.3
[INFO] [stderr]   Downloaded naga v0.14.1
[INFO] [stderr]   Downloaded orbclient v0.3.42
[INFO] [stderr]   Downloaded vpk v0.1.4
[INFO] [stderr]   Downloaded bin-layout v7.1.0
[INFO] [stderr]   Downloaded wgpu-core v0.18.1
[INFO] [stderr]   Downloaded url v2.3.0
[INFO] [stderr]   Downloaded lzma-rs v0.3.0
[INFO] [stderr]   Downloaded bin-layout-derive v0.7.0
[INFO] [stderr]   Downloaded dyon v0.49.1
[INFO] running `Command { std: "docker" "create" "-v" "/var/lib/crater-agent-workspace/builds/worker-6-tc1/target:/opt/rustwide/target:rw,Z" "-v" "/var/lib/crater-agent-workspace/builds/worker-6-tc1/source:/opt/rustwide/workdir:ro,Z" "-v" "/var/lib/crater-agent-workspace/cargo-home:/opt/rustwide/cargo-home:ro,Z" "-v" "/var/lib/crater-agent-workspace/rustup-home:/opt/rustwide/rustup-home:ro,Z" "-e" "SOURCE_DIR=/opt/rustwide/workdir" "-e" "CARGO_TARGET_DIR=/opt/rustwide/target" "-e" "CARGO_HOME=/opt/rustwide/cargo-home" "-e" "RUSTUP_HOME=/opt/rustwide/rustup-home" "-w" "/opt/rustwide/workdir" "-m" "1610612736" "--user" "0:0" "--network" "none" "ghcr.io/rust-lang/crates-build-env/linux@sha256:2788e3201cd34a07e3172128adcd8b3090168a8e3bcc40d7c032b9dda1df7d1c" "/opt/rustwide/cargo-home/bin/cargo" "+1.75.0" "metadata" "--no-deps" "--format-version=1", kill_on_drop: false }`
[INFO] [stdout] 84b235d04489d93374864c69b9e8e4ea510d9dd9f8205e85b0f64005700bb56b
[INFO] running `Command { std: "docker" "start" "-a" "84b235d04489d93374864c69b9e8e4ea510d9dd9f8205e85b0f64005700bb56b", kill_on_drop: false }`
[INFO] running `Command { std: "docker" "inspect" "84b235d04489d93374864c69b9e8e4ea510d9dd9f8205e85b0f64005700bb56b", kill_on_drop: false }`
[INFO] running `Command { std: "docker" "rm" "-f" "84b235d04489d93374864c69b9e8e4ea510d9dd9f8205e85b0f64005700bb56b", kill_on_drop: false }`
[INFO] [stdout] 84b235d04489d93374864c69b9e8e4ea510d9dd9f8205e85b0f64005700bb56b
[INFO] running `Command { std: "docker" "create" "-v" "/var/lib/crater-agent-workspace/builds/worker-6-tc1/target:/opt/rustwide/target:rw,Z" "-v" "/var/lib/crater-agent-workspace/builds/worker-6-tc1/source:/opt/rustwide/workdir:ro,Z" "-v" "/var/lib/crater-agent-workspace/cargo-home:/opt/rustwide/cargo-home:ro,Z" "-v" "/var/lib/crater-agent-workspace/rustup-home:/opt/rustwide/rustup-home:ro,Z" "-e" "SOURCE_DIR=/opt/rustwide/workdir" "-e" "CARGO_TARGET_DIR=/opt/rustwide/target" "-e" "CARGO_INCREMENTAL=0" "-e" "RUST_BACKTRACE=full" "-e" "RUSTFLAGS=--cap-lints=warn" "-e" "RUSTDOCFLAGS=--cap-lints=warn" "-e" "CARGO_HOME=/opt/rustwide/cargo-home" "-e" "RUSTUP_HOME=/opt/rustwide/rustup-home" "-w" "/opt/rustwide/workdir" "-m" "1610612736" "--user" "0:0" "--network" "none" "ghcr.io/rust-lang/crates-build-env/linux@sha256:2788e3201cd34a07e3172128adcd8b3090168a8e3bcc40d7c032b9dda1df7d1c" "/opt/rustwide/cargo-home/bin/cargo" "+1.75.0" "doc" "--frozen" "--no-deps" "--document-private-items" "--message-format=json", kill_on_drop: false }`
[INFO] [stdout] f3ce02538eabfabe4da61240769d9f698b83c5a0306cb2073e594c0d7219518d
[INFO] running `Command { std: "docker" "start" "-a" "f3ce02538eabfabe4da61240769d9f698b83c5a0306cb2073e594c0d7219518d", kill_on_drop: false }`
[INFO] [stderr]    Compiling libc v0.2.150
[INFO] [stderr]    Compiling proc-macro2 v1.0.69
[INFO] [stderr]    Compiling unicode-ident v1.0.5
[INFO] [stderr]     Checking once_cell v1.18.0
[INFO] [stderr]    Compiling syn v1.0.105
[INFO] [stderr]     Checking log v0.4.20
[INFO] [stderr]     Checking smallvec v1.11.2
[INFO] [stderr]     Checking libloading v0.7.4
[INFO] [stderr]    Compiling cc v1.0.72
[INFO] [stderr]    Compiling memoffset v0.7.1
[INFO] [stderr]    Compiling thiserror v1.0.50
[INFO] [stderr]     Checking dlib v0.5.2
[INFO] [stderr]    Compiling wayland-sys v0.31.1
[INFO] [stderr]    Compiling memchr v2.4.1
[INFO] [stderr]    Compiling num-traits v0.2.14
[INFO] [stderr]     Checking lock_api v0.4.6
[INFO] [stderr]     Checking pin-project-lite v0.2.13
[INFO] [stderr]     Checking scoped-tls v1.0.0
[INFO] [stderr]     Checking downcast-rs v1.2.0
[INFO] [stderr]    Compiling crossbeam-utils v0.8.16
[INFO] [stderr]    Compiling generic-array v0.14.5
[INFO] [stderr]    Compiling quote v1.0.33
[INFO] [stderr]    Compiling quick-xml v0.30.0
[INFO] [stderr]    Compiling syn v2.0.39
[INFO] [stderr]    Compiling wayland-backend v0.3.2
[INFO] [stderr]    Compiling ahash v0.8.3
[INFO] [stderr]     Checking arrayvec v0.7.2
[INFO] [stderr]    Compiling parking_lot_core v0.9.1
[INFO] [stderr]    Compiling rustix v0.38.25
[INFO] [stderr]     Checking getrandom v0.2.8
[INFO] [stderr]     Checking nix v0.26.4
[INFO] [stderr]     Checking num_cpus v1.13.0
[INFO] [stderr]    Compiling wayland-scanner v0.31.0
[INFO] [stderr]    Compiling ahash v0.7.6
[INFO] [stderr]    Compiling slab v0.4.9
[INFO] [stderr]    Compiling nom v7.1.0
[INFO] [stderr]    Compiling futures-core v0.3.25
[INFO] [stderr]     Checking linux-raw-sys v0.4.11
[INFO] [stderr]     Checking tracing-core v0.1.32
[INFO] [stderr]     Checking bit-vec v0.6.3
[INFO] [stderr]     Checking bit-set v0.5.2
[INFO] [stderr]     Checking tracing v0.1.40
[INFO] [stderr]     Checking crossbeam-epoch v0.9.5
[INFO] [stderr]     Checking minimal-lexical v0.2.1
[INFO] [stderr]     Checking byteorder v1.5.0
[INFO] [stderr]     Checking miniz_oxide v0.6.2
[INFO] [stderr]     Checking parking_lot v0.12.0
[INFO] [stderr]     Checking crossbeam-deque v0.8.1
[INFO] [stderr]     Checking nanorand v0.7.0
[INFO] [stderr]     Checking crossbeam-channel v0.5.6
[INFO] [stderr]     Checking spin v0.9.8
[INFO] [stderr]     Checking futures-sink v0.3.25
[INFO] [stderr]    Compiling ash v0.37.3+1.3.251
[INFO] [stderr]     Checking equivalent v1.0.1
[INFO] [stderr]    Compiling khronos-egl v6.0.0
[INFO] [stderr]     Checking termcolor v1.1.2
[INFO] [stderr]     Checking hashbrown v0.14.2
[INFO] [stderr]     Checking wayland-client v0.31.1
[INFO] [stderr]     Checking rayon-core v1.9.1
[INFO] [stderr]     Checking codespan-reporting v0.11.1
[INFO] [stderr]     Checking hashbrown v0.11.2
[INFO] [stderr]     Checking block-buffer v0.10.4
[INFO] [stderr]     Checking xcursor v0.3.4
[INFO] [stderr]     Checking crypto-common v0.1.6
[INFO] [stderr]     Checking spirv v0.2.0+1.5.4
[INFO] [stderr]    Compiling bzip2-sys v0.1.11+1.0.8
[INFO] [stderr]     Checking indexmap v2.1.0
[INFO] [stderr]     Checking gpu-alloc-types v0.3.0
[INFO] [stderr]     Checking gpu-descriptor-types v0.1.1
[INFO] [stderr]    Compiling num-integer v0.1.44
[INFO] [stderr]     Checking libloading v0.8.1
[INFO] [stderr]     Checking unicode-xid v0.2.4
[INFO] [stderr]    Compiling async-trait v0.1.74
[INFO] [stderr]     Checking hexf-parse v0.2.1
[INFO] [stderr]     Checking either v1.6.1
[INFO] [stderr]     Checking strict-num v0.1.0
[INFO] [stderr]    Compiling smithay-client-toolkit v0.18.0
[INFO] [stderr]     Checking rustc-hash v1.1.0
[INFO] [stderr]     Checking cty v0.2.2
[INFO] [stderr]     Checking ttf-parser v0.18.1
[INFO] [stderr]     Checking cursor-icon v1.1.0
[INFO] [stderr]     Checking xkeysym v0.2.0
[INFO] [stderr]     Checking arrayref v0.3.6
[INFO] [stderr]    Compiling serde v1.0.136
[INFO] [stderr]     Checking wayland-csd-frame v0.3.0
[INFO] [stderr]     Checking raw-window-handle v0.5.0
[INFO] [stderr]     Checking wayland-protocols v0.31.0
[INFO] [stderr]     Checking wayland-cursor v0.31.0
[INFO] [stderr]     Checking rayon v1.5.1
[INFO] [stderr]     Checking polling v3.3.0
[INFO] [stderr]    Compiling thiserror-impl v1.0.50
[INFO] [stderr]     Checking gpu-descriptor v0.2.2
[INFO] [stderr]     Checking gpu-alloc v0.6.0
[INFO] [stderr]     Checking digest v0.10.7
[INFO] [stderr]    Compiling rustc_version v0.2.3
[INFO] [stderr]     Checking flate2 v1.0.25
[INFO] [stderr]     Checking hashbrown v0.13.2
[INFO] [stderr]     Checking rand_core v0.6.3
[INFO] [stderr]     Checking owned_ttf_parser v0.18.1
[INFO] [stderr]     Checking memmap2 v0.9.0
[INFO] [stderr]    Compiling bytemuck_derive v1.4.0
[INFO] [stderr]    Compiling pin-project-internal v1.0.12
[INFO] [stderr]     Checking core2 v0.4.0
[INFO] [stderr]     Checking wgpu-types v0.18.0
[INFO] [stderr]    Compiling memoffset v0.9.0
[INFO] [stderr]    Compiling x11-dl v2.19.1
[INFO] [stderr]     Checking calloop v0.12.3
[INFO] [stderr]     Checking naga v0.14.1
[INFO] [stderr]    Compiling indexmap v1.9.3
[INFO] [stderr]     Checking calloop-wayland-source v0.2.0
[INFO] [stderr]    Compiling num-rational v0.4.1
[INFO] [stderr]    Compiling steamworks-sys v0.10.0
[INFO] [stderr]     Checking rle-decode-fast v1.0.3
[INFO] [stderr]    Compiling cfg_aliases v0.1.1
[INFO] [stderr]    Compiling serde_derive v1.0.136
[INFO] [stderr]     Checking bytes v1.5.0
[INFO] [stderr]    Compiling serde_json v1.0.89
[INFO] [stderr]     Checking bytemuck v1.14.0
[INFO] [stderr]     Checking tiny-skia-path v0.11.2
[INFO] [stderr]     Checking crc-catalog v2.2.0
[INFO] [stderr]    Compiling x11rb v0.12.0
[INFO] [stderr]     Checking renderdoc-sys v1.0.0
[INFO] [stderr]     Checking cpufeatures v0.2.2
[INFO] [stderr]     Checking profiling v1.0.4
[INFO] [stderr]     Checking weezl v0.1.5
[INFO] [stderr]     Checking pin-project v1.0.12
[INFO] [stderr]     Checking wayland-protocols-wlr v0.2.0
[INFO] [stderr]     Checking glow v0.13.0
[INFO] [stderr]     Checking ab_glyph_rasterizer v0.1.8
[INFO] [stderr]     Checking flume v0.10.14
[INFO] [stderr]     Checking ab_glyph v0.2.20
[INFO] [stderr]     Checking tiny-skia v0.11.2
[INFO] [stderr]     Checking sha2 v0.10.8
[INFO] [stderr]     Checking tokio v1.34.0
[INFO] [stderr]     Checking crc v3.0.1
[INFO] [stderr]     Checking rand_chacha v0.3.1
[INFO] [stderr]    Compiling winit v0.29.3
[INFO] [stderr]     Checking libflate_lz77 v2.0.0
[INFO] [stderr]     Checking jpeg-decoder v0.3.0
[INFO] [stderr]    Compiling binread_derive v1.4.3
[INFO] [stderr]    Compiling savefile v0.16.2
[INFO] [stderr]     Checking x11rb-protocol v0.12.0
[INFO] [stderr]     Checking threadpool v1.8.1
[INFO] [stderr]     Checking gethostname v0.3.0
[INFO] [stderr]     Checking tier0 v0.1.0 (/opt/rustwide/workdir/tier0)
[INFO] [stderr]     Checking itoa v1.0.4
[INFO] [stdout] error[E0658]: use of unstable library feature 'lazy_cell'
[INFO] [stdout]  --> tier0/src/commandline.rs:2:5
[INFO] [stdout]   |
[INFO] [stdout] 2 | use std::sync::LazyLock;
[INFO] [stdout]   |     ^^^^^^^^^^^^^^^^^^^
[INFO] [stdout]   |
[INFO] [stdout]   = note: see issue #109736 <https://github.com/rust-lang/rust/issues/109736> for more information
[INFO] [stdout] 
[INFO] [stdout] 
[INFO] [stdout] error[E0658]: use of unstable library feature 'lazy_cell'
[INFO] [stdout]   --> tier0/src/commandline.rs:11:15
[INFO] [stdout]    |
[INFO] [stdout] 11 |         static CLI: LazyLock<CommandLine> = LazyLock::new(|| {
[INFO] [stdout]    |                     ^^^^^^^^^^^^^^^^^^^^^
[INFO] [stdout]    |
[INFO] [stdout]    = note: see issue #109736 <https://github.com/rust-lang/rust/issues/109736> for more information
[INFO] [stdout] 
[INFO] [stdout] 
[INFO] [stdout] error[E0658]: use of unstable library feature 'lazy_cell'
[INFO] [stdout]   --> tier0/src/commandline.rs:11:39
[INFO] [stdout]    |
[INFO] [stdout] 11 |         static CLI: LazyLock<CommandLine> = LazyLock::new(|| {
[INFO] [stdout]    |                                             ^^^^^^^^
[INFO] [stdout]    |
[INFO] [stdout]    = note: see issue #109736 <https://github.com/rust-lang/rust/issues/109736> for more information
[INFO] [stdout] 
[INFO] [stdout] 
[INFO] [stdout] error[E0554]: `#![feature]` may not be used on the stable release channel
[INFO] [stdout]  --> tier0/src/lib.rs:1:12
[INFO] [stdout]   |
[INFO] [stdout] 1 | #![feature(string_remove_matches)]
[INFO] [stdout]   |            ^^^^^^^^^^^^^^^^^^^^^
[INFO] [stdout] 
[INFO] [stdout] 
[INFO] [stdout] error[E0554]: `#![feature]` may not be used on the stable release channel
[INFO] [stdout]  --> tier0/src/lib.rs:2:12
[INFO] [stdout]   |
[INFO] [stdout] 2 | #![feature(once_cell)]
[INFO] [stdout]   |            ^^^^^^^^^
[INFO] [stdout] 
[INFO] [stdout] 
[INFO] [stdout] warning: the feature `once_cell` has been stable since 1.70.0 and no longer requires an attribute to enable
[INFO] [stdout]  --> tier0/src/lib.rs:2:12
[INFO] [stdout]   |
[INFO] [stdout] 2 | #![feature(once_cell)]
[INFO] [stdout]   |            ^^^^^^^^^
[INFO] [stdout]   |
[INFO] [stdout]   = note: `#[warn(stable_features)]` on by default
[INFO] [stdout] 
[INFO] [stdout] 
[INFO] [stdout] error[E0658]: use of unstable library feature 'lazy_cell'
[INFO] [stdout]   --> tier0/src/commandline.rs:11:39
[INFO] [stdout]    |
[INFO] [stdout] 11 |         static CLI: LazyLock<CommandLine> = LazyLock::new(|| {
[INFO] [stdout]    |                                             ^^^^^^^^^^^^^
[INFO] [stdout]    |
[INFO] [stdout]    = note: see issue #109736 <https://github.com/rust-lang/rust/issues/109736> for more information
[INFO] [stdout] 
[INFO] [stdout] 
[INFO] [stdout] error: aborting due to 6 previous errors; 1 warning emitted
[INFO] [stdout] 
[INFO] [stdout] 
[INFO] [stdout] Some errors have detailed explanations: E0554, E0658.
[INFO] [stdout] 
[INFO] [stdout] For more information about an error, try `rustc --explain E0554`.
[INFO] [stdout] 
[INFO] [stderr] error: could not compile `tier0` (lib) due to 7 previous errors; 1 warning emitted
[INFO] [stderr] warning: build failed, waiting for other jobs to finish...
[INFO] running `Command { std: "docker" "inspect" "f3ce02538eabfabe4da61240769d9f698b83c5a0306cb2073e594c0d7219518d", kill_on_drop: false }`
[INFO] running `Command { std: "docker" "rm" "-f" "f3ce02538eabfabe4da61240769d9f698b83c5a0306cb2073e594c0d7219518d", kill_on_drop: false }`
[INFO] [stdout] f3ce02538eabfabe4da61240769d9f698b83c5a0306cb2073e594c0d7219518d
[INFO] documenting ENDERZOMBI102/Ungine.rs against beta-2023-12-22 for beta-1.76-rustdoc-1
[INFO] running `Command { std: "git" "clone" "/workspace/cache/git-repos/https%3A%2F%2Fgithub.com%2FENDERZOMBI102%2FUngine.rs" "/workspace/builds/worker-6-tc2/source", kill_on_drop: false }`
[INFO] [stderr] Cloning into '/workspace/builds/worker-6-tc2/source'...
[INFO] [stderr] done.
[INFO] validating manifest of git repo https://github.com/ENDERZOMBI102/Ungine.rs on toolchain beta-2023-12-22
[INFO] running `Command { std: CARGO_HOME="/workspace/cargo-home" RUSTUP_HOME="/workspace/rustup-home" "/workspace/cargo-home/bin/cargo" "+beta-2023-12-22" "metadata" "--manifest-path" "Cargo.toml" "--no-deps", kill_on_drop: false }`
[INFO] removed /workspace/builds/worker-6-tc2/source/.cargo/config.toml
[INFO] removed /workspace/builds/worker-6-tc2/source/rust-toolchain.toml
[INFO] started tweaking git repo https://github.com/ENDERZOMBI102/Ungine.rs
[INFO] finished tweaking git repo https://github.com/ENDERZOMBI102/Ungine.rs
[INFO] tweaked toml for git repo https://github.com/ENDERZOMBI102/Ungine.rs written to /workspace/builds/worker-6-tc2/source/Cargo.toml
[INFO] crate git repo https://github.com/ENDERZOMBI102/Ungine.rs already has a lockfile, it will not be regenerated
[INFO] running `Command { std: CARGO_HOME="/workspace/cargo-home" RUSTUP_HOME="/workspace/rustup-home" "/workspace/cargo-home/bin/cargo" "+beta-2023-12-22" "fetch" "--manifest-path" "Cargo.toml", kill_on_drop: false }`
[INFO] running `Command { std: "docker" "create" "-v" "/var/lib/crater-agent-workspace/builds/worker-6-tc2/target:/opt/rustwide/target:rw,Z" "-v" "/var/lib/crater-agent-workspace/builds/worker-6-tc2/source:/opt/rustwide/workdir:ro,Z" "-v" "/var/lib/crater-agent-workspace/cargo-home:/opt/rustwide/cargo-home:ro,Z" "-v" "/var/lib/crater-agent-workspace/rustup-home:/opt/rustwide/rustup-home:ro,Z" "-e" "SOURCE_DIR=/opt/rustwide/workdir" "-e" "CARGO_TARGET_DIR=/opt/rustwide/target" "-e" "CARGO_HOME=/opt/rustwide/cargo-home" "-e" "RUSTUP_HOME=/opt/rustwide/rustup-home" "-w" "/opt/rustwide/workdir" "-m" "1610612736" "--user" "0:0" "--network" "none" "ghcr.io/rust-lang/crates-build-env/linux@sha256:2788e3201cd34a07e3172128adcd8b3090168a8e3bcc40d7c032b9dda1df7d1c" "/opt/rustwide/cargo-home/bin/cargo" "+beta-2023-12-22" "metadata" "--no-deps" "--format-version=1", kill_on_drop: false }`
[INFO] [stdout] 3fe147107556163b0e4be35cd51228d2d6975a5f4cae2b59098c5a37c96deb26
[INFO] running `Command { std: "docker" "start" "-a" "3fe147107556163b0e4be35cd51228d2d6975a5f4cae2b59098c5a37c96deb26", kill_on_drop: false }`
[INFO] running `Command { std: "docker" "inspect" "3fe147107556163b0e4be35cd51228d2d6975a5f4cae2b59098c5a37c96deb26", kill_on_drop: false }`
[INFO] running `Command { std: "docker" "rm" "-f" "3fe147107556163b0e4be35cd51228d2d6975a5f4cae2b59098c5a37c96deb26", kill_on_drop: false }`
[INFO] [stdout] 3fe147107556163b0e4be35cd51228d2d6975a5f4cae2b59098c5a37c96deb26
[INFO] running `Command { std: "docker" "create" "-v" "/var/lib/crater-agent-workspace/builds/worker-6-tc2/target:/opt/rustwide/target:rw,Z" "-v" "/var/lib/crater-agent-workspace/builds/worker-6-tc2/source:/opt/rustwide/workdir:ro,Z" "-v" "/var/lib/crater-agent-workspace/cargo-home:/opt/rustwide/cargo-home:ro,Z" "-v" "/var/lib/crater-agent-workspace/rustup-home:/opt/rustwide/rustup-home:ro,Z" "-e" "SOURCE_DIR=/opt/rustwide/workdir" "-e" "CARGO_TARGET_DIR=/opt/rustwide/target" "-e" "CARGO_INCREMENTAL=0" "-e" "RUST_BACKTRACE=full" "-e" "RUSTFLAGS=--cap-lints=warn" "-e" "RUSTDOCFLAGS=--cap-lints=warn" "-e" "CARGO_HOME=/opt/rustwide/cargo-home" "-e" "RUSTUP_HOME=/opt/rustwide/rustup-home" "-w" "/opt/rustwide/workdir" "-m" "1610612736" "--user" "0:0" "--network" "none" "ghcr.io/rust-lang/crates-build-env/linux@sha256:2788e3201cd34a07e3172128adcd8b3090168a8e3bcc40d7c032b9dda1df7d1c" "/opt/rustwide/cargo-home/bin/cargo" "+beta-2023-12-22" "doc" "--frozen" "--no-deps" "--document-private-items" "--message-format=json", kill_on_drop: false }`
[INFO] [stdout] 4c287d11165918f8996b1a5691cbd641488e7ee617a8952fad91282ff5ff97ac
[INFO] running `Command { std: "docker" "start" "-a" "4c287d11165918f8996b1a5691cbd641488e7ee617a8952fad91282ff5ff97ac", kill_on_drop: false }`
[INFO] [stderr]    Compiling libc v0.2.150
[INFO] [stderr]    Compiling proc-macro2 v1.0.69
[INFO] [stderr]    Compiling unicode-ident v1.0.5
[INFO] [stderr]     Checking once_cell v1.18.0
[INFO] [stderr]    Compiling syn v1.0.105
[INFO] [stderr]     Checking log v0.4.20
[INFO] [stderr]     Checking smallvec v1.11.2
[INFO] [stderr]     Checking libloading v0.7.4
[INFO] [stderr]    Compiling cc v1.0.72
[INFO] [stderr]    Compiling memoffset v0.7.1
[INFO] [stderr]    Compiling thiserror v1.0.50
[INFO] [stderr]    Compiling wayland-sys v0.31.1
[INFO] [stderr]     Checking dlib v0.5.2
[INFO] [stderr]    Compiling memchr v2.4.1
[INFO] [stderr]    Compiling num-traits v0.2.14
[INFO] [stderr]     Checking lock_api v0.4.6
[INFO] [stderr]     Checking downcast-rs v1.2.0
[INFO] [stderr]     Checking pin-project-lite v0.2.13
[INFO] [stderr]     Checking scoped-tls v1.0.0
[INFO] [stderr]    Compiling crossbeam-utils v0.8.16
[INFO] [stderr]    Compiling generic-array v0.14.5
[INFO] [stderr]    Compiling quote v1.0.33
[INFO] [stderr]    Compiling quick-xml v0.30.0
[INFO] [stderr]    Compiling syn v2.0.39
[INFO] [stderr]    Compiling wayland-backend v0.3.2
[INFO] [stderr]    Compiling ahash v0.8.3
[INFO] [stderr]    Compiling rustix v0.38.25
[INFO] [stderr]     Checking arrayvec v0.7.2
[INFO] [stderr]     Checking getrandom v0.2.8
[INFO] [stderr]     Checking nix v0.26.4
[INFO] [stderr]    Compiling parking_lot_core v0.9.1
[INFO] [stderr]     Checking num_cpus v1.13.0
[INFO] [stderr]    Compiling slab v0.4.9
[INFO] [stderr]    Compiling ahash v0.7.6
[INFO] [stderr]    Compiling wayland-scanner v0.31.0
[INFO] [stderr]    Compiling nom v7.1.0
[INFO] [stderr]    Compiling futures-core v0.3.25
[INFO] [stderr]     Checking bit-vec v0.6.3
[INFO] [stderr]     Checking tracing-core v0.1.32
[INFO] [stderr]     Checking linux-raw-sys v0.4.11
[INFO] [stderr]     Checking bit-set v0.5.2
[INFO] [stderr]     Checking tracing v0.1.40
[INFO] [stderr]     Checking crossbeam-epoch v0.9.5
[INFO] [stderr]     Checking byteorder v1.5.0
[INFO] [stderr]     Checking minimal-lexical v0.2.1
[INFO] [stderr]     Checking miniz_oxide v0.6.2
[INFO] [stderr]     Checking crossbeam-deque v0.8.1
[INFO] [stderr]     Checking parking_lot v0.12.0
[INFO] [stderr]     Checking nanorand v0.7.0
[INFO] [stderr]     Checking crossbeam-channel v0.5.6
[INFO] [stderr]     Checking spin v0.9.8
[INFO] [stderr]    Compiling khronos-egl v6.0.0
[INFO] [stderr]     Checking hashbrown v0.14.2
[INFO] [stderr]    Compiling ash v0.37.3+1.3.251
[INFO] [stderr]     Checking termcolor v1.1.2
[INFO] [stderr]     Checking futures-sink v0.3.25
[INFO] [stderr]     Checking equivalent v1.0.1
[INFO] [stderr]     Checking codespan-reporting v0.11.1
[INFO] [stderr]     Checking rayon-core v1.9.1
[INFO] [stderr]     Checking indexmap v2.1.0
[INFO] [stderr]     Checking wayland-client v0.31.1
[INFO] [stderr]     Checking hashbrown v0.11.2
[INFO] [stderr]     Checking xcursor v0.3.4
[INFO] [stderr]     Checking block-buffer v0.10.4
[INFO] [stderr]     Checking crypto-common v0.1.6
[INFO] [stderr]     Checking spirv v0.2.0+1.5.4
[INFO] [stderr]    Compiling bzip2-sys v0.1.11+1.0.8
[INFO] [stderr]     Checking gpu-alloc-types v0.3.0
[INFO] [stderr]    Compiling num-integer v0.1.44
[INFO] [stderr]     Checking gpu-descriptor-types v0.1.1
[INFO] [stderr]     Checking libloading v0.8.1
[INFO] [stderr]     Checking arrayref v0.3.6
[INFO] [stderr]     Checking rustc-hash v1.1.0
[INFO] [stderr]     Checking xkeysym v0.2.0
[INFO] [stderr]     Checking unicode-xid v0.2.4
[INFO] [stderr]    Compiling smithay-client-toolkit v0.18.0
[INFO] [stderr]     Checking cursor-icon v1.1.0
[INFO] [stderr]    Compiling async-trait v0.1.74
[INFO] [stderr]     Checking ttf-parser v0.18.1
[INFO] [stderr]     Checking strict-num v0.1.0
[INFO] [stderr]     Checking polling v3.3.0
[INFO] [stderr]     Checking wayland-protocols v0.31.0
[INFO] [stderr]     Checking hexf-parse v0.2.1
[INFO] [stderr]     Checking either v1.6.1
[INFO] [stderr]     Checking cty v0.2.2
[INFO] [stderr]    Compiling serde v1.0.136
[INFO] [stderr]     Checking raw-window-handle v0.5.0
[INFO] [stderr]     Checking rayon v1.5.1
[INFO] [stderr]     Checking wayland-cursor v0.31.0
[INFO] [stderr]     Checking wayland-csd-frame v0.3.0
[INFO] [stderr]     Checking gpu-descriptor v0.2.2
[INFO] [stderr]     Checking gpu-alloc v0.6.0
[INFO] [stderr]     Checking digest v0.10.7
[INFO] [stderr]    Compiling rustc_version v0.2.3
[INFO] [stderr]    Compiling thiserror-impl v1.0.50
[INFO] [stderr]     Checking flate2 v1.0.25
[INFO] [stderr]     Checking owned_ttf_parser v0.18.1
[INFO] [stderr]     Checking hashbrown v0.13.2
[INFO] [stderr]     Checking rand_core v0.6.3
[INFO] [stderr]     Checking memmap2 v0.9.0
[INFO] [stderr]     Checking core2 v0.4.0
[INFO] [stderr]     Checking wgpu-types v0.18.0
[INFO] [stderr]    Compiling x11-dl v2.19.1
[INFO] [stderr]    Compiling num-rational v0.4.1
[INFO] [stderr]    Compiling memoffset v0.9.0
[INFO] [stderr]    Compiling indexmap v1.9.3
[INFO] [stderr]     Checking crc-catalog v2.2.0
[INFO] [stderr]    Compiling bytemuck_derive v1.4.0
[INFO] [stderr]    Compiling pin-project-internal v1.0.12
[INFO] [stderr]     Checking rle-decode-fast v1.0.3
[INFO] [stderr]    Compiling serde_derive v1.0.136
[INFO] [stderr]     Checking weezl v0.1.5
[INFO] [stderr]     Checking renderdoc-sys v1.0.0
[INFO] [stderr]     Checking glow v0.13.0
[INFO] [stderr]     Checking profiling v1.0.4
[INFO] [stderr]     Checking ab_glyph_rasterizer v0.1.8
[INFO] [stderr]    Compiling cfg_aliases v0.1.1
[INFO] [stderr]    Compiling steamworks-sys v0.10.0
[INFO] [stderr]    Compiling x11rb v0.12.0
[INFO] [stderr]     Checking bytes v1.5.0
[INFO] [stderr]    Compiling serde_json v1.0.89
[INFO] [stderr]     Checking calloop v0.12.3
[INFO] [stderr]     Checking naga v0.14.1
[INFO] [stderr]     Checking calloop-wayland-source v0.2.0
[INFO] [stderr]     Checking wayland-protocols-wlr v0.2.0
[INFO] [stderr]     Checking cpufeatures v0.2.2
[INFO] [stderr]     Checking sha2 v0.10.8
[INFO] [stderr]     Checking bytemuck v1.14.0
[INFO] [stderr]     Checking tokio v1.34.0
[INFO] [stderr]     Checking tiny-skia-path v0.11.2
[INFO] [stderr]    Compiling winit v0.29.3
[INFO] [stderr]     Checking pin-project v1.0.12
[INFO] [stderr]     Checking flume v0.10.14
[INFO] [stderr]     Checking ab_glyph v0.2.20
[INFO] [stderr]     Checking tiny-skia v0.11.2
[INFO] [stderr]     Checking rand_chacha v0.3.1
[INFO] [stderr]     Checking libflate_lz77 v2.0.0
[INFO] [stderr]     Checking jpeg-decoder v0.3.0
[INFO] [stderr]     Checking crc v3.0.1
[INFO] [stderr]    Compiling binread_derive v1.4.3
[INFO] [stderr]    Compiling savefile v0.16.2
[INFO] [stderr]     Checking x11rb-protocol v0.12.0
[INFO] [stderr]     Checking threadpool v1.8.1
[INFO] [stderr]     Checking gethostname v0.3.0
[INFO] [stderr]     Checking tier0 v0.1.0 (/opt/rustwide/workdir/tier0)
[INFO] [stdout] error[E0658]: use of unstable library feature 'lazy_cell'
[INFO] [stdout]  --> tier0/src/commandline.rs:2:5
[INFO] [stdout]   |
[INFO] [stdout] 2 | use std::sync::LazyLock;
[INFO] [stdout]   |     ^^^^^^^^^^^^^^^^^^^
[INFO] [stdout]   |
[INFO] [stdout]   = note: see issue #109736 <https://github.com/rust-lang/rust/issues/109736> for more information
[INFO] [stdout] 
[INFO] [stdout] 
[INFO] [stdout] error[E0658]: use of unstable library feature 'lazy_cell'
[INFO] [stdout]   --> tier0/src/commandline.rs:11:15
[INFO] [stdout]    |
[INFO] [stdout] 11 |         static CLI: LazyLock<CommandLine> = LazyLock::new(|| {
[INFO] [stdout]    |                     ^^^^^^^^^^^^^^^^^^^^^
[INFO] [stdout]    |
[INFO] [stdout]    = note: see issue #109736 <https://github.com/rust-lang/rust/issues/109736> for more information
[INFO] [stdout] 
[INFO] [stdout] 
[INFO] [stdout] error[E0658]: use of unstable library feature 'lazy_cell'
[INFO] [stdout]   --> tier0/src/commandline.rs:11:39
[INFO] [stdout]    |
[INFO] [stdout] 11 |         static CLI: LazyLock<CommandLine> = LazyLock::new(|| {
[INFO] [stdout]    |                                             ^^^^^^^^
[INFO] [stdout]    |
[INFO] [stdout]    = note: see issue #109736 <https://github.com/rust-lang/rust/issues/109736> for more information
[INFO] [stdout] 
[INFO] [stdout] 
[INFO] [stdout] error[E0554]: `#![feature]` may not be used on the beta release channel
[INFO] [stdout]  --> tier0/src/lib.rs:1:12
[INFO] [stdout]   |
[INFO] [stdout] 1 | #![feature(string_remove_matches)]
[INFO] [stdout]   |            ^^^^^^^^^^^^^^^^^^^^^
[INFO] [stdout] 
[INFO] [stdout] 
[INFO] [stdout] error[E0554]: `#![feature]` may not be used on the beta release channel
[INFO] [stdout]  --> tier0/src/lib.rs:2:12
[INFO] [stdout]   |
[INFO] [stdout] 2 | #![feature(once_cell)]
[INFO] [stdout]   |            ^^^^^^^^^
[INFO] [stdout] 
[INFO] [stdout] 
[INFO] [stdout] warning: the feature `once_cell` has been stable since 1.70.0 and no longer requires an attribute to enable
[INFO] [stdout]  --> tier0/src/lib.rs:2:12
[INFO] [stdout]   |
[INFO] [stdout] 2 | #![feature(once_cell)]
[INFO] [stdout]   |            ^^^^^^^^^
[INFO] [stdout]   |
[INFO] [stdout]   = note: `#[warn(stable_features)]` on by default
[INFO] [stdout] 
[INFO] [stdout] 
[INFO] [stdout] error[E0658]: use of unstable library feature 'lazy_cell'
[INFO] [stdout]   --> tier0/src/commandline.rs:11:39
[INFO] [stdout]    |
[INFO] [stdout] 11 |         static CLI: LazyLock<CommandLine> = LazyLock::new(|| {
[INFO] [stdout]    |                                             ^^^^^^^^^^^^^
[INFO] [stdout]    |
[INFO] [stdout]    = note: see issue #109736 <https://github.com/rust-lang/rust/issues/109736> for more information
[INFO] [stdout] 
[INFO] [stdout] 
[INFO] [stdout] error: aborting due to 6 previous errors; 1 warning emitted
[INFO] [stdout] 
[INFO] [stdout] 
[INFO] [stdout] Some errors have detailed explanations: E0554, E0658.
[INFO] [stdout] 
[INFO] [stdout] For more information about an error, try `rustc --explain E0554`.
[INFO] [stdout] 
[INFO] [stderr] error: could not compile `tier0` (lib) due to 7 previous errors; 1 warning emitted
[INFO] [stderr] warning: build failed, waiting for other jobs to finish...
[INFO] running `Command { std: "docker" "inspect" "4c287d11165918f8996b1a5691cbd641488e7ee617a8952fad91282ff5ff97ac", kill_on_drop: false }`
[INFO] running `Command { std: "docker" "rm" "-f" "4c287d11165918f8996b1a5691cbd641488e7ee617a8952fad91282ff5ff97ac", kill_on_drop: false }`
[INFO] [stdout] 4c287d11165918f8996b1a5691cbd641488e7ee617a8952fad91282ff5ff97ac
