[INFO] cloning repository https://github.com/DylanRJohnston/splitwise
[INFO] running `Command { std: "git" "-c" "credential.helper=" "-c" "credential.helper=/workspace/cargo-home/bin/git-credential-null" "clone" "--bare" "https://github.com/DylanRJohnston/splitwise" "/workspace/cache/git-repos/https%3A%2F%2Fgithub.com%2FDylanRJohnston%2Fsplitwise", kill_on_drop: false }`
[INFO] [stderr] Cloning into bare repository '/workspace/cache/git-repos/https%3A%2F%2Fgithub.com%2FDylanRJohnston%2Fsplitwise'...
[INFO] running `Command { std: "git" "rev-parse" "HEAD", kill_on_drop: false }`
[INFO] [stdout] fa57119f371b5c3488922cc257b403cdfee4b451
[INFO] documenting DylanRJohnston/splitwise against 1.75.0 for beta-1.76-rustdoc-1
[INFO] running `Command { std: "git" "clone" "/workspace/cache/git-repos/https%3A%2F%2Fgithub.com%2FDylanRJohnston%2Fsplitwise" "/workspace/builds/worker-5-tc1/source", kill_on_drop: false }`
[INFO] [stderr] Cloning into '/workspace/builds/worker-5-tc1/source'...
[INFO] [stderr] done.
[INFO] validating manifest of git repo https://github.com/DylanRJohnston/splitwise on toolchain 1.75.0
[INFO] running `Command { std: CARGO_HOME="/workspace/cargo-home" RUSTUP_HOME="/workspace/rustup-home" "/workspace/cargo-home/bin/cargo" "+1.75.0" "metadata" "--manifest-path" "Cargo.toml" "--no-deps", kill_on_drop: false }`
[INFO] started tweaking git repo https://github.com/DylanRJohnston/splitwise
[INFO] finished tweaking git repo https://github.com/DylanRJohnston/splitwise
[INFO] tweaked toml for git repo https://github.com/DylanRJohnston/splitwise written to /workspace/builds/worker-5-tc1/source/Cargo.toml
[INFO] crate git repo https://github.com/DylanRJohnston/splitwise already has a lockfile, it will not be regenerated
[INFO] running `Command { std: CARGO_HOME="/workspace/cargo-home" RUSTUP_HOME="/workspace/rustup-home" "/workspace/cargo-home/bin/cargo" "+1.75.0" "fetch" "--manifest-path" "Cargo.toml", kill_on_drop: false }`
[INFO] [stderr] warning: virtual workspace defaulting to `resolver = "1"` despite one or more workspace members being on edition 2021 which implies `resolver = "2"`
[INFO] [stderr] note: to keep the current resolver, specify `workspace.resolver = "1"` in the workspace root's manifest
[INFO] [stderr] note: to use the edition 2021 resolver, specify `workspace.resolver = "2"` in the workspace root's manifest
[INFO] [stderr] note: for more details see https://doc.rust-lang.org/cargo/reference/resolver.html#resolver-versions
[INFO] [stderr]     Blocking waiting for file lock on package cache
[INFO] [stderr]     Updating crates.io index
[INFO] [stderr]     Blocking waiting for file lock on package cache
[INFO] [stderr]  Downloading crates ...
[INFO] [stderr]   Downloaded dummy v0.4.1
[INFO] [stderr]   Downloaded aws-sdk-sso v0.16.0
[INFO] [stderr]   Downloaded lambda_runtime_api_client v0.6.0
[INFO] [stderr]   Downloaded aws-smithy-async v0.46.0
[INFO] [stderr]   Downloaded aws-smithy-xml v0.46.0
[INFO] [stderr]   Downloaded aws-smithy-client v0.46.0
[INFO] [stderr]   Downloaded aws-smithy-query v0.46.0
[INFO] [stderr]   Downloaded aws-endpoint v0.46.0
[INFO] [stderr]   Downloaded aws-http v0.46.0
[INFO] [stderr]   Downloaded aws-smithy-http-tower v0.46.0
[INFO] [stderr]   Downloaded aws-types v0.46.0
[INFO] [stderr]   Downloaded lambda_runtime v0.6.0
[INFO] [stderr]   Downloaded aws-smithy-http v0.46.0
[INFO] [stderr]   Downloaded aws-sdk-sts v0.16.0
[INFO] [stderr]   Downloaded aws-sdk-dynamodb v0.16.0
[INFO] [stderr]   Downloaded pretty_assertions v1.2.1
[INFO] [stderr]   Downloaded aws-config v0.46.0
[INFO] [stderr]   Downloaded aws-smithy-types v0.46.0
[INFO] [stderr]   Downloaded aws-sig-auth v0.46.0
[INFO] [stderr]   Downloaded aws-sigv4 v0.46.0
[INFO] [stderr]   Downloaded aws-smithy-json v0.46.0
[INFO] [stderr]   Downloaded serde_dynamo v4.0.4
[INFO] [stderr]   Downloaded aws-sdk-secretsmanager v0.16.0
[INFO] running `Command { std: "docker" "create" "-v" "/var/lib/crater-agent-workspace/builds/worker-5-tc1/target:/opt/rustwide/target:rw,Z" "-v" "/var/lib/crater-agent-workspace/builds/worker-5-tc1/source:/opt/rustwide/workdir:ro,Z" "-v" "/var/lib/crater-agent-workspace/cargo-home:/opt/rustwide/cargo-home:ro,Z" "-v" "/var/lib/crater-agent-workspace/rustup-home:/opt/rustwide/rustup-home:ro,Z" "-e" "SOURCE_DIR=/opt/rustwide/workdir" "-e" "CARGO_TARGET_DIR=/opt/rustwide/target" "-e" "CARGO_HOME=/opt/rustwide/cargo-home" "-e" "RUSTUP_HOME=/opt/rustwide/rustup-home" "-w" "/opt/rustwide/workdir" "-m" "1610612736" "--user" "0:0" "--network" "none" "ghcr.io/rust-lang/crates-build-env/linux@sha256:2788e3201cd34a07e3172128adcd8b3090168a8e3bcc40d7c032b9dda1df7d1c" "/opt/rustwide/cargo-home/bin/cargo" "+1.75.0" "metadata" "--no-deps" "--format-version=1", kill_on_drop: false }`
[INFO] [stdout] 9d2ac4c82778932f316015c75610889f3341ac9f81f987a4f517c89c5e4d23f7
[INFO] running `Command { std: "docker" "start" "-a" "9d2ac4c82778932f316015c75610889f3341ac9f81f987a4f517c89c5e4d23f7", kill_on_drop: false }`
[INFO] running `Command { std: "docker" "inspect" "9d2ac4c82778932f316015c75610889f3341ac9f81f987a4f517c89c5e4d23f7", kill_on_drop: false }`
[INFO] running `Command { std: "docker" "rm" "-f" "9d2ac4c82778932f316015c75610889f3341ac9f81f987a4f517c89c5e4d23f7", kill_on_drop: false }`
[INFO] [stdout] 9d2ac4c82778932f316015c75610889f3341ac9f81f987a4f517c89c5e4d23f7
[INFO] running `Command { std: "docker" "create" "-v" "/var/lib/crater-agent-workspace/builds/worker-5-tc1/target:/opt/rustwide/target:rw,Z" "-v" "/var/lib/crater-agent-workspace/builds/worker-5-tc1/source:/opt/rustwide/workdir:ro,Z" "-v" "/var/lib/crater-agent-workspace/cargo-home:/opt/rustwide/cargo-home:ro,Z" "-v" "/var/lib/crater-agent-workspace/rustup-home:/opt/rustwide/rustup-home:ro,Z" "-e" "SOURCE_DIR=/opt/rustwide/workdir" "-e" "CARGO_TARGET_DIR=/opt/rustwide/target" "-e" "CARGO_INCREMENTAL=0" "-e" "RUST_BACKTRACE=full" "-e" "RUSTFLAGS=--cap-lints=warn" "-e" "RUSTDOCFLAGS=--cap-lints=warn" "-e" "CARGO_HOME=/opt/rustwide/cargo-home" "-e" "RUSTUP_HOME=/opt/rustwide/rustup-home" "-w" "/opt/rustwide/workdir" "-m" "1610612736" "--user" "0:0" "--network" "none" "ghcr.io/rust-lang/crates-build-env/linux@sha256:2788e3201cd34a07e3172128adcd8b3090168a8e3bcc40d7c032b9dda1df7d1c" "/opt/rustwide/cargo-home/bin/cargo" "+1.75.0" "doc" "--frozen" "--no-deps" "--document-private-items" "--message-format=json", kill_on_drop: false }`
[INFO] [stdout] 012fc92e30f346b89b798f128bf2c48521a4ae4c4a5c6e7e47eb4112c6d221d5
[INFO] running `Command { std: "docker" "start" "-a" "012fc92e30f346b89b798f128bf2c48521a4ae4c4a5c6e7e47eb4112c6d221d5", kill_on_drop: false }`
[INFO] [stderr] warning: virtual workspace defaulting to `resolver = "1"` despite one or more workspace members being on edition 2021 which implies `resolver = "2"`
[INFO] [stderr] note: to keep the current resolver, specify `workspace.resolver = "1"` in the workspace root's manifest
[INFO] [stderr] note: to use the edition 2021 resolver, specify `workspace.resolver = "2"` in the workspace root's manifest
[INFO] [stderr] note: for more details see https://doc.rust-lang.org/cargo/reference/resolver.html#resolver-versions
[INFO] [stderr]    Compiling proc-macro2 v1.0.43
[INFO] [stderr]    Compiling quote v1.0.21
[INFO] [stderr]    Compiling syn v1.0.99
[INFO] [stderr]    Compiling libc v0.2.132
[INFO] [stderr]    Compiling unicode-ident v1.0.3
[INFO] [stderr]     Checking once_cell v1.13.1
[INFO] [stderr]    Compiling log v0.4.17
[INFO] [stderr]    Compiling cc v1.0.73
[INFO] [stderr]    Compiling futures-core v0.3.23
[INFO] [stderr]    Compiling lock_api v0.4.7
[INFO] [stderr]     Checking bytes v1.2.1
[INFO] [stderr]    Compiling parking_lot_core v0.9.3
[INFO] [stderr]     Checking smallvec v1.9.0
[INFO] [stderr]    Compiling tokio v1.20.1
[INFO] [stderr]     Checking tracing-core v0.1.29
[INFO] [stderr]    Compiling slab v0.4.7
[INFO] [stderr]     Checking itoa v1.0.3
[INFO] [stderr]     Checking futures-sink v0.3.23
[INFO] [stderr]    Compiling futures-channel v0.3.23
[INFO] [stderr]    Compiling futures-task v0.3.23
[INFO] [stderr]    Compiling futures-util v0.3.23
[INFO] [stderr]     Checking mio v0.8.4
[INFO] [stderr]     Checking signal-hook-registry v1.4.0
[INFO] [stderr]     Checking socket2 v0.4.4
[INFO] [stderr]     Checking num_cpus v1.13.1
[INFO] [stderr]    Compiling ring v0.16.20
[INFO] [stderr]     Checking parking_lot v0.12.1
[INFO] [stderr]     Checking futures-io v0.3.23
[INFO] [stderr]    Compiling indexmap v1.9.1
[INFO] [stderr]     Checking http v0.2.8
[INFO] [stderr]    Compiling httparse v1.7.1
[INFO] [stderr]     Checking hashbrown v0.12.3
[INFO] [stderr]     Checking tower-service v0.3.2
[INFO] [stderr]     Checking ryu v1.0.11
[INFO] [stderr]     Checking try-lock v0.2.3
[INFO] [stderr]     Checking httpdate v1.0.2
[INFO] [stderr]     Checking want v0.3.0
[INFO] [stderr]    Compiling num-integer v0.1.45
[INFO] [stderr]     Checking num_threads v0.1.6
[INFO] [stderr]     Checking base64 v0.13.0
[INFO] [stderr]     Checking time v0.3.13
[INFO] [stderr]    Compiling semver v1.0.13
[INFO] [stderr]     Checking either v1.8.0
[INFO] [stderr]     Checking bytes-utils v0.1.2
[INFO] [stderr]     Checking tower-layer v0.3.1
[INFO] [stderr]     Checking http-body v0.4.5
[INFO] [stderr]     Checking matches v0.1.9
[INFO] [stderr]     Checking openssl-probe v0.1.5
[INFO] [stderr]     Checking aho-corasick v0.7.18
[INFO] [stderr]     Checking regex-syntax v0.6.27
[INFO] [stderr]     Checking form_urlencoded v1.0.1
[INFO] [stderr]     Checking fastrand v1.8.0
[INFO] [stderr]     Checking zeroize v1.5.7
[INFO] [stderr]     Checking aws-smithy-types v0.46.0
[INFO] [stderr]    Compiling rustc_version v0.4.0
[INFO] [stderr]     Checking hex v0.4.3
[INFO] [stderr]    Compiling serde_derive v1.0.144
[INFO] [stderr]    Compiling aws-types v0.46.0
[INFO] [stderr]    Compiling serde v1.0.144
[INFO] [stderr]     Checking aws-smithy-json v0.46.0
[INFO] [stderr]     Checking getrandom v0.2.7
[INFO] [stderr]     Checking tinyvec_macros v0.1.0
[INFO] [stderr]    Compiling rustls v0.20.6
[INFO] [stderr]    Compiling strsim v0.10.0
[INFO] [stderr]     Checking rand_core v0.6.3
[INFO] [stderr]     Checking tinyvec v1.6.0
[INFO] [stderr]     Checking sharded-slab v0.1.4
[INFO] [stderr]     Checking thread_local v1.1.4
[INFO] [stderr]     Checking ppv-lite86 v0.2.16
[INFO] [stderr]    Compiling serde_json v1.0.85
[INFO] [stderr]     Checking rand_chacha v0.3.1
[INFO] [stderr]     Checking tracing-subscriber v0.2.25
[INFO] [stderr]    Compiling backtrace v0.3.66
[INFO] [stderr]     Checking regex v1.6.0
[INFO] [stderr]     Checking gimli v0.26.2
[INFO] [stderr]    Compiling encoding_rs v0.8.31
[INFO] [stderr]     Checking adler v1.0.2
[INFO] [stderr]     Checking urlencoding v2.1.0
[INFO] [stderr]    Compiling eyre v0.6.8
[INFO] [stderr]     Checking unicode-normalization v0.1.21
[INFO] [stderr]     Checking xmlparser v0.13.3
[INFO] [stderr]     Checking unicode-bidi v0.3.8
[INFO] [stderr]     Checking aws-smithy-xml v0.46.0
[INFO] [stderr]    Compiling darling_core v0.13.4
[INFO] [stderr]     Checking aws-smithy-query v0.46.0
[INFO] [stderr]     Checking miniz_oxide v0.5.3
[INFO] [stderr]     Checking rand v0.8.5
[INFO] [stderr]     Checking object v0.29.0
[INFO] [stderr]     Checking idna v0.2.3
[INFO] [stderr]     Checking sct v0.6.1
[INFO] [stderr]     Checking webpki v0.21.4
[INFO] [stderr]     Checking ct-logs v0.8.0
[INFO] [stderr]     Checking webpki v0.22.0
[INFO] [stderr]     Checking rustls v0.19.1
[INFO] [stderr]     Checking sct v0.7.0
[INFO] [stderr]    Compiling async-trait v0.1.57
[INFO] [stderr]     Checking rustc-demangle v0.1.21
[INFO] [stderr]     Checking owo-colors v1.3.0
[INFO] [stderr]     Checking indenter v0.3.3
[INFO] [stderr]     Checking addr2line v0.17.0
[INFO] [stderr]     Checking webpki-roots v0.22.4
[INFO] [stderr]     Checking url v2.2.2
[INFO] [stderr]     Checking env_logger v0.8.4
[INFO] [stderr]     Checking rustls-pemfile v1.0.1
[INFO] [stderr]     Checking diff v0.1.13
[INFO] [stderr]     Checking ipnet v2.5.0
[INFO] [stderr]     Checking rustls-native-certs v0.5.0
[INFO] [stderr]     Checking mime v0.3.16
[INFO] [stderr]     Checking pretty_assertions v1.2.1
[INFO] [stderr]     Checking quickcheck v1.0.3
[INFO] [stderr]    Compiling tokio-macros v1.8.0
[INFO] [stderr]    Compiling tracing-attributes v0.1.22
[INFO] [stderr]    Compiling futures-macro v0.3.23
[INFO] [stderr]    Compiling pin-project-internal v1.0.12
[INFO] [stderr]    Compiling darling_macro v0.13.4
[INFO] [stderr]    Compiling async-stream-impl v0.3.3
[INFO] [stderr]    Compiling darling v0.13.4
[INFO] [stderr]    Compiling dummy v0.4.1
[INFO] [stderr]     Checking async-stream v0.3.3
[INFO] [stderr]    Compiling quickcheck_macros v1.0.0
[INFO] [stderr]     Checking pin-project v1.0.12
[INFO] [stderr]     Checking fake v2.5.0
[INFO] [stderr]    Compiling own v0.1.0 (/opt/rustwide/workdir/own)
[INFO] [stderr]  Documenting own v0.1.0 (/opt/rustwide/workdir/own)
[INFO] [stderr]     Checking tracing v0.1.36
[INFO] [stderr]     Checking tracing-error v0.1.2
[INFO] [stderr]     Checking color-spantrace v0.1.6
[INFO] [stderr]     Checking color-eyre v0.5.11
[INFO] [stderr]     Checking futures-executor v0.3.23
[INFO] [stderr]     Checking tokio-util v0.7.3
[INFO] [stderr]     Checking tower v0.4.13
[INFO] [stderr]     Checking tokio-stream v0.1.9
[INFO] [stderr]     Checking tokio-rustls v0.22.0
[INFO] [stderr]     Checking tokio-rustls v0.23.4
[INFO] [stderr]     Checking futures v0.3.23
[INFO] [stderr]     Checking aws-smithy-async v0.46.0
[INFO] [stderr]     Checking h2 v0.3.14
[INFO] [stderr]     Checking serde_urlencoded v0.7.1
[INFO] [stderr]     Checking hyper v0.14.20
[INFO] [stderr]     Checking aws-smithy-http v0.46.0
[INFO] [stderr]     Checking hyper-rustls v0.22.1
[INFO] [stderr]     Checking lambda_runtime_api_client v0.6.0
[INFO] [stderr]     Checking hyper-rustls v0.23.0
[INFO] [stderr]     Checking lambda_runtime v0.6.0
[INFO] [stderr]     Checking reqwest v0.11.11
[INFO] [stderr]     Checking aws-smithy-http-tower v0.46.0
[INFO] [stderr]     Checking aws-sigv4 v0.46.0
[INFO] [stderr]     Checking aws-smithy-client v0.46.0
[INFO] [stderr]     Checking aws-http v0.46.0
[INFO] [stderr]     Checking aws-endpoint v0.46.0
[INFO] [stderr]     Checking aws-sig-auth v0.46.0
[INFO] [stderr]     Checking aws-sdk-sts v0.16.0
[INFO] [stderr]     Checking aws-sdk-dynamodb v0.16.0
[INFO] [stderr]     Checking aws-sdk-sso v0.16.0
[INFO] [stderr]     Checking aws-sdk-secretsmanager v0.16.0
[INFO] [stderr]     Checking aws-config v0.46.0
[INFO] [stderr]     Checking serde_dynamo v4.0.4
[INFO] [stderr]  Documenting splitwise-ynab v0.1.0 (/opt/rustwide/workdir/splitwise)
[INFO] [stderr]     Checking splitwise-ynab v0.1.0 (/opt/rustwide/workdir/splitwise)
[INFO] [stdout] error[E0554]: `#![feature]` may not be used on the stable release channel
[INFO] [stdout]  --> splitwise/src/lib.rs:1:1
[INFO] [stdout]   |
[INFO] [stdout] 1 | #![feature(type_alias_impl_trait, trait_alias)]
[INFO] [stdout]   | ^^^^^^^^^^^^^^^^^^^^^^^^^^^^^^^^^^^^^^^^^^^^^^^
[INFO] [stdout] 
[INFO] [stdout] 
[INFO] [stdout] error[E0658]: `let` expressions in this position are unstable
[INFO] [stdout]   --> splitwise/src/models/transformer.rs:47:8
[INFO] [stdout]    |
[INFO] [stdout] 47 |     if let Some(your_share) = your_share && your_share.paid_share > Cents(0) {
[INFO] [stdout]    |        ^^^^^^^^^^^^^^^^^^^^^^^^^^^^^^^^^
[INFO] [stdout]    |
[INFO] [stdout]    = note: see issue #53667 <https://github.com/rust-lang/rust/issues/53667> for more information
[INFO] [stdout] 
[INFO] [stdout] 
[INFO] [stdout] error[E0554]: `#![feature]` may not be used on the stable release channel
[INFO] [stdout]  --> splitwise/src/lib.rs:1:1
[INFO] [stdout]   |
[INFO] [stdout] 1 | #![feature(type_alias_impl_trait, trait_alias)]
[INFO] [stdout]   | ^^^^^^^^^^^^^^^^^^^^^^^^^^^^^^^^^^^^^^^^^^^^^^^
[INFO] [stdout] 
[INFO] [stdout] 
[INFO] [stdout] error[E0658]: `let` expressions in this position are unstable
[INFO] [stdout]   --> splitwise/src/models/transformer.rs:47:8
[INFO] [stdout]    |
[INFO] [stdout] 47 |     if let Some(your_share) = your_share && your_share.paid_share > Cents(0) {
[INFO] [stdout]    |        ^^^^^^^^^^^^^^^^^^^^^^^^^^^^^^^^^
[INFO] [stdout]    |
[INFO] [stdout]    = note: see issue #53667 <https://github.com/rust-lang/rust/issues/53667> for more information
[INFO] [stdout] 
[INFO] [stdout] 
[INFO] [stdout] error: aborting due to 2 previous errors
[INFO] [stdout] 
[INFO] [stdout] 
[INFO] [stdout] Some errors have detailed explanations: E0554, E0658.
[INFO] [stdout] 
[INFO] [stdout] For more information about an error, try `rustc --explain E0554`.
[INFO] [stdout] 
[INFO] [stderr] error: could not document `splitwise-ynab`
[INFO] [stderr] 
[INFO] [stderr] Caused by:
[INFO] [stderr]   process didn't exit successfully: `/opt/rustwide/rustup-home/toolchains/1.75.0-x86_64-unknown-linux-gnu/bin/rustdoc --edition=2021 --crate-type lib --crate-name splitwise_ynab splitwise/src/lib.rs -o /opt/rustwide/target/doc --error-format=json --json=diagnostic-rendered-ansi,artifacts,future-incompat --document-private-items -C metadata=f6a2b1130b1d5038 -L dependency=/opt/rustwide/target/debug/deps --extern async_trait=/opt/rustwide/target/debug/deps/libasync_trait-676ca3710f8b17f5.so --extern aws_config=/opt/rustwide/target/debug/deps/libaws_config-c44830b31ca88a4f.rmeta --extern aws_sdk_dynamodb=/opt/rustwide/target/debug/deps/libaws_sdk_dynamodb-ef3e2ca90fc7fde0.rmeta --extern aws_sdk_secretsmanager=/opt/rustwide/target/debug/deps/libaws_sdk_secretsmanager-bdb8ecb98f178ca4.rmeta --extern aws_types=/opt/rustwide/target/debug/deps/libaws_types-1d660bf8f007e8b3.rmeta --extern color_eyre=/opt/rustwide/target/debug/deps/libcolor_eyre-d0804d01fd3275a9.rmeta --extern fake=/opt/rustwide/target/debug/deps/libfake-69dadd3c776593aa.rmeta --extern futures=/opt/rustwide/target/debug/deps/libfutures-111d7fa4cab2fe71.rmeta --extern lambda_runtime=/opt/rustwide/target/debug/deps/liblambda_runtime-46d767a311563dac.rmeta --extern own=/opt/rustwide/target/debug/deps/libown-94e70768e8ec85cf.so --extern pretty_assertions=/opt/rustwide/target/debug/deps/libpretty_assertions-28dbf5b5a26b2b33.rmeta --extern proc_macro2=/opt/rustwide/target/debug/deps/libproc_macro2-496f5f5503970386.rmeta --extern quickcheck=/opt/rustwide/target/debug/deps/libquickcheck-69ee4679d4cf0646.rmeta --extern quickcheck_macros=/opt/rustwide/target/debug/deps/libquickcheck_macros-a84979d214a7333d.so --extern quote=/opt/rustwide/target/debug/deps/libquote-c59121fbb69ae0bb.rmeta --extern rand=/opt/rustwide/target/debug/deps/librand-c62c76e5d89b9aa7.rmeta --extern reqwest=/opt/rustwide/target/debug/deps/libreqwest-dc63d32cf64613dd.rmeta --extern serde=/opt/rustwide/target/debug/deps/libserde-dcdac7acfb661a9d.rmeta --extern serde_dynamo=/opt/rustwide/target/debug/deps/libserde_dynamo-500a6c33a246a00d.rmeta --extern serde_json=/opt/rustwide/target/debug/deps/libserde_json-0d16bb9ee6d5d98a.rmeta --extern syn=/opt/rustwide/target/debug/deps/libsyn-ca07d46f882ae2d5.rmeta --extern tokio=/opt/rustwide/target/debug/deps/libtokio-0bd540b1b5ce6da9.rmeta --extern tracing=/opt/rustwide/target/debug/deps/libtracing-376b32fc092107a8.rmeta --cap-lints=warn --crate-version 0.1.0` (exit status: 1)
[INFO] [stderr] warning: build failed, waiting for other jobs to finish...
[INFO] [stdout] error: aborting due to 2 previous errors
[INFO] [stdout] 
[INFO] [stdout] 
[INFO] [stdout] Some errors have detailed explanations: E0554, E0658.
[INFO] [stdout] 
[INFO] [stdout] For more information about an error, try `rustc --explain E0554`.
[INFO] [stdout] 
[INFO] [stderr] error: could not compile `splitwise-ynab` (lib) due to 3 previous errors
[INFO] running `Command { std: "docker" "inspect" "012fc92e30f346b89b798f128bf2c48521a4ae4c4a5c6e7e47eb4112c6d221d5", kill_on_drop: false }`
[INFO] running `Command { std: "docker" "rm" "-f" "012fc92e30f346b89b798f128bf2c48521a4ae4c4a5c6e7e47eb4112c6d221d5", kill_on_drop: false }`
[INFO] [stdout] 012fc92e30f346b89b798f128bf2c48521a4ae4c4a5c6e7e47eb4112c6d221d5
[INFO] documenting DylanRJohnston/splitwise against beta-2023-12-22 for beta-1.76-rustdoc-1
[INFO] running `Command { std: "git" "clone" "/workspace/cache/git-repos/https%3A%2F%2Fgithub.com%2FDylanRJohnston%2Fsplitwise" "/workspace/builds/worker-5-tc2/source", kill_on_drop: false }`
[INFO] [stderr] Cloning into '/workspace/builds/worker-5-tc2/source'...
[INFO] [stderr] done.
[INFO] validating manifest of git repo https://github.com/DylanRJohnston/splitwise on toolchain beta-2023-12-22
[INFO] running `Command { std: CARGO_HOME="/workspace/cargo-home" RUSTUP_HOME="/workspace/rustup-home" "/workspace/cargo-home/bin/cargo" "+beta-2023-12-22" "metadata" "--manifest-path" "Cargo.toml" "--no-deps", kill_on_drop: false }`
[INFO] started tweaking git repo https://github.com/DylanRJohnston/splitwise
[INFO] finished tweaking git repo https://github.com/DylanRJohnston/splitwise
[INFO] tweaked toml for git repo https://github.com/DylanRJohnston/splitwise written to /workspace/builds/worker-5-tc2/source/Cargo.toml
[INFO] crate git repo https://github.com/DylanRJohnston/splitwise already has a lockfile, it will not be regenerated
[INFO] running `Command { std: CARGO_HOME="/workspace/cargo-home" RUSTUP_HOME="/workspace/rustup-home" "/workspace/cargo-home/bin/cargo" "+beta-2023-12-22" "fetch" "--manifest-path" "Cargo.toml", kill_on_drop: false }`
[INFO] [stderr] warning: virtual workspace defaulting to `resolver = "1"` despite one or more workspace members being on edition 2021 which implies `resolver = "2"`
[INFO] [stderr] note: to keep the current resolver, specify `workspace.resolver = "1"` in the workspace root's manifest
[INFO] [stderr] note: to use the edition 2021 resolver, specify `workspace.resolver = "2"` in the workspace root's manifest
[INFO] [stderr] note: for more details see https://doc.rust-lang.org/cargo/reference/resolver.html#resolver-versions
[INFO] running `Command { std: "docker" "create" "-v" "/var/lib/crater-agent-workspace/builds/worker-5-tc2/target:/opt/rustwide/target:rw,Z" "-v" "/var/lib/crater-agent-workspace/builds/worker-5-tc2/source:/opt/rustwide/workdir:ro,Z" "-v" "/var/lib/crater-agent-workspace/cargo-home:/opt/rustwide/cargo-home:ro,Z" "-v" "/var/lib/crater-agent-workspace/rustup-home:/opt/rustwide/rustup-home:ro,Z" "-e" "SOURCE_DIR=/opt/rustwide/workdir" "-e" "CARGO_TARGET_DIR=/opt/rustwide/target" "-e" "CARGO_HOME=/opt/rustwide/cargo-home" "-e" "RUSTUP_HOME=/opt/rustwide/rustup-home" "-w" "/opt/rustwide/workdir" "-m" "1610612736" "--user" "0:0" "--network" "none" "ghcr.io/rust-lang/crates-build-env/linux@sha256:2788e3201cd34a07e3172128adcd8b3090168a8e3bcc40d7c032b9dda1df7d1c" "/opt/rustwide/cargo-home/bin/cargo" "+beta-2023-12-22" "metadata" "--no-deps" "--format-version=1", kill_on_drop: false }`
[INFO] [stdout] 2acef5c1e459ec99b6aa91f8fa3183df6c7e1daee517aa7b6a65e32566eb9dad
[INFO] running `Command { std: "docker" "start" "-a" "2acef5c1e459ec99b6aa91f8fa3183df6c7e1daee517aa7b6a65e32566eb9dad", kill_on_drop: false }`
[INFO] running `Command { std: "docker" "inspect" "2acef5c1e459ec99b6aa91f8fa3183df6c7e1daee517aa7b6a65e32566eb9dad", kill_on_drop: false }`
[INFO] running `Command { std: "docker" "rm" "-f" "2acef5c1e459ec99b6aa91f8fa3183df6c7e1daee517aa7b6a65e32566eb9dad", kill_on_drop: false }`
[INFO] [stdout] 2acef5c1e459ec99b6aa91f8fa3183df6c7e1daee517aa7b6a65e32566eb9dad
[INFO] running `Command { std: "docker" "create" "-v" "/var/lib/crater-agent-workspace/builds/worker-5-tc2/target:/opt/rustwide/target:rw,Z" "-v" "/var/lib/crater-agent-workspace/builds/worker-5-tc2/source:/opt/rustwide/workdir:ro,Z" "-v" "/var/lib/crater-agent-workspace/cargo-home:/opt/rustwide/cargo-home:ro,Z" "-v" "/var/lib/crater-agent-workspace/rustup-home:/opt/rustwide/rustup-home:ro,Z" "-e" "SOURCE_DIR=/opt/rustwide/workdir" "-e" "CARGO_TARGET_DIR=/opt/rustwide/target" "-e" "CARGO_INCREMENTAL=0" "-e" "RUST_BACKTRACE=full" "-e" "RUSTFLAGS=--cap-lints=warn" "-e" "RUSTDOCFLAGS=--cap-lints=warn" "-e" "CARGO_HOME=/opt/rustwide/cargo-home" "-e" "RUSTUP_HOME=/opt/rustwide/rustup-home" "-w" "/opt/rustwide/workdir" "-m" "1610612736" "--user" "0:0" "--network" "none" "ghcr.io/rust-lang/crates-build-env/linux@sha256:2788e3201cd34a07e3172128adcd8b3090168a8e3bcc40d7c032b9dda1df7d1c" "/opt/rustwide/cargo-home/bin/cargo" "+beta-2023-12-22" "doc" "--frozen" "--no-deps" "--document-private-items" "--message-format=json", kill_on_drop: false }`
[INFO] [stdout] ba20215552ca85e6bde4755bba39179ae08dc147defd817df7d013a24c361211
[INFO] running `Command { std: "docker" "start" "-a" "ba20215552ca85e6bde4755bba39179ae08dc147defd817df7d013a24c361211", kill_on_drop: false }`
[INFO] [stderr] warning: virtual workspace defaulting to `resolver = "1"` despite one or more workspace members being on edition 2021 which implies `resolver = "2"`
[INFO] [stderr] note: to keep the current resolver, specify `workspace.resolver = "1"` in the workspace root's manifest
[INFO] [stderr] note: to use the edition 2021 resolver, specify `workspace.resolver = "2"` in the workspace root's manifest
[INFO] [stderr] note: for more details see https://doc.rust-lang.org/cargo/reference/resolver.html#resolver-versions
[INFO] [stderr]    Compiling proc-macro2 v1.0.43
[INFO] [stderr]    Compiling quote v1.0.21
[INFO] [stderr]    Compiling libc v0.2.132
[INFO] [stderr]    Compiling syn v1.0.99
[INFO] [stderr]    Compiling unicode-ident v1.0.3
[INFO] [stderr]     Checking once_cell v1.13.1
[INFO] [stderr]    Compiling log v0.4.17
[INFO] [stderr]    Compiling cc v1.0.73
[INFO] [stderr]    Compiling futures-core v0.3.23
[INFO] [stderr]    Compiling lock_api v0.4.7
[INFO] [stderr]    Compiling parking_lot_core v0.9.3
[INFO] [stderr]     Checking bytes v1.2.1
[INFO] [stderr]     Checking smallvec v1.9.0
[INFO] [stderr]    Compiling tokio v1.20.1
[INFO] [stderr]     Checking tracing-core v0.1.29
[INFO] [stderr]    Compiling slab v0.4.7
[INFO] [stderr]    Compiling futures-channel v0.3.23
[INFO] [stderr]     Checking futures-sink v0.3.23
[INFO] [stderr]    Compiling futures-task v0.3.23
[INFO] [stderr]     Checking itoa v1.0.3
[INFO] [stderr]    Compiling futures-util v0.3.23
[INFO] [stderr]     Checking num_cpus v1.13.1
[INFO] [stderr]     Checking socket2 v0.4.4
[INFO] [stderr]    Compiling ring v0.16.20
[INFO] [stderr]     Checking signal-hook-registry v1.4.0
[INFO] [stderr]     Checking mio v0.8.4
[INFO] [stderr]     Checking parking_lot v0.12.1
[INFO] [stderr]     Checking futures-io v0.3.23
[INFO] [stderr]    Compiling indexmap v1.9.1
[INFO] [stderr]     Checking http v0.2.8
[INFO] [stderr]     Checking hashbrown v0.12.3
[INFO] [stderr]    Compiling httparse v1.7.1
[INFO] [stderr]     Checking ryu v1.0.11
[INFO] [stderr]     Checking try-lock v0.2.3
[INFO] [stderr]     Checking tower-service v0.3.2
[INFO] [stderr]     Checking want v0.3.0
[INFO] [stderr]     Checking httpdate v1.0.2
[INFO] [stderr]    Compiling num-integer v0.1.45
[INFO] [stderr]     Checking num_threads v0.1.6
[INFO] [stderr]     Checking base64 v0.13.0
[INFO] [stderr]     Checking time v0.3.13
[INFO] [stderr]     Checking either v1.8.0
[INFO] [stderr]    Compiling semver v1.0.13
[INFO] [stderr]     Checking http-body v0.4.5
[INFO] [stderr]     Checking bytes-utils v0.1.2
[INFO] [stderr]     Checking tower-layer v0.3.1
[INFO] [stderr]     Checking matches v0.1.9
[INFO] [stderr]     Checking openssl-probe v0.1.5
[INFO] [stderr]     Checking aho-corasick v0.7.18
[INFO] [stderr]     Checking regex-syntax v0.6.27
[INFO] [stderr]     Checking form_urlencoded v1.0.1
[INFO] [stderr]     Checking fastrand v1.8.0
[INFO] [stderr]     Checking zeroize v1.5.7
[INFO] [stderr]    Compiling rustc_version v0.4.0
[INFO] [stderr]     Checking hex v0.4.3
[INFO] [stderr]     Checking aws-smithy-types v0.46.0
[INFO] [stderr]    Compiling serde_derive v1.0.144
[INFO] [stderr]    Compiling serde v1.0.144
[INFO] [stderr]    Compiling aws-types v0.46.0
[INFO] [stderr]     Checking getrandom v0.2.7
[INFO] [stderr]     Checking tinyvec_macros v0.1.0
[INFO] [stderr]     Checking aws-smithy-json v0.46.0
[INFO] [stderr]    Compiling rustls v0.20.6
[INFO] [stderr]    Compiling strsim v0.10.0
[INFO] [stderr]     Checking tinyvec v1.6.0
[INFO] [stderr]     Checking rand_core v0.6.3
[INFO] [stderr]     Checking sharded-slab v0.1.4
[INFO] [stderr]     Checking thread_local v1.1.4
[INFO] [stderr]    Compiling serde_json v1.0.85
[INFO] [stderr]     Checking ppv-lite86 v0.2.16
[INFO] [stderr]    Compiling backtrace v0.3.66
[INFO] [stderr]     Checking tracing-subscriber v0.2.25
[INFO] [stderr]     Checking rand_chacha v0.3.1
[INFO] [stderr]    Compiling encoding_rs v0.8.31
[INFO] [stderr]     Checking unicode-normalization v0.1.21
[INFO] [stderr]     Checking regex v1.6.0
[INFO] [stderr]     Checking gimli v0.26.2
[INFO] [stderr]     Checking adler v1.0.2
[INFO] [stderr]     Checking xmlparser v0.13.3
[INFO] [stderr]    Compiling eyre v0.6.8
[INFO] [stderr]     Checking urlencoding v2.1.0
[INFO] [stderr]     Checking unicode-bidi v0.3.8
[INFO] [stderr]     Checking aws-smithy-query v0.46.0
[INFO] [stderr]     Checking aws-smithy-xml v0.46.0
[INFO] [stderr]     Checking miniz_oxide v0.5.3
[INFO] [stderr]     Checking idna v0.2.3
[INFO] [stderr]     Checking rand v0.8.5
[INFO] [stderr]     Checking object v0.29.0
[INFO] [stderr]    Compiling darling_core v0.13.4
[INFO] [stderr]     Checking sct v0.6.1
[INFO] [stderr]     Checking webpki v0.21.4
[INFO] [stderr]     Checking ct-logs v0.8.0
[INFO] [stderr]     Checking webpki v0.22.0
[INFO] [stderr]     Checking sct v0.7.0
[INFO] [stderr]    Compiling async-trait v0.1.57
[INFO] [stderr]     Checking rustls v0.19.1
[INFO] [stderr]     Checking rustc-demangle v0.1.21
[INFO] [stderr]     Checking indenter v0.3.3
[INFO] [stderr]     Checking owo-colors v1.3.0
[INFO] [stderr]     Checking webpki-roots v0.22.4
[INFO] [stderr]     Checking url v2.2.2
[INFO] [stderr]     Checking addr2line v0.17.0
[INFO] [stderr]     Checking env_logger v0.8.4
[INFO] [stderr]     Checking rustls-pemfile v1.0.1
[INFO] [stderr]     Checking mime v0.3.16
[INFO] [stderr]     Checking rustls-native-certs v0.5.0
[INFO] [stderr]     Checking diff v0.1.13
[INFO] [stderr]     Checking ipnet v2.5.0
[INFO] [stderr]     Checking pretty_assertions v1.2.1
[INFO] [stderr]     Checking quickcheck v1.0.3
[INFO] [stderr]    Compiling tokio-macros v1.8.0
[INFO] [stderr]    Compiling tracing-attributes v0.1.22
[INFO] [stderr]    Compiling futures-macro v0.3.23
[INFO] [stderr]    Compiling pin-project-internal v1.0.12
[INFO] [stderr]    Compiling darling_macro v0.13.4
[INFO] [stderr]    Compiling async-stream-impl v0.3.3
[INFO] [stderr]     Checking async-stream v0.3.3
[INFO] [stderr]    Compiling quickcheck_macros v1.0.0
[INFO] [stderr]    Compiling darling v0.13.4
[INFO] [stderr]    Compiling dummy v0.4.1
[INFO] [stderr]     Checking pin-project v1.0.12
[INFO] [stderr]    Compiling own v0.1.0 (/opt/rustwide/workdir/own)
[INFO] [stderr]  Documenting own v0.1.0 (/opt/rustwide/workdir/own)
[INFO] [stderr]     Checking tracing v0.1.36
[INFO] [stderr]     Checking tracing-error v0.1.2
[INFO] [stderr]     Checking color-spantrace v0.1.6
[INFO] [stderr]     Checking fake v2.5.0
[INFO] [stderr]     Checking color-eyre v0.5.11
[INFO] [stderr]     Checking futures-executor v0.3.23
[INFO] [stderr]     Checking futures v0.3.23
[INFO] [stderr]     Checking tokio-util v0.7.3
[INFO] [stderr]     Checking tower v0.4.13
[INFO] [stderr]     Checking tokio-stream v0.1.9
[INFO] [stderr]     Checking tokio-rustls v0.22.0
[INFO] [stderr]     Checking tokio-rustls v0.23.4
[INFO] [stderr]     Checking aws-smithy-async v0.46.0
[INFO] [stderr]     Checking h2 v0.3.14
[INFO] [stderr]     Checking serde_urlencoded v0.7.1
[INFO] [stderr]     Checking hyper v0.14.20
[INFO] [stderr]     Checking aws-smithy-http v0.46.0
[INFO] [stderr]     Checking hyper-rustls v0.22.1
[INFO] [stderr]     Checking hyper-rustls v0.23.0
[INFO] [stderr]     Checking lambda_runtime_api_client v0.6.0
[INFO] [stderr]     Checking lambda_runtime v0.6.0
[INFO] [stderr]     Checking reqwest v0.11.11
[INFO] [stderr]     Checking aws-smithy-http-tower v0.46.0
[INFO] [stderr]     Checking aws-sigv4 v0.46.0
[INFO] [stderr]     Checking aws-smithy-client v0.46.0
[INFO] [stderr]     Checking aws-sig-auth v0.46.0
[INFO] [stderr]     Checking aws-endpoint v0.46.0
[INFO] [stderr]     Checking aws-http v0.46.0
[INFO] [stderr]     Checking aws-sdk-sts v0.16.0
[INFO] [stderr]     Checking aws-sdk-dynamodb v0.16.0
[INFO] [stderr]     Checking aws-sdk-sso v0.16.0
[INFO] [stderr]     Checking aws-sdk-secretsmanager v0.16.0
[INFO] [stderr]     Checking aws-config v0.46.0
[INFO] [stderr]     Checking serde_dynamo v4.0.4
[INFO] [stderr]  Documenting splitwise-ynab v0.1.0 (/opt/rustwide/workdir/splitwise)
[INFO] [stderr]     Checking splitwise-ynab v0.1.0 (/opt/rustwide/workdir/splitwise)
[INFO] [stdout] error[E0554]: `#![feature]` may not be used on the beta release channel
[INFO] [stdout]  --> splitwise/src/lib.rs:1:1
[INFO] [stdout]   |
[INFO] [stdout] 1 | #![feature(type_alias_impl_trait, trait_alias)]
[INFO] [stdout]   | ^^^^^^^^^^^^^^^^^^^^^^^^^^^^^^^^^^^^^^^^^^^^^^^
[INFO] [stdout] 
[INFO] [stdout] 
[INFO] [stdout] error[E0658]: `let` expressions in this position are unstable
[INFO] [stdout]   --> splitwise/src/models/transformer.rs:47:8
[INFO] [stdout]    |
[INFO] [stdout] 47 |     if let Some(your_share) = your_share && your_share.paid_share > Cents(0) {
[INFO] [stdout]    |        ^^^^^^^^^^^^^^^^^^^^^^^^^^^^^^^^^
[INFO] [stdout]    |
[INFO] [stdout]    = note: see issue #53667 <https://github.com/rust-lang/rust/issues/53667> for more information
[INFO] [stdout] 
[INFO] [stdout] 
[INFO] [stdout] error[E0554]: `#![feature]` may not be used on the beta release channel
[INFO] [stdout]  --> splitwise/src/lib.rs:1:1
[INFO] [stdout]   |
[INFO] [stdout] 1 | #![feature(type_alias_impl_trait, trait_alias)]
[INFO] [stdout]   | ^^^^^^^^^^^^^^^^^^^^^^^^^^^^^^^^^^^^^^^^^^^^^^^
[INFO] [stdout] 
[INFO] [stdout] 
[INFO] [stdout] error[E0658]: `let` expressions in this position are unstable
[INFO] [stdout]   --> splitwise/src/models/transformer.rs:47:8
[INFO] [stdout]    |
[INFO] [stdout] 47 |     if let Some(your_share) = your_share && your_share.paid_share > Cents(0) {
[INFO] [stdout]    |        ^^^^^^^^^^^^^^^^^^^^^^^^^^^^^^^^^
[INFO] [stdout]    |
[INFO] [stdout]    = note: see issue #53667 <https://github.com/rust-lang/rust/issues/53667> for more information
[INFO] [stdout] 
[INFO] [stdout] 
[INFO] [stdout] error: aborting due to 2 previous errors
[INFO] [stdout] 
[INFO] [stdout] 
[INFO] [stdout] Some errors have detailed explanations: E0554, E0658.
[INFO] [stdout] 
[INFO] [stdout] For more information about an error, try `rustc --explain E0554`.
[INFO] [stdout] 
[INFO] [stderr] error: could not document `splitwise-ynab`
[INFO] [stderr] 
[INFO] [stderr] Caused by:
[INFO] [stderr]   process didn't exit successfully: `/opt/rustwide/rustup-home/toolchains/beta-2023-12-22-x86_64-unknown-linux-gnu/bin/rustdoc --edition=2021 --crate-type lib --crate-name splitwise_ynab splitwise/src/lib.rs -o /opt/rustwide/target/doc --error-format=json --json=diagnostic-rendered-ansi,artifacts,future-incompat --document-private-items -C metadata=32f828c2bb602141 -L dependency=/opt/rustwide/target/debug/deps --extern async_trait=/opt/rustwide/target/debug/deps/libasync_trait-3cf44a903cf0bcb0.so --extern aws_config=/opt/rustwide/target/debug/deps/libaws_config-13715466a8ce1f9b.rmeta --extern aws_sdk_dynamodb=/opt/rustwide/target/debug/deps/libaws_sdk_dynamodb-d8fbb99e3d387821.rmeta --extern aws_sdk_secretsmanager=/opt/rustwide/target/debug/deps/libaws_sdk_secretsmanager-7630c0f15e3a8a7b.rmeta --extern aws_types=/opt/rustwide/target/debug/deps/libaws_types-141674d9fc7e2082.rmeta --extern color_eyre=/opt/rustwide/target/debug/deps/libcolor_eyre-fc15e2179f426689.rmeta --extern fake=/opt/rustwide/target/debug/deps/libfake-f97471bbc7abc0a9.rmeta --extern futures=/opt/rustwide/target/debug/deps/libfutures-c949277e383ec5df.rmeta --extern lambda_runtime=/opt/rustwide/target/debug/deps/liblambda_runtime-3365ed006e6b41fd.rmeta --extern own=/opt/rustwide/target/debug/deps/libown-244f369708fa7d5b.so --extern pretty_assertions=/opt/rustwide/target/debug/deps/libpretty_assertions-c281d15a6c0a1602.rmeta --extern proc_macro2=/opt/rustwide/target/debug/deps/libproc_macro2-6e0d3c65c55e3688.rmeta --extern quickcheck=/opt/rustwide/target/debug/deps/libquickcheck-345e269f73c7f77d.rmeta --extern quickcheck_macros=/opt/rustwide/target/debug/deps/libquickcheck_macros-305f9c9ea81f1235.so --extern quote=/opt/rustwide/target/debug/deps/libquote-cd31185dbf16a11f.rmeta --extern rand=/opt/rustwide/target/debug/deps/librand-a903ccbe54753c06.rmeta --extern reqwest=/opt/rustwide/target/debug/deps/libreqwest-a453e44fadf2dc97.rmeta --extern serde=/opt/rustwide/target/debug/deps/libserde-64db15c2138a8ce5.rmeta --extern serde_dynamo=/opt/rustwide/target/debug/deps/libserde_dynamo-0bf8ab77780e415b.rmeta --extern serde_json=/opt/rustwide/target/debug/deps/libserde_json-4ad719e83e9be851.rmeta --extern syn=/opt/rustwide/target/debug/deps/libsyn-0ce23581f65cf455.rmeta --extern tokio=/opt/rustwide/target/debug/deps/libtokio-1ec067621f3bdc61.rmeta --extern tracing=/opt/rustwide/target/debug/deps/libtracing-ed2c09008db7d1ff.rmeta --cap-lints=warn --crate-version 0.1.0` (exit status: 1)
[INFO] [stderr] warning: build failed, waiting for other jobs to finish...
[INFO] [stdout] error: aborting due to 2 previous errors
[INFO] [stdout] 
[INFO] [stdout] 
[INFO] [stdout] Some errors have detailed explanations: E0554, E0658.
[INFO] [stdout] 
[INFO] [stdout] For more information about an error, try `rustc --explain E0554`.
[INFO] [stdout] 
[INFO] [stderr] error: could not compile `splitwise-ynab` (lib) due to 3 previous errors
[INFO] running `Command { std: "docker" "inspect" "ba20215552ca85e6bde4755bba39179ae08dc147defd817df7d013a24c361211", kill_on_drop: false }`
[INFO] running `Command { std: "docker" "rm" "-f" "ba20215552ca85e6bde4755bba39179ae08dc147defd817df7d013a24c361211", kill_on_drop: false }`
[INFO] [stdout] ba20215552ca85e6bde4755bba39179ae08dc147defd817df7d013a24c361211
