[INFO] cloning repository https://github.com/DuncanSparks/Return-From-Rust
[INFO] running `Command { std: "git" "-c" "credential.helper=" "-c" "credential.helper=/workspace/cargo-home/bin/git-credential-null" "clone" "--bare" "https://github.com/DuncanSparks/Return-From-Rust" "/workspace/cache/git-repos/https%3A%2F%2Fgithub.com%2FDuncanSparks%2FReturn-From-Rust", kill_on_drop: false }`
[INFO] [stderr] Cloning into bare repository '/workspace/cache/git-repos/https%3A%2F%2Fgithub.com%2FDuncanSparks%2FReturn-From-Rust'...
[INFO] running `Command { std: "git" "rev-parse" "HEAD", kill_on_drop: false }`
[INFO] [stdout] 856a28caca4d482db39fca3703c63b2bc137a535
[INFO] documenting DuncanSparks/Return-From-Rust against 1.75.0 for beta-1.76-rustdoc-1
[INFO] running `Command { std: "git" "clone" "/workspace/cache/git-repos/https%3A%2F%2Fgithub.com%2FDuncanSparks%2FReturn-From-Rust" "/workspace/builds/worker-6-tc1/source", kill_on_drop: false }`
[INFO] [stderr] Cloning into '/workspace/builds/worker-6-tc1/source'...
[INFO] [stderr] done.
[INFO] validating manifest of git repo https://github.com/DuncanSparks/Return-From-Rust on toolchain 1.75.0
[INFO] running `Command { std: CARGO_HOME="/workspace/cargo-home" RUSTUP_HOME="/workspace/rustup-home" "/workspace/cargo-home/bin/cargo" "+1.75.0" "metadata" "--manifest-path" "Cargo.toml" "--no-deps", kill_on_drop: false }`
[INFO] removed /workspace/builds/worker-6-tc1/source/.cargo/config
[INFO] started tweaking git repo https://github.com/DuncanSparks/Return-From-Rust
[INFO] finished tweaking git repo https://github.com/DuncanSparks/Return-From-Rust
[INFO] tweaked toml for git repo https://github.com/DuncanSparks/Return-From-Rust written to /workspace/builds/worker-6-tc1/source/Cargo.toml
[INFO] crate git repo https://github.com/DuncanSparks/Return-From-Rust already has a lockfile, it will not be regenerated
[INFO] running `Command { std: CARGO_HOME="/workspace/cargo-home" RUSTUP_HOME="/workspace/rustup-home" "/workspace/cargo-home/bin/cargo" "+1.75.0" "fetch" "--manifest-path" "Cargo.toml", kill_on_drop: false }`
[INFO] [stderr]     Updating git repository `https://github.com/GodotNativeTools/godot-rust.git`
[INFO] running `Command { std: "docker" "create" "-v" "/var/lib/crater-agent-workspace/builds/worker-6-tc1/target:/opt/rustwide/target:rw,Z" "-v" "/var/lib/crater-agent-workspace/builds/worker-6-tc1/source:/opt/rustwide/workdir:ro,Z" "-v" "/var/lib/crater-agent-workspace/cargo-home:/opt/rustwide/cargo-home:ro,Z" "-v" "/var/lib/crater-agent-workspace/rustup-home:/opt/rustwide/rustup-home:ro,Z" "-e" "SOURCE_DIR=/opt/rustwide/workdir" "-e" "CARGO_TARGET_DIR=/opt/rustwide/target" "-e" "CARGO_HOME=/opt/rustwide/cargo-home" "-e" "RUSTUP_HOME=/opt/rustwide/rustup-home" "-w" "/opt/rustwide/workdir" "-m" "1610612736" "--user" "0:0" "--network" "none" "ghcr.io/rust-lang/crates-build-env/linux@sha256:2788e3201cd34a07e3172128adcd8b3090168a8e3bcc40d7c032b9dda1df7d1c" "/opt/rustwide/cargo-home/bin/cargo" "+1.75.0" "metadata" "--no-deps" "--format-version=1", kill_on_drop: false }`
[INFO] [stdout] c6369703649c0c326994d6bab470ba1d6c3e2212fc2ef71c0985c9be9001cefc
[INFO] running `Command { std: "docker" "start" "-a" "c6369703649c0c326994d6bab470ba1d6c3e2212fc2ef71c0985c9be9001cefc", kill_on_drop: false }`
[INFO] running `Command { std: "docker" "inspect" "c6369703649c0c326994d6bab470ba1d6c3e2212fc2ef71c0985c9be9001cefc", kill_on_drop: false }`
[INFO] running `Command { std: "docker" "rm" "-f" "c6369703649c0c326994d6bab470ba1d6c3e2212fc2ef71c0985c9be9001cefc", kill_on_drop: false }`
[INFO] [stdout] c6369703649c0c326994d6bab470ba1d6c3e2212fc2ef71c0985c9be9001cefc
[INFO] running `Command { std: "docker" "create" "-v" "/var/lib/crater-agent-workspace/builds/worker-6-tc1/target:/opt/rustwide/target:rw,Z" "-v" "/var/lib/crater-agent-workspace/builds/worker-6-tc1/source:/opt/rustwide/workdir:ro,Z" "-v" "/var/lib/crater-agent-workspace/cargo-home:/opt/rustwide/cargo-home:ro,Z" "-v" "/var/lib/crater-agent-workspace/rustup-home:/opt/rustwide/rustup-home:ro,Z" "-e" "SOURCE_DIR=/opt/rustwide/workdir" "-e" "CARGO_TARGET_DIR=/opt/rustwide/target" "-e" "CARGO_INCREMENTAL=0" "-e" "RUST_BACKTRACE=full" "-e" "RUSTFLAGS=--cap-lints=warn" "-e" "RUSTDOCFLAGS=--cap-lints=warn" "-e" "CARGO_HOME=/opt/rustwide/cargo-home" "-e" "RUSTUP_HOME=/opt/rustwide/rustup-home" "-w" "/opt/rustwide/workdir" "-m" "1610612736" "--user" "0:0" "--network" "none" "ghcr.io/rust-lang/crates-build-env/linux@sha256:2788e3201cd34a07e3172128adcd8b3090168a8e3bcc40d7c032b9dda1df7d1c" "/opt/rustwide/cargo-home/bin/cargo" "+1.75.0" "doc" "--frozen" "--no-deps" "--document-private-items" "--message-format=json", kill_on_drop: false }`
[INFO] [stdout] 8b7cae5303416f2c70ceb393b66b5d5a76a683957b92b254699c51463054b715
[INFO] running `Command { std: "docker" "start" "-a" "8b7cae5303416f2c70ceb393b66b5d5a76a683957b92b254699c51463054b715", kill_on_drop: false }`
[INFO] [stderr]    Compiling proc-macro2 v1.0.8
[INFO] [stderr]    Compiling unicode-xid v0.2.0
[INFO] [stderr]    Compiling syn v1.0.14
[INFO] [stderr]    Compiling serde v1.0.104
[INFO] [stderr]    Compiling memchr v2.3.0
[INFO] [stderr]    Compiling itoa v0.4.5
[INFO] [stderr]    Compiling glob v0.3.0
[INFO] [stderr]    Compiling byteorder v1.3.4
[INFO] [stderr]    Compiling unicode-segmentation v1.6.0
[INFO] [stderr]    Compiling lazy_static v1.4.0
[INFO] [stderr]    Compiling ryu v1.0.2
[INFO] [stderr]    Compiling nom v4.2.3
[INFO] [stderr]    Compiling libloading v0.5.2
[INFO] [stderr]    Compiling libc v0.2.66
[INFO] [stderr]    Compiling regex-syntax v0.6.14
[INFO] [stderr]    Compiling bindgen v0.51.1
[INFO] [stderr]    Compiling thread_local v1.0.1
[INFO] [stderr]    Compiling bitflags v1.2.1
[INFO] [stderr]    Compiling shlex v0.1.1
[INFO] [stderr]    Compiling peeking_take_while v0.1.2
[INFO] [stderr]    Compiling num-traits v0.2.11
[INFO] [stderr]     Checking smallvec v0.6.13
[INFO] [stderr]    Compiling heck v0.3.1
[INFO] [stderr]    Compiling clang-sys v0.28.1
[INFO] [stderr]     Checking parking_lot_core v0.6.2
[INFO] [stderr]    Compiling aho-corasick v0.7.8
[INFO] [stderr]     Checking parking_lot v0.9.0
[INFO] [stderr]    Compiling rustc-hash v1.0.1
[INFO] [stderr]    Compiling quote v1.0.2
[INFO] [stderr]     Checking euclid v0.20.7
[INFO] [stderr]    Compiling cexpr v0.3.6
[INFO] [stderr]    Compiling regex v1.3.4
[INFO] [stderr]    Compiling serde_derive v1.0.104
[INFO] [stderr]    Compiling gdnative-derive v0.7.0 (https://github.com/GodotNativeTools/godot-rust.git#be712300)
[INFO] [stderr]    Compiling serde_json v1.0.47
[INFO] [stderr]    Compiling gdnative_bindings_generator v0.7.0 (https://github.com/GodotNativeTools/godot-rust.git#be712300)
[INFO] [stderr]    Compiling gdnative-sys v0.7.0 (https://github.com/GodotNativeTools/godot-rust.git#be712300)
[INFO] [stderr]    Compiling gdnative-core v0.7.0 (https://github.com/GodotNativeTools/godot-rust.git#be712300)
[INFO] [stderr]    Compiling gdnative-bindings v0.7.0 (https://github.com/GodotNativeTools/godot-rust.git#be712300)
[INFO] [stdout] error[E0512]: cannot transmute between types of different sizes, or dependently-sized types
[INFO] [stdout]   --> /opt/rustwide/cargo-home/git/checkouts/godot-rust-6b1e607c51143c56/be71230/gdnative-core/src/type_tag.rs:88:9
[INFO] [stdout]    |
[INFO] [stdout] 88 |         std::mem::transmute::<Tag, *const libc::c_void>(Tag::of::<T>())
[INFO] [stdout]    |         ^^^^^^^^^^^^^^^^^^^^^^^^^^^^^^^^^^^^^^^^^^^^^^^
[INFO] [stdout]    |
[INFO] [stdout]    = note: source type: `Tag` (128 bits)
[INFO] [stdout]    = note: target type: `*const c_void` (64 bits)
[INFO] [stdout] 
[INFO] [stdout] 
[INFO] [stdout] error[E0512]: cannot transmute between types of different sizes, or dependently-sized types
[INFO] [stdout]   --> /opt/rustwide/cargo-home/git/checkouts/godot-rust-6b1e607c51143c56/be71230/gdnative-core/src/type_tag.rs:96:27
[INFO] [stdout]    |
[INFO] [stdout] 96 |         Tag::of::<T>() == std::mem::transmute::<*const libc::c_void, Tag>(tag)
[INFO] [stdout]    |                           ^^^^^^^^^^^^^^^^^^^^^^^^^^^^^^^^^^^^^^^^^^^^^^^
[INFO] [stdout]    |
[INFO] [stdout]    = note: source type: `*const c_void` (64 bits)
[INFO] [stdout]    = note: target type: `Tag` (128 bits)
[INFO] [stdout] 
[INFO] [stdout] 
[INFO] [stdout] error: aborting due to 2 previous errors
[INFO] [stdout] 
[INFO] [stdout] 
[INFO] [stdout] For more information about this error, try `rustc --explain E0512`.
[INFO] [stdout] 
[INFO] [stderr] error: could not compile `gdnative-core` (lib) due to 3 previous errors
[INFO] running `Command { std: "docker" "inspect" "8b7cae5303416f2c70ceb393b66b5d5a76a683957b92b254699c51463054b715", kill_on_drop: false }`
[INFO] running `Command { std: "docker" "rm" "-f" "8b7cae5303416f2c70ceb393b66b5d5a76a683957b92b254699c51463054b715", kill_on_drop: false }`
[INFO] [stdout] 8b7cae5303416f2c70ceb393b66b5d5a76a683957b92b254699c51463054b715
[INFO] documenting DuncanSparks/Return-From-Rust against beta-2023-12-22 for beta-1.76-rustdoc-1
[INFO] running `Command { std: "git" "clone" "/workspace/cache/git-repos/https%3A%2F%2Fgithub.com%2FDuncanSparks%2FReturn-From-Rust" "/workspace/builds/worker-6-tc2/source", kill_on_drop: false }`
[INFO] [stderr] Cloning into '/workspace/builds/worker-6-tc2/source'...
[INFO] [stderr] done.
[INFO] validating manifest of git repo https://github.com/DuncanSparks/Return-From-Rust on toolchain beta-2023-12-22
[INFO] running `Command { std: CARGO_HOME="/workspace/cargo-home" RUSTUP_HOME="/workspace/rustup-home" "/workspace/cargo-home/bin/cargo" "+beta-2023-12-22" "metadata" "--manifest-path" "Cargo.toml" "--no-deps", kill_on_drop: false }`
[INFO] removed /workspace/builds/worker-6-tc2/source/.cargo/config
[INFO] started tweaking git repo https://github.com/DuncanSparks/Return-From-Rust
[INFO] finished tweaking git repo https://github.com/DuncanSparks/Return-From-Rust
[INFO] tweaked toml for git repo https://github.com/DuncanSparks/Return-From-Rust written to /workspace/builds/worker-6-tc2/source/Cargo.toml
[INFO] crate git repo https://github.com/DuncanSparks/Return-From-Rust already has a lockfile, it will not be regenerated
[INFO] running `Command { std: CARGO_HOME="/workspace/cargo-home" RUSTUP_HOME="/workspace/rustup-home" "/workspace/cargo-home/bin/cargo" "+beta-2023-12-22" "fetch" "--manifest-path" "Cargo.toml", kill_on_drop: false }`
[INFO] running `Command { std: "docker" "create" "-v" "/var/lib/crater-agent-workspace/builds/worker-6-tc2/target:/opt/rustwide/target:rw,Z" "-v" "/var/lib/crater-agent-workspace/builds/worker-6-tc2/source:/opt/rustwide/workdir:ro,Z" "-v" "/var/lib/crater-agent-workspace/cargo-home:/opt/rustwide/cargo-home:ro,Z" "-v" "/var/lib/crater-agent-workspace/rustup-home:/opt/rustwide/rustup-home:ro,Z" "-e" "SOURCE_DIR=/opt/rustwide/workdir" "-e" "CARGO_TARGET_DIR=/opt/rustwide/target" "-e" "CARGO_HOME=/opt/rustwide/cargo-home" "-e" "RUSTUP_HOME=/opt/rustwide/rustup-home" "-w" "/opt/rustwide/workdir" "-m" "1610612736" "--user" "0:0" "--network" "none" "ghcr.io/rust-lang/crates-build-env/linux@sha256:2788e3201cd34a07e3172128adcd8b3090168a8e3bcc40d7c032b9dda1df7d1c" "/opt/rustwide/cargo-home/bin/cargo" "+beta-2023-12-22" "metadata" "--no-deps" "--format-version=1", kill_on_drop: false }`
[INFO] [stdout] d2d5740473941cf5deec287ff964bc6c0fcc85806471fd84590e42c76ded9db0
[INFO] running `Command { std: "docker" "start" "-a" "d2d5740473941cf5deec287ff964bc6c0fcc85806471fd84590e42c76ded9db0", kill_on_drop: false }`
[INFO] running `Command { std: "docker" "inspect" "d2d5740473941cf5deec287ff964bc6c0fcc85806471fd84590e42c76ded9db0", kill_on_drop: false }`
[INFO] running `Command { std: "docker" "rm" "-f" "d2d5740473941cf5deec287ff964bc6c0fcc85806471fd84590e42c76ded9db0", kill_on_drop: false }`
[INFO] [stdout] d2d5740473941cf5deec287ff964bc6c0fcc85806471fd84590e42c76ded9db0
[INFO] running `Command { std: "docker" "create" "-v" "/var/lib/crater-agent-workspace/builds/worker-6-tc2/target:/opt/rustwide/target:rw,Z" "-v" "/var/lib/crater-agent-workspace/builds/worker-6-tc2/source:/opt/rustwide/workdir:ro,Z" "-v" "/var/lib/crater-agent-workspace/cargo-home:/opt/rustwide/cargo-home:ro,Z" "-v" "/var/lib/crater-agent-workspace/rustup-home:/opt/rustwide/rustup-home:ro,Z" "-e" "SOURCE_DIR=/opt/rustwide/workdir" "-e" "CARGO_TARGET_DIR=/opt/rustwide/target" "-e" "CARGO_INCREMENTAL=0" "-e" "RUST_BACKTRACE=full" "-e" "RUSTFLAGS=--cap-lints=warn" "-e" "RUSTDOCFLAGS=--cap-lints=warn" "-e" "CARGO_HOME=/opt/rustwide/cargo-home" "-e" "RUSTUP_HOME=/opt/rustwide/rustup-home" "-w" "/opt/rustwide/workdir" "-m" "1610612736" "--user" "0:0" "--network" "none" "ghcr.io/rust-lang/crates-build-env/linux@sha256:2788e3201cd34a07e3172128adcd8b3090168a8e3bcc40d7c032b9dda1df7d1c" "/opt/rustwide/cargo-home/bin/cargo" "+beta-2023-12-22" "doc" "--frozen" "--no-deps" "--document-private-items" "--message-format=json", kill_on_drop: false }`
[INFO] [stdout] 477d77a4306eae2081b21bfe539b3ebe3ba7f3b43dc2d01799e29c84e18576a4
[INFO] running `Command { std: "docker" "start" "-a" "477d77a4306eae2081b21bfe539b3ebe3ba7f3b43dc2d01799e29c84e18576a4", kill_on_drop: false }`
[INFO] [stderr]    Compiling proc-macro2 v1.0.8
[INFO] [stderr]    Compiling unicode-xid v0.2.0
[INFO] [stderr]    Compiling syn v1.0.14
[INFO] [stderr]    Compiling serde v1.0.104
[INFO] [stderr]    Compiling memchr v2.3.0
[INFO] [stderr]    Compiling itoa v0.4.5
[INFO] [stderr]    Compiling glob v0.3.0
[INFO] [stderr]    Compiling ryu v1.0.2
[INFO] [stderr]    Compiling nom v4.2.3
[INFO] [stderr]    Compiling byteorder v1.3.4
[INFO] [stderr]    Compiling lazy_static v1.4.0
[INFO] [stderr]    Compiling unicode-segmentation v1.6.0
[INFO] [stderr]    Compiling libloading v0.5.2
[INFO] [stderr]    Compiling libc v0.2.66
[INFO] [stderr]    Compiling regex-syntax v0.6.14
[INFO] [stderr]    Compiling bindgen v0.51.1
[INFO] [stderr]    Compiling thread_local v1.0.1
[INFO] [stderr]    Compiling bitflags v1.2.1
[INFO] [stderr]    Compiling shlex v0.1.1
[INFO] [stderr]    Compiling peeking_take_while v0.1.2
[INFO] [stderr]    Compiling num-traits v0.2.11
[INFO] [stderr]     Checking smallvec v0.6.13
[INFO] [stderr]    Compiling heck v0.3.1
[INFO] [stderr]    Compiling clang-sys v0.28.1
[INFO] [stderr]     Checking parking_lot_core v0.6.2
[INFO] [stderr]    Compiling aho-corasick v0.7.8
[INFO] [stderr]     Checking parking_lot v0.9.0
[INFO] [stderr]    Compiling rustc-hash v1.0.1
[INFO] [stderr]    Compiling quote v1.0.2
[INFO] [stderr]    Compiling cexpr v0.3.6
[INFO] [stderr]     Checking euclid v0.20.7
[INFO] [stderr]    Compiling regex v1.3.4
[INFO] [stderr]    Compiling serde_derive v1.0.104
[INFO] [stderr]    Compiling gdnative-derive v0.7.0 (https://github.com/GodotNativeTools/godot-rust.git#be712300)
[INFO] [stderr]    Compiling serde_json v1.0.47
[INFO] [stderr]    Compiling gdnative_bindings_generator v0.7.0 (https://github.com/GodotNativeTools/godot-rust.git#be712300)
[INFO] [stderr]    Compiling gdnative-sys v0.7.0 (https://github.com/GodotNativeTools/godot-rust.git#be712300)
[INFO] [stderr]    Compiling gdnative-core v0.7.0 (https://github.com/GodotNativeTools/godot-rust.git#be712300)
[INFO] [stderr]    Compiling gdnative-bindings v0.7.0 (https://github.com/GodotNativeTools/godot-rust.git#be712300)
[INFO] [stdout] error[E0512]: cannot transmute between types of different sizes, or dependently-sized types
[INFO] [stdout]   --> /opt/rustwide/cargo-home/git/checkouts/godot-rust-6b1e607c51143c56/be71230/gdnative-core/src/type_tag.rs:88:9
[INFO] [stdout]    |
[INFO] [stdout] 88 |         std::mem::transmute::<Tag, *const libc::c_void>(Tag::of::<T>())
[INFO] [stdout]    |         ^^^^^^^^^^^^^^^^^^^^^^^^^^^^^^^^^^^^^^^^^^^^^^^
[INFO] [stdout]    |
[INFO] [stdout]    = note: source type: `Tag` (128 bits)
[INFO] [stdout]    = note: target type: `*const c_void` (64 bits)
[INFO] [stdout] 
[INFO] [stdout] 
[INFO] [stdout] error[E0512]: cannot transmute between types of different sizes, or dependently-sized types
[INFO] [stdout]   --> /opt/rustwide/cargo-home/git/checkouts/godot-rust-6b1e607c51143c56/be71230/gdnative-core/src/type_tag.rs:96:27
[INFO] [stdout]    |
[INFO] [stdout] 96 |         Tag::of::<T>() == std::mem::transmute::<*const libc::c_void, Tag>(tag)
[INFO] [stdout]    |                           ^^^^^^^^^^^^^^^^^^^^^^^^^^^^^^^^^^^^^^^^^^^^^^^
[INFO] [stdout]    |
[INFO] [stdout]    = note: source type: `*const c_void` (64 bits)
[INFO] [stdout]    = note: target type: `Tag` (128 bits)
[INFO] [stdout] 
[INFO] [stdout] 
[INFO] [stdout] error: aborting due to 2 previous errors
[INFO] [stdout] 
[INFO] [stdout] 
[INFO] [stdout] For more information about this error, try `rustc --explain E0512`.
[INFO] [stdout] 
[INFO] [stderr] error: could not compile `gdnative-core` (lib) due to 3 previous errors
[INFO] running `Command { std: "docker" "inspect" "477d77a4306eae2081b21bfe539b3ebe3ba7f3b43dc2d01799e29c84e18576a4", kill_on_drop: false }`
[INFO] running `Command { std: "docker" "rm" "-f" "477d77a4306eae2081b21bfe539b3ebe3ba7f3b43dc2d01799e29c84e18576a4", kill_on_drop: false }`
[INFO] [stdout] 477d77a4306eae2081b21bfe539b3ebe3ba7f3b43dc2d01799e29c84e18576a4
