[INFO] cloning repository https://github.com/DukeFerdinand/rarefy-jobs
[INFO] running `Command { std: "git" "-c" "credential.helper=" "-c" "credential.helper=/workspace/cargo-home/bin/git-credential-null" "clone" "--bare" "https://github.com/DukeFerdinand/rarefy-jobs" "/workspace/cache/git-repos/https%3A%2F%2Fgithub.com%2FDukeFerdinand%2Frarefy-jobs", kill_on_drop: false }`
[INFO] [stderr] Cloning into bare repository '/workspace/cache/git-repos/https%3A%2F%2Fgithub.com%2FDukeFerdinand%2Frarefy-jobs'...
[INFO] running `Command { std: "git" "rev-parse" "HEAD", kill_on_drop: false }`
[INFO] [stdout] ed67b0ef41bfaa94232a6ffa0875de24af2dbc35
[INFO] documenting DukeFerdinand/rarefy-jobs against 1.75.0 for beta-1.76-rustdoc-1
[INFO] running `Command { std: "git" "clone" "/workspace/cache/git-repos/https%3A%2F%2Fgithub.com%2FDukeFerdinand%2Frarefy-jobs" "/workspace/builds/worker-5-tc1/source", kill_on_drop: false }`
[INFO] [stderr] Cloning into '/workspace/builds/worker-5-tc1/source'...
[INFO] [stderr] done.
[INFO] validating manifest of git repo https://github.com/DukeFerdinand/rarefy-jobs on toolchain 1.75.0
[INFO] running `Command { std: CARGO_HOME="/workspace/cargo-home" RUSTUP_HOME="/workspace/rustup-home" "/workspace/cargo-home/bin/cargo" "+1.75.0" "metadata" "--manifest-path" "Cargo.toml" "--no-deps", kill_on_drop: false }`
[INFO] removed /workspace/builds/worker-5-tc1/source/.cargo/config.toml
[INFO] started tweaking git repo https://github.com/DukeFerdinand/rarefy-jobs
[INFO] finished tweaking git repo https://github.com/DukeFerdinand/rarefy-jobs
[INFO] tweaked toml for git repo https://github.com/DukeFerdinand/rarefy-jobs written to /workspace/builds/worker-5-tc1/source/Cargo.toml
[INFO] crate git repo https://github.com/DukeFerdinand/rarefy-jobs already has a lockfile, it will not be regenerated
[INFO] running `Command { std: CARGO_HOME="/workspace/cargo-home" RUSTUP_HOME="/workspace/rustup-home" "/workspace/cargo-home/bin/cargo" "+1.75.0" "fetch" "--manifest-path" "Cargo.toml", kill_on_drop: false }`
[INFO] [stderr]     Updating crates.io index
[INFO] [stderr]  Downloading crates ...
[INFO] [stderr]   Downloaded tokio-scoped v0.2.0
[INFO] [stderr]   Downloaded redis v0.22.1
[INFO] running `Command { std: "docker" "create" "-v" "/var/lib/crater-agent-workspace/builds/worker-5-tc1/target:/opt/rustwide/target:rw,Z" "-v" "/var/lib/crater-agent-workspace/builds/worker-5-tc1/source:/opt/rustwide/workdir:ro,Z" "-v" "/var/lib/crater-agent-workspace/cargo-home:/opt/rustwide/cargo-home:ro,Z" "-v" "/var/lib/crater-agent-workspace/rustup-home:/opt/rustwide/rustup-home:ro,Z" "-e" "SOURCE_DIR=/opt/rustwide/workdir" "-e" "CARGO_TARGET_DIR=/opt/rustwide/target" "-e" "CARGO_HOME=/opt/rustwide/cargo-home" "-e" "RUSTUP_HOME=/opt/rustwide/rustup-home" "-w" "/opt/rustwide/workdir" "-m" "1610612736" "--user" "0:0" "--network" "none" "ghcr.io/rust-lang/crates-build-env/linux@sha256:2788e3201cd34a07e3172128adcd8b3090168a8e3bcc40d7c032b9dda1df7d1c" "/opt/rustwide/cargo-home/bin/cargo" "+1.75.0" "metadata" "--no-deps" "--format-version=1", kill_on_drop: false }`
[INFO] [stdout] ef360c158fc988cc89809bcf37c3748d865c72f4bd3d8d4f9edf076ff37f0bfa
[INFO] running `Command { std: "docker" "start" "-a" "ef360c158fc988cc89809bcf37c3748d865c72f4bd3d8d4f9edf076ff37f0bfa", kill_on_drop: false }`
[INFO] running `Command { std: "docker" "inspect" "ef360c158fc988cc89809bcf37c3748d865c72f4bd3d8d4f9edf076ff37f0bfa", kill_on_drop: false }`
[INFO] running `Command { std: "docker" "rm" "-f" "ef360c158fc988cc89809bcf37c3748d865c72f4bd3d8d4f9edf076ff37f0bfa", kill_on_drop: false }`
[INFO] [stdout] ef360c158fc988cc89809bcf37c3748d865c72f4bd3d8d4f9edf076ff37f0bfa
[INFO] running `Command { std: "docker" "create" "-v" "/var/lib/crater-agent-workspace/builds/worker-5-tc1/target:/opt/rustwide/target:rw,Z" "-v" "/var/lib/crater-agent-workspace/builds/worker-5-tc1/source:/opt/rustwide/workdir:ro,Z" "-v" "/var/lib/crater-agent-workspace/cargo-home:/opt/rustwide/cargo-home:ro,Z" "-v" "/var/lib/crater-agent-workspace/rustup-home:/opt/rustwide/rustup-home:ro,Z" "-e" "SOURCE_DIR=/opt/rustwide/workdir" "-e" "CARGO_TARGET_DIR=/opt/rustwide/target" "-e" "CARGO_INCREMENTAL=0" "-e" "RUST_BACKTRACE=full" "-e" "RUSTFLAGS=--cap-lints=warn" "-e" "RUSTDOCFLAGS=--cap-lints=warn" "-e" "CARGO_HOME=/opt/rustwide/cargo-home" "-e" "RUSTUP_HOME=/opt/rustwide/rustup-home" "-w" "/opt/rustwide/workdir" "-m" "1610612736" "--user" "0:0" "--network" "none" "ghcr.io/rust-lang/crates-build-env/linux@sha256:2788e3201cd34a07e3172128adcd8b3090168a8e3bcc40d7c032b9dda1df7d1c" "/opt/rustwide/cargo-home/bin/cargo" "+1.75.0" "doc" "--frozen" "--no-deps" "--document-private-items" "--message-format=json", kill_on_drop: false }`
[INFO] [stdout] 1f8f2bb17f18c046c8796ff81580707320944a78b16a1256f417f546baeaf229
[INFO] running `Command { std: "docker" "start" "-a" "1f8f2bb17f18c046c8796ff81580707320944a78b16a1256f417f546baeaf229", kill_on_drop: false }`
[INFO] [stderr]    Compiling proc-macro2 v1.0.49
[INFO] [stderr]    Compiling syn v1.0.107
[INFO] [stderr]    Compiling libc v0.2.139
[INFO] [stderr]    Compiling ppv-lite86 v0.2.17
[INFO] [stderr]    Compiling siphasher v0.3.10
[INFO] [stderr]    Compiling parking_lot_core v0.9.5
[INFO] [stderr]     Checking once_cell v1.16.0
[INFO] [stderr]    Compiling getrandom v0.1.16
[INFO] [stderr]    Compiling futures-core v0.3.25
[INFO] [stderr]     Checking bytes v1.3.0
[INFO] [stderr]    Compiling tokio v1.23.0
[INFO] [stderr]    Compiling cc v1.0.78
[INFO] [stderr]     Checking socket2 v0.4.7
[INFO] [stderr]     Checking num_cpus v1.15.0
[INFO] [stderr]     Checking mio v0.8.5
[INFO] [stderr]     Checking signal-hook-registry v1.4.0
[INFO] [stderr]    Compiling phf_shared v0.8.0
[INFO] [stderr]    Compiling futures-channel v0.3.25
[INFO] [stderr]    Compiling futures-task v0.3.25
[INFO] [stderr]     Checking futures-sink v0.3.25
[INFO] [stderr]    Compiling phf_shared v0.10.0
[INFO] [stderr]    Compiling futures-util v0.3.25
[INFO] [stderr]    Compiling proc-macro-hack v0.5.20+deprecated
[INFO] [stderr]     Checking futures-io v0.3.25
[INFO] [stderr]    Compiling crossbeam-utils v0.8.14
[INFO] [stderr]     Checking tracing-core v0.1.30
[INFO] [stderr]     Checking new_debug_unreachable v1.0.4
[INFO] [stderr]     Checking tinyvec_macros v0.1.0
[INFO] [stderr]     Checking mac v0.1.1
[INFO] [stderr]     Checking http v0.2.8
[INFO] [stderr]    Compiling rustls v0.20.7
[INFO] [stderr]     Checking tinyvec v1.6.0
[INFO] [stderr]     Checking precomputed-hash v0.1.1
[INFO] [stderr]     Checking parking_lot v0.12.1
[INFO] [stderr]     Checking alloc-no-stdlib v2.0.4
[INFO] [stderr]     Checking futf v0.1.5
[INFO] [stderr]     Checking alloc-stdlib v0.2.2
[INFO] [stderr]    Compiling num-traits v0.2.15
[INFO] [stderr]     Checking utf-8 v0.7.6
[INFO] [stderr]     Checking try-lock v0.2.3
[INFO] [stderr]     Checking unicode-bidi v0.3.8
[INFO] [stderr]     Checking dtoa v0.4.8
[INFO] [stderr]     Checking brotli-decompressor v2.3.2
[INFO] [stderr]     Checking phf v0.10.1
[INFO] [stderr]    Compiling num-integer v0.1.45
[INFO] [stderr]     Checking want v0.3.0
[INFO] [stderr]     Checking tendril v0.4.3
[INFO] [stderr]     Checking tracing v0.1.37
[INFO] [stderr]    Compiling crossbeam-queue v0.3.8
[INFO] [stderr]     Checking dtoa-short v0.3.3
[INFO] [stderr]    Compiling quote v1.0.23
[INFO] [stderr]     Checking matches v0.1.9
[INFO] [stderr]     Checking nodrop v0.1.14
[INFO] [stderr]    Compiling time-core v0.1.0
[INFO] [stderr]     Checking stable_deref_trait v1.2.0
[INFO] [stderr]     Checking itoa v0.4.8
[INFO] [stderr]    Compiling convert_case v0.4.0
[INFO] [stderr]    Compiling encoding_rs v0.8.31
[INFO] [stderr]    Compiling time-macros v0.2.6
[INFO] [stderr]     Checking servo_arc v0.1.1
[INFO] [stderr]    Compiling getrandom v0.2.8
[INFO] [stderr]     Checking crossbeam-epoch v0.9.13
[INFO] [stderr]     Checking fxhash v0.2.1
[INFO] [stderr]     Checking http-body v0.4.5
[INFO] [stderr]    Compiling rand_core v0.5.1
[INFO] [stderr]    Compiling rand_core v0.6.4
[INFO] [stderr]     Checking atty v0.2.14
[INFO] [stderr]     Checking unicode-width v0.1.10
[INFO] [stderr]    Compiling anyhow v1.0.68
[INFO] [stderr]     Checking num_threads v0.1.6
[INFO] [stderr]    Compiling async-trait v0.1.60
[INFO] [stderr]     Checking thin-slice v0.1.1
[INFO] [stderr]     Checking unicode-normalization v0.1.22
[INFO] [stderr]     Checking getopts v0.2.21
[INFO] [stderr]     Checking crossbeam-deque v0.8.2
[INFO] [stderr]    Compiling rand_pcg v0.2.1
[INFO] [stderr]    Compiling rand_chacha v0.2.2
[INFO] [stderr]    Compiling rand_chacha v0.3.1
[INFO] [stderr]     Checking rustls-pemfile v1.0.1
[INFO] [stderr]    Compiling ring v0.16.20
[INFO] [stderr]     Checking colored v2.0.0
[INFO] [stderr]     Checking crossbeam-channel v0.5.6
[INFO] [stderr]    Compiling rand v0.7.3
[INFO] [stderr]    Compiling rand v0.8.5
[INFO] [stderr]     Checking combine v4.6.6
[INFO] [stderr]     Checking time v0.1.43
[INFO] [stderr]     Checking brotli v3.3.4
[INFO] [stderr]     Checking ego-tree v0.6.2
[INFO] [stderr]     Checking ipnet v2.7.0
[INFO] [stderr]     Checking idna v0.3.0
[INFO] [stderr]     Checking sha1_smol v1.0.0
[INFO] [stderr]     Checking iana-time-zone v0.1.53
[INFO] [stderr]     Checking uuid v1.2.2
[INFO] [stderr]     Checking crossbeam v0.8.2
[INFO] [stderr]     Checking chrono v0.4.23
[INFO] [stderr]     Checking time v0.3.17
[INFO] [stderr]    Compiling phf_generator v0.8.0
[INFO] [stderr]     Checking url v2.3.1
[INFO] [stderr]    Compiling phf_codegen v0.8.0
[INFO] [stderr]    Compiling phf_generator v0.10.0
[INFO] [stderr]    Compiling phf_codegen v0.10.0
[INFO] [stderr]    Compiling string_cache_codegen v0.5.2
[INFO] [stderr]    Compiling selectors v0.22.0
[INFO] [stderr]    Compiling markup5ever v0.11.0
[INFO] [stderr]     Checking simple_logger v4.0.0
[INFO] [stderr]     Checking webpki v0.22.0
[INFO] [stderr]     Checking sct v0.7.0
[INFO] [stderr]     Checking webpki-roots v0.22.6
[INFO] [stderr]     Checking redis v0.22.1
[INFO] [stderr]    Compiling tokio-macros v1.8.2
[INFO] [stderr]    Compiling serde_derive v1.0.152
[INFO] [stderr]    Compiling futures-macro v0.3.25
[INFO] [stderr]    Compiling phf_macros v0.8.0
[INFO] [stderr]    Compiling cssparser v0.27.2
[INFO] [stderr]    Compiling cssparser-macros v0.6.0
[INFO] [stderr]    Compiling html5ever v0.26.0
[INFO] [stderr]    Compiling derive_more v0.99.17
[INFO] [stderr]     Checking phf v0.8.0
[INFO] [stderr]     Checking serde v1.0.152
[INFO] [stderr]     Checking futures-executor v0.3.25
[INFO] [stderr]     Checking futures v0.3.25
[INFO] [stderr]     Checking tokio-util v0.7.4
[INFO] [stderr]     Checking tokio-rustls v0.23.4
[INFO] [stderr]     Checking async-compression v0.3.15
[INFO] [stderr]     Checking tokio-stream v0.1.11
[INFO] [stderr]     Checking h2 v0.3.15
[INFO] [stderr]     Checking tokio-scoped v0.2.0
[INFO] [stderr]     Checking string_cache v0.8.4
[INFO] [stderr]     Checking serde_urlencoded v0.7.1
[INFO] [stderr]     Checking serde_json v1.0.91
[INFO] [stderr]     Checking hyper v0.14.23
[INFO] [stderr]     Checking scraper v0.14.0
[INFO] [stderr]     Checking hyper-rustls v0.23.2
[INFO] [stderr]     Checking reqwest v0.11.13
[INFO] [stderr]  Documenting crawlers v0.1.0 (/opt/rustwide/workdir)
[INFO] [stderr]     Checking crawlers v0.1.0 (/opt/rustwide/workdir)
[INFO] [stdout] error[E0554]: `#![feature]` may not be used on the stable release channel
[INFO] [stdout]  --> src/lib.rs:1:1
[INFO] [stdout]   |
[INFO] [stdout] 1 | #![feature(associated_type_defaults)]
[INFO] [stdout]   | ^^^^^^^^^^^^^^^^^^^^^^^^^^^^^^^^^^^^^
[INFO] [stdout] 
[INFO] [stdout] 
[INFO] [stdout] error[E0554]: `#![feature]` may not be used on the stable release channel
[INFO] [stdout]  --> src/lib.rs:1:1
[INFO] [stdout]   |
[INFO] [stdout] 1 | #![feature(associated_type_defaults)]
[INFO] [stdout]   | ^^^^^^^^^^^^^^^^^^^^^^^^^^^^^^^^^^^^^
[INFO] [stdout] 
[INFO] [stdout] 
[INFO] [stdout] warning: unused import: `info`
[INFO] [stdout]   --> src/crawlers/buyee.rs:11:20
[INFO] [stdout]    |
[INFO] [stdout] 11 | use crate::{error, info};
[INFO] [stdout]    |                    ^^^^
[INFO] [stdout]    |
[INFO] [stdout]    = note: `#[warn(unused_imports)]` on by default
[INFO] [stdout] 
[INFO] [stdout] 
[INFO] [stdout] error: aborting due to previous error
[INFO] [stdout] 
[INFO] [stdout] 
[INFO] [stdout] For more information about this error, try `rustc --explain E0554`.
[INFO] [stdout] 
[INFO] [stderr] error: could not document `crawlers`
[INFO] [stderr] 
[INFO] [stderr] Caused by:
[INFO] [stderr]   process didn't exit successfully: `/opt/rustwide/rustup-home/toolchains/1.75.0-x86_64-unknown-linux-gnu/bin/rustdoc --edition=2021 --crate-type lib --crate-name crawlers src/lib.rs -o /opt/rustwide/target/doc --error-format=json --json=diagnostic-rendered-ansi,artifacts,future-incompat --document-private-items -C metadata=e4c15b499461846c -L dependency=/opt/rustwide/target/debug/deps --extern anyhow=/opt/rustwide/target/debug/deps/libanyhow-35060b31d05c36bc.rmeta --extern async_trait=/opt/rustwide/target/debug/deps/libasync_trait-2de38913d1c26d75.so --extern chrono=/opt/rustwide/target/debug/deps/libchrono-0b957dd00e96d474.rmeta --extern colored=/opt/rustwide/target/debug/deps/libcolored-88f5806d2fa8852f.rmeta --extern crossbeam=/opt/rustwide/target/debug/deps/libcrossbeam-12a07fabc654ac14.rmeta --extern futures=/opt/rustwide/target/debug/deps/libfutures-7616b5c42d52a97a.rmeta --extern log=/opt/rustwide/target/debug/deps/liblog-db3182d8979d3809.rmeta --extern redis=/opt/rustwide/target/debug/deps/libredis-684e5bfbc81f5018.rmeta --extern reqwest=/opt/rustwide/target/debug/deps/libreqwest-cbf38624763710b0.rmeta --extern scraper=/opt/rustwide/target/debug/deps/libscraper-f163596e2ffea64d.rmeta --extern serde=/opt/rustwide/target/debug/deps/libserde-ecb72771ae225e85.rmeta --extern serde_json=/opt/rustwide/target/debug/deps/libserde_json-e49bd17ef5fb0bf5.rmeta --extern simple_logger=/opt/rustwide/target/debug/deps/libsimple_logger-42ff1ade19f7f5ec.rmeta --extern tokio=/opt/rustwide/target/debug/deps/libtokio-fe39b251037f151a.rmeta --extern tokio_scoped=/opt/rustwide/target/debug/deps/libtokio_scoped-1268cb1f92764397.rmeta --extern uuid=/opt/rustwide/target/debug/deps/libuuid-5ce8b611806a3234.rmeta --cap-lints=warn --crate-version 0.1.0` (exit status: 1)
[INFO] [stderr] warning: build failed, waiting for other jobs to finish...
[INFO] [stdout] warning: unused variable: `final_listing`
[INFO] [stdout]    --> src/collector.rs:126:37
[INFO] [stdout]     |
[INFO] [stdout] 126 | ...                   let final_listing = Buyee::new().process(listing).await;
[INFO] [stdout]     |                           ^^^^^^^^^^^^^ help: if this is intentional, prefix it with an underscore: `_final_listing`
[INFO] [stdout]     |
[INFO] [stdout]     = note: `#[warn(unused_variables)]` on by default
[INFO] [stdout] 
[INFO] [stdout] 
[INFO] [stdout] error: aborting due to previous error; 2 warnings emitted
[INFO] [stdout] 
[INFO] [stdout] 
[INFO] [stdout] For more information about this error, try `rustc --explain E0554`.
[INFO] [stdout] 
[INFO] [stderr] error: could not compile `crawlers` (lib) due to 2 previous errors; 2 warnings emitted
[INFO] running `Command { std: "docker" "inspect" "1f8f2bb17f18c046c8796ff81580707320944a78b16a1256f417f546baeaf229", kill_on_drop: false }`
[INFO] running `Command { std: "docker" "rm" "-f" "1f8f2bb17f18c046c8796ff81580707320944a78b16a1256f417f546baeaf229", kill_on_drop: false }`
[INFO] [stdout] 1f8f2bb17f18c046c8796ff81580707320944a78b16a1256f417f546baeaf229
[INFO] documenting DukeFerdinand/rarefy-jobs against beta-2023-12-22 for beta-1.76-rustdoc-1
[INFO] running `Command { std: "git" "clone" "/workspace/cache/git-repos/https%3A%2F%2Fgithub.com%2FDukeFerdinand%2Frarefy-jobs" "/workspace/builds/worker-5-tc2/source", kill_on_drop: false }`
[INFO] [stderr] Cloning into '/workspace/builds/worker-5-tc2/source'...
[INFO] [stderr] done.
[INFO] validating manifest of git repo https://github.com/DukeFerdinand/rarefy-jobs on toolchain beta-2023-12-22
[INFO] running `Command { std: CARGO_HOME="/workspace/cargo-home" RUSTUP_HOME="/workspace/rustup-home" "/workspace/cargo-home/bin/cargo" "+beta-2023-12-22" "metadata" "--manifest-path" "Cargo.toml" "--no-deps", kill_on_drop: false }`
[INFO] removed /workspace/builds/worker-5-tc2/source/.cargo/config.toml
[INFO] started tweaking git repo https://github.com/DukeFerdinand/rarefy-jobs
[INFO] finished tweaking git repo https://github.com/DukeFerdinand/rarefy-jobs
[INFO] tweaked toml for git repo https://github.com/DukeFerdinand/rarefy-jobs written to /workspace/builds/worker-5-tc2/source/Cargo.toml
[INFO] crate git repo https://github.com/DukeFerdinand/rarefy-jobs already has a lockfile, it will not be regenerated
[INFO] running `Command { std: CARGO_HOME="/workspace/cargo-home" RUSTUP_HOME="/workspace/rustup-home" "/workspace/cargo-home/bin/cargo" "+beta-2023-12-22" "fetch" "--manifest-path" "Cargo.toml", kill_on_drop: false }`
[INFO] running `Command { std: "docker" "create" "-v" "/var/lib/crater-agent-workspace/builds/worker-5-tc2/target:/opt/rustwide/target:rw,Z" "-v" "/var/lib/crater-agent-workspace/builds/worker-5-tc2/source:/opt/rustwide/workdir:ro,Z" "-v" "/var/lib/crater-agent-workspace/cargo-home:/opt/rustwide/cargo-home:ro,Z" "-v" "/var/lib/crater-agent-workspace/rustup-home:/opt/rustwide/rustup-home:ro,Z" "-e" "SOURCE_DIR=/opt/rustwide/workdir" "-e" "CARGO_TARGET_DIR=/opt/rustwide/target" "-e" "CARGO_HOME=/opt/rustwide/cargo-home" "-e" "RUSTUP_HOME=/opt/rustwide/rustup-home" "-w" "/opt/rustwide/workdir" "-m" "1610612736" "--user" "0:0" "--network" "none" "ghcr.io/rust-lang/crates-build-env/linux@sha256:2788e3201cd34a07e3172128adcd8b3090168a8e3bcc40d7c032b9dda1df7d1c" "/opt/rustwide/cargo-home/bin/cargo" "+beta-2023-12-22" "metadata" "--no-deps" "--format-version=1", kill_on_drop: false }`
[INFO] [stdout] 9c2f61f17b68f1171db9d6bc6617dcf0101933c92cdf29eae47a5ba626b98645
[INFO] running `Command { std: "docker" "start" "-a" "9c2f61f17b68f1171db9d6bc6617dcf0101933c92cdf29eae47a5ba626b98645", kill_on_drop: false }`
[INFO] running `Command { std: "docker" "inspect" "9c2f61f17b68f1171db9d6bc6617dcf0101933c92cdf29eae47a5ba626b98645", kill_on_drop: false }`
[INFO] running `Command { std: "docker" "rm" "-f" "9c2f61f17b68f1171db9d6bc6617dcf0101933c92cdf29eae47a5ba626b98645", kill_on_drop: false }`
[INFO] [stdout] 9c2f61f17b68f1171db9d6bc6617dcf0101933c92cdf29eae47a5ba626b98645
[INFO] running `Command { std: "docker" "create" "-v" "/var/lib/crater-agent-workspace/builds/worker-5-tc2/target:/opt/rustwide/target:rw,Z" "-v" "/var/lib/crater-agent-workspace/builds/worker-5-tc2/source:/opt/rustwide/workdir:ro,Z" "-v" "/var/lib/crater-agent-workspace/cargo-home:/opt/rustwide/cargo-home:ro,Z" "-v" "/var/lib/crater-agent-workspace/rustup-home:/opt/rustwide/rustup-home:ro,Z" "-e" "SOURCE_DIR=/opt/rustwide/workdir" "-e" "CARGO_TARGET_DIR=/opt/rustwide/target" "-e" "CARGO_INCREMENTAL=0" "-e" "RUST_BACKTRACE=full" "-e" "RUSTFLAGS=--cap-lints=warn" "-e" "RUSTDOCFLAGS=--cap-lints=warn" "-e" "CARGO_HOME=/opt/rustwide/cargo-home" "-e" "RUSTUP_HOME=/opt/rustwide/rustup-home" "-w" "/opt/rustwide/workdir" "-m" "1610612736" "--user" "0:0" "--network" "none" "ghcr.io/rust-lang/crates-build-env/linux@sha256:2788e3201cd34a07e3172128adcd8b3090168a8e3bcc40d7c032b9dda1df7d1c" "/opt/rustwide/cargo-home/bin/cargo" "+beta-2023-12-22" "doc" "--frozen" "--no-deps" "--document-private-items" "--message-format=json", kill_on_drop: false }`
[INFO] [stdout] 9e8403bc762868c6a9ec14b277255f934fcd47198f5314623f49ec9de671bcab
[INFO] running `Command { std: "docker" "start" "-a" "9e8403bc762868c6a9ec14b277255f934fcd47198f5314623f49ec9de671bcab", kill_on_drop: false }`
[INFO] [stderr]    Compiling proc-macro2 v1.0.49
[INFO] [stderr]    Compiling syn v1.0.107
[INFO] [stderr]    Compiling libc v0.2.139
[INFO] [stderr]    Compiling ppv-lite86 v0.2.17
[INFO] [stderr]    Compiling siphasher v0.3.10
[INFO] [stderr]    Compiling parking_lot_core v0.9.5
[INFO] [stderr]     Checking once_cell v1.16.0
[INFO] [stderr]    Compiling getrandom v0.1.16
[INFO] [stderr]    Compiling futures-core v0.3.25
[INFO] [stderr]     Checking bytes v1.3.0
[INFO] [stderr]    Compiling tokio v1.23.0
[INFO] [stderr]    Compiling cc v1.0.78
[INFO] [stderr]     Checking signal-hook-registry v1.4.0
[INFO] [stderr]     Checking mio v0.8.5
[INFO] [stderr]     Checking socket2 v0.4.7
[INFO] [stderr]     Checking num_cpus v1.15.0
[INFO] [stderr]    Compiling phf_shared v0.8.0
[INFO] [stderr]    Compiling futures-task v0.3.25
[INFO] [stderr]    Compiling futures-channel v0.3.25
[INFO] [stderr]     Checking futures-sink v0.3.25
[INFO] [stderr]    Compiling phf_shared v0.10.0
[INFO] [stderr]    Compiling futures-util v0.3.25
[INFO] [stderr]     Checking futures-io v0.3.25
[INFO] [stderr]    Compiling proc-macro-hack v0.5.20+deprecated
[INFO] [stderr]    Compiling crossbeam-utils v0.8.14
[INFO] [stderr]     Checking tracing-core v0.1.30
[INFO] [stderr]     Checking tinyvec_macros v0.1.0
[INFO] [stderr]     Checking new_debug_unreachable v1.0.4
[INFO] [stderr]     Checking tinyvec v1.6.0
[INFO] [stderr]     Checking parking_lot v0.12.1
[INFO] [stderr]     Checking precomputed-hash v0.1.1
[INFO] [stderr]     Checking alloc-no-stdlib v2.0.4
[INFO] [stderr]     Checking mac v0.1.1
[INFO] [stderr]    Compiling rustls v0.20.7
[INFO] [stderr]     Checking futf v0.1.5
[INFO] [stderr]     Checking http v0.2.8
[INFO] [stderr]     Checking alloc-stdlib v0.2.2
[INFO] [stderr]    Compiling num-traits v0.2.15
[INFO] [stderr]     Checking dtoa v0.4.8
[INFO] [stderr]     Checking utf-8 v0.7.6
[INFO] [stderr]     Checking try-lock v0.2.3
[INFO] [stderr]     Checking unicode-bidi v0.3.8
[INFO] [stderr]     Checking brotli-decompressor v2.3.2
[INFO] [stderr]     Checking want v0.3.0
[INFO] [stderr]     Checking tracing v0.1.37
[INFO] [stderr]     Checking dtoa-short v0.3.3
[INFO] [stderr]     Checking tendril v0.4.3
[INFO] [stderr]     Checking phf v0.10.1
[INFO] [stderr]    Compiling quote v1.0.23
[INFO] [stderr]    Compiling num-integer v0.1.45
[INFO] [stderr]     Checking stable_deref_trait v1.2.0
[INFO] [stderr]    Compiling encoding_rs v0.8.31
[INFO] [stderr]     Checking matches v0.1.9
[INFO] [stderr]    Compiling time-core v0.1.0
[INFO] [stderr]     Checking itoa v0.4.8
[INFO] [stderr]    Compiling crossbeam-queue v0.3.8
[INFO] [stderr]     Checking nodrop v0.1.14
[INFO] [stderr]    Compiling getrandom v0.2.8
[INFO] [stderr]    Compiling convert_case v0.4.0
[INFO] [stderr]     Checking crossbeam-epoch v0.9.13
[INFO] [stderr]     Checking servo_arc v0.1.1
[INFO] [stderr]    Compiling time-macros v0.2.6
[INFO] [stderr]    Compiling rand_core v0.5.1
[INFO] [stderr]    Compiling rand_core v0.6.4
[INFO] [stderr]     Checking fxhash v0.2.1
[INFO] [stderr]     Checking atty v0.2.14
[INFO] [stderr]     Checking unicode-normalization v0.1.22
[INFO] [stderr]    Compiling async-trait v0.1.60
[INFO] [stderr]     Checking num_threads v0.1.6
[INFO] [stderr]    Compiling anyhow v1.0.68
[INFO] [stderr]     Checking http-body v0.4.5
[INFO] [stderr]    Compiling rand_pcg v0.2.1
[INFO] [stderr]    Compiling rand_chacha v0.2.2
[INFO] [stderr]    Compiling rand_chacha v0.3.1
[INFO] [stderr]     Checking thin-slice v0.1.1
[INFO] [stderr]    Compiling ring v0.16.20
[INFO] [stderr]     Checking unicode-width v0.1.10
[INFO] [stderr]     Checking crossbeam-deque v0.8.2
[INFO] [stderr]     Checking rustls-pemfile v1.0.1
[INFO] [stderr]     Checking getopts v0.2.21
[INFO] [stderr]     Checking colored v2.0.0
[INFO] [stderr]    Compiling rand v0.7.3
[INFO] [stderr]    Compiling rand v0.8.5
[INFO] [stderr]     Checking brotli v3.3.4
[INFO] [stderr]     Checking crossbeam-channel v0.5.6
[INFO] [stderr]     Checking combine v4.6.6
[INFO] [stderr]     Checking time v0.1.43
[INFO] [stderr]     Checking idna v0.3.0
[INFO] [stderr]     Checking sha1_smol v1.0.0
[INFO] [stderr]     Checking ego-tree v0.6.2
[INFO] [stderr]     Checking ipnet v2.7.0
[INFO] [stderr]     Checking iana-time-zone v0.1.53
[INFO] [stderr]     Checking uuid v1.2.2
[INFO] [stderr]     Checking crossbeam v0.8.2
[INFO] [stderr]     Checking chrono v0.4.23
[INFO] [stderr]     Checking url v2.3.1
[INFO] [stderr]    Compiling phf_generator v0.8.0
[INFO] [stderr]    Compiling phf_generator v0.10.0
[INFO] [stderr]     Checking time v0.3.17
[INFO] [stderr]    Compiling phf_codegen v0.8.0
[INFO] [stderr]    Compiling string_cache_codegen v0.5.2
[INFO] [stderr]    Compiling phf_codegen v0.10.0
[INFO] [stderr]    Compiling selectors v0.22.0
[INFO] [stderr]    Compiling markup5ever v0.11.0
[INFO] [stderr]     Checking simple_logger v4.0.0
[INFO] [stderr]     Checking webpki v0.22.0
[INFO] [stderr]     Checking sct v0.7.0
[INFO] [stderr]     Checking webpki-roots v0.22.6
[INFO] [stderr]    Compiling tokio-macros v1.8.2
[INFO] [stderr]    Compiling serde_derive v1.0.152
[INFO] [stderr]    Compiling futures-macro v0.3.25
[INFO] [stderr]    Compiling phf_macros v0.8.0
[INFO] [stderr]    Compiling cssparser v0.27.2
[INFO] [stderr]    Compiling cssparser-macros v0.6.0
[INFO] [stderr]    Compiling html5ever v0.26.0
[INFO] [stderr]    Compiling derive_more v0.99.17
[INFO] [stderr]     Checking redis v0.22.1
[INFO] [stderr]     Checking phf v0.8.0
[INFO] [stderr]     Checking serde v1.0.152
[INFO] [stderr]     Checking futures-executor v0.3.25
[INFO] [stderr]     Checking futures v0.3.25
[INFO] [stderr]     Checking tokio-util v0.7.4
[INFO] [stderr]     Checking tokio-rustls v0.23.4
[INFO] [stderr]     Checking async-compression v0.3.15
[INFO] [stderr]     Checking tokio-stream v0.1.11
[INFO] [stderr]     Checking tokio-scoped v0.2.0
[INFO] [stderr]     Checking h2 v0.3.15
[INFO] [stderr]     Checking string_cache v0.8.4
[INFO] [stderr]     Checking serde_urlencoded v0.7.1
[INFO] [stderr]     Checking serde_json v1.0.91
[INFO] [stderr]     Checking hyper v0.14.23
[INFO] [stderr]     Checking scraper v0.14.0
[INFO] [stderr]     Checking hyper-rustls v0.23.2
[INFO] [stderr]     Checking reqwest v0.11.13
[INFO] [stderr]  Documenting crawlers v0.1.0 (/opt/rustwide/workdir)
[INFO] [stderr]     Checking crawlers v0.1.0 (/opt/rustwide/workdir)
[INFO] [stdout] error[E0554]: `#![feature]` may not be used on the beta release channel
[INFO] [stdout]  --> src/lib.rs:1:1
[INFO] [stdout]   |
[INFO] [stdout] 1 | #![feature(associated_type_defaults)]
[INFO] [stdout]   | ^^^^^^^^^^^^^^^^^^^^^^^^^^^^^^^^^^^^^
[INFO] [stdout] 
[INFO] [stdout] 
[INFO] [stdout] error[E0554]: `#![feature]` may not be used on the beta release channel
[INFO] [stdout]  --> src/lib.rs:1:1
[INFO] [stdout]   |
[INFO] [stdout] 1 | #![feature(associated_type_defaults)]
[INFO] [stdout]   | ^^^^^^^^^^^^^^^^^^^^^^^^^^^^^^^^^^^^^
[INFO] [stdout] 
[INFO] [stdout] 
[INFO] [stdout] warning: unused import: `info`
[INFO] [stdout]   --> src/crawlers/buyee.rs:11:20
[INFO] [stdout]    |
[INFO] [stdout] 11 | use crate::{error, info};
[INFO] [stdout]    |                    ^^^^
[INFO] [stdout]    |
[INFO] [stdout]    = note: `#[warn(unused_imports)]` on by default
[INFO] [stdout] 
[INFO] [stdout] 
[INFO] [stdout] error: aborting due to 1 previous error
[INFO] [stdout] 
[INFO] [stdout] 
[INFO] [stdout] For more information about this error, try `rustc --explain E0554`.
[INFO] [stdout] 
[INFO] [stderr] error: could not document `crawlers`
[INFO] [stderr] 
[INFO] [stderr] Caused by:
[INFO] [stderr]   process didn't exit successfully: `/opt/rustwide/rustup-home/toolchains/beta-2023-12-22-x86_64-unknown-linux-gnu/bin/rustdoc --edition=2021 --crate-type lib --crate-name crawlers src/lib.rs -o /opt/rustwide/target/doc --error-format=json --json=diagnostic-rendered-ansi,artifacts,future-incompat --document-private-items -C metadata=78215729b31ee742 -L dependency=/opt/rustwide/target/debug/deps --extern anyhow=/opt/rustwide/target/debug/deps/libanyhow-c58ca26ed7e3b3d6.rmeta --extern async_trait=/opt/rustwide/target/debug/deps/libasync_trait-621789a457049409.so --extern chrono=/opt/rustwide/target/debug/deps/libchrono-84564bb1cdfefd4a.rmeta --extern colored=/opt/rustwide/target/debug/deps/libcolored-2490c8fab023228e.rmeta --extern crossbeam=/opt/rustwide/target/debug/deps/libcrossbeam-493d9f353ef85c34.rmeta --extern futures=/opt/rustwide/target/debug/deps/libfutures-1c5ecb93ee469d96.rmeta --extern log=/opt/rustwide/target/debug/deps/liblog-50d361c8d69d49a5.rmeta --extern redis=/opt/rustwide/target/debug/deps/libredis-e7ab5bd8a2774ffb.rmeta --extern reqwest=/opt/rustwide/target/debug/deps/libreqwest-871d0d06149ffca4.rmeta --extern scraper=/opt/rustwide/target/debug/deps/libscraper-17dc65badbd9ad0f.rmeta --extern serde=/opt/rustwide/target/debug/deps/libserde-97e809acf81d18a0.rmeta --extern serde_json=/opt/rustwide/target/debug/deps/libserde_json-7ee4d97bf3a40f8c.rmeta --extern simple_logger=/opt/rustwide/target/debug/deps/libsimple_logger-bbace97536bc2e95.rmeta --extern tokio=/opt/rustwide/target/debug/deps/libtokio-def1ef867f1732a4.rmeta --extern tokio_scoped=/opt/rustwide/target/debug/deps/libtokio_scoped-433fa1e3135a3a9d.rmeta --extern uuid=/opt/rustwide/target/debug/deps/libuuid-572748eb4f8d632a.rmeta --cap-lints=warn --crate-version 0.1.0` (exit status: 1)
[INFO] [stderr] warning: build failed, waiting for other jobs to finish...
[INFO] [stdout] warning: unused variable: `final_listing`
[INFO] [stdout]    --> src/collector.rs:126:37
[INFO] [stdout]     |
[INFO] [stdout] 126 | ...                   let final_listing = Buyee::new().process(listing).await;
[INFO] [stdout]     |                           ^^^^^^^^^^^^^ help: if this is intentional, prefix it with an underscore: `_final_listing`
[INFO] [stdout]     |
[INFO] [stdout]     = note: `#[warn(unused_variables)]` on by default
[INFO] [stdout] 
[INFO] [stdout] 
[INFO] [stdout] error: aborting due to 1 previous error; 2 warnings emitted
[INFO] [stdout] 
[INFO] [stdout] 
[INFO] [stdout] For more information about this error, try `rustc --explain E0554`.
[INFO] [stdout] 
[INFO] [stderr] error: could not compile `crawlers` (lib) due to 2 previous errors; 2 warnings emitted
[INFO] running `Command { std: "docker" "inspect" "9e8403bc762868c6a9ec14b277255f934fcd47198f5314623f49ec9de671bcab", kill_on_drop: false }`
[INFO] running `Command { std: "docker" "rm" "-f" "9e8403bc762868c6a9ec14b277255f934fcd47198f5314623f49ec9de671bcab", kill_on_drop: false }`
[INFO] [stdout] 9e8403bc762868c6a9ec14b277255f934fcd47198f5314623f49ec9de671bcab
