[INFO] cloning repository https://github.com/DropDemBits/ndisprot-rs
[INFO] running `Command { std: "git" "-c" "credential.helper=" "-c" "credential.helper=/workspace/cargo-home/bin/git-credential-null" "clone" "--bare" "https://github.com/DropDemBits/ndisprot-rs" "/workspace/cache/git-repos/https%3A%2F%2Fgithub.com%2FDropDemBits%2Fndisprot-rs", kill_on_drop: false }`
[INFO] [stderr] Cloning into bare repository '/workspace/cache/git-repos/https%3A%2F%2Fgithub.com%2FDropDemBits%2Fndisprot-rs'...
[INFO] running `Command { std: "git" "rev-parse" "HEAD", kill_on_drop: false }`
[INFO] [stdout] 1487aab2d00ca1df9d0c59dea1fca2ea25b89ddf
[INFO] documenting DropDemBits/ndisprot-rs against 1.75.0 for beta-1.76-rustdoc-1
[INFO] running `Command { std: "git" "clone" "/workspace/cache/git-repos/https%3A%2F%2Fgithub.com%2FDropDemBits%2Fndisprot-rs" "/workspace/builds/worker-7-tc1/source", kill_on_drop: false }`
[INFO] [stderr] Cloning into '/workspace/builds/worker-7-tc1/source'...
[INFO] [stderr] done.
[INFO] validating manifest of git repo https://github.com/DropDemBits/ndisprot-rs on toolchain 1.75.0
[INFO] running `Command { std: CARGO_HOME="/workspace/cargo-home" RUSTUP_HOME="/workspace/rustup-home" "/workspace/cargo-home/bin/cargo" "+1.75.0" "metadata" "--manifest-path" "Cargo.toml" "--no-deps", kill_on_drop: false }`
[INFO] removed /workspace/builds/worker-7-tc1/source/.cargo/config.toml
[INFO] removed /workspace/builds/worker-7-tc1/source/rust-toolchain.toml
[INFO] started tweaking git repo https://github.com/DropDemBits/ndisprot-rs
[INFO] finished tweaking git repo https://github.com/DropDemBits/ndisprot-rs
[INFO] tweaked toml for git repo https://github.com/DropDemBits/ndisprot-rs written to /workspace/builds/worker-7-tc1/source/Cargo.toml
[INFO] crate git repo https://github.com/DropDemBits/ndisprot-rs already has a lockfile, it will not be regenerated
[INFO] running `Command { std: CARGO_HOME="/workspace/cargo-home" RUSTUP_HOME="/workspace/rustup-home" "/workspace/cargo-home/bin/cargo" "+1.75.0" "fetch" "--manifest-path" "Cargo.toml", kill_on_drop: false }`
[INFO] [stderr]     Updating crates.io index
[INFO] [stderr]  Downloading crates ...
[INFO] [stderr]   Downloaded pinned-init-macro v0.0.4
[INFO] [stderr]   Downloaded static_vcruntime v2.0.0
[INFO] [stderr]   Downloaded byte v0.2.6
[INFO] [stderr]   Downloaded eyre v0.6.9
[INFO] [stderr]   Downloaded moveit v0.6.0
[INFO] [stderr]   Downloaded winresult-types v0.1.3
[INFO] [stderr]   Downloaded winresult v0.1.3
[INFO] [stderr]   Downloaded nt-string v0.1.1
[INFO] [stderr]   Downloaded pinned-init v0.0.6
[INFO] [stderr]   Downloaded mycelium-bitfield v0.1.4
[INFO] [stderr]   Downloaded nt-list_macros v0.3.0
[INFO] [stderr]   Downloaded nt-list v0.3.0
[INFO] running `Command { std: "docker" "create" "-v" "/var/lib/crater-agent-workspace/builds/worker-7-tc1/target:/opt/rustwide/target:rw,Z" "-v" "/var/lib/crater-agent-workspace/builds/worker-7-tc1/source:/opt/rustwide/workdir:ro,Z" "-v" "/var/lib/crater-agent-workspace/cargo-home:/opt/rustwide/cargo-home:ro,Z" "-v" "/var/lib/crater-agent-workspace/rustup-home:/opt/rustwide/rustup-home:ro,Z" "-e" "SOURCE_DIR=/opt/rustwide/workdir" "-e" "CARGO_TARGET_DIR=/opt/rustwide/target" "-e" "CARGO_HOME=/opt/rustwide/cargo-home" "-e" "RUSTUP_HOME=/opt/rustwide/rustup-home" "-w" "/opt/rustwide/workdir" "-m" "1610612736" "--user" "0:0" "--network" "none" "ghcr.io/rust-lang/crates-build-env/linux@sha256:2788e3201cd34a07e3172128adcd8b3090168a8e3bcc40d7c032b9dda1df7d1c" "/opt/rustwide/cargo-home/bin/cargo" "+1.75.0" "metadata" "--no-deps" "--format-version=1", kill_on_drop: false }`
[INFO] [stdout] 55920e6cecf1e65388f5dc9e8bc202fdcc86b6dc9cb49dac33237f1e86dbc41d
[INFO] running `Command { std: "docker" "start" "-a" "55920e6cecf1e65388f5dc9e8bc202fdcc86b6dc9cb49dac33237f1e86dbc41d", kill_on_drop: false }`
[INFO] running `Command { std: "docker" "inspect" "55920e6cecf1e65388f5dc9e8bc202fdcc86b6dc9cb49dac33237f1e86dbc41d", kill_on_drop: false }`
[INFO] running `Command { std: "docker" "rm" "-f" "55920e6cecf1e65388f5dc9e8bc202fdcc86b6dc9cb49dac33237f1e86dbc41d", kill_on_drop: false }`
[INFO] [stdout] 55920e6cecf1e65388f5dc9e8bc202fdcc86b6dc9cb49dac33237f1e86dbc41d
[INFO] running `Command { std: "docker" "create" "-v" "/var/lib/crater-agent-workspace/builds/worker-7-tc1/target:/opt/rustwide/target:rw,Z" "-v" "/var/lib/crater-agent-workspace/builds/worker-7-tc1/source:/opt/rustwide/workdir:ro,Z" "-v" "/var/lib/crater-agent-workspace/cargo-home:/opt/rustwide/cargo-home:ro,Z" "-v" "/var/lib/crater-agent-workspace/rustup-home:/opt/rustwide/rustup-home:ro,Z" "-e" "SOURCE_DIR=/opt/rustwide/workdir" "-e" "CARGO_TARGET_DIR=/opt/rustwide/target" "-e" "CARGO_INCREMENTAL=0" "-e" "RUST_BACKTRACE=full" "-e" "RUSTFLAGS=--cap-lints=warn" "-e" "RUSTDOCFLAGS=--cap-lints=warn" "-e" "CARGO_HOME=/opt/rustwide/cargo-home" "-e" "RUSTUP_HOME=/opt/rustwide/rustup-home" "-w" "/opt/rustwide/workdir" "-m" "1610612736" "--user" "0:0" "--network" "none" "ghcr.io/rust-lang/crates-build-env/linux@sha256:2788e3201cd34a07e3172128adcd8b3090168a8e3bcc40d7c032b9dda1df7d1c" "/opt/rustwide/cargo-home/bin/cargo" "+1.75.0" "doc" "--frozen" "--no-deps" "--document-private-items" "--message-format=json", kill_on_drop: false }`
[INFO] [stdout] b1c4f7edaa5aa8db3e4860be5c6cfc573e684c0b8d4b82781241eedd9fca6154
[INFO] running `Command { std: "docker" "start" "-a" "b1c4f7edaa5aa8db3e4860be5c6cfc573e684c0b8d4b82781241eedd9fca6154", kill_on_drop: false }`
[INFO] [stderr]    Compiling windows_x86_64_gnu v0.48.5
[INFO] [stderr]    Compiling libc v0.2.151
[INFO] [stderr]    Compiling cfg-if v1.0.0
[INFO] [stderr]    Compiling glob v0.3.1
[INFO] [stderr]    Compiling prettyplease v0.2.15
[INFO] [stderr]    Compiling rustix v0.38.28
[INFO] [stderr]    Compiling thiserror v1.0.53
[INFO] [stderr]    Compiling regex-syntax v0.8.2
[INFO] [stderr]    Compiling linux-raw-sys v0.4.12
[INFO] [stderr]    Compiling minimal-lexical v0.2.1
[INFO] [stderr]    Compiling bitflags v2.4.1
[INFO] [stderr]    Compiling memchr v2.6.4
[INFO] [stderr]    Compiling bindgen v0.69.1
[INFO] [stderr]    Compiling home v0.5.9
[INFO] [stderr]    Compiling either v1.9.0
[INFO] [stderr]    Compiling syn v2.0.41
[INFO] [stderr]    Compiling libloading v0.7.4
[INFO] [stderr]    Compiling shlex v1.2.0
[INFO] [stderr]    Compiling peeking_take_while v0.1.2
[INFO] [stderr]    Compiling lazy_static v1.4.0
[INFO] [stderr]    Compiling log v0.4.20
[INFO] [stderr]    Compiling rustc-hash v1.1.0
[INFO] [stderr]    Compiling windows-targets v0.48.5
[INFO] [stderr]    Compiling lazycell v1.3.0
[INFO] [stderr]    Compiling windows-sys v0.48.0
[INFO] [stderr]    Compiling semver v1.0.20
[INFO] [stderr]    Compiling autocfg v1.1.0
[INFO] [stderr]     Checking once_cell v1.19.0
[INFO] [stderr]     Checking scopeguard v1.2.0
[INFO] [stderr]     Checking byteorder v1.5.0
[INFO] [stderr]     Checking widestring v1.0.2
[INFO] [stderr]     Checking stable_deref_trait v1.2.0
[INFO] [stderr]     Checking utf8parse v0.2.1
[INFO] [stderr]    Compiling clang-sys v1.6.1
[INFO] [stderr]     Checking pin-project-lite v0.2.13
[INFO] [stderr]     Checking tracing-core v0.1.32
[INFO] [stderr]     Checking sharded-slab v0.1.7
[INFO] [stderr]     Checking hash32 v0.2.1
[INFO] [stderr]     Checking thread_local v1.1.7
[INFO] [stderr]     Checking static_assertions v1.1.0
[INFO] [stderr]    Compiling paste v1.0.14
[INFO] [stderr]    Compiling lock_api v0.4.11
[INFO] [stderr]    Compiling nom v7.1.3
[INFO] [stderr]     Checking anstyle-parse v0.2.3
[INFO] [stderr]     Checking tracing v0.1.40
[INFO] [stderr]    Compiling pinned-init-macro v0.0.4
[INFO] [stderr]    Compiling rustc_version v0.4.0
[INFO] [stderr]     Checking anstyle v1.0.4
[INFO] [stderr]     Checking anstyle-query v1.0.2
[INFO] [stderr]     Checking adler v1.0.2
[INFO] [stderr]     Checking gimli v0.28.1
[INFO] [stderr]     Checking unicode-ident v1.0.12
[INFO] [stderr]     Checking colorchoice v1.0.0
[INFO] [stderr]     Checking tracing-subscriber v0.3.18
[INFO] [stderr]    Compiling eyre v0.6.9
[INFO] [stderr]     Checking proc-macro2 v1.0.70
[INFO] [stderr]     Checking anstream v0.6.5
[INFO] [stderr]     Checking miniz_oxide v0.7.1
[INFO] [stderr]    Compiling cc v1.0.83
[INFO] [stderr]    Compiling heapless v0.7.17
[INFO] [stderr]     Checking spin v0.9.8
[INFO] [stderr]     Checking pinned-init v0.0.6
[INFO] [stderr]     Checking object v0.32.1
[INFO] [stdout] error[E0554]: `#![feature]` may not be used on the stable release channel
[INFO] [stdout]    --> /opt/rustwide/cargo-home/registry/src/index.crates.io-6f17d22bba15001f/pinned-init-0.0.6/src/lib.rs:250:12
[INFO] [stdout]     |
[INFO] [stdout] 250 | #![feature(allocator_api)]
[INFO] [stdout]     |            ^^^^^^^^^^^^^
[INFO] [stdout] 
[INFO] [stdout] 
[INFO] [stdout] error[E0554]: `#![feature]` may not be used on the stable release channel
[INFO] [stdout]    --> /opt/rustwide/cargo-home/registry/src/index.crates.io-6f17d22bba15001f/pinned-init-0.0.6/src/lib.rs:251:45
[INFO] [stdout]     |
[INFO] [stdout] 251 | #![cfg_attr(any(feature = "alloc"), feature(new_uninit))]
[INFO] [stdout]     |                                             ^^^^^^^^^^
[INFO] [stdout] 
[INFO] [stdout] 
[INFO] [stdout] error[E0554]: `#![feature]` may not be used on the stable release channel
[INFO] [stdout]    --> /opt/rustwide/cargo-home/registry/src/index.crates.io-6f17d22bba15001f/pinned-init-0.0.6/src/lib.rs:252:45
[INFO] [stdout]     |
[INFO] [stdout] 252 | #![cfg_attr(any(feature = "alloc"), feature(get_mut_unchecked))]
[INFO] [stdout]     |                                             ^^^^^^^^^^^^^^^^^
[INFO] [stdout] 
[INFO] [stdout] 
[INFO] [stdout] error: aborting due to 3 previous errors
[INFO] [stdout] 
[INFO] [stdout] 
[INFO] [stdout] For more information about this error, try `rustc --explain E0554`.
[INFO] [stdout] 
[INFO] [stderr] error: could not compile `pinned-init` (lib) due to 4 previous errors
[INFO] [stderr] warning: build failed, waiting for other jobs to finish...
[INFO] running `Command { std: "docker" "inspect" "b1c4f7edaa5aa8db3e4860be5c6cfc573e684c0b8d4b82781241eedd9fca6154", kill_on_drop: false }`
[INFO] running `Command { std: "docker" "rm" "-f" "b1c4f7edaa5aa8db3e4860be5c6cfc573e684c0b8d4b82781241eedd9fca6154", kill_on_drop: false }`
[INFO] [stdout] b1c4f7edaa5aa8db3e4860be5c6cfc573e684c0b8d4b82781241eedd9fca6154
[INFO] documenting DropDemBits/ndisprot-rs against beta-2023-12-22 for beta-1.76-rustdoc-1
[INFO] running `Command { std: "git" "clone" "/workspace/cache/git-repos/https%3A%2F%2Fgithub.com%2FDropDemBits%2Fndisprot-rs" "/workspace/builds/worker-7-tc2/source", kill_on_drop: false }`
[INFO] [stderr] Cloning into '/workspace/builds/worker-7-tc2/source'...
[INFO] [stderr] done.
[INFO] validating manifest of git repo https://github.com/DropDemBits/ndisprot-rs on toolchain beta-2023-12-22
[INFO] running `Command { std: CARGO_HOME="/workspace/cargo-home" RUSTUP_HOME="/workspace/rustup-home" "/workspace/cargo-home/bin/cargo" "+beta-2023-12-22" "metadata" "--manifest-path" "Cargo.toml" "--no-deps", kill_on_drop: false }`
[INFO] removed /workspace/builds/worker-7-tc2/source/.cargo/config.toml
[INFO] removed /workspace/builds/worker-7-tc2/source/rust-toolchain.toml
[INFO] started tweaking git repo https://github.com/DropDemBits/ndisprot-rs
[INFO] finished tweaking git repo https://github.com/DropDemBits/ndisprot-rs
[INFO] tweaked toml for git repo https://github.com/DropDemBits/ndisprot-rs written to /workspace/builds/worker-7-tc2/source/Cargo.toml
[INFO] crate git repo https://github.com/DropDemBits/ndisprot-rs already has a lockfile, it will not be regenerated
[INFO] running `Command { std: CARGO_HOME="/workspace/cargo-home" RUSTUP_HOME="/workspace/rustup-home" "/workspace/cargo-home/bin/cargo" "+beta-2023-12-22" "fetch" "--manifest-path" "Cargo.toml", kill_on_drop: false }`
[INFO] running `Command { std: "docker" "create" "-v" "/var/lib/crater-agent-workspace/builds/worker-7-tc2/target:/opt/rustwide/target:rw,Z" "-v" "/var/lib/crater-agent-workspace/builds/worker-7-tc2/source:/opt/rustwide/workdir:ro,Z" "-v" "/var/lib/crater-agent-workspace/cargo-home:/opt/rustwide/cargo-home:ro,Z" "-v" "/var/lib/crater-agent-workspace/rustup-home:/opt/rustwide/rustup-home:ro,Z" "-e" "SOURCE_DIR=/opt/rustwide/workdir" "-e" "CARGO_TARGET_DIR=/opt/rustwide/target" "-e" "CARGO_HOME=/opt/rustwide/cargo-home" "-e" "RUSTUP_HOME=/opt/rustwide/rustup-home" "-w" "/opt/rustwide/workdir" "-m" "1610612736" "--user" "0:0" "--network" "none" "ghcr.io/rust-lang/crates-build-env/linux@sha256:2788e3201cd34a07e3172128adcd8b3090168a8e3bcc40d7c032b9dda1df7d1c" "/opt/rustwide/cargo-home/bin/cargo" "+beta-2023-12-22" "metadata" "--no-deps" "--format-version=1", kill_on_drop: false }`
[INFO] [stdout] 1fba3bd281a8a46151c65df2a83113894268f3881e9414a794088f1ad4ecff75
[INFO] running `Command { std: "docker" "start" "-a" "1fba3bd281a8a46151c65df2a83113894268f3881e9414a794088f1ad4ecff75", kill_on_drop: false }`
[INFO] running `Command { std: "docker" "inspect" "1fba3bd281a8a46151c65df2a83113894268f3881e9414a794088f1ad4ecff75", kill_on_drop: false }`
[INFO] running `Command { std: "docker" "rm" "-f" "1fba3bd281a8a46151c65df2a83113894268f3881e9414a794088f1ad4ecff75", kill_on_drop: false }`
[INFO] [stdout] 1fba3bd281a8a46151c65df2a83113894268f3881e9414a794088f1ad4ecff75
[INFO] running `Command { std: "docker" "create" "-v" "/var/lib/crater-agent-workspace/builds/worker-7-tc2/target:/opt/rustwide/target:rw,Z" "-v" "/var/lib/crater-agent-workspace/builds/worker-7-tc2/source:/opt/rustwide/workdir:ro,Z" "-v" "/var/lib/crater-agent-workspace/cargo-home:/opt/rustwide/cargo-home:ro,Z" "-v" "/var/lib/crater-agent-workspace/rustup-home:/opt/rustwide/rustup-home:ro,Z" "-e" "SOURCE_DIR=/opt/rustwide/workdir" "-e" "CARGO_TARGET_DIR=/opt/rustwide/target" "-e" "CARGO_INCREMENTAL=0" "-e" "RUST_BACKTRACE=full" "-e" "RUSTFLAGS=--cap-lints=warn" "-e" "RUSTDOCFLAGS=--cap-lints=warn" "-e" "CARGO_HOME=/opt/rustwide/cargo-home" "-e" "RUSTUP_HOME=/opt/rustwide/rustup-home" "-w" "/opt/rustwide/workdir" "-m" "1610612736" "--user" "0:0" "--network" "none" "ghcr.io/rust-lang/crates-build-env/linux@sha256:2788e3201cd34a07e3172128adcd8b3090168a8e3bcc40d7c032b9dda1df7d1c" "/opt/rustwide/cargo-home/bin/cargo" "+beta-2023-12-22" "doc" "--frozen" "--no-deps" "--document-private-items" "--message-format=json", kill_on_drop: false }`
[INFO] [stdout] ccbcaab5d73cd0aabd447e3bbb52053c9335ba464d25ca0f250dec88eac11ff8
[INFO] running `Command { std: "docker" "start" "-a" "ccbcaab5d73cd0aabd447e3bbb52053c9335ba464d25ca0f250dec88eac11ff8", kill_on_drop: false }`
[INFO] [stderr]    Compiling windows_x86_64_gnu v0.48.5
[INFO] [stderr]    Compiling libc v0.2.151
[INFO] [stderr]    Compiling cfg-if v1.0.0
[INFO] [stderr]    Compiling glob v0.3.1
[INFO] [stderr]    Compiling rustix v0.38.28
[INFO] [stderr]    Compiling prettyplease v0.2.15
[INFO] [stderr]    Compiling thiserror v1.0.53
[INFO] [stderr]    Compiling linux-raw-sys v0.4.12
[INFO] [stderr]    Compiling memchr v2.6.4
[INFO] [stderr]    Compiling minimal-lexical v0.2.1
[INFO] [stderr]    Compiling regex-syntax v0.8.2
[INFO] [stderr]    Compiling bitflags v2.4.1
[INFO] [stderr]    Compiling home v0.5.9
[INFO] [stderr]    Compiling bindgen v0.69.1
[INFO] [stderr]    Compiling either v1.9.0
[INFO] [stderr]    Compiling syn v2.0.41
[INFO] [stderr]    Compiling libloading v0.7.4
[INFO] [stderr]    Compiling lazy_static v1.4.0
[INFO] [stderr]    Compiling shlex v1.2.0
[INFO] [stderr]    Compiling log v0.4.20
[INFO] [stderr]    Compiling rustc-hash v1.1.0
[INFO] [stderr]    Compiling peeking_take_while v0.1.2
[INFO] [stderr]    Compiling lazycell v1.3.0
[INFO] [stderr]    Compiling semver v1.0.20
[INFO] [stderr]    Compiling autocfg v1.1.0
[INFO] [stderr]     Checking once_cell v1.19.0
[INFO] [stderr]     Checking scopeguard v1.2.0
[INFO] [stderr]     Checking byteorder v1.5.0
[INFO] [stderr]    Compiling windows-targets v0.48.5
[INFO] [stderr]     Checking widestring v1.0.2
[INFO] [stderr]    Compiling windows-sys v0.48.0
[INFO] [stderr]     Checking stable_deref_trait v1.2.0
[INFO] [stderr]     Checking sharded-slab v0.1.7
[INFO] [stderr]    Compiling clang-sys v1.6.1
[INFO] [stderr]     Checking tracing-core v0.1.32
[INFO] [stderr]     Checking thread_local v1.1.7
[INFO] [stderr]    Compiling paste v1.0.14
[INFO] [stderr]     Checking hash32 v0.2.1
[INFO] [stderr]    Compiling nom v7.1.3
[INFO] [stderr]     Checking pin-project-lite v0.2.13
[INFO] [stderr]    Compiling lock_api v0.4.11
[INFO] [stderr]     Checking utf8parse v0.2.1
[INFO] [stderr]     Checking static_assertions v1.1.0
[INFO] [stderr]     Checking tracing v0.1.40
[INFO] [stderr]     Checking anstyle-parse v0.2.3
[INFO] [stderr]    Compiling rustc_version v0.4.0
[INFO] [stderr]    Compiling pinned-init-macro v0.0.4
[INFO] [stderr]     Checking anstyle-query v1.0.2
[INFO] [stderr]     Checking adler v1.0.2
[INFO] [stderr]     Checking anstyle v1.0.4
[INFO] [stderr]     Checking unicode-ident v1.0.12
[INFO] [stderr]    Compiling eyre v0.6.9
[INFO] [stderr]     Checking gimli v0.28.1
[INFO] [stderr]    Compiling cc v1.0.83
[INFO] [stderr]    Compiling heapless v0.7.17
[INFO] [stderr]     Checking tracing-subscriber v0.3.18
[INFO] [stderr]     Checking colorchoice v1.0.0
[INFO] [stderr]     Checking proc-macro2 v1.0.70
[INFO] [stderr]     Checking spin v0.9.8
[INFO] [stderr]     Checking anstream v0.6.5
[INFO] [stderr]     Checking miniz_oxide v0.7.1
[INFO] [stderr]     Checking pinned-init v0.0.6
[INFO] [stdout] error[E0554]: `#![feature]` may not be used on the beta release channel
[INFO] [stdout]    --> /opt/rustwide/cargo-home/registry/src/index.crates.io-6f17d22bba15001f/pinned-init-0.0.6/src/lib.rs:250:12
[INFO] [stdout]     |
[INFO] [stdout] 250 | #![feature(allocator_api)]
[INFO] [stdout]     |            ^^^^^^^^^^^^^
[INFO] [stdout] 
[INFO] [stdout] 
[INFO] [stdout] error[E0554]: `#![feature]` may not be used on the beta release channel
[INFO] [stdout]    --> /opt/rustwide/cargo-home/registry/src/index.crates.io-6f17d22bba15001f/pinned-init-0.0.6/src/lib.rs:251:45
[INFO] [stdout]     |
[INFO] [stdout] 251 | #![cfg_attr(any(feature = "alloc"), feature(new_uninit))]
[INFO] [stdout]     |                                             ^^^^^^^^^^
[INFO] [stdout] 
[INFO] [stdout] 
[INFO] [stdout] error[E0554]: `#![feature]` may not be used on the beta release channel
[INFO] [stdout]    --> /opt/rustwide/cargo-home/registry/src/index.crates.io-6f17d22bba15001f/pinned-init-0.0.6/src/lib.rs:252:45
[INFO] [stdout]     |
[INFO] [stdout] 252 | #![cfg_attr(any(feature = "alloc"), feature(get_mut_unchecked))]
[INFO] [stdout]     |                                             ^^^^^^^^^^^^^^^^^
[INFO] [stdout] 
[INFO] [stdout] 
[INFO] [stdout] error: aborting due to 3 previous errors
[INFO] [stdout] 
[INFO] [stdout] 
[INFO] [stdout] For more information about this error, try `rustc --explain E0554`.
[INFO] [stdout] 
[INFO] [stderr] error: could not compile `pinned-init` (lib) due to 4 previous errors
[INFO] [stderr] warning: build failed, waiting for other jobs to finish...
[INFO] running `Command { std: "docker" "inspect" "ccbcaab5d73cd0aabd447e3bbb52053c9335ba464d25ca0f250dec88eac11ff8", kill_on_drop: false }`
[INFO] running `Command { std: "docker" "rm" "-f" "ccbcaab5d73cd0aabd447e3bbb52053c9335ba464d25ca0f250dec88eac11ff8", kill_on_drop: false }`
[INFO] [stdout] ccbcaab5d73cd0aabd447e3bbb52053c9335ba464d25ca0f250dec88eac11ff8
