[INFO] cloning repository https://github.com/Dragonseel/push2_soundboard
[INFO] running `Command { std: "git" "-c" "credential.helper=" "-c" "credential.helper=/workspace/cargo-home/bin/git-credential-null" "clone" "--bare" "https://github.com/Dragonseel/push2_soundboard" "/workspace/cache/git-repos/https%3A%2F%2Fgithub.com%2FDragonseel%2Fpush2_soundboard", kill_on_drop: false }`
[INFO] [stderr] Cloning into bare repository '/workspace/cache/git-repos/https%3A%2F%2Fgithub.com%2FDragonseel%2Fpush2_soundboard'...
[INFO] running `Command { std: "git" "rev-parse" "HEAD", kill_on_drop: false }`
[INFO] [stdout] 992a07120fa5d8051182409e45dc1a6a9451a463
[INFO] documenting Dragonseel/push2_soundboard against 1.75.0 for beta-1.76-rustdoc-1
[INFO] running `Command { std: "git" "clone" "/workspace/cache/git-repos/https%3A%2F%2Fgithub.com%2FDragonseel%2Fpush2_soundboard" "/workspace/builds/worker-4-tc1/source", kill_on_drop: false }`
[INFO] [stderr] Cloning into '/workspace/builds/worker-4-tc1/source'...
[INFO] [stderr] done.
[INFO] validating manifest of git repo https://github.com/Dragonseel/push2_soundboard on toolchain 1.75.0
[INFO] running `Command { std: CARGO_HOME="/workspace/cargo-home" RUSTUP_HOME="/workspace/rustup-home" "/workspace/cargo-home/bin/cargo" "+1.75.0" "metadata" "--manifest-path" "Cargo.toml" "--no-deps", kill_on_drop: false }`
[INFO] started tweaking git repo https://github.com/Dragonseel/push2_soundboard
[INFO] finished tweaking git repo https://github.com/Dragonseel/push2_soundboard
[INFO] tweaked toml for git repo https://github.com/Dragonseel/push2_soundboard written to /workspace/builds/worker-4-tc1/source/Cargo.toml
[INFO] crate git repo https://github.com/Dragonseel/push2_soundboard already has a lockfile, it will not be regenerated
[INFO] running `Command { std: CARGO_HOME="/workspace/cargo-home" RUSTUP_HOME="/workspace/rustup-home" "/workspace/cargo-home/bin/cargo" "+1.75.0" "fetch" "--manifest-path" "Cargo.toml", kill_on_drop: false }`
[INFO] [stderr]     Updating crates.io index
[INFO] [stderr]  Downloading crates ...
[INFO] [stderr]   Downloaded rspotify-macros v0.11.7
[INFO] [stderr]   Downloaded rspotify-model v0.11.7
[INFO] [stderr]   Downloaded symphonia-bundle-mp3 v0.5.3
[INFO] [stderr]   Downloaded padlock v0.2.0
[INFO] [stderr]   Downloaded gameloop v0.2.0
[INFO] [stderr]   Downloaded rspotify-http v0.11.7
[INFO] [stderr]   Downloaded cookie_store v0.19.1
[INFO] [stderr]   Downloaded tray-item v0.8.0
[INFO] [stderr]   Downloaded notify v6.1.0
[INFO] [stderr]   Downloaded rustls-webpki v0.101.3
[INFO] [stderr]   Downloaded rspotify v0.11.7
[INFO] [stderr]   Downloaded file-id v0.2.0
[INFO] [stderr]   Downloaded notify-debouncer-full v0.3.0
[INFO] [stderr]   Downloaded push2_display v0.2.0
[INFO] running `Command { std: "docker" "create" "-v" "/var/lib/crater-agent-workspace/builds/worker-4-tc1/target:/opt/rustwide/target:rw,Z" "-v" "/var/lib/crater-agent-workspace/builds/worker-4-tc1/source:/opt/rustwide/workdir:ro,Z" "-v" "/var/lib/crater-agent-workspace/cargo-home:/opt/rustwide/cargo-home:ro,Z" "-v" "/var/lib/crater-agent-workspace/rustup-home:/opt/rustwide/rustup-home:ro,Z" "-e" "SOURCE_DIR=/opt/rustwide/workdir" "-e" "CARGO_TARGET_DIR=/opt/rustwide/target" "-e" "CARGO_HOME=/opt/rustwide/cargo-home" "-e" "RUSTUP_HOME=/opt/rustwide/rustup-home" "-w" "/opt/rustwide/workdir" "-m" "1610612736" "--user" "0:0" "--network" "none" "ghcr.io/rust-lang/crates-build-env/linux@sha256:2788e3201cd34a07e3172128adcd8b3090168a8e3bcc40d7c032b9dda1df7d1c" "/opt/rustwide/cargo-home/bin/cargo" "+1.75.0" "metadata" "--no-deps" "--format-version=1", kill_on_drop: false }`
[INFO] [stdout] 23c3127cefc55ba866c2aaa5864f0e9dcb7c616c5cdfc4ac72a2f41af1528020
[INFO] running `Command { std: "docker" "start" "-a" "23c3127cefc55ba866c2aaa5864f0e9dcb7c616c5cdfc4ac72a2f41af1528020", kill_on_drop: false }`
[INFO] running `Command { std: "docker" "inspect" "23c3127cefc55ba866c2aaa5864f0e9dcb7c616c5cdfc4ac72a2f41af1528020", kill_on_drop: false }`
[INFO] running `Command { std: "docker" "rm" "-f" "23c3127cefc55ba866c2aaa5864f0e9dcb7c616c5cdfc4ac72a2f41af1528020", kill_on_drop: false }`
[INFO] [stdout] 23c3127cefc55ba866c2aaa5864f0e9dcb7c616c5cdfc4ac72a2f41af1528020
[INFO] running `Command { std: "docker" "create" "-v" "/var/lib/crater-agent-workspace/builds/worker-4-tc1/target:/opt/rustwide/target:rw,Z" "-v" "/var/lib/crater-agent-workspace/builds/worker-4-tc1/source:/opt/rustwide/workdir:ro,Z" "-v" "/var/lib/crater-agent-workspace/cargo-home:/opt/rustwide/cargo-home:ro,Z" "-v" "/var/lib/crater-agent-workspace/rustup-home:/opt/rustwide/rustup-home:ro,Z" "-e" "SOURCE_DIR=/opt/rustwide/workdir" "-e" "CARGO_TARGET_DIR=/opt/rustwide/target" "-e" "CARGO_INCREMENTAL=0" "-e" "RUST_BACKTRACE=full" "-e" "RUSTFLAGS=--cap-lints=warn" "-e" "RUSTDOCFLAGS=--cap-lints=warn" "-e" "CARGO_HOME=/opt/rustwide/cargo-home" "-e" "RUSTUP_HOME=/opt/rustwide/rustup-home" "-w" "/opt/rustwide/workdir" "-m" "1610612736" "--user" "0:0" "--network" "none" "ghcr.io/rust-lang/crates-build-env/linux@sha256:2788e3201cd34a07e3172128adcd8b3090168a8e3bcc40d7c032b9dda1df7d1c" "/opt/rustwide/cargo-home/bin/cargo" "+1.75.0" "doc" "--frozen" "--no-deps" "--document-private-items" "--message-format=json", kill_on_drop: false }`
[INFO] [stdout] 74d53efee03fa5609a9b23c0f6bf3d801a3063085efa653305bd15a18faf0adb
[INFO] running `Command { std: "docker" "start" "-a" "74d53efee03fa5609a9b23c0f6bf3d801a3063085efa653305bd15a18faf0adb", kill_on_drop: false }`
[INFO] [stderr]    Compiling libc v0.2.147
[INFO] [stderr]     Checking log v0.4.20
[INFO] [stderr]    Compiling unicode-ident v1.0.11
[INFO] [stderr]    Compiling pkg-config v0.3.27
[INFO] [stderr]     Checking once_cell v1.18.0
[INFO] [stderr]    Compiling serde v1.0.183
[INFO] [stderr]    Compiling serde_derive v1.0.183
[INFO] [stderr]    Compiling proc-macro2 v1.0.66
[INFO] [stderr]    Compiling typenum v1.16.0
[INFO] [stderr]    Compiling syn v1.0.109
[INFO] [stderr]     Checking itoa v1.0.9
[INFO] [stderr]    Compiling num-traits v0.2.16
[INFO] [stderr]    Compiling quote v1.0.33
[INFO] [stderr]    Compiling generic-array v0.14.7
[INFO] [stderr]     Checking unicode-bidi v0.3.13
[INFO] [stderr]    Compiling syn v2.0.29
[INFO] [stderr]     Checking percent-encoding v2.3.0
[INFO] [stderr]    Compiling serde_json v1.0.105
[INFO] [stderr]    Compiling time-core v0.1.1
[INFO] [stderr]    Compiling time-macros v0.2.11
[INFO] [stderr]    Compiling cc v1.0.82
[INFO] [stderr]    Compiling alsa-sys v0.3.1
[INFO] [stderr]    Compiling lock_api v0.4.10
[INFO] [stderr]    Compiling indexmap v1.9.3
[INFO] [stderr]    Compiling cookie v0.16.2
[INFO] [stderr]     Checking ryu v1.0.15
[INFO] [stderr]    Compiling thiserror v1.0.47
[INFO] [stderr]     Checking deranged v0.3.8
[INFO] [stderr]    Compiling parking_lot_core v0.9.8
[INFO] [stderr]    Compiling rustversion v1.0.14
[INFO] [stderr]    Compiling ring v0.16.20
[INFO] [stderr]    Compiling libusb1-sys v0.6.4
[INFO] [stderr]     Checking idna v0.4.0
[INFO] [stderr]     Checking time v0.3.25
[INFO] [stderr]     Checking form_urlencoded v1.2.0
[INFO] [stderr]     Checking arrayvec v0.7.4
[INFO] [stderr]     Checking scopeguard v1.2.0
[INFO] [stderr]     Checking smallvec v1.11.0
[INFO] [stderr]    Compiling az v1.2.1
[INFO] [stderr]    Compiling crossbeam-utils v0.8.16
[INFO] [stderr]     Checking bytemuck v1.13.1
[INFO] [stderr]    Compiling rustls v0.21.6
[INFO] [stderr]     Checking symphonia-core v0.5.3
[INFO] [stderr]     Checking url v2.4.0
[INFO] [stderr]     Checking nix v0.24.3
[INFO] [stderr]     Checking idna v0.3.0
[INFO] [stderr]     Checking base64 v0.21.2
[INFO] [stderr]    Compiling heck v0.4.1
[INFO] [stderr]     Checking symphonia-metadata v0.5.3
[INFO] [stderr]     Checking cookie_store v0.19.1
[INFO] [stderr]     Checking alsa v0.7.1
[INFO] [stderr]     Checking parking_lot v0.12.1
[INFO] [stderr]     Checking crypto-common v0.1.6
[INFO] [stderr]     Checking block-buffer v0.10.4
[INFO] [stderr]     Checking time v0.1.45
[INFO] [stderr]     Checking inotify-sys v0.1.5
[INFO] [stderr]    Compiling thiserror-impl v1.0.47
[INFO] [stderr]     Checking iana-time-zone v0.1.57
[INFO] [stderr]    Compiling rusb v0.9.2
[INFO] [stderr]    Compiling cpal v0.15.2
[INFO] [stderr]     Checking chrono v0.4.26
[INFO] [stderr]    Compiling enum_dispatch v0.3.12
[INFO] [stderr]     Checking walkdir v2.3.3
[INFO] [stderr]     Checking rustls-webpki v0.101.3
[INFO] [stderr]     Checking rustls-webpki v0.100.1
[INFO] [stderr]     Checking sct v0.7.0
[INFO] [stderr]     Checking embedded-graphics-core v0.3.3
[INFO] [stderr]     Checking webpki-roots v0.23.1
[INFO] [stderr]     Checking inotify v0.9.6
[INFO] [stderr]     Checking digest v0.10.7
[INFO] [stderr]     Checking crossbeam-channel v0.5.8
[INFO] [stderr]     Checking symphonia-bundle-mp3 v0.5.3
[INFO] [stderr]     Checking mio v0.8.8
[INFO] [stderr]     Checking filetime v0.2.22
[INFO] [stderr]     Checking is-docker v0.2.0
[INFO] [stderr]     Checking cpufeatures v0.2.9
[INFO] [stderr]    Compiling anyhow v1.0.75
[INFO] [stderr]     Checking sha2 v0.10.7
[INFO] [stderr]     Checking symphonia v0.5.3
[INFO] [stderr]     Checking notify v6.1.0
[INFO] [stderr]     Checking is-wsl v0.4.0
[INFO] [stderr]    Compiling strum_macros v0.24.3
[INFO] [stderr]    Compiling toml v0.5.11
[INFO] [stderr]    Compiling maybe-async v0.2.7
[INFO] [stderr]     Checking lewton v0.10.2
[INFO] [stderr]     Checking float-cmp v0.8.0
[INFO] [stderr]     Checking bitflags v2.4.0
[INFO] [stderr]     Checking getrandom v0.2.10
[INFO] [stderr]     Checking hound v3.5.0
[INFO] [stderr]     Checking file-id v0.2.0
[INFO] [stderr]     Checking micromath v1.1.1
[INFO] [stderr]     Checking claxon v0.4.3
[INFO] [stderr]     Checking base64 v0.20.0
[INFO] [stderr]     Checking rspotify-macros v0.11.7
[INFO] [stderr]     Checking embedded-graphics v0.7.1
[INFO] [stderr]     Checking open v5.0.0
[INFO] [stderr]     Checking rodio v0.17.1
[INFO] [stderr]     Checking notify-debouncer-full v0.3.0
[INFO] [stderr]     Checking push2_display v0.2.0
[INFO] [stderr]     Checking ureq v2.7.1
[INFO] [stderr]     Checking ron v0.8.1
[INFO] [stderr]    Compiling winres v0.1.12
[INFO] [stderr]     Checking midir v0.9.1
[INFO] [stderr]     Checking gameloop v0.2.0
[INFO] [stderr]     Checking rspotify-http v0.11.7
[INFO] [stderr]     Checking tray-item v0.8.0
[INFO] [stdout] error[E0433]: failed to resolve: could not find `TrayItemImpl` in `api`
[INFO] [stdout]   --> /opt/rustwide/cargo-home/registry/src/index.crates.io-6f17d22bba15001f/tray-item-0.8.0/src/lib.rs:30:22
[INFO] [stdout]    |
[INFO] [stdout] 30 |         Ok(Self(api::TrayItemImpl::new(title, icon)?))
[INFO] [stdout]    |                      ^^^^^^^^^^^^ could not find `TrayItemImpl` in `api`
[INFO] [stdout] 
[INFO] [stdout] 
[INFO] [stdout] error[E0412]: cannot find type `TrayItemImpl` in module `api`
[INFO] [stdout]   --> /opt/rustwide/cargo-home/registry/src/index.crates.io-6f17d22bba15001f/tray-item-0.8.0/src/lib.rs:5:26
[INFO] [stdout]    |
[INFO] [stdout] 5  | pub struct TrayItem(api::TrayItemImpl);
[INFO] [stdout]    |                          ^^^^^^^^^^^^ not found in `api`
[INFO] [stdout]    |
[INFO] [stdout] note: found an item that was configured out
[INFO] [stdout]   --> /opt/rustwide/cargo-home/registry/src/index.crates.io-6f17d22bba15001f/tray-item-0.8.0/src/api/mod.rs:15:10
[INFO] [stdout]    |
[INFO] [stdout] 15 | pub type TrayItemImpl = linux_ksni::TrayItemLinux;
[INFO] [stdout]    |          ^^^^^^^^^^^^
[INFO] [stdout] note: found an item that was configured out
[INFO] [stdout]   --> /opt/rustwide/cargo-home/registry/src/index.crates.io-6f17d22bba15001f/tray-item-0.8.0/src/api/mod.rs:18:10
[INFO] [stdout]    |
[INFO] [stdout] 18 | pub type TrayItemImpl = linux_libappindicator::TrayItemLinux;
[INFO] [stdout]    |          ^^^^^^^^^^^^
[INFO] [stdout] note: found an item that was configured out
[INFO] [stdout]   --> /opt/rustwide/cargo-home/registry/src/index.crates.io-6f17d22bba15001f/tray-item-0.8.0/src/api/mod.rs:21:10
[INFO] [stdout]    |
[INFO] [stdout] 21 | pub type TrayItemImpl = windows::TrayItemWindows;
[INFO] [stdout]    |          ^^^^^^^^^^^^
[INFO] [stdout]    = note: the item is gated behind the `windows` feature
[INFO] [stdout] note: found an item that was configured out
[INFO] [stdout]   --> /opt/rustwide/cargo-home/registry/src/index.crates.io-6f17d22bba15001f/tray-item-0.8.0/src/api/mod.rs:24:10
[INFO] [stdout]    |
[INFO] [stdout] 24 | pub type TrayItemImpl = macos::TrayItemMacOS;
[INFO] [stdout]    |          ^^^^^^^^^^^^
[INFO] [stdout]    = note: the item is gated behind the `macos` feature
[INFO] [stdout] 
[INFO] [stdout] 
[INFO] [stdout] error[E0412]: cannot find type `TrayItemImpl` in module `api`
[INFO] [stdout]   --> /opt/rustwide/cargo-home/registry/src/index.crates.io-6f17d22bba15001f/tray-item-0.8.0/src/lib.rs:48:46
[INFO] [stdout]    |
[INFO] [stdout] 48 |     pub fn inner_mut(&mut self) -> &mut api::TrayItemImpl {
[INFO] [stdout]    |                                              ^^^^^^^^^^^^ not found in `api`
[INFO] [stdout]    |
[INFO] [stdout] note: found an item that was configured out
[INFO] [stdout]   --> /opt/rustwide/cargo-home/registry/src/index.crates.io-6f17d22bba15001f/tray-item-0.8.0/src/api/mod.rs:15:10
[INFO] [stdout]    |
[INFO] [stdout] 15 | pub type TrayItemImpl = linux_ksni::TrayItemLinux;
[INFO] [stdout]    |          ^^^^^^^^^^^^
[INFO] [stdout] note: found an item that was configured out
[INFO] [stdout]   --> /opt/rustwide/cargo-home/registry/src/index.crates.io-6f17d22bba15001f/tray-item-0.8.0/src/api/mod.rs:18:10
[INFO] [stdout]    |
[INFO] [stdout] 18 | pub type TrayItemImpl = linux_libappindicator::TrayItemLinux;
[INFO] [stdout]    |          ^^^^^^^^^^^^
[INFO] [stdout] note: found an item that was configured out
[INFO] [stdout]   --> /opt/rustwide/cargo-home/registry/src/index.crates.io-6f17d22bba15001f/tray-item-0.8.0/src/api/mod.rs:21:10
[INFO] [stdout]    |
[INFO] [stdout] 21 | pub type TrayItemImpl = windows::TrayItemWindows;
[INFO] [stdout]    |          ^^^^^^^^^^^^
[INFO] [stdout]    = note: the item is gated behind the `windows` feature
[INFO] [stdout] note: found an item that was configured out
[INFO] [stdout]   --> /opt/rustwide/cargo-home/registry/src/index.crates.io-6f17d22bba15001f/tray-item-0.8.0/src/api/mod.rs:24:10
[INFO] [stdout]    |
[INFO] [stdout] 24 | pub type TrayItemImpl = macos::TrayItemMacOS;
[INFO] [stdout]    |          ^^^^^^^^^^^^
[INFO] [stdout]    = note: the item is gated behind the `macos` feature
[INFO] [stdout] 
[INFO] [stdout] 
[INFO] [stdout] error: aborting due to 3 previous errors
[INFO] [stdout] 
[INFO] [stdout] 
[INFO] [stdout] Some errors have detailed explanations: E0412, E0433.
[INFO] [stdout] 
[INFO] [stdout] For more information about an error, try `rustc --explain E0412`.
[INFO] [stdout] 
[INFO] [stderr] error: could not compile `tray-item` (lib) due to 4 previous errors
[INFO] [stderr] warning: build failed, waiting for other jobs to finish...
[INFO] running `Command { std: "docker" "inspect" "74d53efee03fa5609a9b23c0f6bf3d801a3063085efa653305bd15a18faf0adb", kill_on_drop: false }`
[INFO] running `Command { std: "docker" "rm" "-f" "74d53efee03fa5609a9b23c0f6bf3d801a3063085efa653305bd15a18faf0adb", kill_on_drop: false }`
[INFO] [stdout] 74d53efee03fa5609a9b23c0f6bf3d801a3063085efa653305bd15a18faf0adb
[INFO] documenting Dragonseel/push2_soundboard against beta-2023-12-22 for beta-1.76-rustdoc-1
[INFO] running `Command { std: "git" "clone" "/workspace/cache/git-repos/https%3A%2F%2Fgithub.com%2FDragonseel%2Fpush2_soundboard" "/workspace/builds/worker-4-tc2/source", kill_on_drop: false }`
[INFO] [stderr] Cloning into '/workspace/builds/worker-4-tc2/source'...
[INFO] [stderr] done.
[INFO] validating manifest of git repo https://github.com/Dragonseel/push2_soundboard on toolchain beta-2023-12-22
[INFO] running `Command { std: CARGO_HOME="/workspace/cargo-home" RUSTUP_HOME="/workspace/rustup-home" "/workspace/cargo-home/bin/cargo" "+beta-2023-12-22" "metadata" "--manifest-path" "Cargo.toml" "--no-deps", kill_on_drop: false }`
[INFO] started tweaking git repo https://github.com/Dragonseel/push2_soundboard
[INFO] finished tweaking git repo https://github.com/Dragonseel/push2_soundboard
[INFO] tweaked toml for git repo https://github.com/Dragonseel/push2_soundboard written to /workspace/builds/worker-4-tc2/source/Cargo.toml
[INFO] crate git repo https://github.com/Dragonseel/push2_soundboard already has a lockfile, it will not be regenerated
[INFO] running `Command { std: CARGO_HOME="/workspace/cargo-home" RUSTUP_HOME="/workspace/rustup-home" "/workspace/cargo-home/bin/cargo" "+beta-2023-12-22" "fetch" "--manifest-path" "Cargo.toml", kill_on_drop: false }`
[INFO] running `Command { std: "docker" "create" "-v" "/var/lib/crater-agent-workspace/builds/worker-4-tc2/target:/opt/rustwide/target:rw,Z" "-v" "/var/lib/crater-agent-workspace/builds/worker-4-tc2/source:/opt/rustwide/workdir:ro,Z" "-v" "/var/lib/crater-agent-workspace/cargo-home:/opt/rustwide/cargo-home:ro,Z" "-v" "/var/lib/crater-agent-workspace/rustup-home:/opt/rustwide/rustup-home:ro,Z" "-e" "SOURCE_DIR=/opt/rustwide/workdir" "-e" "CARGO_TARGET_DIR=/opt/rustwide/target" "-e" "CARGO_HOME=/opt/rustwide/cargo-home" "-e" "RUSTUP_HOME=/opt/rustwide/rustup-home" "-w" "/opt/rustwide/workdir" "-m" "1610612736" "--user" "0:0" "--network" "none" "ghcr.io/rust-lang/crates-build-env/linux@sha256:2788e3201cd34a07e3172128adcd8b3090168a8e3bcc40d7c032b9dda1df7d1c" "/opt/rustwide/cargo-home/bin/cargo" "+beta-2023-12-22" "metadata" "--no-deps" "--format-version=1", kill_on_drop: false }`
[INFO] [stdout] 96263b2d9b3818d9886c47929d64e1ac06e7ff512ca59d9e2863702a91e3d044
[INFO] running `Command { std: "docker" "start" "-a" "96263b2d9b3818d9886c47929d64e1ac06e7ff512ca59d9e2863702a91e3d044", kill_on_drop: false }`
[INFO] running `Command { std: "docker" "inspect" "96263b2d9b3818d9886c47929d64e1ac06e7ff512ca59d9e2863702a91e3d044", kill_on_drop: false }`
[INFO] running `Command { std: "docker" "rm" "-f" "96263b2d9b3818d9886c47929d64e1ac06e7ff512ca59d9e2863702a91e3d044", kill_on_drop: false }`
[INFO] [stdout] 96263b2d9b3818d9886c47929d64e1ac06e7ff512ca59d9e2863702a91e3d044
[INFO] running `Command { std: "docker" "create" "-v" "/var/lib/crater-agent-workspace/builds/worker-4-tc2/target:/opt/rustwide/target:rw,Z" "-v" "/var/lib/crater-agent-workspace/builds/worker-4-tc2/source:/opt/rustwide/workdir:ro,Z" "-v" "/var/lib/crater-agent-workspace/cargo-home:/opt/rustwide/cargo-home:ro,Z" "-v" "/var/lib/crater-agent-workspace/rustup-home:/opt/rustwide/rustup-home:ro,Z" "-e" "SOURCE_DIR=/opt/rustwide/workdir" "-e" "CARGO_TARGET_DIR=/opt/rustwide/target" "-e" "CARGO_INCREMENTAL=0" "-e" "RUST_BACKTRACE=full" "-e" "RUSTFLAGS=--cap-lints=warn" "-e" "RUSTDOCFLAGS=--cap-lints=warn" "-e" "CARGO_HOME=/opt/rustwide/cargo-home" "-e" "RUSTUP_HOME=/opt/rustwide/rustup-home" "-w" "/opt/rustwide/workdir" "-m" "1610612736" "--user" "0:0" "--network" "none" "ghcr.io/rust-lang/crates-build-env/linux@sha256:2788e3201cd34a07e3172128adcd8b3090168a8e3bcc40d7c032b9dda1df7d1c" "/opt/rustwide/cargo-home/bin/cargo" "+beta-2023-12-22" "doc" "--frozen" "--no-deps" "--document-private-items" "--message-format=json", kill_on_drop: false }`
[INFO] [stdout] 169c92cff2c363d75c2b9c168ec2ba21834b61eb5be0b2976f0f9d262d891cea
[INFO] running `Command { std: "docker" "start" "-a" "169c92cff2c363d75c2b9c168ec2ba21834b61eb5be0b2976f0f9d262d891cea", kill_on_drop: false }`
[INFO] [stderr]    Compiling libc v0.2.147
[INFO] [stderr]    Compiling unicode-ident v1.0.11
[INFO] [stderr]     Checking log v0.4.20
[INFO] [stderr]    Compiling pkg-config v0.3.27
[INFO] [stderr]     Checking once_cell v1.18.0
[INFO] [stderr]    Compiling serde v1.0.183
[INFO] [stderr]    Compiling serde_derive v1.0.183
[INFO] [stderr]    Compiling proc-macro2 v1.0.66
[INFO] [stderr]     Checking itoa v1.0.9
[INFO] [stderr]    Compiling typenum v1.16.0
[INFO] [stderr]    Compiling syn v1.0.109
[INFO] [stderr]    Compiling generic-array v0.14.7
[INFO] [stderr]    Compiling quote v1.0.33
[INFO] [stderr]    Compiling num-traits v0.2.16
[INFO] [stderr]    Compiling time-core v0.1.1
[INFO] [stderr]    Compiling serde_json v1.0.105
[INFO] [stderr]    Compiling syn v2.0.29
[INFO] [stderr]     Checking percent-encoding v2.3.0
[INFO] [stderr]     Checking unicode-bidi v0.3.13
[INFO] [stderr]    Compiling cc v1.0.82
[INFO] [stderr]    Compiling time-macros v0.2.11
[INFO] [stderr]    Compiling alsa-sys v0.3.1
[INFO] [stderr]    Compiling cookie v0.16.2
[INFO] [stderr]    Compiling indexmap v1.9.3
[INFO] [stderr]    Compiling lock_api v0.4.10
[INFO] [stderr]    Compiling rustversion v1.0.14
[INFO] [stderr]    Compiling parking_lot_core v0.9.8
[INFO] [stderr]     Checking ryu v1.0.15
[INFO] [stderr]    Compiling thiserror v1.0.47
[INFO] [stderr]     Checking deranged v0.3.8
[INFO] [stderr]    Compiling ring v0.16.20
[INFO] [stderr]    Compiling libusb1-sys v0.6.4
[INFO] [stderr]     Checking idna v0.4.0
[INFO] [stderr]     Checking form_urlencoded v1.2.0
[INFO] [stderr]    Compiling az v1.2.1
[INFO] [stderr]     Checking bytemuck v1.13.1
[INFO] [stderr]     Checking time v0.3.25
[INFO] [stderr]    Compiling crossbeam-utils v0.8.16
[INFO] [stderr]    Compiling rustls v0.21.6
[INFO] [stderr]     Checking smallvec v1.11.0
[INFO] [stderr]     Checking arrayvec v0.7.4
[INFO] [stderr]     Checking scopeguard v1.2.0
[INFO] [stderr]     Checking symphonia-core v0.5.3
[INFO] [stderr]     Checking url v2.4.0
[INFO] [stderr]     Checking nix v0.24.3
[INFO] [stderr]     Checking idna v0.3.0
[INFO] [stderr]     Checking base64 v0.21.2
[INFO] [stderr]    Compiling heck v0.4.1
[INFO] [stderr]     Checking cookie_store v0.19.1
[INFO] [stderr]     Checking symphonia-metadata v0.5.3
[INFO] [stderr]     Checking alsa v0.7.1
[INFO] [stderr]     Checking parking_lot v0.12.1
[INFO] [stderr]     Checking crypto-common v0.1.6
[INFO] [stderr]     Checking block-buffer v0.10.4
[INFO] [stderr]    Compiling thiserror-impl v1.0.47
[INFO] [stderr]     Checking inotify-sys v0.1.5
[INFO] [stderr]     Checking time v0.1.45
[INFO] [stderr]    Compiling rusb v0.9.2
[INFO] [stderr]     Checking iana-time-zone v0.1.57
[INFO] [stderr]    Compiling cpal v0.15.2
[INFO] [stderr]     Checking walkdir v2.3.3
[INFO] [stderr]     Checking chrono v0.4.26
[INFO] [stderr]    Compiling enum_dispatch v0.3.12
[INFO] [stderr]     Checking embedded-graphics-core v0.3.3
[INFO] [stderr]     Checking crossbeam-channel v0.5.8
[INFO] [stderr]     Checking sct v0.7.0
[INFO] [stderr]     Checking rustls-webpki v0.101.3
[INFO] [stderr]     Checking rustls-webpki v0.100.1
[INFO] [stderr]     Checking inotify v0.9.6
[INFO] [stderr]     Checking webpki-roots v0.23.1
[INFO] [stderr]     Checking digest v0.10.7
[INFO] [stderr]     Checking symphonia-bundle-mp3 v0.5.3
[INFO] [stderr]     Checking mio v0.8.8
[INFO] [stderr]    Compiling toml v0.5.11
[INFO] [stderr]     Checking filetime v0.2.22
[INFO] [stderr]     Checking is-docker v0.2.0
[INFO] [stderr]    Compiling anyhow v1.0.75
[INFO] [stderr]     Checking cpufeatures v0.2.9
[INFO] [stderr]    Compiling strum_macros v0.24.3
[INFO] [stderr]    Compiling maybe-async v0.2.7
[INFO] [stderr]     Checking sha2 v0.10.7
[INFO] [stderr]     Checking symphonia v0.5.3
[INFO] [stderr]     Checking notify v6.1.0
[INFO] [stderr]     Checking is-wsl v0.4.0
[INFO] [stderr]     Checking lewton v0.10.2
[INFO] [stderr]     Checking float-cmp v0.8.0
[INFO] [stderr]    Compiling winres v0.1.12
[INFO] [stderr]     Checking bitflags v2.4.0
[INFO] [stderr]     Checking getrandom v0.2.10
[INFO] [stderr]     Checking claxon v0.4.3
[INFO] [stderr]     Checking hound v3.5.0
[INFO] [stderr]     Checking file-id v0.2.0
[INFO] [stderr]     Checking micromath v1.1.1
[INFO] [stderr]     Checking rspotify-macros v0.11.7
[INFO] [stderr]     Checking base64 v0.20.0
[INFO] [stderr]     Checking embedded-graphics v0.7.1
[INFO] [stderr]     Checking rodio v0.17.1
[INFO] [stderr]     Checking notify-debouncer-full v0.3.0
[INFO] [stderr]     Checking open v5.0.0
[INFO] [stderr]     Checking push2_display v0.2.0
[INFO] [stderr]     Checking ron v0.8.1
[INFO] [stderr]     Checking midir v0.9.1
[INFO] [stderr]    Compiling push2_soundboard v0.1.0 (/opt/rustwide/workdir)
[INFO] [stderr]     Checking gameloop v0.2.0
[INFO] [stderr]     Checking ureq v2.7.1
[INFO] [stderr]     Checking tray-item v0.8.0
[INFO] [stdout] error[E0433]: failed to resolve: could not find `TrayItemImpl` in `api`
[INFO] [stdout]   --> /opt/rustwide/cargo-home/registry/src/index.crates.io-6f17d22bba15001f/tray-item-0.8.0/src/lib.rs:30:22
[INFO] [stdout]    |
[INFO] [stdout] 30 |         Ok(Self(api::TrayItemImpl::new(title, icon)?))
[INFO] [stdout]    |                      ^^^^^^^^^^^^ could not find `TrayItemImpl` in `api`
[INFO] [stdout] 
[INFO] [stdout] 
[INFO] [stdout] error[E0412]: cannot find type `TrayItemImpl` in module `api`
[INFO] [stdout]   --> /opt/rustwide/cargo-home/registry/src/index.crates.io-6f17d22bba15001f/tray-item-0.8.0/src/lib.rs:5:26
[INFO] [stdout]    |
[INFO] [stdout] 5  | pub struct TrayItem(api::TrayItemImpl);
[INFO] [stdout]    |                          ^^^^^^^^^^^^ not found in `api`
[INFO] [stdout]    |
[INFO] [stdout] note: found an item that was configured out
[INFO] [stdout]   --> /opt/rustwide/cargo-home/registry/src/index.crates.io-6f17d22bba15001f/tray-item-0.8.0/src/api/mod.rs:15:10
[INFO] [stdout]    |
[INFO] [stdout] 15 | pub type TrayItemImpl = linux_ksni::TrayItemLinux;
[INFO] [stdout]    |          ^^^^^^^^^^^^
[INFO] [stdout] note: found an item that was configured out
[INFO] [stdout]   --> /opt/rustwide/cargo-home/registry/src/index.crates.io-6f17d22bba15001f/tray-item-0.8.0/src/api/mod.rs:18:10
[INFO] [stdout]    |
[INFO] [stdout] 18 | pub type TrayItemImpl = linux_libappindicator::TrayItemLinux;
[INFO] [stdout]    |          ^^^^^^^^^^^^
[INFO] [stdout] note: found an item that was configured out
[INFO] [stdout]   --> /opt/rustwide/cargo-home/registry/src/index.crates.io-6f17d22bba15001f/tray-item-0.8.0/src/api/mod.rs:21:10
[INFO] [stdout]    |
[INFO] [stdout] 21 | pub type TrayItemImpl = windows::TrayItemWindows;
[INFO] [stdout]    |          ^^^^^^^^^^^^
[INFO] [stdout]    = note: the item is gated behind the `windows` feature
[INFO] [stdout] note: found an item that was configured out
[INFO] [stdout]   --> /opt/rustwide/cargo-home/registry/src/index.crates.io-6f17d22bba15001f/tray-item-0.8.0/src/api/mod.rs:24:10
[INFO] [stdout]    |
[INFO] [stdout] 24 | pub type TrayItemImpl = macos::TrayItemMacOS;
[INFO] [stdout]    |          ^^^^^^^^^^^^
[INFO] [stdout]    = note: the item is gated behind the `macos` feature
[INFO] [stdout] 
[INFO] [stdout] 
[INFO] [stdout] error[E0412]: cannot find type `TrayItemImpl` in module `api`
[INFO] [stdout]   --> /opt/rustwide/cargo-home/registry/src/index.crates.io-6f17d22bba15001f/tray-item-0.8.0/src/lib.rs:48:46
[INFO] [stdout]    |
[INFO] [stdout] 48 |     pub fn inner_mut(&mut self) -> &mut api::TrayItemImpl {
[INFO] [stdout]    |                                              ^^^^^^^^^^^^ not found in `api`
[INFO] [stdout]    |
[INFO] [stdout] note: found an item that was configured out
[INFO] [stdout]   --> /opt/rustwide/cargo-home/registry/src/index.crates.io-6f17d22bba15001f/tray-item-0.8.0/src/api/mod.rs:15:10
[INFO] [stdout]    |
[INFO] [stdout] 15 | pub type TrayItemImpl = linux_ksni::TrayItemLinux;
[INFO] [stdout]    |          ^^^^^^^^^^^^
[INFO] [stdout] note: found an item that was configured out
[INFO] [stdout]   --> /opt/rustwide/cargo-home/registry/src/index.crates.io-6f17d22bba15001f/tray-item-0.8.0/src/api/mod.rs:18:10
[INFO] [stdout]    |
[INFO] [stdout] 18 | pub type TrayItemImpl = linux_libappindicator::TrayItemLinux;
[INFO] [stdout]    |          ^^^^^^^^^^^^
[INFO] [stdout] note: found an item that was configured out
[INFO] [stdout]   --> /opt/rustwide/cargo-home/registry/src/index.crates.io-6f17d22bba15001f/tray-item-0.8.0/src/api/mod.rs:21:10
[INFO] [stdout]    |
[INFO] [stdout] 21 | pub type TrayItemImpl = windows::TrayItemWindows;
[INFO] [stdout]    |          ^^^^^^^^^^^^
[INFO] [stdout]    = note: the item is gated behind the `windows` feature
[INFO] [stdout] note: found an item that was configured out
[INFO] [stdout]   --> /opt/rustwide/cargo-home/registry/src/index.crates.io-6f17d22bba15001f/tray-item-0.8.0/src/api/mod.rs:24:10
[INFO] [stdout]    |
[INFO] [stdout] 24 | pub type TrayItemImpl = macos::TrayItemMacOS;
[INFO] [stdout]    |          ^^^^^^^^^^^^
[INFO] [stdout]    = note: the item is gated behind the `macos` feature
[INFO] [stdout] 
[INFO] [stdout] 
[INFO] [stdout] error: aborting due to 3 previous errors
[INFO] [stdout] 
[INFO] [stdout] 
[INFO] [stdout] Some errors have detailed explanations: E0412, E0433.
[INFO] [stdout] 
[INFO] [stdout] For more information about an error, try `rustc --explain E0412`.
[INFO] [stdout] 
[INFO] [stderr] error: could not compile `tray-item` (lib) due to 4 previous errors
[INFO] [stderr] warning: build failed, waiting for other jobs to finish...
[INFO] running `Command { std: "docker" "inspect" "169c92cff2c363d75c2b9c168ec2ba21834b61eb5be0b2976f0f9d262d891cea", kill_on_drop: false }`
[INFO] running `Command { std: "docker" "rm" "-f" "169c92cff2c363d75c2b9c168ec2ba21834b61eb5be0b2976f0f9d262d891cea", kill_on_drop: false }`
[INFO] [stdout] 169c92cff2c363d75c2b9c168ec2ba21834b61eb5be0b2976f0f9d262d891cea
