[INFO] cloning repository https://github.com/DougAnderson444/compose-example
[INFO] running `Command { std: "git" "-c" "credential.helper=" "-c" "credential.helper=/workspace/cargo-home/bin/git-credential-null" "clone" "--bare" "https://github.com/DougAnderson444/compose-example" "/workspace/cache/git-repos/https%3A%2F%2Fgithub.com%2FDougAnderson444%2Fcompose-example", kill_on_drop: false }`
[INFO] [stderr] Cloning into bare repository '/workspace/cache/git-repos/https%3A%2F%2Fgithub.com%2FDougAnderson444%2Fcompose-example'...
[INFO] running `Command { std: "git" "rev-parse" "HEAD", kill_on_drop: false }`
[INFO] [stdout] 023bbc5c46042b8bc6608dd2bfb9ca2c4a8109a6
[INFO] documenting DougAnderson444/compose-example against 1.75.0 for beta-1.76-rustdoc-1
[INFO] running `Command { std: "git" "clone" "/workspace/cache/git-repos/https%3A%2F%2Fgithub.com%2FDougAnderson444%2Fcompose-example" "/workspace/builds/worker-0-tc1/source", kill_on_drop: false }`
[INFO] [stderr] Cloning into '/workspace/builds/worker-0-tc1/source'...
[INFO] [stderr] done.
[INFO] validating manifest of git repo https://github.com/DougAnderson444/compose-example on toolchain 1.75.0
[INFO] running `Command { std: CARGO_HOME="/workspace/cargo-home" RUSTUP_HOME="/workspace/rustup-home" "/workspace/cargo-home/bin/cargo" "+1.75.0" "metadata" "--manifest-path" "Cargo.toml" "--no-deps", kill_on_drop: false }`
[INFO] started tweaking git repo https://github.com/DougAnderson444/compose-example
[INFO] finished tweaking git repo https://github.com/DougAnderson444/compose-example
[INFO] tweaked toml for git repo https://github.com/DougAnderson444/compose-example written to /workspace/builds/worker-0-tc1/source/Cargo.toml
[INFO] crate git repo https://github.com/DougAnderson444/compose-example already has a lockfile, it will not be regenerated
[INFO] running `Command { std: CARGO_HOME="/workspace/cargo-home" RUSTUP_HOME="/workspace/rustup-home" "/workspace/cargo-home/bin/cargo" "+1.75.0" "fetch" "--manifest-path" "Cargo.toml", kill_on_drop: false }`
[INFO] [stderr]     Updating crates.io index
[INFO] [stderr]  Downloading crates ...
[INFO] [stderr]   Downloaded wasmtime-versioned-export-macros v16.0.0
[INFO] [stderr]   Downloaded cranelift-codegen-shared v0.103.0
[INFO] [stderr]   Downloaded cap-net-ext v2.0.0
[INFO] [stderr]   Downloaded wasmtime-fiber v16.0.0
[INFO] [stderr]   Downloaded wasmtime-cranelift v16.0.0
[INFO] [stderr]   Downloaded wiggle-macro v16.0.0
[INFO] [stderr]   Downloaded cranelift-control v0.103.0
[INFO] [stderr]   Downloaded wit-parser v0.13.0
[INFO] [stderr]   Downloaded wasmtime-types v16.0.0
[INFO] [stderr]   Downloaded wasi-cap-std-sync v16.0.0
[INFO] [stderr]   Downloaded wasmtime-component-util v16.0.0
[INFO] [stderr]   Downloaded ittapi v0.4.0
[INFO] [stderr]   Downloaded wasmparser v0.118.1
[INFO] [stderr]   Downloaded cranelift-codegen v0.103.0
[INFO] [stderr]   Downloaded wasmtime-runtime v16.0.0
[INFO] [stderr]   Downloaded cranelift-wasm v0.103.0
[INFO] [stderr]   Downloaded wasmtime v16.0.0
[INFO] [stderr]   Downloaded ittapi-sys v0.4.0
[INFO] [stderr]   Downloaded wasmtime-environ v16.0.0
[INFO] [stderr]   Downloaded wasmtime-wasi v16.0.0
[INFO] [stderr]   Downloaded wasi-common v16.0.0
[INFO] [stderr]   Downloaded syn v2.0.43
[INFO] [stderr]   Downloaded cargo-component-bindings v0.6.0
[INFO] [stderr]   Downloaded cranelift-entity v0.103.0
[INFO] [stderr]   Downloaded cranelift-codegen-meta v0.103.0
[INFO] [stderr]   Downloaded cargo-component-macro v0.6.0
[INFO] [stderr]   Downloaded wasmtime-jit-icache-coherence v16.0.0
[INFO] [stderr]   Downloaded wit-bindgen v0.16.0
[INFO] [stderr]   Downloaded wasmtime-wmemcheck v16.0.0
[INFO] [stderr]   Downloaded winch-codegen v0.14.0
[INFO] [stderr]   Downloaded wasmtime-cranelift-shared v16.0.0
[INFO] [stderr]   Downloaded wasmprinter v0.2.75
[INFO] [stderr]   Downloaded wasmtime-winch v16.0.0
[INFO] [stderr]   Downloaded wasmtime-jit-debug v16.0.0
[INFO] [stderr]   Downloaded wiggle v16.0.0
[INFO] [stderr]   Downloaded wasmtime-wit-bindgen v16.0.0
[INFO] [stderr]   Downloaded anyhow v1.0.77
[INFO] [stderr]   Downloaded system-interface v0.26.0
[INFO] [stderr]   Downloaded cap-primitives v2.0.0
[INFO] [stderr]   Downloaded thiserror-impl v1.0.52
[INFO] [stderr]   Downloaded cranelift-frontend v0.103.0
[INFO] [stderr]   Downloaded cap-fs-ext v2.0.0
[INFO] [stderr]   Downloaded thiserror v1.0.52
[INFO] [stderr]   Downloaded wiggle-generate v16.0.0
[INFO] [stderr]   Downloaded wasmtime-jit v16.0.0
[INFO] [stderr]   Downloaded wasmtime-asm-macros v16.0.0
[INFO] [stderr]   Downloaded cranelift-native v0.103.0
[INFO] [stderr]   Downloaded cranelift-bforest v0.103.0
[INFO] [stderr]   Downloaded cranelift-isle v0.103.0
[INFO] [stderr]   Downloaded cap-time-ext v2.0.0
[INFO] [stderr]   Downloaded cap-rand v2.0.0
[INFO] [stderr]   Downloaded wasmtime-cache v16.0.0
[INFO] [stderr]   Downloaded wasmtime-component-macro v16.0.0
[INFO] [stderr]   Downloaded cap-std v2.0.0
[INFO] running `Command { std: "docker" "create" "-v" "/var/lib/crater-agent-workspace/builds/worker-0-tc1/target:/opt/rustwide/target:rw,Z" "-v" "/var/lib/crater-agent-workspace/builds/worker-0-tc1/source:/opt/rustwide/workdir:ro,Z" "-v" "/var/lib/crater-agent-workspace/cargo-home:/opt/rustwide/cargo-home:ro,Z" "-v" "/var/lib/crater-agent-workspace/rustup-home:/opt/rustwide/rustup-home:ro,Z" "-e" "SOURCE_DIR=/opt/rustwide/workdir" "-e" "CARGO_TARGET_DIR=/opt/rustwide/target" "-e" "CARGO_HOME=/opt/rustwide/cargo-home" "-e" "RUSTUP_HOME=/opt/rustwide/rustup-home" "-w" "/opt/rustwide/workdir" "-m" "1610612736" "--user" "0:0" "--network" "none" "ghcr.io/rust-lang/crates-build-env/linux@sha256:2788e3201cd34a07e3172128adcd8b3090168a8e3bcc40d7c032b9dda1df7d1c" "/opt/rustwide/cargo-home/bin/cargo" "+1.75.0" "metadata" "--no-deps" "--format-version=1", kill_on_drop: false }`
[INFO] [stdout] ed81061fc2d5a2503103eb9f3710c62f27c345a6d8bb52a7a31603c337a347a9
[INFO] running `Command { std: "docker" "start" "-a" "ed81061fc2d5a2503103eb9f3710c62f27c345a6d8bb52a7a31603c337a347a9", kill_on_drop: false }`
[INFO] running `Command { std: "docker" "inspect" "ed81061fc2d5a2503103eb9f3710c62f27c345a6d8bb52a7a31603c337a347a9", kill_on_drop: false }`
[INFO] running `Command { std: "docker" "rm" "-f" "ed81061fc2d5a2503103eb9f3710c62f27c345a6d8bb52a7a31603c337a347a9", kill_on_drop: false }`
[INFO] [stdout] ed81061fc2d5a2503103eb9f3710c62f27c345a6d8bb52a7a31603c337a347a9
[INFO] running `Command { std: "docker" "create" "-v" "/var/lib/crater-agent-workspace/builds/worker-0-tc1/target:/opt/rustwide/target:rw,Z" "-v" "/var/lib/crater-agent-workspace/builds/worker-0-tc1/source:/opt/rustwide/workdir:ro,Z" "-v" "/var/lib/crater-agent-workspace/cargo-home:/opt/rustwide/cargo-home:ro,Z" "-v" "/var/lib/crater-agent-workspace/rustup-home:/opt/rustwide/rustup-home:ro,Z" "-e" "SOURCE_DIR=/opt/rustwide/workdir" "-e" "CARGO_TARGET_DIR=/opt/rustwide/target" "-e" "CARGO_INCREMENTAL=0" "-e" "RUST_BACKTRACE=full" "-e" "RUSTFLAGS=--cap-lints=warn" "-e" "RUSTDOCFLAGS=--cap-lints=warn" "-e" "CARGO_HOME=/opt/rustwide/cargo-home" "-e" "RUSTUP_HOME=/opt/rustwide/rustup-home" "-w" "/opt/rustwide/workdir" "-m" "1610612736" "--user" "0:0" "--network" "none" "ghcr.io/rust-lang/crates-build-env/linux@sha256:2788e3201cd34a07e3172128adcd8b3090168a8e3bcc40d7c032b9dda1df7d1c" "/opt/rustwide/cargo-home/bin/cargo" "+1.75.0" "doc" "--frozen" "--no-deps" "--document-private-items" "--message-format=json", kill_on_drop: false }`
[INFO] [stdout] 6c9d26b4a8fc714a9be847821ec21963c88d35cff4362ee8e3f2c04e8386c9e8
[INFO] running `Command { std: "docker" "start" "-a" "6c9d26b4a8fc714a9be847821ec21963c88d35cff4362ee8e3f2c04e8386c9e8", kill_on_drop: false }`
[INFO] [stderr]    Compiling proc-macro2 v1.0.71
[INFO] [stderr]    Compiling cargo-component-macro v0.6.0
[INFO] [stderr]     Checking wit-bindgen v0.16.0
[INFO] [stderr]    Compiling quote v1.0.33
[INFO] [stderr]    Compiling syn v2.0.43
[INFO] [stderr]     Checking cargo-component-bindings v0.6.0
[INFO] [stderr]  Documenting aggregate v0.1.0 (/opt/rustwide/workdir/crates/aggregate)
[INFO] [stderr]  Documenting show v0.1.0 (/opt/rustwide/workdir/crates/show)
[INFO] [stderr]  Documenting increment v0.1.0 (/opt/rustwide/workdir/crates/increment)
[INFO] [stderr]  Documenting count v0.1.0 (/opt/rustwide/workdir/crates/count)
[INFO] [stdout] error: bindings file `/opt/rustwide/target/bindings/aggregate/bindings.rs` does not exist
[INFO] [stdout]        
[INFO] [stdout]        did you forget to run `cargo component build`? (https://github.com/bytecodealliance/cargo-component)
[INFO] [stdout]  --> crates/aggregate/src/lib.rs:1:1
[INFO] [stdout]   |
[INFO] [stdout] 1 | cargo_component_bindings::generate!();
[INFO] [stdout]   | ^^^^^^^^^^^^^^^^^^^^^^^^^^^^^^^^^^^^^
[INFO] [stdout]   |
[INFO] [stdout]   = note: this error originates in the macro `cargo_component_bindings::generate` (in Nightly builds, run with -Z macro-backtrace for more info)
[INFO] [stdout] 
[INFO] [stdout] 
[INFO] [stdout] error[E0433]: failed to resolve: use of undeclared crate or module `bindings`
[INFO] [stdout]  --> crates/aggregate/src/lib.rs:3:5
[INFO] [stdout]   |
[INFO] [stdout] 3 | use bindings::exports::aggregate::aggregate::controls::Guest;
[INFO] [stdout]   |     ^^^^^^^^ use of undeclared crate or module `bindings`
[INFO] [stdout] 
[INFO] [stdout] 
[INFO] [stdout] error[E0433]: failed to resolve: use of undeclared crate or module `bindings`
[INFO] [stdout]  --> crates/aggregate/src/lib.rs:4:5
[INFO] [stdout]   |
[INFO] [stdout] 4 | use bindings::increment::increment::increase::{current, up};
[INFO] [stdout]   |     ^^^^^^^^ use of undeclared crate or module `bindings`
[INFO] [stdout] 
[INFO] [stdout] 
[INFO] [stdout] error[E0433]: failed to resolve: use of undeclared crate or module `bindings`
[INFO] [stdout]  --> crates/aggregate/src/lib.rs:5:5
[INFO] [stdout]   |
[INFO] [stdout] 5 | use bindings::shower::show::display::view;
[INFO] [stdout]   |     ^^^^^^^^ use of undeclared crate or module `bindings`
[INFO] [stdout] 
[INFO] [stdout] 
[INFO] [stdout] error: aborting due to 4 previous errors
[INFO] [stdout] 
[INFO] [stdout] 
[INFO] [stdout] For more information about this error, try `rustc --explain E0433`.
[INFO] [stdout] 
[INFO] [stderr] error: could not document `aggregate`
[INFO] [stderr] 
[INFO] [stderr] Caused by:
[INFO] [stderr]   process didn't exit successfully: `/opt/rustwide/rustup-home/toolchains/1.75.0-x86_64-unknown-linux-gnu/bin/rustdoc --edition=2021 --crate-type cdylib --crate-name aggregate crates/aggregate/src/lib.rs -o /opt/rustwide/target/doc --error-format=json --json=diagnostic-rendered-ansi,artifacts,future-incompat --document-private-items -C metadata=b91c532e86607ffd -L dependency=/opt/rustwide/target/debug/deps --extern cargo_component_bindings=/opt/rustwide/target/debug/deps/libcargo_component_bindings-39d17eee8ed8e5bd.rmeta --cap-lints=warn --crate-version 0.1.0` (exit status: 1)
[INFO] [stderr] warning: build failed, waiting for other jobs to finish...
[INFO] [stdout] error: bindings file `/opt/rustwide/target/bindings/count/bindings.rs` does not exist
[INFO] [stdout]        
[INFO] [stdout]        did you forget to run `cargo component build`? (https://github.com/bytecodealliance/cargo-component)
[INFO] [stdout]  --> crates/count/src/lib.rs:3:1
[INFO] [stdout]   |
[INFO] [stdout] 3 | cargo_component_bindings::generate!();
[INFO] [stdout]   | ^^^^^^^^^^^^^^^^^^^^^^^^^^^^^^^^^^^^^
[INFO] [stdout]   |
[INFO] [stdout]   = note: this error originates in the macro `cargo_component_bindings::generate` (in Nightly builds, run with -Z macro-backtrace for more info)
[INFO] [stdout] 
[INFO] [stdout] 
[INFO] [stdout] error: bindings file `/opt/rustwide/target/bindings/increment/bindings.rs` does not exist
[INFO] [stdout]        
[INFO] [stdout]        did you forget to run `cargo component build`? (https://github.com/bytecodealliance/cargo-component)
[INFO] [stdout]  --> crates/increment/src/lib.rs:1:1
[INFO] [stdout]   |
[INFO] [stdout] 1 | cargo_component_bindings::generate!();
[INFO] [stdout]   | ^^^^^^^^^^^^^^^^^^^^^^^^^^^^^^^^^^^^^
[INFO] [stdout]   |
[INFO] [stdout]   = note: this error originates in the macro `cargo_component_bindings::generate` (in Nightly builds, run with -Z macro-backtrace for more info)
[INFO] [stdout] 
[INFO] [stdout] 
[INFO] [stdout] error: bindings file `/opt/rustwide/target/bindings/show/bindings.rs` does not exist
[INFO] [stdout]        
[INFO] [stdout]        did you forget to run `cargo component build`? (https://github.com/bytecodealliance/cargo-component)
[INFO] [stdout]  --> crates/show/src/lib.rs:1:1
[INFO] [stdout]   |
[INFO] [stdout] 1 | cargo_component_bindings::generate!();
[INFO] [stdout]   | ^^^^^^^^^^^^^^^^^^^^^^^^^^^^^^^^^^^^^
[INFO] [stdout]   |
[INFO] [stdout]   = note: this error originates in the macro `cargo_component_bindings::generate` (in Nightly builds, run with -Z macro-backtrace for more info)
[INFO] [stdout] 
[INFO] [stdout] 
[INFO] [stdout] error[E0433]: failed to resolve: could not find `bindings` in the crate root
[INFO] [stdout]  --> crates/increment/src/lib.rs:3:12
[INFO] [stdout]   |
[INFO] [stdout] 3 | use crate::bindings::exports::increment::increment::increase::Guest;
[INFO] [stdout]   |            ^^^^^^^^ could not find `bindings` in the crate root
[INFO] [stdout] 
[INFO] [stdout] 
[INFO] [stdout] error[E0433]: failed to resolve: use of undeclared crate or module `bindings`
[INFO] [stdout]  --> crates/increment/src/lib.rs:4:5
[INFO] [stdout]   |
[INFO] [stdout] 4 | use bindings::counter::count::change::{current, increment};
[INFO] [stdout]   |     ^^^^^^^^ use of undeclared crate or module `bindings`
[INFO] [stdout] 
[INFO] [stdout] 
[INFO] [stdout] error: aborting due to 3 previous errors
[INFO] [stdout] 
[INFO] [stdout] 
[INFO] [stdout] error[E0433]: failed to resolve: could not find `bindings` in the crate root
[INFO] [stdout]  --> crates/count/src/lib.rs:5:12
[INFO] [stdout]   |
[INFO] [stdout] 5 | use crate::bindings::exports::counter::count::change::Guest as ChangeGuest;
[INFO] [stdout]   |            ^^^^^^^^ could not find `bindings` in the crate root
[INFO] [stdout] 
[INFO] [stdout] 
[INFO] [stdout] error[E0433]: failed to resolve: could not find `bindings` in the crate root
[INFO] [stdout]  --> crates/count/src/lib.rs:6:12
[INFO] [stdout]   |
[INFO] [stdout] 6 | use crate::bindings::exports::counter::count::current::Guest as ShowGuest;
[INFO] [stdout]   |            ^^^^^^^^ could not find `bindings` in the crate root
[INFO] [stdout] 
[INFO] [stdout] 
[INFO] [stdout] error: aborting due to 3 previous errors
[INFO] [stdout] 
[INFO] [stdout] 
[INFO] [stdout] For more information about this error, try `rustc --explain E0433`.
[INFO] [stdout] 
[INFO] [stdout] For more information about this error, try `rustc --explain E0433`.
[INFO] [stdout] 
[INFO] [stderr] error: could not document `count`
[INFO] [stderr] 
[INFO] [stderr] Caused by:
[INFO] [stderr]   process didn't exit successfully: `/opt/rustwide/rustup-home/toolchains/1.75.0-x86_64-unknown-linux-gnu/bin/rustdoc --edition=2021 --crate-type cdylib --crate-name count crates/count/src/lib.rs -o /opt/rustwide/target/doc --error-format=json --json=diagnostic-rendered-ansi,artifacts,future-incompat --document-private-items -C metadata=c97736bb5560817a -L dependency=/opt/rustwide/target/debug/deps --extern cargo_component_bindings=/opt/rustwide/target/debug/deps/libcargo_component_bindings-39d17eee8ed8e5bd.rmeta --extern lazy_static=/opt/rustwide/target/debug/deps/liblazy_static-e7445b4e8703c20b.rmeta --cap-lints=warn --crate-version 0.1.0` (exit status: 1)
[INFO] [stderr] error: could not document `increment`
[INFO] [stderr] 
[INFO] [stderr] Caused by:
[INFO] [stderr]   process didn't exit successfully: `/opt/rustwide/rustup-home/toolchains/1.75.0-x86_64-unknown-linux-gnu/bin/rustdoc --edition=2021 --crate-type cdylib --crate-name increment crates/increment/src/lib.rs -o /opt/rustwide/target/doc --error-format=json --json=diagnostic-rendered-ansi,artifacts,future-incompat --document-private-items -C metadata=cf2b0f381ce9bfd4 -L dependency=/opt/rustwide/target/debug/deps --extern cargo_component_bindings=/opt/rustwide/target/debug/deps/libcargo_component_bindings-39d17eee8ed8e5bd.rmeta --cap-lints=warn --crate-version 0.1.0` (exit status: 1)
[INFO] [stdout] error[E0433]: failed to resolve: could not find `bindings` in the crate root
[INFO] [stdout]  --> crates/show/src/lib.rs:3:12
[INFO] [stdout]   |
[INFO] [stdout] 3 | use crate::bindings::exports::shower::show::display::Guest;
[INFO] [stdout]   |            ^^^^^^^^ could not find `bindings` in the crate root
[INFO] [stdout] 
[INFO] [stdout] 
[INFO] [stdout] error[E0433]: failed to resolve: use of undeclared crate or module `bindings`
[INFO] [stdout]  --> crates/show/src/lib.rs:4:5
[INFO] [stdout]   |
[INFO] [stdout] 4 | use bindings::counter::count::current::count;
[INFO] [stdout]   |     ^^^^^^^^ use of undeclared crate or module `bindings`
[INFO] [stdout] 
[INFO] [stdout] 
[INFO] [stdout] error: aborting due to 3 previous errors
[INFO] [stdout] 
[INFO] [stdout] 
[INFO] [stdout] For more information about this error, try `rustc --explain E0433`.
[INFO] [stdout] 
[INFO] [stderr] error: could not document `show`
[INFO] [stderr] 
[INFO] [stderr] Caused by:
[INFO] [stderr]   process didn't exit successfully: `/opt/rustwide/rustup-home/toolchains/1.75.0-x86_64-unknown-linux-gnu/bin/rustdoc --edition=2021 --crate-type cdylib --crate-name show crates/show/src/lib.rs -o /opt/rustwide/target/doc --error-format=json --json=diagnostic-rendered-ansi,artifacts,future-incompat --document-private-items -C metadata=77dc94ea2cbde097 -L dependency=/opt/rustwide/target/debug/deps --extern cargo_component_bindings=/opt/rustwide/target/debug/deps/libcargo_component_bindings-39d17eee8ed8e5bd.rmeta --cap-lints=warn --crate-version 0.1.0` (exit status: 1)
[INFO] running `Command { std: "docker" "inspect" "6c9d26b4a8fc714a9be847821ec21963c88d35cff4362ee8e3f2c04e8386c9e8", kill_on_drop: false }`
[INFO] running `Command { std: "docker" "rm" "-f" "6c9d26b4a8fc714a9be847821ec21963c88d35cff4362ee8e3f2c04e8386c9e8", kill_on_drop: false }`
[INFO] [stdout] 6c9d26b4a8fc714a9be847821ec21963c88d35cff4362ee8e3f2c04e8386c9e8
