[INFO] cloning repository https://github.com/DomWilliams0/cimulosm
[INFO] running `Command { std: "git" "-c" "credential.helper=" "-c" "credential.helper=/workspace/cargo-home/bin/git-credential-null" "clone" "--bare" "https://github.com/DomWilliams0/cimulosm" "/workspace/cache/git-repos/https%3A%2F%2Fgithub.com%2FDomWilliams0%2Fcimulosm", kill_on_drop: false }`
[INFO] [stderr] Cloning into bare repository '/workspace/cache/git-repos/https%3A%2F%2Fgithub.com%2FDomWilliams0%2Fcimulosm'...
[INFO] running `Command { std: "git" "rev-parse" "HEAD", kill_on_drop: false }`
[INFO] [stdout] 244ed07a02926f83b549c5282e03a0e39fefefd8
[INFO] documenting DomWilliams0/cimulosm against 1.75.0 for beta-1.76-rustdoc-1
[INFO] running `Command { std: "git" "clone" "/workspace/cache/git-repos/https%3A%2F%2Fgithub.com%2FDomWilliams0%2Fcimulosm" "/workspace/builds/worker-7-tc1/source", kill_on_drop: false }`
[INFO] [stderr] Cloning into '/workspace/builds/worker-7-tc1/source'...
[INFO] [stderr] done.
[INFO] validating manifest of git repo https://github.com/DomWilliams0/cimulosm on toolchain 1.75.0
[INFO] running `Command { std: CARGO_HOME="/workspace/cargo-home" RUSTUP_HOME="/workspace/rustup-home" "/workspace/cargo-home/bin/cargo" "+1.75.0" "metadata" "--manifest-path" "Cargo.toml" "--no-deps", kill_on_drop: false }`
[INFO] started tweaking git repo https://github.com/DomWilliams0/cimulosm
[INFO] finished tweaking git repo https://github.com/DomWilliams0/cimulosm
[INFO] tweaked toml for git repo https://github.com/DomWilliams0/cimulosm written to /workspace/builds/worker-7-tc1/source/Cargo.toml
[INFO] crate git repo https://github.com/DomWilliams0/cimulosm already has a lockfile, it will not be regenerated
[INFO] running `Command { std: CARGO_HOME="/workspace/cargo-home" RUSTUP_HOME="/workspace/rustup-home" "/workspace/cargo-home/bin/cargo" "+1.75.0" "fetch" "--manifest-path" "Cargo.toml", kill_on_drop: false }`
[INFO] [stderr]     Updating crates.io index
[INFO] [stderr]  Downloading crates ...
[INFO] [stderr]   Downloaded csfml-audio-sys v0.4.0
[INFO] [stderr]   Downloaded reqwest v0.8.1
[INFO] [stderr]   Downloaded serde_derive_internals v0.18.0
[INFO] [stderr]   Downloaded csfml-system-sys v0.4.0
[INFO] [stderr]   Downloaded sfml-build v0.2.0
[INFO] [stderr]   Downloaded csfml-window-sys v0.4.0
[INFO] [stderr]   Downloaded rustc-demangle v0.1.5
[INFO] [stderr]   Downloaded futures-cpupool v0.1.7
[INFO] [stderr]   Downloaded csfml-graphics-sys v0.4.0
[INFO] [stderr]   Downloaded lazycell v0.5.1
[INFO] [stderr]   Downloaded crc v1.6.0
[INFO] [stderr]   Downloaded serde_derive v1.0.24
[INFO] [stderr]   Downloaded redox_syscall v0.1.32
[INFO] [stderr]   Downloaded backtrace v0.3.4
[INFO] [stderr]   Downloaded serde v1.0.24
[INFO] [stderr]   Downloaded serde_json v1.0.8
[INFO] [stderr]   Downloaded mio v0.6.11
[INFO] [stderr]   Downloaded sfml v0.14.0
[INFO] [stderr]   Downloaded cc v1.0.3
[INFO] [stderr]   Downloaded tokio-core v0.1.11
[INFO] [stderr]   Downloaded libflate v0.1.12
[INFO] [stderr]   Downloaded tokio-tls v0.1.3
[INFO] [stderr]   Downloaded bytes v0.4.5
[INFO] [stderr]   Downloaded std-semaphore v0.1.0
[INFO] [stderr]   Downloaded hyper v0.11.9
[INFO] running `Command { std: "docker" "create" "-v" "/var/lib/crater-agent-workspace/builds/worker-7-tc1/target:/opt/rustwide/target:rw,Z" "-v" "/var/lib/crater-agent-workspace/builds/worker-7-tc1/source:/opt/rustwide/workdir:ro,Z" "-v" "/var/lib/crater-agent-workspace/cargo-home:/opt/rustwide/cargo-home:ro,Z" "-v" "/var/lib/crater-agent-workspace/rustup-home:/opt/rustwide/rustup-home:ro,Z" "-e" "SOURCE_DIR=/opt/rustwide/workdir" "-e" "CARGO_TARGET_DIR=/opt/rustwide/target" "-e" "CARGO_HOME=/opt/rustwide/cargo-home" "-e" "RUSTUP_HOME=/opt/rustwide/rustup-home" "-w" "/opt/rustwide/workdir" "-m" "1610612736" "--user" "0:0" "--network" "none" "ghcr.io/rust-lang/crates-build-env/linux@sha256:2788e3201cd34a07e3172128adcd8b3090168a8e3bcc40d7c032b9dda1df7d1c" "/opt/rustwide/cargo-home/bin/cargo" "+1.75.0" "metadata" "--no-deps" "--format-version=1", kill_on_drop: false }`
[INFO] [stdout] 7db40a0da52b251c3b3ced24982504a1e9eebae9a51251b2b0d8b1332550c386
[INFO] running `Command { std: "docker" "start" "-a" "7db40a0da52b251c3b3ced24982504a1e9eebae9a51251b2b0d8b1332550c386", kill_on_drop: false }`
[INFO] running `Command { std: "docker" "inspect" "7db40a0da52b251c3b3ced24982504a1e9eebae9a51251b2b0d8b1332550c386", kill_on_drop: false }`
[INFO] running `Command { std: "docker" "rm" "-f" "7db40a0da52b251c3b3ced24982504a1e9eebae9a51251b2b0d8b1332550c386", kill_on_drop: false }`
[INFO] [stdout] 7db40a0da52b251c3b3ced24982504a1e9eebae9a51251b2b0d8b1332550c386
[INFO] running `Command { std: "docker" "create" "-v" "/var/lib/crater-agent-workspace/builds/worker-7-tc1/target:/opt/rustwide/target:rw,Z" "-v" "/var/lib/crater-agent-workspace/builds/worker-7-tc1/source:/opt/rustwide/workdir:ro,Z" "-v" "/var/lib/crater-agent-workspace/cargo-home:/opt/rustwide/cargo-home:ro,Z" "-v" "/var/lib/crater-agent-workspace/rustup-home:/opt/rustwide/rustup-home:ro,Z" "-e" "SOURCE_DIR=/opt/rustwide/workdir" "-e" "CARGO_TARGET_DIR=/opt/rustwide/target" "-e" "CARGO_INCREMENTAL=0" "-e" "RUST_BACKTRACE=full" "-e" "RUSTFLAGS=--cap-lints=warn" "-e" "RUSTDOCFLAGS=--cap-lints=warn" "-e" "CARGO_HOME=/opt/rustwide/cargo-home" "-e" "RUSTUP_HOME=/opt/rustwide/rustup-home" "-w" "/opt/rustwide/workdir" "-m" "1610612736" "--user" "0:0" "--network" "none" "ghcr.io/rust-lang/crates-build-env/linux@sha256:2788e3201cd34a07e3172128adcd8b3090168a8e3bcc40d7c032b9dda1df7d1c" "/opt/rustwide/cargo-home/bin/cargo" "+1.75.0" "doc" "--frozen" "--no-deps" "--document-private-items" "--message-format=json", kill_on_drop: false }`
[INFO] [stdout] 83ec92c9122bcc11806cfb41596ec786749dc013ccae9416236aa55be139f85e
[INFO] running `Command { std: "docker" "start" "-a" "83ec92c9122bcc11806cfb41596ec786749dc013ccae9416236aa55be139f85e", kill_on_drop: false }`
[INFO] [stderr]     Checking libc v0.2.34
[INFO] [stderr]    Compiling version_check v0.1.3
[INFO] [stderr]    Compiling cc v1.0.3
[INFO] [stderr]    Compiling sfml-build v0.2.0
[INFO] [stderr]     Checking futures v0.1.17
[INFO] [stderr]     Checking cfg-if v0.1.2
[INFO] [stderr]     Checking byteorder v1.2.1
[INFO] [stderr]    Compiling pkg-config v0.3.9
[INFO] [stderr]     Checking log v0.3.8
[INFO] [stderr]     Checking lazycell v0.5.1
[INFO] [stderr]     Checking slab v0.3.0
[INFO] [stderr]    Compiling siphasher v0.2.2
[INFO] [stderr]     Checking scoped-tls v0.1.0
[INFO] [stderr]     Checking slab v0.4.0
[INFO] [stderr]     Checking foreign-types-shared v0.1.1
[INFO] [stderr]    Compiling openssl v0.9.23
[INFO] [stderr]     Checking foreign-types v0.3.2
[INFO] [stderr]     Checking bitflags v0.9.1
[INFO] [stderr]     Checking percent-encoding v1.0.1
[INFO] [stderr]    Compiling csfml-system-sys v0.4.0
[INFO] [stderr]     Checking matches v0.1.6
[INFO] [stderr]    Compiling build_const v0.2.0
[INFO] [stderr]     Checking lazy_static v1.0.0
[INFO] [stderr]    Compiling csfml-window-sys v0.4.0
[INFO] [stderr]     Checking unicode-bidi v0.3.4
[INFO] [stderr]     Checking take v0.1.0
[INFO] [stderr]     Checking unicode-normalization v0.1.5
[INFO] [stderr]     Checking smallvec v0.2.1
[INFO] [stderr]     Checking safemem v0.2.0
[INFO] [stderr]     Checking itoa v0.3.4
[INFO] [stderr]     Checking base64 v0.8.0
[INFO] [stderr]    Compiling crc v1.6.0
[INFO] [stderr]    Compiling unicase v1.4.2
[INFO] [stderr]    Compiling unicase v2.1.0
[INFO] [stderr]    Compiling unicode-xid v0.0.4
[INFO] [stderr]     Checking dtoa v0.4.2
[INFO] [stderr]     Checking language-tags v0.2.2
[INFO] [stderr]     Checking iovec v0.1.1
[INFO] [stderr]     Checking net2 v0.2.31
[INFO] [stderr]    Compiling rand v0.3.18
[INFO] [stderr]     Checking num_cpus v1.7.0
[INFO] [stderr]     Checking time v0.1.38
[INFO] [stderr]     Checking serde v1.0.24
[INFO] [stderr]     Checking bytes v0.4.5
[INFO] [stderr]     Checking httparse v1.2.3
[INFO] [stderr]    Compiling synom v0.11.3
[INFO] [stderr]    Compiling csfml-graphics-sys v0.4.0
[INFO] [stderr]    Compiling csfml-audio-sys v0.4.0
[INFO] [stderr]     Checking idna v0.1.4
[INFO] [stderr]     Checking mio v0.6.11
[INFO] [stderr]     Checking num-traits v0.1.41
[INFO] [stderr]     Checking adler32 v1.0.2
[INFO] [stderr]    Compiling quote v0.3.15
[INFO] [stderr]    Compiling phf_shared v0.7.21
[INFO] [stderr]     Checking libflate v0.1.12
[INFO] [stderr]     Checking rustc-demangle v0.1.5
[INFO] [stderr]     Checking mime v0.3.5
[INFO] [stderr]     Checking phf v0.7.21
[INFO] [stderr]    Compiling sim v0.1.0 (/opt/rustwide/workdir)
[INFO] [stderr]     Checking bitflags v1.0.1
[INFO] [stderr]    Compiling openssl-sys v0.9.23
[INFO] [stderr]    Compiling backtrace-sys v0.1.16
[INFO] [stderr]     Checking uuid v0.5.1
[INFO] [stderr]    Compiling syn v0.11.11
[INFO] [stderr]     Checking std-semaphore v0.1.0
[INFO] [stderr]    Compiling phf_generator v0.7.21
[INFO] [stderr]     Checking sfml v0.14.0
[INFO] [stderr]    Compiling phf_codegen v0.7.21
[INFO] [stderr]    Compiling mime_guess v2.0.0-alpha.3
[INFO] [stderr]     Checking url v1.6.0
[INFO] [stderr]     Checking tokio-io v0.1.4
[INFO] [stderr]     Checking tokio-service v0.1.0
[INFO] [stderr]     Checking relay v0.1.0
[INFO] [stderr]     Checking futures-cpupool v0.1.7
[INFO] [stderr] error: failed to run custom build command for `openssl-sys v0.9.23`
[INFO] [stderr] note: To improve backtraces for build dependencies, set the CARGO_PROFILE_DEV_BUILD_OVERRIDE_DEBUG=true environment variable to enable debug information generation.
[INFO] [stderr] 
[INFO] [stderr] Caused by:
[INFO] [stderr]   process didn't exit successfully: `/opt/rustwide/target/debug/build/openssl-sys-d6d8ca084cb7d051/build-script-build` (exit status: 101)
[INFO] [stderr]   --- stdout
[INFO] [stderr]   cargo:rerun-if-env-changed=X86_64_UNKNOWN_LINUX_GNU_OPENSSL_LIB_DIR
[INFO] [stderr]   cargo:rerun-if-env-changed=OPENSSL_LIB_DIR
[INFO] [stderr]   cargo:rerun-if-env-changed=X86_64_UNKNOWN_LINUX_GNU_OPENSSL_INCLUDE_DIR
[INFO] [stderr]   cargo:rerun-if-env-changed=OPENSSL_INCLUDE_DIR
[INFO] [stderr]   cargo:rerun-if-env-changed=X86_64_UNKNOWN_LINUX_GNU_OPENSSL_DIR
[INFO] [stderr]   cargo:rerun-if-env-changed=OPENSSL_DIR
[INFO] [stderr]   cargo:rustc-link-lib=ssl
[INFO] [stderr]   cargo:rustc-link-lib=crypto
[INFO] [stderr]   OPT_LEVEL = Some("0")
[INFO] [stderr]   TARGET = Some("x86_64-unknown-linux-gnu")
[INFO] [stderr]   HOST = Some("x86_64-unknown-linux-gnu")
[INFO] [stderr]   TARGET = Some("x86_64-unknown-linux-gnu")
[INFO] [stderr]   TARGET = Some("x86_64-unknown-linux-gnu")
[INFO] [stderr]   HOST = Some("x86_64-unknown-linux-gnu")
[INFO] [stderr]   CC_x86_64-unknown-linux-gnu = None
[INFO] [stderr]   CC_x86_64_unknown_linux_gnu = None
[INFO] [stderr]   HOST_CC = None
[INFO] [stderr]   CC = None
[INFO] [stderr]   HOST = Some("x86_64-unknown-linux-gnu")
[INFO] [stderr]   TARGET = Some("x86_64-unknown-linux-gnu")
[INFO] [stderr]   HOST = Some("x86_64-unknown-linux-gnu")
[INFO] [stderr]   CFLAGS_x86_64-unknown-linux-gnu = None
[INFO] [stderr]   CFLAGS_x86_64_unknown_linux_gnu = None
[INFO] [stderr]   HOST_CFLAGS = None
[INFO] [stderr]   CFLAGS = None
[INFO] [stderr]   DEBUG = Some("true")
[INFO] [stderr]   running: "cc" "-O0" "-ffunction-sections" "-fdata-sections" "-fPIC" "-g" "-m64" "-Wall" "-Wextra" "-E" "/opt/rustwide/target/debug/build/openssl-sys-ba535b3622ba57e9/out/expando.c"
[INFO] [stderr]   exit status: 0
[INFO] [stderr]   cargo:rustc-cfg=osslconf="OPENSSL_NO_SSL3_METHOD"
[INFO] [stderr]   cargo:conf=OPENSSL_NO_SSL3_METHOD
[INFO] [stderr] 
[INFO] [stderr]   --- stderr
[INFO] [stderr]   thread 'main' panicked at /opt/rustwide/cargo-home/registry/src/index.crates.io-6f17d22bba15001f/openssl-sys-0.9.23/build.rs:486:9:
[INFO] [stderr] 
[INFO] [stderr] 
[INFO] [stderr]   This crate is only compatible with OpenSSL 1.0.1, 1.0.2, and 1.1.0, or LibreSSL
[INFO] [stderr]   2.5 and 2.6.0, but a different version of OpenSSL was found. The build is now
[INFO] [stderr]   aborting due to this version mismatch.
[INFO] [stderr] 
[INFO] [stderr] 
[INFO] [stderr]   stack backtrace:
[INFO] [stderr]      0:     0x55d540fef70c - std::backtrace_rs::backtrace::libunwind::trace::ha637c64ce894333a
[INFO] [stderr]                                  at /rustc/82e1608dfa6e0b5569232559e3d385fea5a93112/library/std/src/../../backtrace/src/backtrace/libunwind.rs:104:5
[INFO] [stderr]      1:     0x55d540fef70c - std::backtrace_rs::backtrace::trace_unsynchronized::h47f62dea28e0c88d
[INFO] [stderr]                                  at /rustc/82e1608dfa6e0b5569232559e3d385fea5a93112/library/std/src/../../backtrace/src/backtrace/mod.rs:66:5
[INFO] [stderr]      2:     0x55d540fef70c - std::sys_common::backtrace::_print_fmt::h9eef0abe20ede486
[INFO] [stderr]                                  at /rustc/82e1608dfa6e0b5569232559e3d385fea5a93112/library/std/src/sys_common/backtrace.rs:67:5
[INFO] [stderr]      3:     0x55d540fef70c - <std::sys_common::backtrace::_print::DisplayBacktrace as core::fmt::Display>::fmt::hed7f999df88cc644
[INFO] [stderr]                                  at /rustc/82e1608dfa6e0b5569232559e3d385fea5a93112/library/std/src/sys_common/backtrace.rs:44:22
[INFO] [stderr]      4:     0x55d541015790 - core::fmt::rt::Argument::fmt::h1539a9308b8d058d
[INFO] [stderr]                                  at /rustc/82e1608dfa6e0b5569232559e3d385fea5a93112/library/core/src/fmt/rt.rs:142:9
[INFO] [stderr]      5:     0x55d541015790 - core::fmt::write::h3a39390d8560d9c9
[INFO] [stderr]                                  at /rustc/82e1608dfa6e0b5569232559e3d385fea5a93112/library/core/src/fmt/mod.rs:1120:17
[INFO] [stderr]      6:     0x55d540fed04f - std::io::Write::write_fmt::h5fc9997dfe05f882
[INFO] [stderr]                                  at /rustc/82e1608dfa6e0b5569232559e3d385fea5a93112/library/std/src/io/mod.rs:1762:15
[INFO] [stderr]      7:     0x55d540fef4f4 - std::sys_common::backtrace::_print::h894006fb5c6f3d45
[INFO] [stderr]                                  at /rustc/82e1608dfa6e0b5569232559e3d385fea5a93112/library/std/src/sys_common/backtrace.rs:47:5
[INFO] [stderr]      8:     0x55d540fef4f4 - std::sys_common::backtrace::print::h23a2d212c6fff936
[INFO] [stderr]                                  at /rustc/82e1608dfa6e0b5569232559e3d385fea5a93112/library/std/src/sys_common/backtrace.rs:34:9
[INFO] [stderr]      9:     0x55d540ff0d07 - std::panicking::default_hook::{{closure}}::h8a1d2ee00185001a
[INFO] [stderr]     10:     0x55d540ff0a6f - std::panicking::default_hook::h6038f2eba384e475
[INFO] [stderr]                                  at /rustc/82e1608dfa6e0b5569232559e3d385fea5a93112/library/std/src/panicking.rs:292:9
[INFO] [stderr]     11:     0x55d540ff1188 - std::panicking::rust_panic_with_hook::h2b5517d590cab22e
[INFO] [stderr]                                  at /rustc/82e1608dfa6e0b5569232559e3d385fea5a93112/library/std/src/panicking.rs:779:13
[INFO] [stderr]     12:     0x55d540fc2f3e - std::panicking::begin_panic::{{closure}}::h6b4e93bbe0c0e8fe
[INFO] [stderr]     13:     0x55d540fbedea - std::sys_common::backtrace::__rust_end_short_backtrace::h8b63441812259ac6
[INFO] [stderr]     14:     0x55d540fc2ebb - std::panicking::begin_panic::hd71a3dacdc6bfd96
[INFO] [stderr]     15:     0x55d540f8d07a - build_script_build::validate_headers::hf8eca178803e2297
[INFO] [stderr]     16:     0x55d540f8c05f - build_script_build::try_pkg_config::hd4a0d5837b10bc8d
[INFO] [stderr]     17:     0x55d540f8b253 - build_script_build::find_openssl_dir::h68dcade42bf3666b
[INFO] [stderr]     18:     0x55d540f8b098 - build_script_build::main::{{closure}}::h80a53fe11290cf6a
[INFO] [stderr]     19:     0x55d540f905b9 - core::option::Option<T>::unwrap_or_else::hee5e2d5e4316fc64
[INFO] [stderr]     20:     0x55d540f8a101 - build_script_build::main::hcb57bbcc68c22d54
[INFO] [stderr]     21:     0x55d540f8f533 - core::ops::function::FnOnce::call_once::h96e0c33b2931a7b0
[INFO] [stderr]     22:     0x55d540f92436 - std::sys_common::backtrace::__rust_begin_short_backtrace::h58d35536a85b6b93
[INFO] [stderr]     23:     0x55d540f92659 - std::rt::lang_start::{{closure}}::h209fad919eb8a188
[INFO] [stderr]     24:     0x55d540fe9597 - core::ops::function::impls::<impl core::ops::function::FnOnce<A> for &F>::call_once::hd95060ecd5e1ca24
[INFO] [stderr]                                  at /rustc/82e1608dfa6e0b5569232559e3d385fea5a93112/library/core/src/ops/function.rs:284:13
[INFO] [stderr]     25:     0x55d540fe9597 - std::panicking::try::do_call::h6e8cf51db32a6e4b
[INFO] [stderr]                                  at /rustc/82e1608dfa6e0b5569232559e3d385fea5a93112/library/std/src/panicking.rs:552:40
[INFO] [stderr]     26:     0x55d540fe9597 - std::panicking::try::h3a52eefe24fe3c29
[INFO] [stderr]                                  at /rustc/82e1608dfa6e0b5569232559e3d385fea5a93112/library/std/src/panicking.rs:516:19
[INFO] [stderr]     27:     0x55d540fe9597 - std::panic::catch_unwind::h24c28c23c02c3841
[INFO] [stderr]                                  at /rustc/82e1608dfa6e0b5569232559e3d385fea5a93112/library/std/src/panic.rs:142:14
[INFO] [stderr]     28:     0x55d540fe9597 - std::rt::lang_start_internal::{{closure}}::h705d3c9cbc06ef47
[INFO] [stderr]                                  at /rustc/82e1608dfa6e0b5569232559e3d385fea5a93112/library/std/src/rt.rs:148:48
[INFO] [stderr]     29:     0x55d540fe9597 - std::panicking::try::do_call::ha21f52ba13158470
[INFO] [stderr]                                  at /rustc/82e1608dfa6e0b5569232559e3d385fea5a93112/library/std/src/panicking.rs:552:40
[INFO] [stderr]     30:     0x55d540fe9597 - std::panicking::try::h5581346bf6aeb1f8
[INFO] [stderr]                                  at /rustc/82e1608dfa6e0b5569232559e3d385fea5a93112/library/std/src/panicking.rs:516:19
[INFO] [stderr]     31:     0x55d540fe9597 - std::panic::catch_unwind::h7919645a6b72e25b
[INFO] [stderr]                                  at /rustc/82e1608dfa6e0b5569232559e3d385fea5a93112/library/std/src/panic.rs:142:14
[INFO] [stderr]     32:     0x55d540fe9597 - std::rt::lang_start_internal::h12de51168669836e
[INFO] [stderr]                                  at /rustc/82e1608dfa6e0b5569232559e3d385fea5a93112/library/std/src/rt.rs:148:20
[INFO] [stderr]     33:     0x55d540f92637 - std::rt::lang_start::h701600f473824759
[INFO] [stderr]     34:     0x55d540f8e9f5 - main
[INFO] [stderr]     35:     0x7fe52c4e5d90 - <unknown>
[INFO] [stderr]     36:     0x7fe52c4e5e40 - __libc_start_main
[INFO] [stderr]     37:     0x55d540f84e75 - _start
[INFO] [stderr]     38:                0x0 - <unknown>
[INFO] [stderr] warning: build failed, waiting for other jobs to finish...
[INFO] [stdout] error[E0713]: borrow may still be in use when destructor runs
[INFO] [stdout]    --> /opt/rustwide/cargo-home/registry/src/index.crates.io-6f17d22bba15001f/url-1.6.0/src/form_urlencoded.rs:261:40
[INFO] [stdout]     |
[INFO] [stdout] 259 | impl<'a> Target for ::UrlQuery<'a> {
[INFO] [stdout]     |      -- lifetime `'a` defined here
[INFO] [stdout] 260 |     fn as_mut_string(&mut self) -> &mut String { &mut self.url.serialization }
[INFO] [stdout] 261 |     fn finish(self) -> &'a mut ::Url { self.url }
[INFO] [stdout]     |                                        ^^^^^^^^ - here, drop of `self` needs exclusive access to `*self.url`, because the type `UrlQuery<'_>` implements the `Drop` trait
[INFO] [stdout]     |                                        |
[INFO] [stdout]     |                                        returning this value requires that `*self.url` is borrowed for `'a`
[INFO] [stdout] 
[INFO] [stdout] 
[INFO] [stdout] error: aborting due to previous error
[INFO] [stdout] 
[INFO] [stdout] 
[INFO] [stdout] For more information about this error, try `rustc --explain E0713`.
[INFO] [stdout] 
[INFO] [stderr] error: could not compile `url` (lib) due to 2 previous errors
[INFO] running `Command { std: "docker" "inspect" "83ec92c9122bcc11806cfb41596ec786749dc013ccae9416236aa55be139f85e", kill_on_drop: false }`
[INFO] running `Command { std: "docker" "rm" "-f" "83ec92c9122bcc11806cfb41596ec786749dc013ccae9416236aa55be139f85e", kill_on_drop: false }`
[INFO] [stdout] 83ec92c9122bcc11806cfb41596ec786749dc013ccae9416236aa55be139f85e
[INFO] documenting DomWilliams0/cimulosm against beta-2023-12-22 for beta-1.76-rustdoc-1
[INFO] running `Command { std: "git" "clone" "/workspace/cache/git-repos/https%3A%2F%2Fgithub.com%2FDomWilliams0%2Fcimulosm" "/workspace/builds/worker-7-tc2/source", kill_on_drop: false }`
[INFO] [stderr] Cloning into '/workspace/builds/worker-7-tc2/source'...
[INFO] [stderr] done.
[INFO] validating manifest of git repo https://github.com/DomWilliams0/cimulosm on toolchain beta-2023-12-22
[INFO] running `Command { std: CARGO_HOME="/workspace/cargo-home" RUSTUP_HOME="/workspace/rustup-home" "/workspace/cargo-home/bin/cargo" "+beta-2023-12-22" "metadata" "--manifest-path" "Cargo.toml" "--no-deps", kill_on_drop: false }`
[INFO] started tweaking git repo https://github.com/DomWilliams0/cimulosm
[INFO] finished tweaking git repo https://github.com/DomWilliams0/cimulosm
[INFO] tweaked toml for git repo https://github.com/DomWilliams0/cimulosm written to /workspace/builds/worker-7-tc2/source/Cargo.toml
[INFO] crate git repo https://github.com/DomWilliams0/cimulosm already has a lockfile, it will not be regenerated
[INFO] running `Command { std: CARGO_HOME="/workspace/cargo-home" RUSTUP_HOME="/workspace/rustup-home" "/workspace/cargo-home/bin/cargo" "+beta-2023-12-22" "fetch" "--manifest-path" "Cargo.toml", kill_on_drop: false }`
[INFO] running `Command { std: "docker" "create" "-v" "/var/lib/crater-agent-workspace/builds/worker-7-tc2/target:/opt/rustwide/target:rw,Z" "-v" "/var/lib/crater-agent-workspace/builds/worker-7-tc2/source:/opt/rustwide/workdir:ro,Z" "-v" "/var/lib/crater-agent-workspace/cargo-home:/opt/rustwide/cargo-home:ro,Z" "-v" "/var/lib/crater-agent-workspace/rustup-home:/opt/rustwide/rustup-home:ro,Z" "-e" "SOURCE_DIR=/opt/rustwide/workdir" "-e" "CARGO_TARGET_DIR=/opt/rustwide/target" "-e" "CARGO_HOME=/opt/rustwide/cargo-home" "-e" "RUSTUP_HOME=/opt/rustwide/rustup-home" "-w" "/opt/rustwide/workdir" "-m" "1610612736" "--user" "0:0" "--network" "none" "ghcr.io/rust-lang/crates-build-env/linux@sha256:2788e3201cd34a07e3172128adcd8b3090168a8e3bcc40d7c032b9dda1df7d1c" "/opt/rustwide/cargo-home/bin/cargo" "+beta-2023-12-22" "metadata" "--no-deps" "--format-version=1", kill_on_drop: false }`
[INFO] [stdout] 0a4c0318aed9d7b47cf2d9e1100aa6ea88122562e1fcd2e6263ad7f4fd6985e1
[INFO] running `Command { std: "docker" "start" "-a" "0a4c0318aed9d7b47cf2d9e1100aa6ea88122562e1fcd2e6263ad7f4fd6985e1", kill_on_drop: false }`
[INFO] running `Command { std: "docker" "inspect" "0a4c0318aed9d7b47cf2d9e1100aa6ea88122562e1fcd2e6263ad7f4fd6985e1", kill_on_drop: false }`
[INFO] running `Command { std: "docker" "rm" "-f" "0a4c0318aed9d7b47cf2d9e1100aa6ea88122562e1fcd2e6263ad7f4fd6985e1", kill_on_drop: false }`
[INFO] [stdout] 0a4c0318aed9d7b47cf2d9e1100aa6ea88122562e1fcd2e6263ad7f4fd6985e1
[INFO] running `Command { std: "docker" "create" "-v" "/var/lib/crater-agent-workspace/builds/worker-7-tc2/target:/opt/rustwide/target:rw,Z" "-v" "/var/lib/crater-agent-workspace/builds/worker-7-tc2/source:/opt/rustwide/workdir:ro,Z" "-v" "/var/lib/crater-agent-workspace/cargo-home:/opt/rustwide/cargo-home:ro,Z" "-v" "/var/lib/crater-agent-workspace/rustup-home:/opt/rustwide/rustup-home:ro,Z" "-e" "SOURCE_DIR=/opt/rustwide/workdir" "-e" "CARGO_TARGET_DIR=/opt/rustwide/target" "-e" "CARGO_INCREMENTAL=0" "-e" "RUST_BACKTRACE=full" "-e" "RUSTFLAGS=--cap-lints=warn" "-e" "RUSTDOCFLAGS=--cap-lints=warn" "-e" "CARGO_HOME=/opt/rustwide/cargo-home" "-e" "RUSTUP_HOME=/opt/rustwide/rustup-home" "-w" "/opt/rustwide/workdir" "-m" "1610612736" "--user" "0:0" "--network" "none" "ghcr.io/rust-lang/crates-build-env/linux@sha256:2788e3201cd34a07e3172128adcd8b3090168a8e3bcc40d7c032b9dda1df7d1c" "/opt/rustwide/cargo-home/bin/cargo" "+beta-2023-12-22" "doc" "--frozen" "--no-deps" "--document-private-items" "--message-format=json", kill_on_drop: false }`
[INFO] [stdout] 14e89404e030a0a1831a0d0854892571311db1a008fc6cb4397d416695356bc0
[INFO] running `Command { std: "docker" "start" "-a" "14e89404e030a0a1831a0d0854892571311db1a008fc6cb4397d416695356bc0", kill_on_drop: false }`
[INFO] [stderr]     Checking libc v0.2.34
[INFO] [stderr]    Compiling version_check v0.1.3
[INFO] [stderr]    Compiling cc v1.0.3
[INFO] [stderr]    Compiling sfml-build v0.2.0
[INFO] [stderr]     Checking cfg-if v0.1.2
[INFO] [stderr]     Checking futures v0.1.17
[INFO] [stderr]     Checking byteorder v1.2.1
[INFO] [stderr]    Compiling pkg-config v0.3.9
[INFO] [stderr]     Checking log v0.3.8
[INFO] [stderr]    Compiling siphasher v0.2.2
[INFO] [stderr]     Checking lazycell v0.5.1
[INFO] [stderr]     Checking slab v0.3.0
[INFO] [stderr]     Checking slab v0.4.0
[INFO] [stderr]     Checking foreign-types-shared v0.1.1
[INFO] [stderr]    Compiling openssl v0.9.23
[INFO] [stderr]     Checking scoped-tls v0.1.0
[INFO] [stderr]     Checking foreign-types v0.3.2
[INFO] [stderr]     Checking bitflags v0.9.1
[INFO] [stderr]    Compiling csfml-system-sys v0.4.0
[INFO] [stderr]    Compiling build_const v0.2.0
[INFO] [stderr]     Checking matches v0.1.6
[INFO] [stderr]     Checking percent-encoding v1.0.1
[INFO] [stderr]     Checking lazy_static v1.0.0
[INFO] [stderr]    Compiling csfml-window-sys v0.4.0
[INFO] [stderr]     Checking unicode-normalization v0.1.5
[INFO] [stderr]     Checking unicode-bidi v0.3.4
[INFO] [stderr]     Checking smallvec v0.2.1
[INFO] [stderr]     Checking safemem v0.2.0
[INFO] [stderr]    Compiling crc v1.6.0
[INFO] [stderr]     Checking take v0.1.0
[INFO] [stderr]     Checking base64 v0.8.0
[INFO] [stderr]    Compiling unicase v1.4.2
[INFO] [stderr]    Compiling unicase v2.1.0
[INFO] [stderr]     Checking dtoa v0.4.2
[INFO] [stderr]     Checking itoa v0.3.4
[INFO] [stderr]     Checking httparse v1.2.3
[INFO] [stderr]    Compiling unicode-xid v0.0.4
[INFO] [stderr]     Checking iovec v0.1.1
[INFO] [stderr]     Checking net2 v0.2.31
[INFO] [stderr]    Compiling rand v0.3.18
[INFO] [stderr]     Checking num_cpus v1.7.0
[INFO] [stderr]     Checking time v0.1.38
[INFO] [stderr]     Checking serde v1.0.24
[INFO] [stderr]     Checking bytes v0.4.5
[INFO] [stderr]     Checking language-tags v0.2.2
[INFO] [stderr]     Checking idna v0.1.4
[INFO] [stderr]    Compiling synom v0.11.3
[INFO] [stderr]    Compiling csfml-audio-sys v0.4.0
[INFO] [stderr]    Compiling csfml-graphics-sys v0.4.0
[INFO] [stderr]     Checking mio v0.6.11
[INFO] [stderr]    Compiling phf_shared v0.7.21
[INFO] [stderr]     Checking adler32 v1.0.2
[INFO] [stderr]     Checking num-traits v0.1.41
[INFO] [stderr]    Compiling quote v0.3.15
[INFO] [stderr]     Checking libflate v0.1.12
[INFO] [stderr]     Checking rustc-demangle v0.1.5
[INFO] [stderr]     Checking phf v0.7.21
[INFO] [stderr]     Checking mime v0.3.5
[INFO] [stderr]     Checking bitflags v1.0.1
[INFO] [stderr]    Compiling sim v0.1.0 (/opt/rustwide/workdir)
[INFO] [stderr]    Compiling syn v0.11.11
[INFO] [stderr]     Checking std-semaphore v0.1.0
[INFO] [stderr]    Compiling openssl-sys v0.9.23
[INFO] [stderr]    Compiling backtrace-sys v0.1.16
[INFO] [stderr]     Checking uuid v0.5.1
[INFO] [stderr]    Compiling phf_generator v0.7.21
[INFO] [stderr]     Checking sfml v0.14.0
[INFO] [stderr]    Compiling phf_codegen v0.7.21
[INFO] [stderr]     Checking tokio-io v0.1.4
[INFO] [stderr]     Checking tokio-service v0.1.0
[INFO] [stderr]     Checking futures-cpupool v0.1.7
[INFO] [stderr]     Checking relay v0.1.0
[INFO] [stderr]    Compiling mime_guess v2.0.0-alpha.3
[INFO] [stderr]     Checking url v1.6.0
[INFO] [stderr]     Checking tokio-core v0.1.11
[INFO] [stderr] error: failed to run custom build command for `openssl-sys v0.9.23`
[INFO] [stderr] note: To improve backtraces for build dependencies, set the CARGO_PROFILE_DEV_BUILD_OVERRIDE_DEBUG=true environment variable to enable debug information generation.
[INFO] [stderr] 
[INFO] [stderr] Caused by:
[INFO] [stderr]   process didn't exit successfully: `/opt/rustwide/target/debug/build/openssl-sys-807f05e2cd305973/build-script-build` (exit status: 101)
[INFO] [stderr]   --- stdout
[INFO] [stderr]   cargo:rerun-if-env-changed=X86_64_UNKNOWN_LINUX_GNU_OPENSSL_LIB_DIR
[INFO] [stderr]   cargo:rerun-if-env-changed=OPENSSL_LIB_DIR
[INFO] [stderr]   cargo:rerun-if-env-changed=X86_64_UNKNOWN_LINUX_GNU_OPENSSL_INCLUDE_DIR
[INFO] [stderr]   cargo:rerun-if-env-changed=OPENSSL_INCLUDE_DIR
[INFO] [stderr]   cargo:rerun-if-env-changed=X86_64_UNKNOWN_LINUX_GNU_OPENSSL_DIR
[INFO] [stderr]   cargo:rerun-if-env-changed=OPENSSL_DIR
[INFO] [stderr]   cargo:rustc-link-lib=ssl
[INFO] [stderr]   cargo:rustc-link-lib=crypto
[INFO] [stderr]   OPT_LEVEL = Some("0")
[INFO] [stderr]   TARGET = Some("x86_64-unknown-linux-gnu")
[INFO] [stderr]   HOST = Some("x86_64-unknown-linux-gnu")
[INFO] [stderr]   TARGET = Some("x86_64-unknown-linux-gnu")
[INFO] [stderr]   TARGET = Some("x86_64-unknown-linux-gnu")
[INFO] [stderr]   HOST = Some("x86_64-unknown-linux-gnu")
[INFO] [stderr]   CC_x86_64-unknown-linux-gnu = None
[INFO] [stderr]   CC_x86_64_unknown_linux_gnu = None
[INFO] [stderr]   HOST_CC = None
[INFO] [stderr]   CC = None
[INFO] [stderr]   HOST = Some("x86_64-unknown-linux-gnu")
[INFO] [stderr]   TARGET = Some("x86_64-unknown-linux-gnu")
[INFO] [stderr]   HOST = Some("x86_64-unknown-linux-gnu")
[INFO] [stderr]   CFLAGS_x86_64-unknown-linux-gnu = None
[INFO] [stderr]   CFLAGS_x86_64_unknown_linux_gnu = None
[INFO] [stderr]   HOST_CFLAGS = None
[INFO] [stderr]   CFLAGS = None
[INFO] [stderr]   DEBUG = Some("true")
[INFO] [stderr]   running: "cc" "-O0" "-ffunction-sections" "-fdata-sections" "-fPIC" "-g" "-m64" "-Wall" "-Wextra" "-E" "/opt/rustwide/target/debug/build/openssl-sys-387dfe29cf456778/out/expando.c"
[INFO] [stderr]   exit status: 0
[INFO] [stderr]   cargo:rustc-cfg=osslconf="OPENSSL_NO_SSL3_METHOD"
[INFO] [stderr]   cargo:conf=OPENSSL_NO_SSL3_METHOD
[INFO] [stderr] 
[INFO] [stderr]   --- stderr
[INFO] [stderr]   thread 'main' panicked at /opt/rustwide/cargo-home/registry/src/index.crates.io-6f17d22bba15001f/openssl-sys-0.9.23/build.rs:486:9:
[INFO] [stderr] 
[INFO] [stderr] 
[INFO] [stderr]   This crate is only compatible with OpenSSL 1.0.1, 1.0.2, and 1.1.0, or LibreSSL
[INFO] [stderr]   2.5 and 2.6.0, but a different version of OpenSSL was found. The build is now
[INFO] [stderr]   aborting due to this version mismatch.
[INFO] [stderr] 
[INFO] [stderr] 
[INFO] [stderr]   stack backtrace:
[INFO] [stderr]      0:     0x55dbdcb52776 - std::backtrace_rs::backtrace::libunwind::trace::h261606ad26a499c1
[INFO] [stderr]                                  at /rustc/0e09125c6c3c2fd70d7de961bcf0e51575235fad/library/std/src/../../backtrace/src/backtrace/libunwind.rs:104:5
[INFO] [stderr]      1:     0x55dbdcb52776 - std::backtrace_rs::backtrace::trace_unsynchronized::hd183f0625477fb28
[INFO] [stderr]                                  at /rustc/0e09125c6c3c2fd70d7de961bcf0e51575235fad/library/std/src/../../backtrace/src/backtrace/mod.rs:66:5
[INFO] [stderr]      2:     0x55dbdcb52776 - std::sys_common::backtrace::_print_fmt::hd7f8fef21b4eda67
[INFO] [stderr]                                  at /rustc/0e09125c6c3c2fd70d7de961bcf0e51575235fad/library/std/src/sys_common/backtrace.rs:68:5
[INFO] [stderr]      3:     0x55dbdcb52776 - <std::sys_common::backtrace::_print::DisplayBacktrace as core::fmt::Display>::fmt::h623d9b51f2f453f1
[INFO] [stderr]                                  at /rustc/0e09125c6c3c2fd70d7de961bcf0e51575235fad/library/std/src/sys_common/backtrace.rs:44:22
[INFO] [stderr]      4:     0x55dbdcb77be0 - core::fmt::rt::Argument::fmt::h9f417ac76a86f368
[INFO] [stderr]                                  at /rustc/0e09125c6c3c2fd70d7de961bcf0e51575235fad/library/core/src/fmt/rt.rs:142:9
[INFO] [stderr]      5:     0x55dbdcb77be0 - core::fmt::write::hc9b6faf4ac2aeff7
[INFO] [stderr]                                  at /rustc/0e09125c6c3c2fd70d7de961bcf0e51575235fad/library/core/src/fmt/mod.rs:1120:17
[INFO] [stderr]      6:     0x55dbdcb501df - std::io::Write::write_fmt::hfead1eee52c2e65e
[INFO] [stderr]                                  at /rustc/0e09125c6c3c2fd70d7de961bcf0e51575235fad/library/std/src/io/mod.rs:1810:15
[INFO] [stderr]      7:     0x55dbdcb52554 - std::sys_common::backtrace::_print::hd5d66399c7df88a2
[INFO] [stderr]                                  at /rustc/0e09125c6c3c2fd70d7de961bcf0e51575235fad/library/std/src/sys_common/backtrace.rs:47:5
[INFO] [stderr]      8:     0x55dbdcb52554 - std::sys_common::backtrace::print::he81ed2da642d37e5
[INFO] [stderr]                                  at /rustc/0e09125c6c3c2fd70d7de961bcf0e51575235fad/library/std/src/sys_common/backtrace.rs:34:9
[INFO] [stderr]      9:     0x55dbdcb53e37 - std::panicking::default_hook::{{closure}}::h85773f4fa117163d
[INFO] [stderr]     10:     0x55dbdcb53b99 - std::panicking::default_hook::h6a1694a91d09b278
[INFO] [stderr]                                  at /rustc/0e09125c6c3c2fd70d7de961bcf0e51575235fad/library/std/src/panicking.rs:292:9
[INFO] [stderr]     11:     0x55dbdcb542c8 - std::panicking::rust_panic_with_hook::h0a7ad96e90f7145b
[INFO] [stderr]                                  at /rustc/0e09125c6c3c2fd70d7de961bcf0e51575235fad/library/std/src/panicking.rs:779:13
[INFO] [stderr]     12:     0x55dbdcb143fe - std::panicking::begin_panic::{{closure}}::hd5e02c80f09f96b9
[INFO] [stderr]     13:     0x55dbdcb10b2a - std::sys_common::backtrace::__rust_end_short_backtrace::h114628db8fe2d046
[INFO] [stderr]     14:     0x55dbdcb1437b - std::panicking::begin_panic::h07c36baa5ae3c279
[INFO] [stderr]     15:     0x55dbdcaef076 - build_script_build::validate_headers::hab4772fc0efb0dac
[INFO] [stderr]     16:     0x55dbdcaee055 - build_script_build::try_pkg_config::h55fb6fa5320d3ccd
[INFO] [stderr]     17:     0x55dbdcaed243 - build_script_build::find_openssl_dir::h71af765cee12507d
[INFO] [stderr]     18:     0x55dbdcaed088 - build_script_build::main::{{closure}}::h4bcd484db60b94e6
[INFO] [stderr]     19:     0x55dbdcaf7cef - core::option::Option<T>::unwrap_or_else::h7b38024a6b365d8a
[INFO] [stderr]     20:     0x55dbdcaec0ff - build_script_build::main::h83a00876292a01a8
[INFO] [stderr]     21:     0x55dbdcaf4173 - core::ops::function::FnOnce::call_once::h38e6279f1ac1811a
[INFO] [stderr]     22:     0x55dbdcaf3a16 - std::sys_common::backtrace::__rust_begin_short_backtrace::h85051d12e1cd0789
[INFO] [stderr]     23:     0x55dbdcaf0f99 - std::rt::lang_start::{{closure}}::he79811f076ed9948
[INFO] [stderr]     24:     0x55dbdcb4c4d1 - core::ops::function::impls::<impl core::ops::function::FnOnce<A> for &F>::call_once::h4eb4c5e1620f29b0
[INFO] [stderr]                                  at /rustc/0e09125c6c3c2fd70d7de961bcf0e51575235fad/library/core/src/ops/function.rs:284:13
[INFO] [stderr]     25:     0x55dbdcb4c4d1 - std::panicking::try::do_call::h73fd26535faffcdf
[INFO] [stderr]                                  at /rustc/0e09125c6c3c2fd70d7de961bcf0e51575235fad/library/std/src/panicking.rs:552:40
[INFO] [stderr]     26:     0x55dbdcb4c4d1 - std::panicking::try::h77ff1d98f0fb9f39
[INFO] [stderr]                                  at /rustc/0e09125c6c3c2fd70d7de961bcf0e51575235fad/library/std/src/panicking.rs:516:19
[INFO] [stderr]     27:     0x55dbdcb4c4d1 - std::panic::catch_unwind::hab3caf2448b95e37
[INFO] [stderr]                                  at /rustc/0e09125c6c3c2fd70d7de961bcf0e51575235fad/library/std/src/panic.rs:142:14
[INFO] [stderr]     28:     0x55dbdcb4c4d1 - std::rt::lang_start_internal::{{closure}}::h8086711f9c783f78
[INFO] [stderr]                                  at /rustc/0e09125c6c3c2fd70d7de961bcf0e51575235fad/library/std/src/rt.rs:148:48
[INFO] [stderr]     29:     0x55dbdcb4c4d1 - std::panicking::try::do_call::hf920d4dc291cd6ca
[INFO] [stderr]                                  at /rustc/0e09125c6c3c2fd70d7de961bcf0e51575235fad/library/std/src/panicking.rs:552:40
[INFO] [stderr]     30:     0x55dbdcb4c4d1 - std::panicking::try::h2b806ccc0a85db74
[INFO] [stderr]                                  at /rustc/0e09125c6c3c2fd70d7de961bcf0e51575235fad/library/std/src/panicking.rs:516:19
[INFO] [stderr]     31:     0x55dbdcb4c4d1 - std::panic::catch_unwind::h038489539c507df2
[INFO] [stderr]                                  at /rustc/0e09125c6c3c2fd70d7de961bcf0e51575235fad/library/std/src/panic.rs:142:14
[INFO] [stderr]     32:     0x55dbdcb4c4d1 - std::rt::lang_start_internal::h28503b88912e8a5c
[INFO] [stderr]                                  at /rustc/0e09125c6c3c2fd70d7de961bcf0e51575235fad/library/std/src/rt.rs:148:20
[INFO] [stderr]     33:     0x55dbdcaf0f77 - std::rt::lang_start::hf2e7055714bc109e
[INFO] [stderr]     34:     0x55dbdcaf09e5 - main
[INFO] [stderr]     35:     0x7f00d5764d90 - <unknown>
[INFO] [stderr]     36:     0x7f00d5764e40 - __libc_start_main
[INFO] [stderr]     37:     0x55dbdcae6e85 - _start
[INFO] [stderr]     38:                0x0 - <unknown>
[INFO] [stderr] warning: build failed, waiting for other jobs to finish...
[INFO] [stdout] error[E0713]: borrow may still be in use when destructor runs
[INFO] [stdout]    --> /opt/rustwide/cargo-home/registry/src/index.crates.io-6f17d22bba15001f/url-1.6.0/src/form_urlencoded.rs:261:40
[INFO] [stdout]     |
[INFO] [stdout] 259 | impl<'a> Target for ::UrlQuery<'a> {
[INFO] [stdout]     |      -- lifetime `'a` defined here
[INFO] [stdout] 260 |     fn as_mut_string(&mut self) -> &mut String { &mut self.url.serialization }
[INFO] [stdout] 261 |     fn finish(self) -> &'a mut ::Url { self.url }
[INFO] [stdout]     |                                        ^^^^^^^^ - here, drop of `self` needs exclusive access to `*self.url`, because the type `UrlQuery<'_>` implements the `Drop` trait
[INFO] [stdout]     |                                        |
[INFO] [stdout]     |                                        returning this value requires that `*self.url` is borrowed for `'a`
[INFO] [stdout] 
[INFO] [stdout] 
[INFO] [stdout] error: aborting due to 1 previous error
[INFO] [stdout] 
[INFO] [stdout] 
[INFO] [stdout] For more information about this error, try `rustc --explain E0713`.
[INFO] [stdout] 
[INFO] [stderr] error: could not compile `url` (lib) due to 2 previous errors
[INFO] running `Command { std: "docker" "inspect" "14e89404e030a0a1831a0d0854892571311db1a008fc6cb4397d416695356bc0", kill_on_drop: false }`
[INFO] running `Command { std: "docker" "rm" "-f" "14e89404e030a0a1831a0d0854892571311db1a008fc6cb4397d416695356bc0", kill_on_drop: false }`
[INFO] [stdout] 14e89404e030a0a1831a0d0854892571311db1a008fc6cb4397d416695356bc0
