[INFO] cloning repository https://github.com/DogeDark/dioxus-geolocation-example
[INFO] running `Command { std: "git" "-c" "credential.helper=" "-c" "credential.helper=/workspace/cargo-home/bin/git-credential-null" "clone" "--bare" "https://github.com/DogeDark/dioxus-geolocation-example" "/workspace/cache/git-repos/https%3A%2F%2Fgithub.com%2FDogeDark%2Fdioxus-geolocation-example", kill_on_drop: false }`
[INFO] [stderr] Cloning into bare repository '/workspace/cache/git-repos/https%3A%2F%2Fgithub.com%2FDogeDark%2Fdioxus-geolocation-example'...
[INFO] running `Command { std: "git" "rev-parse" "HEAD", kill_on_drop: false }`
[INFO] [stdout] 9534a3c107539a16027ee94d23b482e4d4a3cb14
[INFO] documenting DogeDark/dioxus-geolocation-example against 1.75.0 for beta-1.76-rustdoc-1
[INFO] running `Command { std: "git" "clone" "/workspace/cache/git-repos/https%3A%2F%2Fgithub.com%2FDogeDark%2Fdioxus-geolocation-example" "/workspace/builds/worker-1-tc1/source", kill_on_drop: false }`
[INFO] [stderr] Cloning into '/workspace/builds/worker-1-tc1/source'...
[INFO] [stderr] done.
[INFO] validating manifest of git repo https://github.com/DogeDark/dioxus-geolocation-example on toolchain 1.75.0
[INFO] running `Command { std: CARGO_HOME="/workspace/cargo-home" RUSTUP_HOME="/workspace/rustup-home" "/workspace/cargo-home/bin/cargo" "+1.75.0" "metadata" "--manifest-path" "Cargo.toml" "--no-deps", kill_on_drop: false }`
[INFO] started tweaking git repo https://github.com/DogeDark/dioxus-geolocation-example
[INFO] finished tweaking git repo https://github.com/DogeDark/dioxus-geolocation-example
[INFO] tweaked toml for git repo https://github.com/DogeDark/dioxus-geolocation-example written to /workspace/builds/worker-1-tc1/source/Cargo.toml
[INFO] crate git repo https://github.com/DogeDark/dioxus-geolocation-example already has a lockfile, it will not be regenerated
[INFO] running `Command { std: CARGO_HOME="/workspace/cargo-home" RUSTUP_HOME="/workspace/rustup-home" "/workspace/cargo-home/bin/cargo" "+1.75.0" "fetch" "--manifest-path" "Cargo.toml", kill_on_drop: false }`
[INFO] [stderr]     Updating crates.io index
[INFO] [stderr]  Downloading crates ...
[INFO] [stderr]   Downloaded sledgehammer_utils v0.1.1
[INFO] [stderr]   Downloaded dioxus-rsx v0.0.3
[INFO] [stderr]   Downloaded dioxus-interpreter-js v0.3.2
[INFO] [stderr]   Downloaded darling_macro v0.20.1
[INFO] [stderr]   Downloaded dioxus-hot-reload v0.1.1
[INFO] [stderr]   Downloaded dioxus-core-macro v0.3.0
[INFO] [stderr]   Downloaded dioxus-logger v0.4.1
[INFO] [stderr]   Downloaded sledgehammer_bindgen v0.2.2
[INFO] [stderr]   Downloaded darling v0.20.1
[INFO] [stderr]   Downloaded internment v0.7.0
[INFO] [stderr]   Downloaded darling_core v0.20.1
[INFO] [stderr]   Downloaded dioxus-web v0.3.2
[INFO] [stderr]   Downloaded dioxus-rsx v0.0.2
[INFO] [stderr]   Downloaded dioxus v0.3.2
[INFO] [stderr]   Downloaded dioxus-hooks v0.3.1
[INFO] [stderr]   Downloaded dioxus-std v0.2.1
[INFO] running `Command { std: "docker" "create" "-v" "/var/lib/crater-agent-workspace/builds/worker-1-tc1/target:/opt/rustwide/target:rw,Z" "-v" "/var/lib/crater-agent-workspace/builds/worker-1-tc1/source:/opt/rustwide/workdir:ro,Z" "-v" "/var/lib/crater-agent-workspace/cargo-home:/opt/rustwide/cargo-home:ro,Z" "-v" "/var/lib/crater-agent-workspace/rustup-home:/opt/rustwide/rustup-home:ro,Z" "-e" "SOURCE_DIR=/opt/rustwide/workdir" "-e" "CARGO_TARGET_DIR=/opt/rustwide/target" "-e" "CARGO_HOME=/opt/rustwide/cargo-home" "-e" "RUSTUP_HOME=/opt/rustwide/rustup-home" "-w" "/opt/rustwide/workdir" "-m" "1610612736" "--user" "0:0" "--network" "none" "ghcr.io/rust-lang/crates-build-env/linux@sha256:2788e3201cd34a07e3172128adcd8b3090168a8e3bcc40d7c032b9dda1df7d1c" "/opt/rustwide/cargo-home/bin/cargo" "+1.75.0" "metadata" "--no-deps" "--format-version=1", kill_on_drop: false }`
[INFO] [stdout] f9e457d460e33ff5f74a2cbf9c3176d027c8bd90ff2a5ce17a5f0e24863b8077
[INFO] running `Command { std: "docker" "start" "-a" "f9e457d460e33ff5f74a2cbf9c3176d027c8bd90ff2a5ce17a5f0e24863b8077", kill_on_drop: false }`
[INFO] running `Command { std: "docker" "inspect" "f9e457d460e33ff5f74a2cbf9c3176d027c8bd90ff2a5ce17a5f0e24863b8077", kill_on_drop: false }`
[INFO] running `Command { std: "docker" "rm" "-f" "f9e457d460e33ff5f74a2cbf9c3176d027c8bd90ff2a5ce17a5f0e24863b8077", kill_on_drop: false }`
[INFO] [stdout] f9e457d460e33ff5f74a2cbf9c3176d027c8bd90ff2a5ce17a5f0e24863b8077
[INFO] running `Command { std: "docker" "create" "-v" "/var/lib/crater-agent-workspace/builds/worker-1-tc1/target:/opt/rustwide/target:rw,Z" "-v" "/var/lib/crater-agent-workspace/builds/worker-1-tc1/source:/opt/rustwide/workdir:ro,Z" "-v" "/var/lib/crater-agent-workspace/cargo-home:/opt/rustwide/cargo-home:ro,Z" "-v" "/var/lib/crater-agent-workspace/rustup-home:/opt/rustwide/rustup-home:ro,Z" "-e" "SOURCE_DIR=/opt/rustwide/workdir" "-e" "CARGO_TARGET_DIR=/opt/rustwide/target" "-e" "CARGO_INCREMENTAL=0" "-e" "RUST_BACKTRACE=full" "-e" "RUSTFLAGS=--cap-lints=warn" "-e" "RUSTDOCFLAGS=--cap-lints=warn" "-e" "CARGO_HOME=/opt/rustwide/cargo-home" "-e" "RUSTUP_HOME=/opt/rustwide/rustup-home" "-w" "/opt/rustwide/workdir" "-m" "1610612736" "--user" "0:0" "--network" "none" "ghcr.io/rust-lang/crates-build-env/linux@sha256:2788e3201cd34a07e3172128adcd8b3090168a8e3bcc40d7c032b9dda1df7d1c" "/opt/rustwide/cargo-home/bin/cargo" "+1.75.0" "doc" "--frozen" "--no-deps" "--document-private-items" "--message-format=json", kill_on_drop: false }`
[INFO] [stdout] 891a8338c5991fda11bf5ff2ea946b741360494afabf4241804fe56f8f6bd2f5
[INFO] running `Command { std: "docker" "start" "-a" "891a8338c5991fda11bf5ff2ea946b741360494afabf4241804fe56f8f6bd2f5", kill_on_drop: false }`
[INFO] [stderr]    Compiling proc-macro2 v1.0.59
[INFO] [stderr]    Compiling quote v1.0.28
[INFO] [stderr]    Compiling unicode-ident v1.0.9
[INFO] [stderr]    Compiling autocfg v1.1.0
[INFO] [stderr]    Compiling version_check v0.9.4
[INFO] [stderr]    Compiling libc v0.2.146
[INFO] [stderr]    Compiling once_cell v1.18.0
[INFO] [stderr]    Compiling memchr v2.5.0
[INFO] [stderr]    Compiling log v0.4.18
[INFO] [stderr]    Compiling bumpalo v3.13.0
[INFO] [stderr]    Compiling futures-core v0.3.28
[INFO] [stderr]    Compiling wasm-bindgen-shared v0.2.86
[INFO] [stderr]    Compiling serde v1.0.164
[INFO] [stderr]    Compiling parking_lot_core v0.9.8
[INFO] [stderr]    Compiling wasm-bindgen v0.2.86
[INFO] [stderr]    Compiling futures-channel v0.3.28
[INFO] [stderr]     Checking pin-project-lite v0.2.9
[INFO] [stderr]     Checking futures-io v0.3.28
[INFO] [stderr]    Compiling syn v1.0.109
[INFO] [stderr]    Compiling ahash v0.7.6
[INFO] [stderr]    Compiling futures-task v0.3.28
[INFO] [stderr]     Checking futures-sink v0.3.28
[INFO] [stderr]    Compiling slab v0.4.8
[INFO] [stderr]    Compiling lock_api v0.4.10
[INFO] [stderr]    Compiling indexmap v1.9.3
[INFO] [stderr]    Compiling futures-util v0.3.28
[INFO] [stderr]    Compiling cfg-if v1.0.0
[INFO] [stderr]    Compiling num-traits v0.2.15
[INFO] [stderr]    Compiling crossbeam-utils v0.8.15
[INFO] [stderr]     Checking scopeguard v1.1.0
[INFO] [stderr]     Checking pin-utils v0.1.0
[INFO] [stderr]    Compiling fnv v1.0.7
[INFO] [stderr]    Compiling ident_case v1.0.1
[INFO] [stderr]     Checking rustc-hash v1.1.0
[INFO] [stderr]     Checking smallvec v1.10.0
[INFO] [stderr]    Compiling semver v1.0.17
[INFO] [stderr]     Checking smallbox v0.8.1
[INFO] [stderr]     Checking longest-increasing-subsequence v0.1.0
[INFO] [stderr]     Checking bitflags v1.3.2
[INFO] [stderr]     Checking event-listener v2.5.3
[INFO] [stderr]    Compiling async-trait v0.1.68
[INFO] [stderr]    Compiling typenum v1.16.0
[INFO] [stderr]    Compiling syn v2.0.18
[INFO] [stderr]     Checking aho-corasick v1.0.2
[INFO] [stderr]    Compiling getrandom v0.2.10
[INFO] [stderr]     Checking bumpslab v0.2.0
[INFO] [stderr]    Compiling generic-array v0.14.7
[INFO] [stderr]     Checking regex-syntax v0.7.2
[INFO] [stderr]    Compiling execute-command-tokens v0.1.6
[INFO] [stderr]     Checking concurrent-queue v2.2.0
[INFO] [stderr]    Compiling thiserror v1.0.40
[INFO] [stderr]    Compiling rustc_version v0.4.0
[INFO] [stderr]    Compiling hashbrown v0.12.3
[INFO] [stderr]    Compiling serde_json v1.0.96
[INFO] [stderr]     Checking parking v2.1.0
[INFO] [stderr]     Checking unicode-segmentation v1.10.1
[INFO] [stderr]     Checking same-file v1.0.6
[INFO] [stderr]     Checking fastrand v1.9.0
[INFO] [stderr]     Checking waker-fn v1.1.0
[INFO] [stderr]     Checking walkdir v2.3.3
[INFO] [stderr]     Checking inotify-sys v0.1.5
[INFO] [stderr]     Checking futures-lite v1.13.0
[INFO] [stderr]    Compiling interprocess v1.2.1
[INFO] [stderr]    Compiling parking_lot v0.12.1
[INFO] [stderr]     Checking async-channel v1.8.0
[INFO] [stderr]     Checking ordered-float v2.10.0
[INFO] [stderr]     Checking async-lock v2.7.0
[INFO] [stderr]     Checking bstr v1.5.0
[INFO] [stderr]     Checking aho-corasick v0.7.20
[INFO] [stderr]     Checking ryu v1.0.13
[INFO] [stderr]     Checking async-task v4.4.0
[INFO] [stderr]     Checking atomic-waker v1.1.1
[INFO] [stderr]     Checking itoa v1.0.6
[INFO] [stderr]    Compiling internment v0.7.0
[INFO] [stderr]     Checking inotify v0.9.6
[INFO] [stderr]     Checking time v0.1.45
[INFO] [stderr]     Checking filetime v0.2.21
[INFO] [stderr]     Checking mio v0.8.8
[INFO] [stderr]     Checking crossbeam-channel v0.5.8
[INFO] [stderr]     Checking blocking v1.3.1
[INFO] [stderr]     Checking spinning v0.1.0
[INFO] [stderr]     Checking thread_local v1.1.7
[INFO] [stderr]     Checking intmap v0.7.1
[INFO] [stderr]     Checking iana-time-zone v0.1.57
[INFO] [stderr]     Checking to_method v1.1.0
[INFO] [stderr]     Checking lazy_static v1.4.0
[INFO] [stderr]     Checking lru v0.8.1
[INFO] [stderr]    Compiling anyhow v1.0.71
[INFO] [stderr]     Checking ux v0.1.5
[INFO] [stderr]     Checking smallstr v0.2.0
[INFO] [stderr]     Checking chrono v0.4.26
[INFO] [stderr]     Checking notify v5.2.0
[INFO] [stderr]     Checking regex v1.8.4
[INFO] [stderr]    Compiling dioxus-core v0.3.3
[INFO] [stderr]     Checking globset v0.4.10
[INFO] [stderr]     Checking ignore v0.4.20
[INFO] [stderr]    Compiling wasm-bindgen-backend v0.2.86
[INFO] [stderr]    Compiling darling_core v0.20.1
[INFO] [stderr]    Compiling wasm-bindgen-macro-support v0.2.86
[INFO] [stderr]    Compiling sledgehammer_bindgen v0.2.2
[INFO] [stderr]    Compiling serde_derive v1.0.164
[INFO] [stderr]    Compiling futures-macro v0.3.28
[INFO] [stderr]    Compiling serde_repr v0.1.12
[INFO] [stderr]    Compiling thiserror-impl v1.0.40
[INFO] [stderr]    Compiling execute-command-macro-impl v0.1.9
[INFO] [stderr]     Checking execute-command-macro v0.1.8
[INFO] [stderr]     Checking execute v0.2.12
[INFO] [stderr]    Compiling wasm-bindgen-macro v0.2.86
[INFO] [stderr]    Compiling darling_macro v0.20.1
[INFO] [stderr]    Compiling darling v0.20.1
[INFO] [stderr]    Compiling enumset_derive v0.8.1
[INFO] [stderr]     Checking js-sys v0.3.63
[INFO] [stderr]     Checking console_error_panic_hook v0.1.7
[INFO] [stderr]     Checking enumset v1.1.2
[INFO] [stderr]     Checking futures-executor v0.3.28
[INFO] [stderr]     Checking futures v0.3.28
[INFO] [stderr]     Checking web-sys v0.3.63
[INFO] [stderr]     Checking gloo-timers v0.2.6
[INFO] [stderr]     Checking wasm-bindgen-futures v0.4.36
[INFO] [stderr]     Checking euclid v0.22.9
[INFO] [stderr]     Checking keyboard-types v0.6.2
[INFO] [stderr]     Checking serde-value v0.7.0
[INFO] [stderr]     Checking serde-wasm-bindgen v0.4.5
[INFO] [stderr]    Compiling dioxus-rsx v0.0.2
[INFO] [stderr]     Checking dioxus-rsx v0.0.3
[INFO] [stderr]     Checking dioxus-hooks v0.3.1
[INFO] [stderr]     Checking sledgehammer_utils v0.1.1
[INFO] [stderr]    Compiling dioxus-core-macro v0.3.0
[INFO] [stderr]     Checking dioxus-html v0.3.1
[INFO] [stderr]     Checking dioxus-interpreter-js v0.3.2
[INFO] [stderr]     Checking dioxus-logger v0.4.1
[INFO] [stderr]     Checking dioxus-hot-reload v0.1.1
[INFO] [stderr]     Checking dioxus-web v0.3.2
[INFO] [stderr]     Checking dioxus v0.3.2
[INFO] [stderr]     Checking dioxus-std v0.2.1
[INFO] [stdout] error[E0433]: failed to resolve: could not find `geolocation` in `sys`
[INFO] [stdout]   --> /opt/rustwide/cargo-home/registry/src/index.crates.io-6f17d22bba15001f/dioxus-std-0.2.1/src/library/geolocation.rs:60:29
[INFO] [stdout]    |
[INFO] [stdout] 60 |     device_geolocator: sys::geolocation::Geolocator,
[INFO] [stdout]    |                             ^^^^^^^^^^^ could not find `geolocation` in `sys`
[INFO] [stdout] 
[INFO] [stdout] 
[INFO] [stdout] error[E0433]: failed to resolve: could not find `geolocation` in `sys`
[INFO] [stdout]   --> /opt/rustwide/cargo-home/registry/src/index.crates.io-6f17d22bba15001f/dioxus-std-0.2.1/src/library/geolocation.rs:66:42
[INFO] [stdout]    |
[INFO] [stdout] 66 |         let mut device_geolocator = sys::geolocation::Geolocator::new()?;
[INFO] [stdout]    |                                          ^^^^^^^^^^^ could not find `geolocation` in `sys`
[INFO] [stdout] 
[INFO] [stdout] 
[INFO] [stdout] error[E0433]: failed to resolve: could not find `geolocation` in `sys`
[INFO] [stdout]   --> /opt/rustwide/cargo-home/registry/src/index.crates.io-6f17d22bba15001f/dioxus-std-0.2.1/src/library/geolocation.rs:67:14
[INFO] [stdout]    |
[INFO] [stdout] 67 |         sys::geolocation::set_power_mode(&mut device_geolocator, power_mode)?;
[INFO] [stdout]    |              ^^^^^^^^^^^ could not find `geolocation` in `sys`
[INFO] [stdout] 
[INFO] [stdout] 
[INFO] [stdout] error[E0433]: failed to resolve: could not find `geolocation` in `sys`
[INFO] [stdout]   --> /opt/rustwide/cargo-home/registry/src/index.crates.io-6f17d22bba15001f/dioxus-std-0.2.1/src/library/geolocation.rs:74:14
[INFO] [stdout]    |
[INFO] [stdout] 74 |         sys::geolocation::get_coordinates(&self.device_geolocator).await
[INFO] [stdout]    |              ^^^^^^^^^^^ could not find `geolocation` in `sys`
[INFO] [stdout] 
[INFO] [stdout] 
[INFO] [stdout] error[E0433]: failed to resolve: could not find `geolocation` in `sys`
[INFO] [stdout]   --> /opt/rustwide/cargo-home/registry/src/index.crates.io-6f17d22bba15001f/dioxus-std-0.2.1/src/library/geolocation.rs:79:14
[INFO] [stdout]    |
[INFO] [stdout] 79 |         sys::geolocation::listen(
[INFO] [stdout]    |              ^^^^^^^^^^^ could not find `geolocation` in `sys`
[INFO] [stdout] 
[INFO] [stdout] 
[INFO] [stdout] error: aborting due to 5 previous errors
[INFO] [stdout] 
[INFO] [stdout] 
[INFO] [stdout] For more information about this error, try `rustc --explain E0433`.
[INFO] [stdout] 
[INFO] [stderr] error: could not compile `dioxus-std` (lib) due to 6 previous errors
[INFO] running `Command { std: "docker" "inspect" "891a8338c5991fda11bf5ff2ea946b741360494afabf4241804fe56f8f6bd2f5", kill_on_drop: false }`
[INFO] running `Command { std: "docker" "rm" "-f" "891a8338c5991fda11bf5ff2ea946b741360494afabf4241804fe56f8f6bd2f5", kill_on_drop: false }`
[INFO] [stdout] 891a8338c5991fda11bf5ff2ea946b741360494afabf4241804fe56f8f6bd2f5
[INFO] documenting DogeDark/dioxus-geolocation-example against beta-2023-12-22 for beta-1.76-rustdoc-1
[INFO] running `Command { std: "git" "clone" "/workspace/cache/git-repos/https%3A%2F%2Fgithub.com%2FDogeDark%2Fdioxus-geolocation-example" "/workspace/builds/worker-1-tc2/source", kill_on_drop: false }`
[INFO] [stderr] Cloning into '/workspace/builds/worker-1-tc2/source'...
[INFO] [stderr] done.
[INFO] validating manifest of git repo https://github.com/DogeDark/dioxus-geolocation-example on toolchain beta-2023-12-22
[INFO] running `Command { std: CARGO_HOME="/workspace/cargo-home" RUSTUP_HOME="/workspace/rustup-home" "/workspace/cargo-home/bin/cargo" "+beta-2023-12-22" "metadata" "--manifest-path" "Cargo.toml" "--no-deps", kill_on_drop: false }`
[INFO] started tweaking git repo https://github.com/DogeDark/dioxus-geolocation-example
[INFO] finished tweaking git repo https://github.com/DogeDark/dioxus-geolocation-example
[INFO] tweaked toml for git repo https://github.com/DogeDark/dioxus-geolocation-example written to /workspace/builds/worker-1-tc2/source/Cargo.toml
[INFO] crate git repo https://github.com/DogeDark/dioxus-geolocation-example already has a lockfile, it will not be regenerated
[INFO] running `Command { std: CARGO_HOME="/workspace/cargo-home" RUSTUP_HOME="/workspace/rustup-home" "/workspace/cargo-home/bin/cargo" "+beta-2023-12-22" "fetch" "--manifest-path" "Cargo.toml", kill_on_drop: false }`
[INFO] running `Command { std: "docker" "create" "-v" "/var/lib/crater-agent-workspace/builds/worker-1-tc2/target:/opt/rustwide/target:rw,Z" "-v" "/var/lib/crater-agent-workspace/builds/worker-1-tc2/source:/opt/rustwide/workdir:ro,Z" "-v" "/var/lib/crater-agent-workspace/cargo-home:/opt/rustwide/cargo-home:ro,Z" "-v" "/var/lib/crater-agent-workspace/rustup-home:/opt/rustwide/rustup-home:ro,Z" "-e" "SOURCE_DIR=/opt/rustwide/workdir" "-e" "CARGO_TARGET_DIR=/opt/rustwide/target" "-e" "CARGO_HOME=/opt/rustwide/cargo-home" "-e" "RUSTUP_HOME=/opt/rustwide/rustup-home" "-w" "/opt/rustwide/workdir" "-m" "1610612736" "--user" "0:0" "--network" "none" "ghcr.io/rust-lang/crates-build-env/linux@sha256:2788e3201cd34a07e3172128adcd8b3090168a8e3bcc40d7c032b9dda1df7d1c" "/opt/rustwide/cargo-home/bin/cargo" "+beta-2023-12-22" "metadata" "--no-deps" "--format-version=1", kill_on_drop: false }`
[INFO] [stdout] 789dd17c9a4ef836a6e8b395464108688ffc54a21807102963a2be4a78005c48
[INFO] running `Command { std: "docker" "start" "-a" "789dd17c9a4ef836a6e8b395464108688ffc54a21807102963a2be4a78005c48", kill_on_drop: false }`
[INFO] running `Command { std: "docker" "inspect" "789dd17c9a4ef836a6e8b395464108688ffc54a21807102963a2be4a78005c48", kill_on_drop: false }`
[INFO] running `Command { std: "docker" "rm" "-f" "789dd17c9a4ef836a6e8b395464108688ffc54a21807102963a2be4a78005c48", kill_on_drop: false }`
[INFO] [stdout] 789dd17c9a4ef836a6e8b395464108688ffc54a21807102963a2be4a78005c48
[INFO] running `Command { std: "docker" "create" "-v" "/var/lib/crater-agent-workspace/builds/worker-1-tc2/target:/opt/rustwide/target:rw,Z" "-v" "/var/lib/crater-agent-workspace/builds/worker-1-tc2/source:/opt/rustwide/workdir:ro,Z" "-v" "/var/lib/crater-agent-workspace/cargo-home:/opt/rustwide/cargo-home:ro,Z" "-v" "/var/lib/crater-agent-workspace/rustup-home:/opt/rustwide/rustup-home:ro,Z" "-e" "SOURCE_DIR=/opt/rustwide/workdir" "-e" "CARGO_TARGET_DIR=/opt/rustwide/target" "-e" "CARGO_INCREMENTAL=0" "-e" "RUST_BACKTRACE=full" "-e" "RUSTFLAGS=--cap-lints=warn" "-e" "RUSTDOCFLAGS=--cap-lints=warn" "-e" "CARGO_HOME=/opt/rustwide/cargo-home" "-e" "RUSTUP_HOME=/opt/rustwide/rustup-home" "-w" "/opt/rustwide/workdir" "-m" "1610612736" "--user" "0:0" "--network" "none" "ghcr.io/rust-lang/crates-build-env/linux@sha256:2788e3201cd34a07e3172128adcd8b3090168a8e3bcc40d7c032b9dda1df7d1c" "/opt/rustwide/cargo-home/bin/cargo" "+beta-2023-12-22" "doc" "--frozen" "--no-deps" "--document-private-items" "--message-format=json", kill_on_drop: false }`
[INFO] [stdout] 3803afa883e296204a2165cb02f6f1e0b7350bf8d8171241a02b2bdfbf386bde
[INFO] running `Command { std: "docker" "start" "-a" "3803afa883e296204a2165cb02f6f1e0b7350bf8d8171241a02b2bdfbf386bde", kill_on_drop: false }`
[INFO] [stderr]    Compiling proc-macro2 v1.0.59
[INFO] [stderr]    Compiling quote v1.0.28
[INFO] [stderr]    Compiling unicode-ident v1.0.9
[INFO] [stderr]    Compiling autocfg v1.1.0
[INFO] [stderr]    Compiling version_check v0.9.4
[INFO] [stderr]    Compiling libc v0.2.146
[INFO] [stderr]    Compiling once_cell v1.18.0
[INFO] [stderr]    Compiling memchr v2.5.0
[INFO] [stderr]    Compiling log v0.4.18
[INFO] [stderr]    Compiling bumpalo v3.13.0
[INFO] [stderr]    Compiling wasm-bindgen-shared v0.2.86
[INFO] [stderr]    Compiling futures-core v0.3.28
[INFO] [stderr]    Compiling serde v1.0.164
[INFO] [stderr]    Compiling parking_lot_core v0.9.8
[INFO] [stderr]    Compiling wasm-bindgen v0.2.86
[INFO] [stderr]     Checking pin-project-lite v0.2.9
[INFO] [stderr]     Checking futures-io v0.3.28
[INFO] [stderr]    Compiling futures-channel v0.3.28
[INFO] [stderr]    Compiling syn v1.0.109
[INFO] [stderr]     Checking futures-sink v0.3.28
[INFO] [stderr]    Compiling futures-task v0.3.28
[INFO] [stderr]    Compiling cfg-if v1.0.0
[INFO] [stderr]    Compiling ahash v0.7.6
[INFO] [stderr]    Compiling futures-util v0.3.28
[INFO] [stderr]    Compiling slab v0.4.8
[INFO] [stderr]    Compiling lock_api v0.4.10
[INFO] [stderr]    Compiling indexmap v1.9.3
[INFO] [stderr]    Compiling num-traits v0.2.15
[INFO] [stderr]     Checking scopeguard v1.1.0
[INFO] [stderr]     Checking pin-utils v0.1.0
[INFO] [stderr]    Compiling crossbeam-utils v0.8.15
[INFO] [stderr]    Compiling fnv v1.0.7
[INFO] [stderr]    Compiling ident_case v1.0.1
[INFO] [stderr]     Checking smallvec v1.10.0
[INFO] [stderr]     Checking rustc-hash v1.1.0
[INFO] [stderr]    Compiling semver v1.0.17
[INFO] [stderr]     Checking bitflags v1.3.2
[INFO] [stderr]     Checking smallbox v0.8.1
[INFO] [stderr]     Checking longest-increasing-subsequence v0.1.0
[INFO] [stderr]    Compiling async-trait v0.1.68
[INFO] [stderr]     Checking event-listener v2.5.3
[INFO] [stderr]    Compiling typenum v1.16.0
[INFO] [stderr]    Compiling syn v2.0.18
[INFO] [stderr]     Checking bumpslab v0.2.0
[INFO] [stderr]     Checking aho-corasick v1.0.2
[INFO] [stderr]    Compiling generic-array v0.14.7
[INFO] [stderr]     Checking regex-syntax v0.7.2
[INFO] [stderr]    Compiling execute-command-tokens v0.1.6
[INFO] [stderr]     Checking same-file v1.0.6
[INFO] [stderr]     Checking unicode-segmentation v1.10.1
[INFO] [stderr]     Checking concurrent-queue v2.2.0
[INFO] [stderr]    Compiling rustc_version v0.4.0
[INFO] [stderr]     Checking parking v2.1.0
[INFO] [stderr]     Checking waker-fn v1.1.0
[INFO] [stderr]    Compiling getrandom v0.2.10
[INFO] [stderr]    Compiling serde_json v1.0.96
[INFO] [stderr]     Checking fastrand v1.9.0
[INFO] [stderr]    Compiling thiserror v1.0.40
[INFO] [stderr]     Checking futures-lite v1.13.0
[INFO] [stderr]    Compiling parking_lot v0.12.1
[INFO] [stderr]    Compiling interprocess v1.2.1
[INFO] [stderr]     Checking async-channel v1.8.0
[INFO] [stderr]    Compiling hashbrown v0.12.3
[INFO] [stderr]     Checking walkdir v2.3.3
[INFO] [stderr]     Checking async-lock v2.7.0
[INFO] [stderr]     Checking ordered-float v2.10.0
[INFO] [stderr]     Checking inotify-sys v0.1.5
[INFO] [stderr]     Checking bstr v1.5.0
[INFO] [stderr]     Checking aho-corasick v0.7.20
[INFO] [stderr]     Checking ryu v1.0.13
[INFO] [stderr]     Checking async-task v4.4.0
[INFO] [stderr]     Checking itoa v1.0.6
[INFO] [stderr]     Checking atomic-waker v1.1.1
[INFO] [stderr]     Checking inotify v0.9.6
[INFO] [stderr]    Compiling internment v0.7.0
[INFO] [stderr]     Checking mio v0.8.8
[INFO] [stderr]     Checking filetime v0.2.21
[INFO] [stderr]     Checking time v0.1.45
[INFO] [stderr]     Checking blocking v1.3.1
[INFO] [stderr]     Checking crossbeam-channel v0.5.8
[INFO] [stderr]     Checking spinning v0.1.0
[INFO] [stderr]     Checking thread_local v1.1.7
[INFO] [stderr]     Checking iana-time-zone v0.1.57
[INFO] [stderr]     Checking to_method v1.1.0
[INFO] [stderr]     Checking lazy_static v1.4.0
[INFO] [stderr]     Checking intmap v0.7.1
[INFO] [stderr]     Checking chrono v0.4.26
[INFO] [stderr]     Checking lru v0.8.1
[INFO] [stderr]     Checking ux v0.1.5
[INFO] [stderr]    Compiling anyhow v1.0.71
[INFO] [stderr]     Checking smallstr v0.2.0
[INFO] [stderr]     Checking notify v5.2.0
[INFO] [stderr]     Checking regex v1.8.4
[INFO] [stderr]    Compiling dioxus-core v0.3.3
[INFO] [stderr]     Checking globset v0.4.10
[INFO] [stderr]     Checking ignore v0.4.20
[INFO] [stderr]    Compiling wasm-bindgen-backend v0.2.86
[INFO] [stderr]    Compiling darling_core v0.20.1
[INFO] [stderr]    Compiling sledgehammer_bindgen v0.2.2
[INFO] [stderr]    Compiling wasm-bindgen-macro-support v0.2.86
[INFO] [stderr]    Compiling serde_derive v1.0.164
[INFO] [stderr]    Compiling futures-macro v0.3.28
[INFO] [stderr]    Compiling thiserror-impl v1.0.40
[INFO] [stderr]    Compiling serde_repr v0.1.12
[INFO] [stderr]    Compiling execute-command-macro-impl v0.1.9
[INFO] [stderr]     Checking execute-command-macro v0.1.8
[INFO] [stderr]     Checking execute v0.2.12
[INFO] [stderr]    Compiling wasm-bindgen-macro v0.2.86
[INFO] [stderr]    Compiling darling_macro v0.20.1
[INFO] [stderr]    Compiling darling v0.20.1
[INFO] [stderr]    Compiling enumset_derive v0.8.1
[INFO] [stderr]     Checking js-sys v0.3.63
[INFO] [stderr]     Checking console_error_panic_hook v0.1.7
[INFO] [stderr]     Checking enumset v1.1.2
[INFO] [stderr]     Checking futures-executor v0.3.28
[INFO] [stderr]     Checking futures v0.3.28
[INFO] [stderr]     Checking web-sys v0.3.63
[INFO] [stderr]     Checking gloo-timers v0.2.6
[INFO] [stderr]     Checking wasm-bindgen-futures v0.4.36
[INFO] [stderr]     Checking serde-value v0.7.0
[INFO] [stderr]     Checking keyboard-types v0.6.2
[INFO] [stderr]     Checking euclid v0.22.9
[INFO] [stderr]     Checking serde-wasm-bindgen v0.4.5
[INFO] [stderr]    Compiling dioxus-rsx v0.0.2
[INFO] [stderr]    Compiling dioxus-core-macro v0.3.0
[INFO] [stderr]     Checking dioxus-rsx v0.0.3
[INFO] [stderr]     Checking dioxus-hooks v0.3.1
[INFO] [stderr]     Checking sledgehammer_utils v0.1.1
[INFO] [stderr]     Checking dioxus-html v0.3.1
[INFO] [stderr]     Checking dioxus-interpreter-js v0.3.2
[INFO] [stderr]     Checking dioxus-logger v0.4.1
[INFO] [stderr]     Checking dioxus-hot-reload v0.1.1
[INFO] [stderr]     Checking dioxus-web v0.3.2
[INFO] [stderr]     Checking dioxus v0.3.2
[INFO] [stderr]     Checking dioxus-std v0.2.1
[INFO] [stdout] error[E0433]: failed to resolve: could not find `geolocation` in `sys`
[INFO] [stdout]   --> /opt/rustwide/cargo-home/registry/src/index.crates.io-6f17d22bba15001f/dioxus-std-0.2.1/src/library/geolocation.rs:60:29
[INFO] [stdout]    |
[INFO] [stdout] 60 |     device_geolocator: sys::geolocation::Geolocator,
[INFO] [stdout]    |                             ^^^^^^^^^^^ could not find `geolocation` in `sys`
[INFO] [stdout] 
[INFO] [stdout] 
[INFO] [stdout] error[E0433]: failed to resolve: could not find `geolocation` in `sys`
[INFO] [stdout]   --> /opt/rustwide/cargo-home/registry/src/index.crates.io-6f17d22bba15001f/dioxus-std-0.2.1/src/library/geolocation.rs:66:42
[INFO] [stdout]    |
[INFO] [stdout] 66 |         let mut device_geolocator = sys::geolocation::Geolocator::new()?;
[INFO] [stdout]    |                                          ^^^^^^^^^^^ could not find `geolocation` in `sys`
[INFO] [stdout] 
[INFO] [stdout] 
[INFO] [stdout] error[E0433]: failed to resolve: could not find `geolocation` in `sys`
[INFO] [stdout]   --> /opt/rustwide/cargo-home/registry/src/index.crates.io-6f17d22bba15001f/dioxus-std-0.2.1/src/library/geolocation.rs:67:14
[INFO] [stdout]    |
[INFO] [stdout] 67 |         sys::geolocation::set_power_mode(&mut device_geolocator, power_mode)?;
[INFO] [stdout]    |              ^^^^^^^^^^^ could not find `geolocation` in `sys`
[INFO] [stdout] 
[INFO] [stdout] 
[INFO] [stdout] error[E0433]: failed to resolve: could not find `geolocation` in `sys`
[INFO] [stdout]   --> /opt/rustwide/cargo-home/registry/src/index.crates.io-6f17d22bba15001f/dioxus-std-0.2.1/src/library/geolocation.rs:74:14
[INFO] [stdout]    |
[INFO] [stdout] 74 |         sys::geolocation::get_coordinates(&self.device_geolocator).await
[INFO] [stdout]    |              ^^^^^^^^^^^ could not find `geolocation` in `sys`
[INFO] [stdout] 
[INFO] [stdout] 
[INFO] [stdout] error[E0433]: failed to resolve: could not find `geolocation` in `sys`
[INFO] [stdout]   --> /opt/rustwide/cargo-home/registry/src/index.crates.io-6f17d22bba15001f/dioxus-std-0.2.1/src/library/geolocation.rs:79:14
[INFO] [stdout]    |
[INFO] [stdout] 79 |         sys::geolocation::listen(
[INFO] [stdout]    |              ^^^^^^^^^^^ could not find `geolocation` in `sys`
[INFO] [stdout] 
[INFO] [stdout] 
[INFO] [stdout] error: aborting due to 5 previous errors
[INFO] [stdout] 
[INFO] [stdout] 
[INFO] [stdout] For more information about this error, try `rustc --explain E0433`.
[INFO] [stdout] 
[INFO] [stderr] error: could not compile `dioxus-std` (lib) due to 6 previous errors
[INFO] running `Command { std: "docker" "inspect" "3803afa883e296204a2165cb02f6f1e0b7350bf8d8171241a02b2bdfbf386bde", kill_on_drop: false }`
[INFO] running `Command { std: "docker" "rm" "-f" "3803afa883e296204a2165cb02f6f1e0b7350bf8d8171241a02b2bdfbf386bde", kill_on_drop: false }`
[INFO] [stdout] 3803afa883e296204a2165cb02f6f1e0b7350bf8d8171241a02b2bdfbf386bde
