[INFO] cloning repository https://github.com/Dman2502/therm_os
[INFO] running `Command { std: "git" "-c" "credential.helper=" "-c" "credential.helper=/workspace/cargo-home/bin/git-credential-null" "clone" "--bare" "https://github.com/Dman2502/therm_os" "/workspace/cache/git-repos/https%3A%2F%2Fgithub.com%2FDman2502%2Ftherm_os", kill_on_drop: false }`
[INFO] [stderr] Cloning into bare repository '/workspace/cache/git-repos/https%3A%2F%2Fgithub.com%2FDman2502%2Ftherm_os'...
[INFO] running `Command { std: "git" "rev-parse" "HEAD", kill_on_drop: false }`
[INFO] [stdout] c0e9b31003230c0cb069298be7b9f29caeec82f4
[INFO] documenting Dman2502/therm_os against 1.75.0 for beta-1.76-rustdoc-1
[INFO] running `Command { std: "git" "clone" "/workspace/cache/git-repos/https%3A%2F%2Fgithub.com%2FDman2502%2Ftherm_os" "/workspace/builds/worker-1-tc1/source", kill_on_drop: false }`
[INFO] [stderr] Cloning into '/workspace/builds/worker-1-tc1/source'...
[INFO] [stderr] done.
[INFO] validating manifest of git repo https://github.com/Dman2502/therm_os on toolchain 1.75.0
[INFO] running `Command { std: CARGO_HOME="/workspace/cargo-home" RUSTUP_HOME="/workspace/rustup-home" "/workspace/cargo-home/bin/cargo" "+1.75.0" "metadata" "--manifest-path" "Cargo.toml" "--no-deps", kill_on_drop: false }`
[INFO] started tweaking git repo https://github.com/Dman2502/therm_os
[INFO] finished tweaking git repo https://github.com/Dman2502/therm_os
[INFO] tweaked toml for git repo https://github.com/Dman2502/therm_os written to /workspace/builds/worker-1-tc1/source/Cargo.toml
[INFO] crate git repo https://github.com/Dman2502/therm_os already has a lockfile, it will not be regenerated
[INFO] running `Command { std: CARGO_HOME="/workspace/cargo-home" RUSTUP_HOME="/workspace/rustup-home" "/workspace/cargo-home/bin/cargo" "+1.75.0" "fetch" "--manifest-path" "Cargo.toml", kill_on_drop: false }`
[INFO] [stderr]     Updating crates.io index
[INFO] [stderr]  Downloading crates ...
[INFO] [stderr]   Downloaded eui48 v0.4.6
[INFO] [stderr]   Downloaded chacha20-poly1305-aead v0.1.2
[INFO] [stderr]   Downloaded pnet_sys v0.25.0
[INFO] [stderr]   Downloaded pnet_macros_support v0.25.0
[INFO] [stderr]   Downloaded route-recognizer v0.1.13
[INFO] [stderr]   Downloaded srp v0.4.3
[INFO] [stderr]   Downloaded pnet_transport v0.25.0
[INFO] [stderr]   Downloaded ipnetwork v0.15.1
[INFO] [stderr]   Downloaded pnet_datalink v0.25.0
[INFO] [stderr]   Downloaded pnet v0.25.0
[INFO] [stderr]   Downloaded libmdns v0.2.7
[INFO] [stderr]   Downloaded pnet_packet v0.25.0
[INFO] [stderr]   Downloaded hap v0.0.10
[INFO] [stderr]   Downloaded rppal v0.15.0
[INFO] running `Command { std: "docker" "create" "-v" "/var/lib/crater-agent-workspace/builds/worker-1-tc1/target:/opt/rustwide/target:rw,Z" "-v" "/var/lib/crater-agent-workspace/builds/worker-1-tc1/source:/opt/rustwide/workdir:ro,Z" "-v" "/var/lib/crater-agent-workspace/cargo-home:/opt/rustwide/cargo-home:ro,Z" "-v" "/var/lib/crater-agent-workspace/rustup-home:/opt/rustwide/rustup-home:ro,Z" "-e" "SOURCE_DIR=/opt/rustwide/workdir" "-e" "CARGO_TARGET_DIR=/opt/rustwide/target" "-e" "CARGO_HOME=/opt/rustwide/cargo-home" "-e" "RUSTUP_HOME=/opt/rustwide/rustup-home" "-w" "/opt/rustwide/workdir" "-m" "1610612736" "--user" "0:0" "--network" "none" "ghcr.io/rust-lang/crates-build-env/linux@sha256:2788e3201cd34a07e3172128adcd8b3090168a8e3bcc40d7c032b9dda1df7d1c" "/opt/rustwide/cargo-home/bin/cargo" "+1.75.0" "metadata" "--no-deps" "--format-version=1", kill_on_drop: false }`
[INFO] [stdout] 4f99e62a1db7fc241be3eb36c12cfff55269e5296a4dde8a0afb69842726d28c
[INFO] running `Command { std: "docker" "start" "-a" "4f99e62a1db7fc241be3eb36c12cfff55269e5296a4dde8a0afb69842726d28c", kill_on_drop: false }`
[INFO] running `Command { std: "docker" "inspect" "4f99e62a1db7fc241be3eb36c12cfff55269e5296a4dde8a0afb69842726d28c", kill_on_drop: false }`
[INFO] running `Command { std: "docker" "rm" "-f" "4f99e62a1db7fc241be3eb36c12cfff55269e5296a4dde8a0afb69842726d28c", kill_on_drop: false }`
[INFO] [stdout] 4f99e62a1db7fc241be3eb36c12cfff55269e5296a4dde8a0afb69842726d28c
[INFO] running `Command { std: "docker" "create" "-v" "/var/lib/crater-agent-workspace/builds/worker-1-tc1/target:/opt/rustwide/target:rw,Z" "-v" "/var/lib/crater-agent-workspace/builds/worker-1-tc1/source:/opt/rustwide/workdir:ro,Z" "-v" "/var/lib/crater-agent-workspace/cargo-home:/opt/rustwide/cargo-home:ro,Z" "-v" "/var/lib/crater-agent-workspace/rustup-home:/opt/rustwide/rustup-home:ro,Z" "-e" "SOURCE_DIR=/opt/rustwide/workdir" "-e" "CARGO_TARGET_DIR=/opt/rustwide/target" "-e" "CARGO_INCREMENTAL=0" "-e" "RUST_BACKTRACE=full" "-e" "RUSTFLAGS=--cap-lints=warn" "-e" "RUSTDOCFLAGS=--cap-lints=warn" "-e" "CARGO_HOME=/opt/rustwide/cargo-home" "-e" "RUSTUP_HOME=/opt/rustwide/rustup-home" "-w" "/opt/rustwide/workdir" "-m" "1610612736" "--user" "0:0" "--network" "none" "ghcr.io/rust-lang/crates-build-env/linux@sha256:2788e3201cd34a07e3172128adcd8b3090168a8e3bcc40d7c032b9dda1df7d1c" "/opt/rustwide/cargo-home/bin/cargo" "+1.75.0" "doc" "--frozen" "--no-deps" "--document-private-items" "--message-format=json", kill_on_drop: false }`
[INFO] [stdout] 46ec1f4d04f300e9c7507ad68f371462629d8ca1f5649b4b584624cf3e44a746
[INFO] running `Command { std: "docker" "start" "-a" "46ec1f4d04f300e9c7507ad68f371462629d8ca1f5649b4b584624cf3e44a746", kill_on_drop: false }`
[INFO] [stderr]     Checking futures v0.1.31
[INFO] [stderr]     Checking byteorder v1.5.0
[INFO] [stderr]    Compiling semver-parser v0.7.0
[INFO] [stderr]     Checking either v1.9.0
[INFO] [stderr]    Compiling memchr v2.6.4
[INFO] [stderr]    Compiling log v0.4.20
[INFO] [stderr]    Compiling libc v0.2.149
[INFO] [stderr]    Compiling crossbeam-utils v0.7.2
[INFO] [stderr]    Compiling memoffset v0.5.6
[INFO] [stderr]    Compiling serde v1.0.189
[INFO] [stderr]     Checking lock_api v0.3.4
[INFO] [stderr]    Compiling crossbeam-epoch v0.8.2
[INFO] [stderr]     Checking iovec v0.1.4
[INFO] [stderr]     Checking smallvec v0.6.14
[INFO] [stderr]     Checking net2 v0.2.39
[INFO] [stderr]    Compiling num-traits v0.2.17
[INFO] [stderr]    Compiling rustc-serialize v0.3.24
[INFO] [stderr]    Compiling thiserror v1.0.50
[INFO] [stderr]    Compiling semver v0.9.0
[INFO] [stderr]    Compiling log v0.3.9
[INFO] [stderr]    Compiling regex-syntax v0.8.2
[INFO] [stderr]    Compiling term v0.4.6
[INFO] [stderr]     Checking bytes v0.4.12
[INFO] [stderr]     Checking mio v0.6.23
[INFO] [stderr]    Compiling unicode-xid v0.0.3
[INFO] [stderr]    Compiling rustc_version v0.2.3
[INFO] [stderr]    Compiling num-integer v0.1.45
[INFO] [stderr]    Compiling ucd-trie v0.1.6
[INFO] [stderr]    Compiling bitflags v0.5.0
[INFO] [stderr]    Compiling once_cell v1.18.0
[INFO] [stderr]    Compiling getrandom v0.1.16
[INFO] [stderr]    Compiling parking_lot_core v0.6.3
[INFO] [stderr]    Compiling parking_lot v0.9.0
[INFO] [stderr]    Compiling aho-corasick v1.1.2
[INFO] [stderr]    Compiling cc v1.0.83
[INFO] [stderr]     Checking crossbeam-queue v0.2.3
[INFO] [stderr]    Compiling pest v2.7.4
[INFO] [stderr]     Checking mio-uds v0.6.8
[INFO] [stderr]    Compiling num-bigint v0.2.6
[INFO] [stderr]    Compiling glob v0.2.11
[INFO] [stderr]     Checking pnet_base v0.22.0
[INFO] [stderr]    Compiling syn v1.0.109
[INFO] [stderr]     Checking generic-array v0.12.4
[INFO] [stderr]     Checking crossbeam-deque v0.7.4
[INFO] [stderr]     Checking tokio-executor v0.1.10
[INFO] [stderr]     Checking tokio-io v0.1.13
[INFO] [stderr]     Checking tokio-sync v0.1.8
[INFO] [stderr]    Compiling indexmap v1.9.3
[INFO] [stderr]    Compiling same-file v1.0.6
[INFO] [stderr]     Checking tokio-threadpool v0.1.18
[INFO] [stderr]     Checking tokio-current-thread v0.1.7
[INFO] [stderr]     Checking tokio-timer v0.2.13
[INFO] [stderr]    Compiling ryu v1.0.15
[INFO] [stderr]    Compiling itoa v1.0.9
[INFO] [stderr]     Checking itoa v0.4.8
[INFO] [stderr]    Compiling getrandom v0.2.10
[INFO] [stderr]     Checking tokio-codec v0.1.2
[INFO] [stderr]     Checking tokio-reactor v0.1.12
[INFO] [stderr]     Checking http v0.1.21
[INFO] [stderr]    Compiling walkdir v2.4.0
[INFO] [stderr]     Checking rand_core v0.5.1
[INFO] [stderr]     Checking pnet_macros_support v0.25.0
[INFO] [stderr]    Compiling num-rational v0.2.4
[INFO] [stderr]    Compiling num-complex v0.2.4
[INFO] [stderr]     Checking tokio-fs v0.1.7
[INFO] [stderr]     Checking tokio-udp v0.1.6
[INFO] [stderr]     Checking tokio-tcp v0.1.4
[INFO] [stderr]     Checking tokio-uds v0.2.7
[INFO] [stderr]    Compiling num-iter v0.1.43
[INFO] [stderr]     Checking byte-tools v0.3.1
[INFO] [stderr]    Compiling quick-error v1.2.3
[INFO] [stderr]    Compiling syntex_pos v0.42.0
[INFO] [stderr]    Compiling gcc v0.3.55
[INFO] [stderr]     Checking gimli v0.28.0
[INFO] [stderr]    Compiling failure_derive v0.1.8
[INFO] [stderr]     Checking tokio v0.1.22
[INFO] [stderr]    Compiling unicode-xid v0.2.4
[INFO] [stderr]    Compiling syntex_errors v0.42.0
[INFO] [stderr]    Compiling pest_meta v2.7.4
[INFO] [stderr]    Compiling ring v0.14.6
[INFO] [stderr]    Compiling backtrace v0.3.69
[INFO] [stderr]    Compiling regex-automata v0.4.3
[INFO] [stderr]     Checking miniz_oxide v0.7.1
[INFO] [stderr]    Compiling syntex_syntax v0.42.0
[INFO] [stderr]    Compiling rust-crypto v0.2.36
[INFO] [stderr]     Checking object v0.32.1
[INFO] [stderr]     Checking rand_chacha v0.2.2
[INFO] [stderr]     Checking block-padding v0.1.5
[INFO] [stderr]     Checking digest v0.8.1
[INFO] [stderr]     Checking tokio-buf v0.1.1
[INFO] [stderr]    Compiling pest_generator v2.7.4
[INFO] [stderr]    Compiling hyper v0.12.36
[INFO] [stderr]     Checking string v0.2.1
[INFO] [stderr]     Checking rand v0.4.6
[INFO] [stderr]     Checking pnet_sys v0.25.0
[INFO] [stderr]     Checking time v0.1.45
[INFO] [stderr]     Checking pnet_sys v0.34.0
[INFO] [stderr]     Checking ipnetwork v0.15.1
[INFO] [stderr]     Checking scoped-tls v0.1.2
[INFO] [stderr]     Checking match_cfg v0.1.0
[INFO] [stderr]     Checking rustc-demangle v0.1.23
[INFO] [stderr]    Compiling pnet v0.25.0
[INFO] [stderr]     Checking pnet_datalink v0.25.0
[INFO] [stderr]     Checking hostname v0.3.1
[INFO] [stderr]     Checking tokio-core v0.1.18
[INFO] [stderr]     Checking want v0.2.0
[INFO] [stderr]     Checking multimap v0.8.3
[INFO] [stderr]     Checking h2 v0.1.26
[INFO] [stderr]     Checking http-body v0.1.0
[INFO] [stderr]     Checking rand v0.3.23
[INFO] [stderr]     Checking rand v0.7.3
[INFO] [stderr]    Compiling hashbrown v0.5.0
[INFO] [stderr]    Compiling serde_json v1.0.107
[INFO] [stderr]    Compiling synstructure v0.12.6
[INFO] [stderr]    Compiling uuid v0.8.2
[INFO] [stderr]     Checking block-buffer v0.7.3
[INFO] [stderr]     Checking futures-cpupool v0.1.8
[INFO] [stderr]     Checking addr2line v0.21.0
[INFO] [stderr]     Checking if-addrs v0.6.7
[INFO] [stderr]     Checking opaque-debug v0.2.3
[INFO] [stderr]     Checking fake-simd v0.1.2
[INFO] [stderr]     Checking constant_time_eq v0.1.5
[INFO] [stderr]     Checking untrusted v0.6.2
[INFO] [stderr]     Checking spin v0.5.2
[INFO] [stderr]     Checking sha2 v0.8.2
[INFO] [stderr]     Checking chacha20-poly1305-aead v0.1.2
[INFO] [stderr]     Checking libmdns v0.2.7
[INFO] [stderr]     Checking num v0.2.1
[INFO] [stderr]     Checking erased-serde v0.3.31
[INFO] [stderr]     Checking srp v0.4.3
[INFO] [stderr]     Checking route-recognizer v0.1.13
[INFO] [stderr]     Checking rppal v0.15.0
[INFO] [stderr]    Compiling pest_derive v2.7.4
[INFO] [stderr]    Compiling regex v1.10.2
[INFO] [stderr]     Checking eui48 v0.4.6
[INFO] [stderr]    Compiling handlebars v2.0.4
[INFO] [stderr]    Compiling pnet_macros v0.34.0
[INFO] [stderr]     Checking failure v0.1.8
[INFO] [stderr]    Compiling hap v0.0.10
[INFO] [stdout] error: cannot find derive macro `Serialize` in this scope
[INFO] [stdout]   --> /opt/rustwide/cargo-home/registry/src/index.crates.io-6f17d22bba15001f/hap-0.0.10/build.rs:13:17
[INFO] [stdout]    |
[INFO] [stdout] 13 | #[derive(Debug, Serialize, Deserialize)]
[INFO] [stdout]    |                 ^^^^^^^^^
[INFO] [stdout]    |
[INFO] [stdout] note: `Serialize` is imported here, but it is only a trait, without a derive macro
[INFO] [stdout]   --> /opt/rustwide/cargo-home/registry/src/index.crates.io-6f17d22bba15001f/hap-0.0.10/build.rs:11:26
[INFO] [stdout]    |
[INFO] [stdout] 11 | use serde::{Deserialize, Serialize};
[INFO] [stdout]    |                          ^^^^^^^^^
[INFO] [stdout] help: consider importing this derive macro
[INFO] [stdout]    |
[INFO] [stdout] 4  + use serde_derive::Serialize;
[INFO] [stdout]    |
[INFO] [stdout] 
[INFO] [stdout] 
[INFO] [stdout] error: cannot find derive macro `Deserialize` in this scope
[INFO] [stdout]   --> /opt/rustwide/cargo-home/registry/src/index.crates.io-6f17d22bba15001f/hap-0.0.10/build.rs:13:28
[INFO] [stdout]    |
[INFO] [stdout] 13 | #[derive(Debug, Serialize, Deserialize)]
[INFO] [stdout]    |                            ^^^^^^^^^^^
[INFO] [stdout]    |
[INFO] [stdout] note: `Deserialize` is imported here, but it is only a trait, without a derive macro
[INFO] [stdout]   --> /opt/rustwide/cargo-home/registry/src/index.crates.io-6f17d22bba15001f/hap-0.0.10/build.rs:11:13
[INFO] [stdout]    |
[INFO] [stdout] 11 | use serde::{Deserialize, Serialize};
[INFO] [stdout]    |             ^^^^^^^^^^^
[INFO] [stdout] help: consider importing this derive macro
[INFO] [stdout]    |
[INFO] [stdout] 4  + use serde_derive::Deserialize;
[INFO] [stdout]    |
[INFO] [stdout] 
[INFO] [stdout] 
[INFO] [stdout] error: cannot find attribute `serde` in this scope
[INFO] [stdout]   --> /opt/rustwide/cargo-home/registry/src/index.crates.io-6f17d22bba15001f/hap-0.0.10/build.rs:15:7
[INFO] [stdout]    |
[INFO] [stdout] 15 |     #[serde(rename = "Categories")]
[INFO] [stdout]    |       ^^^^^
[INFO] [stdout]    |
[INFO] [stdout]    = note: `serde` is in scope, but it is a crate, not an attribute
[INFO] [stdout] 
[INFO] [stdout] 
[INFO] [stdout] error: cannot find attribute `serde` in this scope
[INFO] [stdout]   --> /opt/rustwide/cargo-home/registry/src/index.crates.io-6f17d22bba15001f/hap-0.0.10/build.rs:17:7
[INFO] [stdout]    |
[INFO] [stdout] 17 |     #[serde(rename = "Characteristics")]
[INFO] [stdout]    |       ^^^^^
[INFO] [stdout]    |
[INFO] [stdout]    = note: `serde` is in scope, but it is a crate, not an attribute
[INFO] [stdout] 
[INFO] [stdout] 
[INFO] [stdout] error: cannot find attribute `serde` in this scope
[INFO] [stdout]   --> /opt/rustwide/cargo-home/registry/src/index.crates.io-6f17d22bba15001f/hap-0.0.10/build.rs:19:7
[INFO] [stdout]    |
[INFO] [stdout] 19 |     #[serde(rename = "Services")]
[INFO] [stdout]    |       ^^^^^
[INFO] [stdout]    |
[INFO] [stdout]    = note: `serde` is in scope, but it is a crate, not an attribute
[INFO] [stdout] 
[INFO] [stdout] 
[INFO] [stdout] error: cannot find derive macro `Serialize` in this scope
[INFO] [stdout]   --> /opt/rustwide/cargo-home/registry/src/index.crates.io-6f17d22bba15001f/hap-0.0.10/build.rs:23:17
[INFO] [stdout]    |
[INFO] [stdout] 23 | #[derive(Debug, Serialize, Deserialize)]
[INFO] [stdout]    |                 ^^^^^^^^^
[INFO] [stdout]    |
[INFO] [stdout] note: `Serialize` is imported here, but it is only a trait, without a derive macro
[INFO] [stdout]   --> /opt/rustwide/cargo-home/registry/src/index.crates.io-6f17d22bba15001f/hap-0.0.10/build.rs:11:26
[INFO] [stdout]    |
[INFO] [stdout] 11 | use serde::{Deserialize, Serialize};
[INFO] [stdout]    |                          ^^^^^^^^^
[INFO] [stdout] help: consider importing this derive macro
[INFO] [stdout]    |
[INFO] [stdout] 4  + use serde_derive::Serialize;
[INFO] [stdout]    |
[INFO] [stdout] 
[INFO] [stdout] 
[INFO] [stdout] error: cannot find derive macro `Deserialize` in this scope
[INFO] [stdout]   --> /opt/rustwide/cargo-home/registry/src/index.crates.io-6f17d22bba15001f/hap-0.0.10/build.rs:23:28
[INFO] [stdout]    |
[INFO] [stdout] 23 | #[derive(Debug, Serialize, Deserialize)]
[INFO] [stdout]    |                            ^^^^^^^^^^^
[INFO] [stdout]    |
[INFO] [stdout] note: `Deserialize` is imported here, but it is only a trait, without a derive macro
[INFO] [stdout]   --> /opt/rustwide/cargo-home/registry/src/index.crates.io-6f17d22bba15001f/hap-0.0.10/build.rs:11:13
[INFO] [stdout]    |
[INFO] [stdout] 11 | use serde::{Deserialize, Serialize};
[INFO] [stdout]    |             ^^^^^^^^^^^
[INFO] [stdout] help: consider importing this derive macro
[INFO] [stdout]    |
[INFO] [stdout] 4  + use serde_derive::Deserialize;
[INFO] [stdout]    |
[INFO] [stdout] 
[INFO] [stdout] 
[INFO] [stdout] error: cannot find attribute `serde` in this scope
[INFO] [stdout]   --> /opt/rustwide/cargo-home/registry/src/index.crates.io-6f17d22bba15001f/hap-0.0.10/build.rs:25:7
[INFO] [stdout]    |
[INFO] [stdout] 25 |     #[serde(rename = "Name")]
[INFO] [stdout]    |       ^^^^^
[INFO] [stdout]    |
[INFO] [stdout]    = note: `serde` is in scope, but it is a crate, not an attribute
[INFO] [stdout] 
[INFO] [stdout] 
[INFO] [stdout] error: cannot find attribute `serde` in this scope
[INFO] [stdout]   --> /opt/rustwide/cargo-home/registry/src/index.crates.io-6f17d22bba15001f/hap-0.0.10/build.rs:27:7
[INFO] [stdout]    |
[INFO] [stdout] 27 |     #[serde(rename = "Category")]
[INFO] [stdout]    |       ^^^^^
[INFO] [stdout]    |
[INFO] [stdout]    = note: `serde` is in scope, but it is a crate, not an attribute
[INFO] [stdout] 
[INFO] [stdout] 
[INFO] [stdout] error: cannot find derive macro `Serialize` in this scope
[INFO] [stdout]   --> /opt/rustwide/cargo-home/registry/src/index.crates.io-6f17d22bba15001f/hap-0.0.10/build.rs:31:17
[INFO] [stdout]    |
[INFO] [stdout] 31 | #[derive(Debug, Serialize, Deserialize)]
[INFO] [stdout]    |                 ^^^^^^^^^
[INFO] [stdout]    |
[INFO] [stdout] note: `Serialize` is imported here, but it is only a trait, without a derive macro
[INFO] [stdout]   --> /opt/rustwide/cargo-home/registry/src/index.crates.io-6f17d22bba15001f/hap-0.0.10/build.rs:11:26
[INFO] [stdout]    |
[INFO] [stdout] 11 | use serde::{Deserialize, Serialize};
[INFO] [stdout]    |                          ^^^^^^^^^
[INFO] [stdout] help: consider importing this derive macro
[INFO] [stdout]    |
[INFO] [stdout] 4  + use serde_derive::Serialize;
[INFO] [stdout]    |
[INFO] [stdout] 
[INFO] [stdout] 
[INFO] [stdout] error: cannot find derive macro `Deserialize` in this scope
[INFO] [stdout]   --> /opt/rustwide/cargo-home/registry/src/index.crates.io-6f17d22bba15001f/hap-0.0.10/build.rs:31:28
[INFO] [stdout]    |
[INFO] [stdout] 31 | #[derive(Debug, Serialize, Deserialize)]
[INFO] [stdout]    |                            ^^^^^^^^^^^
[INFO] [stdout]    |
[INFO] [stdout] note: `Deserialize` is imported here, but it is only a trait, without a derive macro
[INFO] [stdout]   --> /opt/rustwide/cargo-home/registry/src/index.crates.io-6f17d22bba15001f/hap-0.0.10/build.rs:11:13
[INFO] [stdout]    |
[INFO] [stdout] 11 | use serde::{Deserialize, Serialize};
[INFO] [stdout]    |             ^^^^^^^^^^^
[INFO] [stdout] help: consider importing this derive macro
[INFO] [stdout]    |
[INFO] [stdout] 4  + use serde_derive::Deserialize;
[INFO] [stdout]    |
[INFO] [stdout] 
[INFO] [stdout] 
[INFO] [stdout] error: cannot find attribute `serde` in this scope
[INFO] [stdout]   --> /opt/rustwide/cargo-home/registry/src/index.crates.io-6f17d22bba15001f/hap-0.0.10/build.rs:33:7
[INFO] [stdout]    |
[INFO] [stdout] 33 |     #[serde(rename = "UUID")]
[INFO] [stdout]    |       ^^^^^
[INFO] [stdout]    |
[INFO] [stdout]    = note: `serde` is in scope, but it is a crate, not an attribute
[INFO] [stdout] 
[INFO] [stdout] 
[INFO] [stdout] error: cannot find attribute `serde` in this scope
[INFO] [stdout]   --> /opt/rustwide/cargo-home/registry/src/index.crates.io-6f17d22bba15001f/hap-0.0.10/build.rs:35:7
[INFO] [stdout]    |
[INFO] [stdout] 35 |     #[serde(rename = "Name")]
[INFO] [stdout]    |       ^^^^^
[INFO] [stdout]    |
[INFO] [stdout]    = note: `serde` is in scope, but it is a crate, not an attribute
[INFO] [stdout] 
[INFO] [stdout] 
[INFO] [stdout] error: cannot find attribute `serde` in this scope
[INFO] [stdout]   --> /opt/rustwide/cargo-home/registry/src/index.crates.io-6f17d22bba15001f/hap-0.0.10/build.rs:37:7
[INFO] [stdout]    |
[INFO] [stdout] 37 |     #[serde(rename = "Format")]
[INFO] [stdout]    |       ^^^^^
[INFO] [stdout]    |
[INFO] [stdout]    = note: `serde` is in scope, but it is a crate, not an attribute
[INFO] [stdout] 
[INFO] [stdout] 
[INFO] [stdout] error: cannot find attribute `serde` in this scope
[INFO] [stdout]   --> /opt/rustwide/cargo-home/registry/src/index.crates.io-6f17d22bba15001f/hap-0.0.10/build.rs:39:7
[INFO] [stdout]    |
[INFO] [stdout] 39 |     #[serde(rename = "Unit")]
[INFO] [stdout]    |       ^^^^^
[INFO] [stdout]    |
[INFO] [stdout]    = note: `serde` is in scope, but it is a crate, not an attribute
[INFO] [stdout] 
[INFO] [stdout] 
[INFO] [stdout] error: cannot find attribute `serde` in this scope
[INFO] [stdout]   --> /opt/rustwide/cargo-home/registry/src/index.crates.io-6f17d22bba15001f/hap-0.0.10/build.rs:41:7
[INFO] [stdout]    |
[INFO] [stdout] 41 |     #[serde(rename = "Constraints")]
[INFO] [stdout]    |       ^^^^^
[INFO] [stdout]    |
[INFO] [stdout]    = note: `serde` is in scope, but it is a crate, not an attribute
[INFO] [stdout] 
[INFO] [stdout] 
[INFO] [stdout] error: cannot find attribute `serde` in this scope
[INFO] [stdout]   --> /opt/rustwide/cargo-home/registry/src/index.crates.io-6f17d22bba15001f/hap-0.0.10/build.rs:43:7
[INFO] [stdout]    |
[INFO] [stdout] 43 |     #[serde(rename = "Permissions")]
[INFO] [stdout]    |       ^^^^^
[INFO] [stdout]    |
[INFO] [stdout]    = note: `serde` is in scope, but it is a crate, not an attribute
[INFO] [stdout] 
[INFO] [stdout] 
[INFO] [stdout] error: cannot find attribute `serde` in this scope
[INFO] [stdout]   --> /opt/rustwide/cargo-home/registry/src/index.crates.io-6f17d22bba15001f/hap-0.0.10/build.rs:45:7
[INFO] [stdout]    |
[INFO] [stdout] 45 |     #[serde(rename = "Properties")]
[INFO] [stdout]    |       ^^^^^
[INFO] [stdout]    |
[INFO] [stdout]    = note: `serde` is in scope, but it is a crate, not an attribute
[INFO] [stdout] 
[INFO] [stdout] 
[INFO] [stdout] error: cannot find derive macro `Serialize` in this scope
[INFO] [stdout]   --> /opt/rustwide/cargo-home/registry/src/index.crates.io-6f17d22bba15001f/hap-0.0.10/build.rs:49:17
[INFO] [stdout]    |
[INFO] [stdout] 49 | #[derive(Debug, Serialize, Deserialize)]
[INFO] [stdout]    |                 ^^^^^^^^^
[INFO] [stdout]    |
[INFO] [stdout] note: `Serialize` is imported here, but it is only a trait, without a derive macro
[INFO] [stdout]   --> /opt/rustwide/cargo-home/registry/src/index.crates.io-6f17d22bba15001f/hap-0.0.10/build.rs:11:26
[INFO] [stdout]    |
[INFO] [stdout] 11 | use serde::{Deserialize, Serialize};
[INFO] [stdout]    |                          ^^^^^^^^^
[INFO] [stdout] help: consider importing this derive macro
[INFO] [stdout]    |
[INFO] [stdout] 4  + use serde_derive::Serialize;
[INFO] [stdout]    |
[INFO] [stdout] 
[INFO] [stdout] 
[INFO] [stdout] error: cannot find derive macro `Deserialize` in this scope
[INFO] [stdout]   --> /opt/rustwide/cargo-home/registry/src/index.crates.io-6f17d22bba15001f/hap-0.0.10/build.rs:49:28
[INFO] [stdout]    |
[INFO] [stdout] 49 | #[derive(Debug, Serialize, Deserialize)]
[INFO] [stdout]    |                            ^^^^^^^^^^^
[INFO] [stdout]    |
[INFO] [stdout] note: `Deserialize` is imported here, but it is only a trait, without a derive macro
[INFO] [stdout]   --> /opt/rustwide/cargo-home/registry/src/index.crates.io-6f17d22bba15001f/hap-0.0.10/build.rs:11:13
[INFO] [stdout]    |
[INFO] [stdout] 11 | use serde::{Deserialize, Serialize};
[INFO] [stdout]    |             ^^^^^^^^^^^
[INFO] [stdout] help: consider importing this derive macro
[INFO] [stdout]    |
[INFO] [stdout] 4  + use serde_derive::Deserialize;
[INFO] [stdout]    |
[INFO] [stdout] 
[INFO] [stdout] 
[INFO] [stdout] error: cannot find attribute `serde` in this scope
[INFO] [stdout]   --> /opt/rustwide/cargo-home/registry/src/index.crates.io-6f17d22bba15001f/hap-0.0.10/build.rs:51:7
[INFO] [stdout]    |
[INFO] [stdout] 51 |     #[serde(rename = "ValidValues")]
[INFO] [stdout]    |       ^^^^^
[INFO] [stdout]    |
[INFO] [stdout]    = note: `serde` is in scope, but it is a crate, not an attribute
[INFO] [stdout] 
[INFO] [stdout] 
[INFO] [stdout] error: cannot find attribute `serde` in this scope
[INFO] [stdout]   --> /opt/rustwide/cargo-home/registry/src/index.crates.io-6f17d22bba15001f/hap-0.0.10/build.rs:53:7
[INFO] [stdout]    |
[INFO] [stdout] 53 |     #[serde(rename = "MaximumValue")]
[INFO] [stdout]    |       ^^^^^
[INFO] [stdout]    |
[INFO] [stdout]    = note: `serde` is in scope, but it is a crate, not an attribute
[INFO] [stdout] 
[INFO] [stdout] 
[INFO] [stdout] error: cannot find attribute `serde` in this scope
[INFO] [stdout]   --> /opt/rustwide/cargo-home/registry/src/index.crates.io-6f17d22bba15001f/hap-0.0.10/build.rs:55:7
[INFO] [stdout]    |
[INFO] [stdout] 55 |     #[serde(rename = "MinimumValue")]
[INFO] [stdout]    |       ^^^^^
[INFO] [stdout]    |
[INFO] [stdout]    = note: `serde` is in scope, but it is a crate, not an attribute
[INFO] [stdout] 
[INFO] [stdout] 
[INFO] [stdout] error: cannot find attribute `serde` in this scope
[INFO] [stdout]   --> /opt/rustwide/cargo-home/registry/src/index.crates.io-6f17d22bba15001f/hap-0.0.10/build.rs:57:7
[INFO] [stdout]    |
[INFO] [stdout] 57 |     #[serde(rename = "StepValue")]
[INFO] [stdout]    |       ^^^^^
[INFO] [stdout]    |
[INFO] [stdout]    = note: `serde` is in scope, but it is a crate, not an attribute
[INFO] [stdout] 
[INFO] [stdout] 
[INFO] [stdout] error: cannot find attribute `serde` in this scope
[INFO] [stdout]   --> /opt/rustwide/cargo-home/registry/src/index.crates.io-6f17d22bba15001f/hap-0.0.10/build.rs:59:7
[INFO] [stdout]    |
[INFO] [stdout] 59 |     #[serde(rename = "MaximumLength")]
[INFO] [stdout]    |       ^^^^^
[INFO] [stdout]    |
[INFO] [stdout]    = note: `serde` is in scope, but it is a crate, not an attribute
[INFO] [stdout] 
[INFO] [stdout] 
[INFO] [stdout] error: cannot find derive macro `Serialize` in this scope
[INFO] [stdout]   --> /opt/rustwide/cargo-home/registry/src/index.crates.io-6f17d22bba15001f/hap-0.0.10/build.rs:63:17
[INFO] [stdout]    |
[INFO] [stdout] 63 | #[derive(Debug, Serialize, Deserialize)]
[INFO] [stdout]    |                 ^^^^^^^^^
[INFO] [stdout]    |
[INFO] [stdout] note: `Serialize` is imported here, but it is only a trait, without a derive macro
[INFO] [stdout]   --> /opt/rustwide/cargo-home/registry/src/index.crates.io-6f17d22bba15001f/hap-0.0.10/build.rs:11:26
[INFO] [stdout]    |
[INFO] [stdout] 11 | use serde::{Deserialize, Serialize};
[INFO] [stdout]    |                          ^^^^^^^^^
[INFO] [stdout] help: consider importing this derive macro
[INFO] [stdout]    |
[INFO] [stdout] 4  + use serde_derive::Serialize;
[INFO] [stdout]    |
[INFO] [stdout] 
[INFO] [stdout] 
[INFO] [stdout] error: cannot find derive macro `Deserialize` in this scope
[INFO] [stdout]   --> /opt/rustwide/cargo-home/registry/src/index.crates.io-6f17d22bba15001f/hap-0.0.10/build.rs:63:28
[INFO] [stdout]    |
[INFO] [stdout] 63 | #[derive(Debug, Serialize, Deserialize)]
[INFO] [stdout]    |                            ^^^^^^^^^^^
[INFO] [stdout]    |
[INFO] [stdout] note: `Deserialize` is imported here, but it is only a trait, without a derive macro
[INFO] [stdout]   --> /opt/rustwide/cargo-home/registry/src/index.crates.io-6f17d22bba15001f/hap-0.0.10/build.rs:11:13
[INFO] [stdout]    |
[INFO] [stdout] 11 | use serde::{Deserialize, Serialize};
[INFO] [stdout]    |             ^^^^^^^^^^^
[INFO] [stdout] help: consider importing this derive macro
[INFO] [stdout]    |
[INFO] [stdout] 4  + use serde_derive::Deserialize;
[INFO] [stdout]    |
[INFO] [stdout] 
[INFO] [stdout] 
[INFO] [stdout] error: cannot find attribute `serde` in this scope
[INFO] [stdout]   --> /opt/rustwide/cargo-home/registry/src/index.crates.io-6f17d22bba15001f/hap-0.0.10/build.rs:65:7
[INFO] [stdout]    |
[INFO] [stdout] 65 |     #[serde(rename = "UUID")]
[INFO] [stdout]    |       ^^^^^
[INFO] [stdout]    |
[INFO] [stdout]    = note: `serde` is in scope, but it is a crate, not an attribute
[INFO] [stdout] 
[INFO] [stdout] 
[INFO] [stdout] error: cannot find attribute `serde` in this scope
[INFO] [stdout]   --> /opt/rustwide/cargo-home/registry/src/index.crates.io-6f17d22bba15001f/hap-0.0.10/build.rs:67:7
[INFO] [stdout]    |
[INFO] [stdout] 67 |     #[serde(rename = "Name")]
[INFO] [stdout]    |       ^^^^^
[INFO] [stdout]    |
[INFO] [stdout]    = note: `serde` is in scope, but it is a crate, not an attribute
[INFO] [stdout] 
[INFO] [stdout] 
[INFO] [stdout] error: cannot find attribute `serde` in this scope
[INFO] [stdout]   --> /opt/rustwide/cargo-home/registry/src/index.crates.io-6f17d22bba15001f/hap-0.0.10/build.rs:69:7
[INFO] [stdout]    |
[INFO] [stdout] 69 |     #[serde(rename = "RequiredCharacteristics")]
[INFO] [stdout]    |       ^^^^^
[INFO] [stdout]    |
[INFO] [stdout]    = note: `serde` is in scope, but it is a crate, not an attribute
[INFO] [stdout] 
[INFO] [stdout] 
[INFO] [stdout] error: cannot find attribute `serde` in this scope
[INFO] [stdout]   --> /opt/rustwide/cargo-home/registry/src/index.crates.io-6f17d22bba15001f/hap-0.0.10/build.rs:71:7
[INFO] [stdout]    |
[INFO] [stdout] 71 |     #[serde(rename = "OptionalCharacteristics")]
[INFO] [stdout]    |       ^^^^^
[INFO] [stdout]    |
[INFO] [stdout]    = note: `serde` is in scope, but it is a crate, not an attribute
[INFO] [stdout] 
[INFO] [stdout] 
[INFO] [stdout] error[E0277]: the trait bound `for<'de> Metadata: Deserialize<'de>` is not satisfied
[INFO] [stdout]     --> /opt/rustwide/cargo-home/registry/src/index.crates.io-6f17d22bba15001f/hap-0.0.10/build.rs:659:19
[INFO] [stdout]      |
[INFO] [stdout] 659  |         metadata: serde_json::from_reader(&metadata_file).unwrap(),
[INFO] [stdout]      |                   ^^^^^^^^^^^^^^^^^^^^^^^ the trait `for<'de> Deserialize<'de>` is not implemented for `Metadata`
[INFO] [stdout]      |
[INFO] [stdout]      = help: the following other types implement trait `Deserialize<'de>`:
[INFO] [stdout]                bool
[INFO] [stdout]                char
[INFO] [stdout]                isize
[INFO] [stdout]                i8
[INFO] [stdout]                i16
[INFO] [stdout]                i32
[INFO] [stdout]                i64
[INFO] [stdout]                i128
[INFO] [stdout]              and 133 others
[INFO] [stdout]      = note: required for `Metadata` to implement `DeserializeOwned`
[INFO] [stdout] note: required by a bound in `from_reader`
[INFO] [stdout]     --> /opt/rustwide/cargo-home/registry/src/index.crates.io-6f17d22bba15001f/serde_json-1.0.107/src/de.rs:2591:8
[INFO] [stdout]      |
[INFO] [stdout] 2588 | pub fn from_reader<R, T>(rdr: R) -> Result<T>
[INFO] [stdout]      |        ----------- required by a bound in this function
[INFO] [stdout] ...
[INFO] [stdout] 2591 |     T: de::DeserializeOwned,
[INFO] [stdout]      |        ^^^^^^^^^^^^^^^^^^^^ required by this bound in `from_reader`
[INFO] [stdout] 
[INFO] [stdout] 
[INFO] [stdout] error[E0277]: the trait bound `Metadata: Serialize` is not satisfied
[INFO] [stdout]    --> /opt/rustwide/cargo-home/registry/src/index.crates.io-6f17d22bba15001f/hap-0.0.10/build.rs:698:55
[INFO] [stdout]     |
[INFO] [stdout] 698 |     let categories = handlebars.render("categories", &metadata).unwrap();
[INFO] [stdout]     |                                 ------                ^^^^^^^^ the trait `Serialize` is not implemented for `Metadata`
[INFO] [stdout]     |                                 |
[INFO] [stdout]     |                                 required by a bound introduced by this call
[INFO] [stdout]     |
[INFO] [stdout]     = help: the following other types implement trait `Serialize`:
[INFO] [stdout]               bool
[INFO] [stdout]               char
[INFO] [stdout]               isize
[INFO] [stdout]               i8
[INFO] [stdout]               i16
[INFO] [stdout]               i32
[INFO] [stdout]               i64
[INFO] [stdout]               i128
[INFO] [stdout]             and 133 others
[INFO] [stdout]     = note: required for `&Metadata` to implement `Serialize`
[INFO] [stdout] note: required by a bound in `Handlebars::render`
[INFO] [stdout]    --> /opt/rustwide/cargo-home/registry/src/index.crates.io-6f17d22bba15001f/handlebars-2.0.4/src/registry.rs:356:12
[INFO] [stdout]     |
[INFO] [stdout] 354 |     pub fn render<T>(&self, name: &str, data: &T) -> Result<String, RenderError>
[INFO] [stdout]     |            ------ required by a bound in this associated function
[INFO] [stdout] 355 |     where
[INFO] [stdout] 356 |         T: Serialize,
[INFO] [stdout]     |            ^^^^^^^^^ required by this bound in `Handlebars::render`
[INFO] [stdout] 
[INFO] [stdout] 
[INFO] [stdout] error[E0277]: the trait bound `Metadata: Serialize` is not satisfied
[INFO] [stdout]    --> /opt/rustwide/cargo-home/registry/src/index.crates.io-6f17d22bba15001f/hap-0.0.10/build.rs:703:51
[INFO] [stdout]     |
[INFO] [stdout] 703 |     let hap_type = handlebars.render("hap_type", &metadata).unwrap();
[INFO] [stdout]     |                               ------              ^^^^^^^^ the trait `Serialize` is not implemented for `Metadata`
[INFO] [stdout]     |                               |
[INFO] [stdout]     |                               required by a bound introduced by this call
[INFO] [stdout]     |
[INFO] [stdout]     = help: the following other types implement trait `Serialize`:
[INFO] [stdout]               bool
[INFO] [stdout]               char
[INFO] [stdout]               isize
[INFO] [stdout]               i8
[INFO] [stdout]               i16
[INFO] [stdout]               i32
[INFO] [stdout]               i64
[INFO] [stdout]               i128
[INFO] [stdout]             and 133 others
[INFO] [stdout]     = note: required for `&Metadata` to implement `Serialize`
[INFO] [stdout] note: required by a bound in `Handlebars::render`
[INFO] [stdout]    --> /opt/rustwide/cargo-home/registry/src/index.crates.io-6f17d22bba15001f/handlebars-2.0.4/src/registry.rs:356:12
[INFO] [stdout]     |
[INFO] [stdout] 354 |     pub fn render<T>(&self, name: &str, data: &T) -> Result<String, RenderError>
[INFO] [stdout]     |            ------ required by a bound in this associated function
[INFO] [stdout] 355 |     where
[INFO] [stdout] 356 |         T: Serialize,
[INFO] [stdout]     |            ^^^^^^^^^ required by this bound in `Handlebars::render`
[INFO] [stdout] 
[INFO] [stdout] 
[INFO] [stdout] error[E0277]: the trait bound `Characteristic: Serialize` is not satisfied
[INFO] [stdout]    --> /opt/rustwide/cargo-home/registry/src/index.crates.io-6f17d22bba15001f/hap-0.0.10/build.rs:716:40
[INFO] [stdout]     |
[INFO] [stdout] 716 |             .render("characteristic", &json!({ "characteristic": c }))
[INFO] [stdout]     |                                        ^^^^^^^^^^^^^^^^^^^^^^^^^^^^^^
[INFO] [stdout]     |                                        |
[INFO] [stdout]     |                                        the trait `Serialize` is not implemented for `Characteristic`
[INFO] [stdout]     |                                        required by a bound introduced by this call
[INFO] [stdout]     |
[INFO] [stdout]     = help: the following other types implement trait `Serialize`:
[INFO] [stdout]               bool
[INFO] [stdout]               char
[INFO] [stdout]               isize
[INFO] [stdout]               i8
[INFO] [stdout]               i16
[INFO] [stdout]               i32
[INFO] [stdout]               i64
[INFO] [stdout]               i128
[INFO] [stdout]             and 133 others
[INFO] [stdout]     = note: required for `&Characteristic` to implement `Serialize`
[INFO] [stdout]     = note: 1 redundant requirement hidden
[INFO] [stdout]     = note: required for `&&Characteristic` to implement `Serialize`
[INFO] [stdout] note: required by a bound in `to_value`
[INFO] [stdout]    --> /opt/rustwide/cargo-home/registry/src/index.crates.io-6f17d22bba15001f/serde_json-1.0.107/src/value/mod.rs:963:8
[INFO] [stdout]     |
[INFO] [stdout] 961 | pub fn to_value<T>(value: T) -> Result<Value, Error>
[INFO] [stdout]     |        -------- required by a bound in this function
[INFO] [stdout] 962 | where
[INFO] [stdout] 963 |     T: Serialize,
[INFO] [stdout]     |        ^^^^^^^^^ required by this bound in `to_value`
[INFO] [stdout]     = note: this error originates in the macro `json_internal` which comes from the expansion of the macro `json` (in Nightly builds, run with -Z macro-backtrace for more info)
[INFO] [stdout] 
[INFO] [stdout] 
[INFO] [stdout] error[E0277]: the trait bound `Service: Serialize` is not satisfied
[INFO] [stdout]    --> /opt/rustwide/cargo-home/registry/src/index.crates.io-6f17d22bba15001f/hap-0.0.10/build.rs:764:18
[INFO] [stdout]     |
[INFO] [stdout] 764 |                   &json!({
[INFO] [stdout]     |  __________________^
[INFO] [stdout] 765 | |                     "service": s,
[INFO] [stdout] 766 | |                     "required_characteristics": &required_characteristics,
[INFO] [stdout] 767 | |                     "optional_characteristics": &optional_characteristics,
[INFO] [stdout] 768 | |                 }),
[INFO] [stdout]     | |                  ^
[INFO] [stdout]     | |                  |
[INFO] [stdout]     | |__________________the trait `Serialize` is not implemented for `Service`
[INFO] [stdout]     |                    required by a bound introduced by this call
[INFO] [stdout]     |
[INFO] [stdout]     = help: the following other types implement trait `Serialize`:
[INFO] [stdout]               bool
[INFO] [stdout]               char
[INFO] [stdout]               isize
[INFO] [stdout]               i8
[INFO] [stdout]               i16
[INFO] [stdout]               i32
[INFO] [stdout]               i64
[INFO] [stdout]               i128
[INFO] [stdout]             and 133 others
[INFO] [stdout]     = note: required for `&Service` to implement `Serialize`
[INFO] [stdout]     = note: 1 redundant requirement hidden
[INFO] [stdout]     = note: required for `&&Service` to implement `Serialize`
[INFO] [stdout] note: required by a bound in `to_value`
[INFO] [stdout]    --> /opt/rustwide/cargo-home/registry/src/index.crates.io-6f17d22bba15001f/serde_json-1.0.107/src/value/mod.rs:963:8
[INFO] [stdout]     |
[INFO] [stdout] 961 | pub fn to_value<T>(value: T) -> Result<Value, Error>
[INFO] [stdout]     |        -------- required by a bound in this function
[INFO] [stdout] 962 | where
[INFO] [stdout] 963 |     T: Serialize,
[INFO] [stdout]     |        ^^^^^^^^^ required by this bound in `to_value`
[INFO] [stdout]     = note: this error originates in the macro `json_internal` which comes from the expansion of the macro `json` (in Nightly builds, run with -Z macro-backtrace for more info)
[INFO] [stdout] 
[INFO] [stdout] 
[INFO] [stdout] error[E0277]: the trait bound `Characteristic: Serialize` is not satisfied
[INFO] [stdout]    --> /opt/rustwide/cargo-home/registry/src/index.crates.io-6f17d22bba15001f/hap-0.0.10/build.rs:764:18
[INFO] [stdout]     |
[INFO] [stdout] 764 |                   &json!({
[INFO] [stdout]     |  __________________^
[INFO] [stdout] 765 | |                     "service": s,
[INFO] [stdout] 766 | |                     "required_characteristics": &required_characteristics,
[INFO] [stdout] 767 | |                     "optional_characteristics": &optional_characteristics,
[INFO] [stdout] 768 | |                 }),
[INFO] [stdout]     | |                  ^
[INFO] [stdout]     | |                  |
[INFO] [stdout]     | |__________________the trait `Serialize` is not implemented for `Characteristic`
[INFO] [stdout]     |                    required by a bound introduced by this call
[INFO] [stdout]     |
[INFO] [stdout]     = help: the following other types implement trait `Serialize`:
[INFO] [stdout]               bool
[INFO] [stdout]               char
[INFO] [stdout]               isize
[INFO] [stdout]               i8
[INFO] [stdout]               i16
[INFO] [stdout]               i32
[INFO] [stdout]               i64
[INFO] [stdout]               i128
[INFO] [stdout]             and 133 others
[INFO] [stdout]     = note: required for `&Characteristic` to implement `Serialize`
[INFO] [stdout]     = note: 3 redundant requirements hidden
[INFO] [stdout]     = note: required for `&&Vec<&Characteristic>` to implement `Serialize`
[INFO] [stdout] note: required by a bound in `to_value`
[INFO] [stdout]    --> /opt/rustwide/cargo-home/registry/src/index.crates.io-6f17d22bba15001f/serde_json-1.0.107/src/value/mod.rs:963:8
[INFO] [stdout]     |
[INFO] [stdout] 961 | pub fn to_value<T>(value: T) -> Result<Value, Error>
[INFO] [stdout]     |        -------- required by a bound in this function
[INFO] [stdout] 962 | where
[INFO] [stdout] 963 |     T: Serialize,
[INFO] [stdout]     |        ^^^^^^^^^ required by this bound in `to_value`
[INFO] [stdout]     = note: this error originates in the macro `json_internal` which comes from the expansion of the macro `json` (in Nightly builds, run with -Z macro-backtrace for more info)
[INFO] [stdout] 
[INFO] [stdout] 
[INFO] [stdout] error[E0277]: the trait bound `Characteristic: Serialize` is not satisfied
[INFO] [stdout]    --> /opt/rustwide/cargo-home/registry/src/index.crates.io-6f17d22bba15001f/hap-0.0.10/build.rs:764:18
[INFO] [stdout]     |
[INFO] [stdout] 764 |                   &json!({
[INFO] [stdout]     |  __________________^
[INFO] [stdout] 765 | |                     "service": s,
[INFO] [stdout] 766 | |                     "required_characteristics": &required_characteristics,
[INFO] [stdout] 767 | |                     "optional_characteristics": &optional_characteristics,
[INFO] [stdout] 768 | |                 }),
[INFO] [stdout]     | |                  ^
[INFO] [stdout]     | |                  |
[INFO] [stdout]     | |__________________the trait `Serialize` is not implemented for `Characteristic`
[INFO] [stdout]     |                    required by a bound introduced by this call
[INFO] [stdout]     |
[INFO] [stdout]     = help: the following other types implement trait `Serialize`:
[INFO] [stdout]               bool
[INFO] [stdout]               char
[INFO] [stdout]               isize
[INFO] [stdout]               i8
[INFO] [stdout]               i16
[INFO] [stdout]               i32
[INFO] [stdout]               i64
[INFO] [stdout]               i128
[INFO] [stdout]             and 133 others
[INFO] [stdout]     = note: required for `&Characteristic` to implement `Serialize`
[INFO] [stdout]     = note: 3 redundant requirements hidden
[INFO] [stdout]     = note: required for `&&Vec<&Characteristic>` to implement `Serialize`
[INFO] [stdout] note: required by a bound in `to_value`
[INFO] [stdout]    --> /opt/rustwide/cargo-home/registry/src/index.crates.io-6f17d22bba15001f/serde_json-1.0.107/src/value/mod.rs:963:8
[INFO] [stdout]     |
[INFO] [stdout] 961 | pub fn to_value<T>(value: T) -> Result<Value, Error>
[INFO] [stdout]     |        -------- required by a bound in this function
[INFO] [stdout] 962 | where
[INFO] [stdout] 963 |     T: Serialize,
[INFO] [stdout]     |        ^^^^^^^^^ required by this bound in `to_value`
[INFO] [stdout]     = note: this error originates in the macro `json_internal` which comes from the expansion of the macro `json` (in Nightly builds, run with -Z macro-backtrace for more info)
[INFO] [stdout] 
[INFO] [stdout] 
[INFO] [stdout] error[E0277]: the trait bound `Service: Serialize` is not satisfied
[INFO] [stdout]    --> /opt/rustwide/cargo-home/registry/src/index.crates.io-6f17d22bba15001f/hap-0.0.10/build.rs:798:22
[INFO] [stdout]     |
[INFO] [stdout] 798 |                     &json!({"service": s, "characteristics": &metadata.characteristics}),
[INFO] [stdout]     |                      ^^^^^^^^^^^^^^^^^^^^^^^^^^^^^^^^^^^^^^^^^^^^^^^^^^^^^^^^^^^^^^^^^^^
[INFO] [stdout]     |                      |
[INFO] [stdout]     |                      the trait `Serialize` is not implemented for `Service`
[INFO] [stdout]     |                      required by a bound introduced by this call
[INFO] [stdout]     |
[INFO] [stdout]     = help: the following other types implement trait `Serialize`:
[INFO] [stdout]               bool
[INFO] [stdout]               char
[INFO] [stdout]               isize
[INFO] [stdout]               i8
[INFO] [stdout]               i16
[INFO] [stdout]               i32
[INFO] [stdout]               i64
[INFO] [stdout]               i128
[INFO] [stdout]             and 133 others
[INFO] [stdout]     = note: required for `&Service` to implement `Serialize`
[INFO] [stdout]     = note: 1 redundant requirement hidden
[INFO] [stdout]     = note: required for `&&Service` to implement `Serialize`
[INFO] [stdout] note: required by a bound in `to_value`
[INFO] [stdout]    --> /opt/rustwide/cargo-home/registry/src/index.crates.io-6f17d22bba15001f/serde_json-1.0.107/src/value/mod.rs:963:8
[INFO] [stdout]     |
[INFO] [stdout] 961 | pub fn to_value<T>(value: T) -> Result<Value, Error>
[INFO] [stdout]     |        -------- required by a bound in this function
[INFO] [stdout] 962 | where
[INFO] [stdout] 963 |     T: Serialize,
[INFO] [stdout]     |        ^^^^^^^^^ required by this bound in `to_value`
[INFO] [stdout]     = note: this error originates in the macro `json_internal` which comes from the expansion of the macro `json` (in Nightly builds, run with -Z macro-backtrace for more info)
[INFO] [stdout] 
[INFO] [stdout] 
[INFO] [stdout] error[E0277]: the trait bound `Characteristic: Serialize` is not satisfied
[INFO] [stdout]    --> /opt/rustwide/cargo-home/registry/src/index.crates.io-6f17d22bba15001f/hap-0.0.10/build.rs:798:22
[INFO] [stdout]     |
[INFO] [stdout] 798 |                     &json!({"service": s, "characteristics": &metadata.characteristics}),
[INFO] [stdout]     |                      ^^^^^^^^^^^^^^^^^^^^^^^^^^^^^^^^^^^^^^^^^^^^^^^^^^^^^^^^^^^^^^^^^^^
[INFO] [stdout]     |                      |
[INFO] [stdout]     |                      the trait `Serialize` is not implemented for `Characteristic`
[INFO] [stdout]     |                      required by a bound introduced by this call
[INFO] [stdout]     |
[INFO] [stdout]     = help: the following other types implement trait `Serialize`:
[INFO] [stdout]               bool
[INFO] [stdout]               char
[INFO] [stdout]               isize
[INFO] [stdout]               i8
[INFO] [stdout]               i16
[INFO] [stdout]               i32
[INFO] [stdout]               i64
[INFO] [stdout]               i128
[INFO] [stdout]             and 133 others
[INFO] [stdout]     = note: required for `Vec<Characteristic>` to implement `Serialize`
[INFO] [stdout]     = note: 2 redundant requirements hidden
[INFO] [stdout]     = note: required for `&&Vec<Characteristic>` to implement `Serialize`
[INFO] [stdout] note: required by a bound in `to_value`
[INFO] [stdout]    --> /opt/rustwide/cargo-home/registry/src/index.crates.io-6f17d22bba15001f/serde_json-1.0.107/src/value/mod.rs:963:8
[INFO] [stdout]     |
[INFO] [stdout] 961 | pub fn to_value<T>(value: T) -> Result<Value, Error>
[INFO] [stdout]     |        -------- required by a bound in this function
[INFO] [stdout] 962 | where
[INFO] [stdout] 963 |     T: Serialize,
[INFO] [stdout]     |        ^^^^^^^^^ required by this bound in `to_value`
[INFO] [stdout]     = note: this error originates in the macro `json_internal` which comes from the expansion of the macro `json` (in Nightly builds, run with -Z macro-backtrace for more info)
[INFO] [stdout] 
[INFO] [stdout] 
[INFO] [stdout] error: aborting due to 40 previous errors
[INFO] [stdout] 
[INFO] [stdout] 
[INFO] [stdout] For more information about this error, try `rustc --explain E0277`.
[INFO] [stdout] 
[INFO] [stderr] error: could not compile `hap` (build script) due to 41 previous errors
[INFO] [stderr] warning: build failed, waiting for other jobs to finish...
[INFO] running `Command { std: "docker" "inspect" "46ec1f4d04f300e9c7507ad68f371462629d8ca1f5649b4b584624cf3e44a746", kill_on_drop: false }`
[INFO] running `Command { std: "docker" "rm" "-f" "46ec1f4d04f300e9c7507ad68f371462629d8ca1f5649b4b584624cf3e44a746", kill_on_drop: false }`
[INFO] [stdout] 46ec1f4d04f300e9c7507ad68f371462629d8ca1f5649b4b584624cf3e44a746
[INFO] documenting Dman2502/therm_os against beta-2023-12-22 for beta-1.76-rustdoc-1
[INFO] running `Command { std: "git" "clone" "/workspace/cache/git-repos/https%3A%2F%2Fgithub.com%2FDman2502%2Ftherm_os" "/workspace/builds/worker-1-tc2/source", kill_on_drop: false }`
[INFO] [stderr] Cloning into '/workspace/builds/worker-1-tc2/source'...
[INFO] [stderr] done.
[INFO] validating manifest of git repo https://github.com/Dman2502/therm_os on toolchain beta-2023-12-22
[INFO] running `Command { std: CARGO_HOME="/workspace/cargo-home" RUSTUP_HOME="/workspace/rustup-home" "/workspace/cargo-home/bin/cargo" "+beta-2023-12-22" "metadata" "--manifest-path" "Cargo.toml" "--no-deps", kill_on_drop: false }`
[INFO] started tweaking git repo https://github.com/Dman2502/therm_os
[INFO] finished tweaking git repo https://github.com/Dman2502/therm_os
[INFO] tweaked toml for git repo https://github.com/Dman2502/therm_os written to /workspace/builds/worker-1-tc2/source/Cargo.toml
[INFO] crate git repo https://github.com/Dman2502/therm_os already has a lockfile, it will not be regenerated
[INFO] running `Command { std: CARGO_HOME="/workspace/cargo-home" RUSTUP_HOME="/workspace/rustup-home" "/workspace/cargo-home/bin/cargo" "+beta-2023-12-22" "fetch" "--manifest-path" "Cargo.toml", kill_on_drop: false }`
[INFO] running `Command { std: "docker" "create" "-v" "/var/lib/crater-agent-workspace/builds/worker-1-tc2/target:/opt/rustwide/target:rw,Z" "-v" "/var/lib/crater-agent-workspace/builds/worker-1-tc2/source:/opt/rustwide/workdir:ro,Z" "-v" "/var/lib/crater-agent-workspace/cargo-home:/opt/rustwide/cargo-home:ro,Z" "-v" "/var/lib/crater-agent-workspace/rustup-home:/opt/rustwide/rustup-home:ro,Z" "-e" "SOURCE_DIR=/opt/rustwide/workdir" "-e" "CARGO_TARGET_DIR=/opt/rustwide/target" "-e" "CARGO_HOME=/opt/rustwide/cargo-home" "-e" "RUSTUP_HOME=/opt/rustwide/rustup-home" "-w" "/opt/rustwide/workdir" "-m" "1610612736" "--user" "0:0" "--network" "none" "ghcr.io/rust-lang/crates-build-env/linux@sha256:2788e3201cd34a07e3172128adcd8b3090168a8e3bcc40d7c032b9dda1df7d1c" "/opt/rustwide/cargo-home/bin/cargo" "+beta-2023-12-22" "metadata" "--no-deps" "--format-version=1", kill_on_drop: false }`
[INFO] [stdout] f3074551a10f4b623d7c2a844e2c4c3af80733f2d918a7d6df130901f502e0c5
[INFO] running `Command { std: "docker" "start" "-a" "f3074551a10f4b623d7c2a844e2c4c3af80733f2d918a7d6df130901f502e0c5", kill_on_drop: false }`
[INFO] running `Command { std: "docker" "inspect" "f3074551a10f4b623d7c2a844e2c4c3af80733f2d918a7d6df130901f502e0c5", kill_on_drop: false }`
[INFO] running `Command { std: "docker" "rm" "-f" "f3074551a10f4b623d7c2a844e2c4c3af80733f2d918a7d6df130901f502e0c5", kill_on_drop: false }`
[INFO] [stdout] f3074551a10f4b623d7c2a844e2c4c3af80733f2d918a7d6df130901f502e0c5
[INFO] running `Command { std: "docker" "create" "-v" "/var/lib/crater-agent-workspace/builds/worker-1-tc2/target:/opt/rustwide/target:rw,Z" "-v" "/var/lib/crater-agent-workspace/builds/worker-1-tc2/source:/opt/rustwide/workdir:ro,Z" "-v" "/var/lib/crater-agent-workspace/cargo-home:/opt/rustwide/cargo-home:ro,Z" "-v" "/var/lib/crater-agent-workspace/rustup-home:/opt/rustwide/rustup-home:ro,Z" "-e" "SOURCE_DIR=/opt/rustwide/workdir" "-e" "CARGO_TARGET_DIR=/opt/rustwide/target" "-e" "CARGO_INCREMENTAL=0" "-e" "RUST_BACKTRACE=full" "-e" "RUSTFLAGS=--cap-lints=warn" "-e" "RUSTDOCFLAGS=--cap-lints=warn" "-e" "CARGO_HOME=/opt/rustwide/cargo-home" "-e" "RUSTUP_HOME=/opt/rustwide/rustup-home" "-w" "/opt/rustwide/workdir" "-m" "1610612736" "--user" "0:0" "--network" "none" "ghcr.io/rust-lang/crates-build-env/linux@sha256:2788e3201cd34a07e3172128adcd8b3090168a8e3bcc40d7c032b9dda1df7d1c" "/opt/rustwide/cargo-home/bin/cargo" "+beta-2023-12-22" "doc" "--frozen" "--no-deps" "--document-private-items" "--message-format=json", kill_on_drop: false }`
[INFO] [stdout] ad0e3807edd5e3b270b3650c1030b9737637ed7a97d9ebe3b19beb1251575d83
[INFO] running `Command { std: "docker" "start" "-a" "ad0e3807edd5e3b270b3650c1030b9737637ed7a97d9ebe3b19beb1251575d83", kill_on_drop: false }`
[INFO] [stderr]     Checking futures v0.1.31
[INFO] [stderr]     Checking byteorder v1.5.0
[INFO] [stderr]    Compiling semver-parser v0.7.0
[INFO] [stderr]     Checking either v1.9.0
[INFO] [stderr]    Compiling memchr v2.6.4
[INFO] [stderr]    Compiling log v0.4.20
[INFO] [stderr]    Compiling libc v0.2.149
[INFO] [stderr]    Compiling crossbeam-utils v0.7.2
[INFO] [stderr]    Compiling memoffset v0.5.6
[INFO] [stderr]    Compiling serde v1.0.189
[INFO] [stderr]    Compiling num-traits v0.2.17
[INFO] [stderr]     Checking lock_api v0.3.4
[INFO] [stderr]     Checking iovec v0.1.4
[INFO] [stderr]     Checking smallvec v0.6.14
[INFO] [stderr]     Checking net2 v0.2.39
[INFO] [stderr]    Compiling crossbeam-epoch v0.8.2
[INFO] [stderr]    Compiling rustc-serialize v0.3.24
[INFO] [stderr]    Compiling semver v0.9.0
[INFO] [stderr]    Compiling log v0.3.9
[INFO] [stderr]    Compiling thiserror v1.0.50
[INFO] [stderr]     Checking bytes v0.4.12
[INFO] [stderr]    Compiling regex-syntax v0.8.2
[INFO] [stderr]    Compiling term v0.4.6
[INFO] [stderr]     Checking mio v0.6.23
[INFO] [stderr]    Compiling unicode-xid v0.0.3
[INFO] [stderr]    Compiling rustc_version v0.2.3
[INFO] [stdout] error[E0310]: the parameter type `T` may not live long enough
[INFO] [stdout]     --> /opt/rustwide/cargo-home/registry/src/index.crates.io-6f17d22bba15001f/rustc-serialize-0.3.24/src/serialize.rs:1155:5
[INFO] [stdout]      |
[INFO] [stdout] 1155 |     fn decode<D: Decoder>(d: &mut D) -> Result<Cow<'static, T>, D::Error> {
[INFO] [stdout]      |     ^^^^^^^^^^^^^^^^^^^^^^^^^^^^^^^^^^^^^^^^^^^^^^^^^^^^^^^^^^^^^^^^^^^^^
[INFO] [stdout]      |     |
[INFO] [stdout]      |     the parameter type `T` must be valid for the static lifetime...
[INFO] [stdout]      |     ...so that the type `T` will meet its required lifetime bounds...
[INFO] [stdout]      |
[INFO] [stdout] note: ...that is required by this bound
[INFO] [stdout]     --> /rustc/0e09125c6c3c2fd70d7de961bcf0e51575235fad/library/alloc/src/borrow.rs:180:30
[INFO] [stdout] help: consider adding an explicit lifetime bound
[INFO] [stdout]      |
[INFO] [stdout] 1151 | impl<'a, T: ?Sized + 'static> Decodable for Cow<'a, T>
[INFO] [stdout]      |                    +++++++++
[INFO] [stdout] 
[INFO] [stdout] 
[INFO] [stderr]    Compiling num-integer v0.1.45
[INFO] [stderr]    Compiling ucd-trie v0.1.6
[INFO] [stderr]    Compiling bitflags v0.5.0
[INFO] [stderr]    Compiling once_cell v1.18.0
[INFO] [stderr]    Compiling getrandom v0.1.16
[INFO] [stderr]    Compiling parking_lot_core v0.6.3
[INFO] [stderr]    Compiling parking_lot v0.9.0
[INFO] [stderr]    Compiling aho-corasick v1.1.2
[INFO] [stderr]    Compiling cc v1.0.83
[INFO] [stderr]     Checking crossbeam-queue v0.2.3
[INFO] [stderr]    Compiling pest v2.7.4
[INFO] [stderr]     Checking mio-uds v0.6.8
[INFO] [stderr]    Compiling num-bigint v0.2.6
[INFO] [stderr]     Checking pnet_base v0.22.0
[INFO] [stderr]    Compiling syn v1.0.109
[INFO] [stderr]     Checking crossbeam-deque v0.7.4
[INFO] [stderr]    Compiling glob v0.2.11
[INFO] [stderr]     Checking generic-array v0.12.4
[INFO] [stderr]     Checking tokio-executor v0.1.10
[INFO] [stdout] error: aborting due to 1 previous error
[INFO] [stdout] 
[INFO] [stdout] 
[INFO] [stdout] For more information about this error, try `rustc --explain E0310`.
[INFO] [stdout] 
[INFO] [stderr] error: could not compile `rustc-serialize` (lib) due to 2 previous errors
[INFO] [stderr] warning: build failed, waiting for other jobs to finish...
[INFO] running `Command { std: "docker" "inspect" "ad0e3807edd5e3b270b3650c1030b9737637ed7a97d9ebe3b19beb1251575d83", kill_on_drop: false }`
[INFO] running `Command { std: "docker" "rm" "-f" "ad0e3807edd5e3b270b3650c1030b9737637ed7a97d9ebe3b19beb1251575d83", kill_on_drop: false }`
[INFO] [stdout] ad0e3807edd5e3b270b3650c1030b9737637ed7a97d9ebe3b19beb1251575d83
