[INFO] cloning repository https://github.com/Dituon/petpet-rs
[INFO] running `Command { std: "git" "-c" "credential.helper=" "-c" "credential.helper=/workspace/cargo-home/bin/git-credential-null" "clone" "--bare" "https://github.com/Dituon/petpet-rs" "/workspace/cache/git-repos/https%3A%2F%2Fgithub.com%2FDituon%2Fpetpet-rs", kill_on_drop: false }`
[INFO] [stderr] Cloning into bare repository '/workspace/cache/git-repos/https%3A%2F%2Fgithub.com%2FDituon%2Fpetpet-rs'...
[INFO] running `Command { std: "git" "rev-parse" "HEAD", kill_on_drop: false }`
[INFO] [stdout] 9ca3df56e74aaaf4f770347c428fb6a0650ed1d9
[INFO] documenting Dituon/petpet-rs against 1.75.0 for beta-1.76-rustdoc-1
[INFO] running `Command { std: "git" "clone" "/workspace/cache/git-repos/https%3A%2F%2Fgithub.com%2FDituon%2Fpetpet-rs" "/workspace/builds/worker-0-tc1/source", kill_on_drop: false }`
[INFO] [stderr] Cloning into '/workspace/builds/worker-0-tc1/source'...
[INFO] [stderr] done.
[INFO] validating manifest of git repo https://github.com/Dituon/petpet-rs on toolchain 1.75.0
[INFO] running `Command { std: CARGO_HOME="/workspace/cargo-home" RUSTUP_HOME="/workspace/rustup-home" "/workspace/cargo-home/bin/cargo" "+1.75.0" "metadata" "--manifest-path" "Cargo.toml" "--no-deps", kill_on_drop: false }`
[INFO] started tweaking git repo https://github.com/Dituon/petpet-rs
[INFO] finished tweaking git repo https://github.com/Dituon/petpet-rs
[INFO] tweaked toml for git repo https://github.com/Dituon/petpet-rs written to /workspace/builds/worker-0-tc1/source/Cargo.toml
[INFO] crate git repo https://github.com/Dituon/petpet-rs already has a lockfile, it will not be regenerated
[INFO] running `Command { std: CARGO_HOME="/workspace/cargo-home" RUSTUP_HOME="/workspace/rustup-home" "/workspace/cargo-home/bin/cargo" "+1.75.0" "fetch" "--manifest-path" "Cargo.toml", kill_on_drop: false }`
[INFO] [stderr]     Updating crates.io index
[INFO] [stderr]  Downloading crates ...
[INFO] [stderr]   Downloaded pyo3-build-config v0.20.0
[INFO] [stderr]   Downloaded skia-bindings v0.68.0
[INFO] [stderr]   Downloaded skia-safe v0.68.0
[INFO] [stderr]   Downloaded pyo3 v0.20.0
[INFO] [stderr]   Downloaded color-art v0.3.7
[INFO] running `Command { std: "docker" "create" "-v" "/var/lib/crater-agent-workspace/builds/worker-0-tc1/target:/opt/rustwide/target:rw,Z" "-v" "/var/lib/crater-agent-workspace/builds/worker-0-tc1/source:/opt/rustwide/workdir:ro,Z" "-v" "/var/lib/crater-agent-workspace/cargo-home:/opt/rustwide/cargo-home:ro,Z" "-v" "/var/lib/crater-agent-workspace/rustup-home:/opt/rustwide/rustup-home:ro,Z" "-e" "SOURCE_DIR=/opt/rustwide/workdir" "-e" "CARGO_TARGET_DIR=/opt/rustwide/target" "-e" "CARGO_HOME=/opt/rustwide/cargo-home" "-e" "RUSTUP_HOME=/opt/rustwide/rustup-home" "-w" "/opt/rustwide/workdir" "-m" "1610612736" "--user" "0:0" "--network" "none" "ghcr.io/rust-lang/crates-build-env/linux@sha256:2788e3201cd34a07e3172128adcd8b3090168a8e3bcc40d7c032b9dda1df7d1c" "/opt/rustwide/cargo-home/bin/cargo" "+1.75.0" "metadata" "--no-deps" "--format-version=1", kill_on_drop: false }`
[INFO] [stdout] 46b1b68be3a0ae704708ab85ec0cb3a8411e6c65a3fa573dd0348fe84ce3cc37
[INFO] running `Command { std: "docker" "start" "-a" "46b1b68be3a0ae704708ab85ec0cb3a8411e6c65a3fa573dd0348fe84ce3cc37", kill_on_drop: false }`
[INFO] running `Command { std: "docker" "inspect" "46b1b68be3a0ae704708ab85ec0cb3a8411e6c65a3fa573dd0348fe84ce3cc37", kill_on_drop: false }`
[INFO] running `Command { std: "docker" "rm" "-f" "46b1b68be3a0ae704708ab85ec0cb3a8411e6c65a3fa573dd0348fe84ce3cc37", kill_on_drop: false }`
[INFO] [stdout] 46b1b68be3a0ae704708ab85ec0cb3a8411e6c65a3fa573dd0348fe84ce3cc37
[INFO] running `Command { std: "docker" "create" "-v" "/var/lib/crater-agent-workspace/builds/worker-0-tc1/target:/opt/rustwide/target:rw,Z" "-v" "/var/lib/crater-agent-workspace/builds/worker-0-tc1/source:/opt/rustwide/workdir:ro,Z" "-v" "/var/lib/crater-agent-workspace/cargo-home:/opt/rustwide/cargo-home:ro,Z" "-v" "/var/lib/crater-agent-workspace/rustup-home:/opt/rustwide/rustup-home:ro,Z" "-e" "SOURCE_DIR=/opt/rustwide/workdir" "-e" "CARGO_TARGET_DIR=/opt/rustwide/target" "-e" "CARGO_INCREMENTAL=0" "-e" "RUST_BACKTRACE=full" "-e" "RUSTFLAGS=--cap-lints=warn" "-e" "RUSTDOCFLAGS=--cap-lints=warn" "-e" "CARGO_HOME=/opt/rustwide/cargo-home" "-e" "RUSTUP_HOME=/opt/rustwide/rustup-home" "-w" "/opt/rustwide/workdir" "-m" "1610612736" "--user" "0:0" "--network" "none" "ghcr.io/rust-lang/crates-build-env/linux@sha256:2788e3201cd34a07e3172128adcd8b3090168a8e3bcc40d7c032b9dda1df7d1c" "/opt/rustwide/cargo-home/bin/cargo" "+1.75.0" "doc" "--frozen" "--no-deps" "--document-private-items" "--message-format=json", kill_on_drop: false }`
[INFO] [stdout] 3fd9fd61ebfee10dc44281a139f1dbcfbd0985bfe8478d62ae43a62f9d068fad
[INFO] running `Command { std: "docker" "start" "-a" "3fd9fd61ebfee10dc44281a139f1dbcfbd0985bfe8478d62ae43a62f9d068fad", kill_on_drop: false }`
[INFO] [stderr]    Compiling libc v0.2.150
[INFO] [stderr]    Compiling proc-macro2 v1.0.69
[INFO] [stderr]    Compiling unicode-ident v1.0.12
[INFO] [stderr]    Compiling cfg-if v1.0.0
[INFO] [stderr]     Checking scopeguard v1.2.0
[INFO] [stderr]    Compiling futures-core v0.3.29
[INFO] [stderr]     Checking pin-project-lite v0.2.13
[INFO] [stderr]     Checking once_cell v1.18.0
[INFO] [stderr]     Checking memchr v2.6.4
[INFO] [stderr]    Compiling serde v1.0.190
[INFO] [stderr]     Checking futures-sink v0.3.29
[INFO] [stderr]    Compiling futures-task v0.3.29
[INFO] [stderr]    Compiling futures-channel v0.3.29
[INFO] [stderr]     Checking log v0.4.20
[INFO] [stderr]    Compiling slab v0.4.9
[INFO] [stderr]    Compiling lock_api v0.4.11
[INFO] [stderr]     Checking itoa v1.0.9
[INFO] [stderr]     Checking bytes v1.5.0
[INFO] [stderr]    Compiling parking_lot_core v0.9.9
[INFO] [stderr]     Checking smallvec v1.11.1
[INFO] [stderr]    Compiling futures-util v0.3.29
[INFO] [stderr]    Compiling untrusted v0.9.0
[INFO] [stderr]     Checking tracing-core v0.1.32
[INFO] [stderr]    Compiling glob v0.3.1
[INFO] [stderr]     Checking futures-io v0.3.29
[INFO] [stderr]    Compiling tinyvec_macros v0.1.1
[INFO] [stderr]    Compiling spin v0.9.8
[INFO] [stderr]    Compiling tinyvec v1.6.0
[INFO] [stderr]    Compiling prettyplease v0.2.15
[INFO] [stderr]    Compiling rustversion v1.0.14
[INFO] [stderr]    Compiling rustix v0.38.21
[INFO] [stderr]    Compiling crc32fast v1.3.2
[INFO] [stderr]    Compiling rustls v0.21.9
[INFO] [stderr]    Compiling bitflags v2.4.1
[INFO] [stderr]    Compiling equivalent v1.0.1
[INFO] [stderr]    Compiling regex-syntax v0.8.2
[INFO] [stderr]    Compiling percent-encoding v2.3.0
[INFO] [stderr]    Compiling adler v1.0.2
[INFO] [stderr]    Compiling aho-corasick v1.1.2
[INFO] [stderr]    Compiling hashbrown v0.14.2
[INFO] [stderr]    Compiling linux-raw-sys v0.4.10
[INFO] [stderr]    Compiling minimal-lexical v0.2.1
[INFO] [stderr]    Compiling clang-sys v1.6.1
[INFO] [stderr]    Compiling unicode-bidi v0.3.13
[INFO] [stderr]    Compiling quote v1.0.33
[INFO] [stderr]    Compiling nom v7.1.3
[INFO] [stderr]    Compiling miniz_oxide v0.7.1
[INFO] [stderr]    Compiling syn v2.0.39
[INFO] [stderr]    Compiling form_urlencoded v1.2.0
[INFO] [stderr]     Checking getrandom v0.2.10
[INFO] [stderr]    Compiling cc v1.0.83
[INFO] [stderr]    Compiling unicode-normalization v0.1.22
[INFO] [stderr]     Checking signal-hook-registry v1.4.1
[INFO] [stderr]     Checking mio v0.8.9
[INFO] [stderr]     Checking socket2 v0.5.5
[INFO] [stderr]     Checking num_cpus v1.16.0
[INFO] [stderr]    Compiling indexmap v2.1.0
[INFO] [stderr]     Checking parking_lot v0.12.1
[INFO] [stderr]     Checking tracing v0.1.40
[INFO] [stderr]     Checking http v0.2.9
[INFO] [stderr]    Compiling libloading v0.7.4
[INFO] [stderr]    Compiling indexmap v1.9.3
[INFO] [stderr]    Compiling memoffset v0.9.0
[INFO] [stderr]    Compiling crossbeam-utils v0.8.16
[INFO] [stderr]    Compiling idna v0.4.0
[INFO] [stderr]    Compiling winnow v0.5.19
[INFO] [stderr]    Compiling either v1.9.0
[INFO] [stderr]    Compiling home v0.5.5
[INFO] [stderr]    Compiling bindgen v0.68.1
[INFO] [stderr]    Compiling serde_json v1.0.108
[INFO] [stderr]    Compiling flate2 v1.0.28
[INFO] [stderr]    Compiling xattr v1.0.1
[INFO] [stderr]    Compiling filetime v0.2.22
[INFO] [stderr]    Compiling crossbeam-epoch v0.9.15
[INFO] [stderr]    Compiling lazy_static v1.4.0
[INFO] [stderr]    Compiling shlex v1.2.0
[INFO] [stderr]    Compiling url v2.4.1
[INFO] [stderr]    Compiling rustc-hash v1.1.0
[INFO] [stderr]    Compiling webpki-roots v0.25.3
[INFO] [stderr]    Compiling peeking_take_while v0.1.2
[INFO] [stderr]    Compiling lazycell v1.3.0
[INFO] [stderr]    Compiling base64 v0.21.5
[INFO] [stderr]    Compiling ryu v1.0.15
[INFO] [stderr]    Compiling ring v0.17.6
[INFO] [stderr]    Compiling regex-automata v0.4.3
[INFO] [stderr]    Compiling tar v0.4.40
[INFO] [stderr]     Checking http-body v0.4.5
[INFO] [stderr]    Compiling cexpr v0.6.0
[INFO] [stderr]    Compiling heck v0.4.1
[INFO] [stderr]     Checking try-lock v0.2.4
[INFO] [stderr]    Compiling version_check v0.9.4
[INFO] [stderr]    Compiling async-trait v0.1.74
[INFO] [stderr]     Checking want v0.3.1
[INFO] [stderr]    Compiling which v4.4.2
[INFO] [stderr]    Compiling axum-core v0.3.4
[INFO] [stderr]     Checking rand_core v0.6.4
[INFO] [stderr]     Checking socket2 v0.4.10
[INFO] [stderr]    Compiling ahash v0.8.6
[INFO] [stderr]    Compiling serde_spanned v0.6.4
[INFO] [stderr]    Compiling toml_datetime v0.6.5
[INFO] [stderr]    Compiling thiserror v1.0.50
[INFO] [stderr]     Checking mime v0.3.17
[INFO] [stderr]     Checking httpdate v1.0.3
[INFO] [stderr]    Compiling toml_edit v0.20.7
[INFO] [stderr]    Compiling rayon-core v1.12.0
[INFO] [stderr]     Checking tower-layer v0.3.2
[INFO] [stderr]     Checking rand_chacha v0.3.1
[INFO] [stderr]     Checking crossbeam-deque v0.8.3
[INFO] [stderr]    Compiling axum v0.6.20
[INFO] [stderr]    Compiling paste v1.0.14
[INFO] [stderr]     Checking overload v0.1.1
[INFO] [stderr]     Checking zerocopy v0.7.25
[INFO] [stderr]     Checking nu-ansi-term v0.46.0
[INFO] [stderr]     Checking sharded-slab v0.1.7
[INFO] [stderr]     Checking rand v0.8.5
[INFO] [stderr]     Checking tracing-log v0.2.0
[INFO] [stderr]     Checking thread_local v1.1.7
[INFO] [stderr]     Checking encoding_rs v0.8.33
[INFO] [stderr]     Checking ipnet v2.9.0
[INFO] [stderr]     Checking weezl v0.1.7
[INFO] [stderr]     Checking matchit v0.7.3
[INFO] [stderr]     Checking nom v1.2.4
[INFO] [stderr]     Checking hashbrown v0.13.2
[INFO] [stderr]     Checking sync_wrapper v0.1.2
[INFO] [stderr]     Checking color_quant v1.1.0
[INFO] [stderr]     Checking tracing-subscriber v0.3.18
[INFO] [stderr]     Checking gif v0.12.0
[INFO] [stderr]     Checking rayon v1.8.0
[INFO] [stderr]    Compiling regex v1.10.2
[INFO] [stderr]     Checking meval v0.2.0
[INFO] [stderr]     Checking schnellru v0.2.1
[INFO] [stderr]    Compiling toml v0.8.6
[INFO] [stderr]    Compiling futures-macro v0.3.29
[INFO] [stderr]    Compiling tokio-macros v2.1.0
[INFO] [stderr]    Compiling serde_derive v1.0.190
[INFO] [stderr]    Compiling pin-project-internal v1.1.3
[INFO] [stderr]    Compiling thiserror-impl v1.0.50
[INFO] [stderr]     Checking tokio v1.33.0
[INFO] [stderr]     Checking pin-project v1.1.3
[INFO] [stderr]     Checking color-art v0.3.7
[INFO] [stderr]     Checking rustls-webpki v0.101.7
[INFO] [stderr]     Checking sct v0.7.1
[INFO] [stderr]     Checking futures-executor v0.3.29
[INFO] [stderr]     Checking futures v0.3.29
[INFO] [stderr]    Compiling ureq v2.9.1
[INFO] [stderr]     Checking tokio-util v0.7.10
[INFO] [stderr]     Checking tower v0.4.13
[INFO] [stderr]     Checking h2 v0.3.21
[INFO] [stderr]    Compiling skia-bindings v0.68.0
[INFO] [stderr]     Checking serde_urlencoded v0.7.1
[INFO] [stderr]     Checking serde_path_to_error v0.1.14
[INFO] [stderr]     Checking hyper v0.14.27
[INFO] [stderr] error: failed to run custom build command for `skia-bindings v0.68.0`
[INFO] [stderr] note: To improve backtraces for build dependencies, set the CARGO_PROFILE_DEV_BUILD_OVERRIDE_DEBUG=true environment variable to enable debug information generation.
[INFO] [stderr] 
[INFO] [stderr] Caused by:
[INFO] [stderr]   process didn't exit successfully: `/opt/rustwide/target/debug/build/skia-bindings-19189cc2fef714cb/build-script-build` (exit status: 101)
[INFO] [stderr]   --- stdout
[INFO] [stderr]   cargo:rerun-if-env-changed=DOCS_RS
[INFO] [stderr]   cargo:rerun-if-env-changed=SKIA_DEBUG
[INFO] [stderr]   HOST: x86_64-unknown-linux-gnu
[INFO] [stderr]   cargo:rerun-if-env-changed=SKIA_USE_SYSTEM_LIBRARIES
[INFO] [stderr]   cargo:rerun-if-env-changed=SKIA_USE_SYSTEM_LIBRARIES
[INFO] [stderr]   cargo:rerun-if-env-changed=SKIA_SOURCE_DIR
[INFO] [stderr]   cargo:rerun-if-env-changed=FORCE_SKIA_BUILD
[INFO] [stderr]   cargo:rerun-if-env-changed=FORCE_SKIA_BINARIES_DOWNLOAD
[INFO] [stderr]   TRYING TO DOWNLOAD AND INSTALL SKIA BINARIES: 0.68.0/f0bea3ad919500904bb9-x86_64-unknown-linux-gnu-gl-textlayout
[INFO] [stderr]   cargo:rerun-if-env-changed=SKIA_BINARIES_URL
[INFO] [stderr]     FROM: https://github.com/rust-skia/skia-binaries/releases/download/0.68.0/skia-binaries-f0bea3ad919500904bb9-x86_64-unknown-linux-gnu-gl-textlayout.tar.gz
[INFO] [stderr]   DOWNLOAD AND INSTALL FAILED: https://github.com/rust-skia/skia-binaries/releases/download/0.68.0/skia-binaries-f0bea3ad919500904bb9-x86_64-unknown-linux-gnu-gl-textlayout.tar.gz: Dns Failed: resolve dns name 'github.com:443': failed to lookup address information: Temporary failure in name resolution
[INFO] [stderr]   STARTING A FULL BUILD
[INFO] [stderr]   cargo:rerun-if-env-changed=CLANGCC
[INFO] [stderr]   cargo:rerun-if-env-changed=CC
[INFO] [stderr]   cargo:rerun-if-env-changed=CLANGCXX
[INFO] [stderr]   cargo:rerun-if-env-changed=CXX
[INFO] [stderr]   HOST: x86_64-unknown-linux-gnu
[INFO] [stderr]   cargo:rerun-if-env-changed=OPT_LEVEL
[INFO] [stderr]   cargo:rerun-if-env-changed=SKIA_USE_SYSTEM_LIBRARIES
[INFO] [stderr]   HOST: x86_64-unknown-linux-gnu
[INFO] [stderr]   cargo:rerun-if-env-changed=SDKTARGETSYSROOT
[INFO] [stderr]   cargo:rerun-if-env-changed=SDKROOT
[INFO] [stderr]   HOST: x86_64-unknown-linux-gnu
[INFO] [stderr]   cargo:rerun-if-env-changed=SKIA_NINJA_COMMAND
[INFO] [stderr]   cargo:rerun-if-env-changed=SKIA_GN_COMMAND
[INFO] [stderr]   Probing 'python'
[INFO] [stderr]   Probing 'python3'
[INFO] [stderr]   Python 3 found: "python3"
[INFO] [stderr]   Synchronizing Skia dependencies
[INFO] [stderr]   DOWNLOADING: https://codeload.github.com/rust-skia/skia/tar.gz/m119-0.67.3
[INFO] [stderr] 
[INFO] [stderr]   --- stderr
[INFO] [stderr]   thread 'main' panicked at /opt/rustwide/cargo-home/registry/src/index.crates.io-6f17d22bba15001f/skia-bindings-0.68.0/build_support/binary_cache/download.rs:77:35:
[INFO] [stderr]   Failed to download https://codeload.github.com/rust-skia/skia/tar.gz/m119-0.67.3 (https://codeload.github.com/rust-skia/skia/tar.gz/m119-0.67.3: Dns Failed: resolve dns name 'codeload.github.com:443': failed to lookup address information: Temporary failure in name resolution)
[INFO] [stderr]   stack backtrace:
[INFO] [stderr]      0:     0x560e65f2b3fc - std::backtrace_rs::backtrace::libunwind::trace::ha637c64ce894333a
[INFO] [stderr]                                  at /rustc/82e1608dfa6e0b5569232559e3d385fea5a93112/library/std/src/../../backtrace/src/backtrace/libunwind.rs:104:5
[INFO] [stderr]      1:     0x560e65f2b3fc - std::backtrace_rs::backtrace::trace_unsynchronized::h47f62dea28e0c88d
[INFO] [stderr]                                  at /rustc/82e1608dfa6e0b5569232559e3d385fea5a93112/library/std/src/../../backtrace/src/backtrace/mod.rs:66:5
[INFO] [stderr]      2:     0x560e65f2b3fc - std::sys_common::backtrace::_print_fmt::h9eef0abe20ede486
[INFO] [stderr]                                  at /rustc/82e1608dfa6e0b5569232559e3d385fea5a93112/library/std/src/sys_common/backtrace.rs:67:5
[INFO] [stderr]      3:     0x560e65f2b3fc - <std::sys_common::backtrace::_print::DisplayBacktrace as core::fmt::Display>::fmt::hed7f999df88cc644
[INFO] [stderr]                                  at /rustc/82e1608dfa6e0b5569232559e3d385fea5a93112/library/std/src/sys_common/backtrace.rs:44:22
[INFO] [stderr]      4:     0x560e65f5c600 - core::fmt::rt::Argument::fmt::h1539a9308b8d058d
[INFO] [stderr]                                  at /rustc/82e1608dfa6e0b5569232559e3d385fea5a93112/library/core/src/fmt/rt.rs:142:9
[INFO] [stderr]      5:     0x560e65f5c600 - core::fmt::write::h3a39390d8560d9c9
[INFO] [stderr]                                  at /rustc/82e1608dfa6e0b5569232559e3d385fea5a93112/library/core/src/fmt/mod.rs:1120:17
[INFO] [stderr]      6:     0x560e65f2728f - std::io::Write::write_fmt::h5fc9997dfe05f882
[INFO] [stderr]                                  at /rustc/82e1608dfa6e0b5569232559e3d385fea5a93112/library/std/src/io/mod.rs:1762:15
[INFO] [stderr]      7:     0x560e65f2b1e4 - std::sys_common::backtrace::_print::h894006fb5c6f3d45
[INFO] [stderr]                                  at /rustc/82e1608dfa6e0b5569232559e3d385fea5a93112/library/std/src/sys_common/backtrace.rs:47:5
[INFO] [stderr]      8:     0x560e65f2b1e4 - std::sys_common::backtrace::print::h23a2d212c6fff936
[INFO] [stderr]                                  at /rustc/82e1608dfa6e0b5569232559e3d385fea5a93112/library/std/src/sys_common/backtrace.rs:34:9
[INFO] [stderr]      9:     0x560e65f2d017 - std::panicking::default_hook::{{closure}}::h8a1d2ee00185001a
[INFO] [stderr]     10:     0x560e65f2cd7f - std::panicking::default_hook::h6038f2eba384e475
[INFO] [stderr]                                  at /rustc/82e1608dfa6e0b5569232559e3d385fea5a93112/library/std/src/panicking.rs:292:9
[INFO] [stderr]     11:     0x560e65f2d498 - std::panicking::rust_panic_with_hook::h2b5517d590cab22e
[INFO] [stderr]                                  at /rustc/82e1608dfa6e0b5569232559e3d385fea5a93112/library/std/src/panicking.rs:779:13
[INFO] [stderr]     12:     0x560e65f2d37e - std::panicking::begin_panic_handler::{{closure}}::h233112c06e0ef43e
[INFO] [stderr]                                  at /rustc/82e1608dfa6e0b5569232559e3d385fea5a93112/library/std/src/panicking.rs:657:13
[INFO] [stderr]     13:     0x560e65f2b8c6 - std::sys_common::backtrace::__rust_end_short_backtrace::h6e893f24d7ebbff8
[INFO] [stderr]                                  at /rustc/82e1608dfa6e0b5569232559e3d385fea5a93112/library/std/src/sys_common/backtrace.rs:170:18
[INFO] [stderr]     14:     0x560e65f2d0e2 - rust_begin_unwind
[INFO] [stderr]                                  at /rustc/82e1608dfa6e0b5569232559e3d385fea5a93112/library/std/src/panicking.rs:645:5
[INFO] [stderr]     15:     0x560e65491035 - core::panicking::panic_fmt::hbf0e066aabfa482c
[INFO] [stderr]                                  at /rustc/82e1608dfa6e0b5569232559e3d385fea5a93112/library/core/src/panicking.rs:72:14
[INFO] [stderr]     16:     0x560e654bc2d5 - build_script_build::build_support::binary_cache::download::download_dependencies::{{closure}}::h112bb4b0b0fd4877
[INFO] [stderr]     17:     0x560e654b51ba - core::result::Result<T,E>::unwrap_or_else::hb89a2927e18b3fca
[INFO] [stderr]     18:     0x560e654bbc82 - build_script_build::build_support::binary_cache::download::download_dependencies::h487f588a24c653a1
[INFO] [stderr]     19:     0x560e654bb3c8 - build_script_build::build_support::binary_cache::download::resolve_dependencies::h08cce3c865b1ea47
[INFO] [stderr]     20:     0x560e654a1e12 - build_script_build::build_support::skia::config::build::hab0add385514c923
[INFO] [stderr]     21:     0x560e654c1963 - build_script_build::build_from_source::h7ff83222dd26906e
[INFO] [stderr]     22:     0x560e654c1346 - build_script_build::main::hf4a7f177bcfabe5d
[INFO] [stderr]     23:     0x560e654a6893 - core::ops::function::FnOnce::call_once::hfe069205dc7d9f54
[INFO] [stderr]     24:     0x560e654c83f6 - std::sys_common::backtrace::__rust_begin_short_backtrace::h766004a068c4db82
[INFO] [stderr]     25:     0x560e654ab0c9 - std::rt::lang_start::{{closure}}::h904e825e5271c241
[INFO] [stderr]     26:     0x560e65f21627 - core::ops::function::impls::<impl core::ops::function::FnOnce<A> for &F>::call_once::hd95060ecd5e1ca24
[INFO] [stderr]                                  at /rustc/82e1608dfa6e0b5569232559e3d385fea5a93112/library/core/src/ops/function.rs:284:13
[INFO] [stderr]     27:     0x560e65f21627 - std::panicking::try::do_call::h6e8cf51db32a6e4b
[INFO] [stderr]                                  at /rustc/82e1608dfa6e0b5569232559e3d385fea5a93112/library/std/src/panicking.rs:552:40
[INFO] [stderr]     28:     0x560e65f21627 - std::panicking::try::h3a52eefe24fe3c29
[INFO] [stderr]                                  at /rustc/82e1608dfa6e0b5569232559e3d385fea5a93112/library/std/src/panicking.rs:516:19
[INFO] [stderr]     29:     0x560e65f21627 - std::panic::catch_unwind::h24c28c23c02c3841
[INFO] [stderr]                                  at /rustc/82e1608dfa6e0b5569232559e3d385fea5a93112/library/std/src/panic.rs:142:14
[INFO] [stderr]     30:     0x560e65f21627 - std::rt::lang_start_internal::{{closure}}::h705d3c9cbc06ef47
[INFO] [stderr]                                  at /rustc/82e1608dfa6e0b5569232559e3d385fea5a93112/library/std/src/rt.rs:148:48
[INFO] [stderr]     31:     0x560e65f21627 - std::panicking::try::do_call::ha21f52ba13158470
[INFO] [stderr]                                  at /rustc/82e1608dfa6e0b5569232559e3d385fea5a93112/library/std/src/panicking.rs:552:40
[INFO] [stderr]     32:     0x560e65f21627 - std::panicking::try::h5581346bf6aeb1f8
[INFO] [stderr]                                  at /rustc/82e1608dfa6e0b5569232559e3d385fea5a93112/library/std/src/panicking.rs:516:19
[INFO] [stderr]     33:     0x560e65f21627 - std::panic::catch_unwind::h7919645a6b72e25b
[INFO] [stderr]                                  at /rustc/82e1608dfa6e0b5569232559e3d385fea5a93112/library/std/src/panic.rs:142:14
[INFO] [stderr]     34:     0x560e65f21627 - std::rt::lang_start_internal::h12de51168669836e
[INFO] [stderr]                                  at /rustc/82e1608dfa6e0b5569232559e3d385fea5a93112/library/std/src/rt.rs:148:20
[INFO] [stderr]     35:     0x560e654ab0a7 - std::rt::lang_start::h5e720e903eae11a4
[INFO] [stderr]     36:     0x560e654c1e75 - main
[INFO] [stderr]     37:     0x7fe950c3fd90 - <unknown>
[INFO] [stderr]     38:     0x7fe950c3fe40 - __libc_start_main
[INFO] [stderr]     39:     0x560e65491905 - _start
[INFO] [stderr]     40:                0x0 - <unknown>
[INFO] [stderr] warning: build failed, waiting for other jobs to finish...
[INFO] running `Command { std: "docker" "inspect" "3fd9fd61ebfee10dc44281a139f1dbcfbd0985bfe8478d62ae43a62f9d068fad", kill_on_drop: false }`
[INFO] running `Command { std: "docker" "rm" "-f" "3fd9fd61ebfee10dc44281a139f1dbcfbd0985bfe8478d62ae43a62f9d068fad", kill_on_drop: false }`
[INFO] [stdout] 3fd9fd61ebfee10dc44281a139f1dbcfbd0985bfe8478d62ae43a62f9d068fad
[INFO] documenting Dituon/petpet-rs against beta-2023-12-22 for beta-1.76-rustdoc-1
[INFO] running `Command { std: "git" "clone" "/workspace/cache/git-repos/https%3A%2F%2Fgithub.com%2FDituon%2Fpetpet-rs" "/workspace/builds/worker-0-tc2/source", kill_on_drop: false }`
[INFO] [stderr] Cloning into '/workspace/builds/worker-0-tc2/source'...
[INFO] [stderr] done.
[INFO] validating manifest of git repo https://github.com/Dituon/petpet-rs on toolchain beta-2023-12-22
[INFO] running `Command { std: CARGO_HOME="/workspace/cargo-home" RUSTUP_HOME="/workspace/rustup-home" "/workspace/cargo-home/bin/cargo" "+beta-2023-12-22" "metadata" "--manifest-path" "Cargo.toml" "--no-deps", kill_on_drop: false }`
[INFO] started tweaking git repo https://github.com/Dituon/petpet-rs
[INFO] finished tweaking git repo https://github.com/Dituon/petpet-rs
[INFO] tweaked toml for git repo https://github.com/Dituon/petpet-rs written to /workspace/builds/worker-0-tc2/source/Cargo.toml
[INFO] crate git repo https://github.com/Dituon/petpet-rs already has a lockfile, it will not be regenerated
[INFO] running `Command { std: CARGO_HOME="/workspace/cargo-home" RUSTUP_HOME="/workspace/rustup-home" "/workspace/cargo-home/bin/cargo" "+beta-2023-12-22" "fetch" "--manifest-path" "Cargo.toml", kill_on_drop: false }`
[INFO] running `Command { std: "docker" "create" "-v" "/var/lib/crater-agent-workspace/builds/worker-0-tc2/target:/opt/rustwide/target:rw,Z" "-v" "/var/lib/crater-agent-workspace/builds/worker-0-tc2/source:/opt/rustwide/workdir:ro,Z" "-v" "/var/lib/crater-agent-workspace/cargo-home:/opt/rustwide/cargo-home:ro,Z" "-v" "/var/lib/crater-agent-workspace/rustup-home:/opt/rustwide/rustup-home:ro,Z" "-e" "SOURCE_DIR=/opt/rustwide/workdir" "-e" "CARGO_TARGET_DIR=/opt/rustwide/target" "-e" "CARGO_HOME=/opt/rustwide/cargo-home" "-e" "RUSTUP_HOME=/opt/rustwide/rustup-home" "-w" "/opt/rustwide/workdir" "-m" "1610612736" "--user" "0:0" "--network" "none" "ghcr.io/rust-lang/crates-build-env/linux@sha256:2788e3201cd34a07e3172128adcd8b3090168a8e3bcc40d7c032b9dda1df7d1c" "/opt/rustwide/cargo-home/bin/cargo" "+beta-2023-12-22" "metadata" "--no-deps" "--format-version=1", kill_on_drop: false }`
[INFO] [stdout] 52b16d876bd4cbdfa0fc599197289632a1514ea8164df08fc7c6d1b5ee083cdf
[INFO] running `Command { std: "docker" "start" "-a" "52b16d876bd4cbdfa0fc599197289632a1514ea8164df08fc7c6d1b5ee083cdf", kill_on_drop: false }`
[INFO] running `Command { std: "docker" "inspect" "52b16d876bd4cbdfa0fc599197289632a1514ea8164df08fc7c6d1b5ee083cdf", kill_on_drop: false }`
[INFO] running `Command { std: "docker" "rm" "-f" "52b16d876bd4cbdfa0fc599197289632a1514ea8164df08fc7c6d1b5ee083cdf", kill_on_drop: false }`
[INFO] [stdout] 52b16d876bd4cbdfa0fc599197289632a1514ea8164df08fc7c6d1b5ee083cdf
[INFO] running `Command { std: "docker" "create" "-v" "/var/lib/crater-agent-workspace/builds/worker-0-tc2/target:/opt/rustwide/target:rw,Z" "-v" "/var/lib/crater-agent-workspace/builds/worker-0-tc2/source:/opt/rustwide/workdir:ro,Z" "-v" "/var/lib/crater-agent-workspace/cargo-home:/opt/rustwide/cargo-home:ro,Z" "-v" "/var/lib/crater-agent-workspace/rustup-home:/opt/rustwide/rustup-home:ro,Z" "-e" "SOURCE_DIR=/opt/rustwide/workdir" "-e" "CARGO_TARGET_DIR=/opt/rustwide/target" "-e" "CARGO_INCREMENTAL=0" "-e" "RUST_BACKTRACE=full" "-e" "RUSTFLAGS=--cap-lints=warn" "-e" "RUSTDOCFLAGS=--cap-lints=warn" "-e" "CARGO_HOME=/opt/rustwide/cargo-home" "-e" "RUSTUP_HOME=/opt/rustwide/rustup-home" "-w" "/opt/rustwide/workdir" "-m" "1610612736" "--user" "0:0" "--network" "none" "ghcr.io/rust-lang/crates-build-env/linux@sha256:2788e3201cd34a07e3172128adcd8b3090168a8e3bcc40d7c032b9dda1df7d1c" "/opt/rustwide/cargo-home/bin/cargo" "+beta-2023-12-22" "doc" "--frozen" "--no-deps" "--document-private-items" "--message-format=json", kill_on_drop: false }`
[INFO] [stdout] 0c1a8aaa0d3adc577f5d83c06e44fef25a78d8f19cf548802bac7f3e00db07ef
[INFO] running `Command { std: "docker" "start" "-a" "0c1a8aaa0d3adc577f5d83c06e44fef25a78d8f19cf548802bac7f3e00db07ef", kill_on_drop: false }`
[INFO] [stderr]    Compiling libc v0.2.150
[INFO] [stderr]    Compiling proc-macro2 v1.0.69
[INFO] [stderr]    Compiling unicode-ident v1.0.12
[INFO] [stderr]    Compiling cfg-if v1.0.0
[INFO] [stderr]     Checking pin-project-lite v0.2.13
[INFO] [stderr]    Compiling futures-core v0.3.29
[INFO] [stderr]     Checking once_cell v1.18.0
[INFO] [stderr]     Checking scopeguard v1.2.0
[INFO] [stderr]     Checking memchr v2.6.4
[INFO] [stderr]    Compiling futures-task v0.3.29
[INFO] [stderr]    Compiling serde v1.0.190
[INFO] [stderr]    Compiling futures-channel v0.3.29
[INFO] [stderr]     Checking futures-sink v0.3.29
[INFO] [stderr]     Checking bytes v1.5.0
[INFO] [stderr]    Compiling slab v0.4.9
[INFO] [stderr]    Compiling lock_api v0.4.11
[INFO] [stderr]     Checking smallvec v1.11.1
[INFO] [stderr]    Compiling futures-util v0.3.29
[INFO] [stderr]     Checking itoa v1.0.9
[INFO] [stderr]     Checking log v0.4.20
[INFO] [stderr]    Compiling parking_lot_core v0.9.9
[INFO] [stderr]     Checking tracing-core v0.1.32
[INFO] [stderr]    Compiling untrusted v0.9.0
[INFO] [stderr]    Compiling glob v0.3.1
[INFO] [stderr]     Checking futures-io v0.3.29
[INFO] [stderr]    Compiling spin v0.9.8
[INFO] [stderr]    Compiling tinyvec_macros v0.1.1
[INFO] [stderr]    Compiling rustversion v1.0.14
[INFO] [stderr]    Compiling tinyvec v1.6.0
[INFO] [stderr]    Compiling prettyplease v0.2.15
[INFO] [stderr]    Compiling rustix v0.38.21
[INFO] [stderr]    Compiling crc32fast v1.3.2
[INFO] [stderr]    Compiling unicode-bidi v0.3.13
[INFO] [stderr]    Compiling adler v1.0.2
[INFO] [stderr]    Compiling hashbrown v0.14.2
[INFO] [stderr]    Compiling percent-encoding v2.3.0
[INFO] [stderr]    Compiling equivalent v1.0.1
[INFO] [stderr]    Compiling rustls v0.21.9
[INFO] [stderr]    Compiling bitflags v2.4.1
[INFO] [stderr]    Compiling regex-syntax v0.8.2
[INFO] [stderr]    Compiling clang-sys v1.6.1
[INFO] [stderr]    Compiling aho-corasick v1.1.2
[INFO] [stderr]    Compiling linux-raw-sys v0.4.10
[INFO] [stderr]    Compiling minimal-lexical v0.2.1
[INFO] [stderr]    Compiling quote v1.0.33
[INFO] [stderr]    Compiling cc v1.0.83
[INFO] [stderr]    Compiling getrandom v0.2.10
[INFO] [stderr]    Compiling syn v2.0.39
[INFO] [stderr]     Checking mio v0.8.9
[INFO] [stderr]     Checking signal-hook-registry v1.4.1
[INFO] [stderr]     Checking socket2 v0.5.5
[INFO] [stderr]    Compiling unicode-normalization v0.1.22
[INFO] [stderr]     Checking num_cpus v1.16.0
[INFO] [stderr]    Compiling indexmap v2.1.0
[INFO] [stderr]    Compiling nom v7.1.3
[INFO] [stderr]    Compiling form_urlencoded v1.2.0
[INFO] [stderr]     Checking parking_lot v0.12.1
[INFO] [stderr]     Checking tracing v0.1.40
[INFO] [stderr]    Compiling miniz_oxide v0.7.1
[INFO] [stderr]     Checking http v0.2.9
[INFO] [stderr]    Compiling libloading v0.7.4
[INFO] [stderr]    Compiling indexmap v1.9.3
[INFO] [stderr]    Compiling memoffset v0.9.0
[INFO] [stderr]    Compiling home v0.5.5
[INFO] [stderr]    Compiling either v1.9.0
[INFO] [stderr]    Compiling idna v0.4.0
[INFO] [stderr]    Compiling crossbeam-utils v0.8.16
[INFO] [stderr]    Compiling winnow v0.5.19
[INFO] [stderr]    Compiling bindgen v0.68.1
[INFO] [stderr]    Compiling serde_json v1.0.108
[INFO] [stderr]    Compiling flate2 v1.0.28
[INFO] [stderr]    Compiling filetime v0.2.22
[INFO] [stderr]    Compiling xattr v1.0.1
[INFO] [stderr]    Compiling crossbeam-epoch v0.9.15
[INFO] [stderr]    Compiling url v2.4.1
[INFO] [stderr]    Compiling ring v0.17.6
[INFO] [stderr]    Compiling peeking_take_while v0.1.2
[INFO] [stderr]    Compiling ryu v1.0.15
[INFO] [stderr]    Compiling shlex v1.2.0
[INFO] [stderr]    Compiling webpki-roots v0.25.3
[INFO] [stderr]    Compiling rustc-hash v1.1.0
[INFO] [stderr]    Compiling base64 v0.21.5
[INFO] [stderr]    Compiling lazy_static v1.4.0
[INFO] [stderr]    Compiling lazycell v1.3.0
[INFO] [stderr]    Compiling regex-automata v0.4.3
[INFO] [stderr]    Compiling tar v0.4.40
[INFO] [stderr]     Checking http-body v0.4.5
[INFO] [stderr]    Compiling cexpr v0.6.0
[INFO] [stderr]    Compiling which v4.4.2
[INFO] [stderr]    Compiling serde_spanned v0.6.4
[INFO] [stderr]    Compiling toml_datetime v0.6.5
[INFO] [stderr]    Compiling async-trait v0.1.74
[INFO] [stderr]     Checking try-lock v0.2.4
[INFO] [stderr]    Compiling version_check v0.9.4
[INFO] [stderr]    Compiling heck v0.4.1
[INFO] [stderr]     Checking want v0.3.1
[INFO] [stderr]    Compiling axum-core v0.3.4
[INFO] [stderr]     Checking rand_core v0.6.4
[INFO] [stderr]    Compiling toml_edit v0.20.7
[INFO] [stderr]     Checking socket2 v0.4.10
[INFO] [stderr]     Checking tower-layer v0.3.2
[INFO] [stderr]    Compiling rayon-core v1.12.0
[INFO] [stderr]    Compiling ahash v0.8.6
[INFO] [stderr]     Checking httpdate v1.0.3
[INFO] [stderr]     Checking mime v0.3.17
[INFO] [stderr]    Compiling thiserror v1.0.50
[INFO] [stderr]     Checking rand_chacha v0.3.1
[INFO] [stderr]     Checking crossbeam-deque v0.8.3
[INFO] [stderr]    Compiling axum v0.6.20
[INFO] [stderr]     Checking zerocopy v0.7.25
[INFO] [stderr]    Compiling paste v1.0.14
[INFO] [stderr]     Checking overload v0.1.1
[INFO] [stderr]     Checking nu-ansi-term v0.46.0
[INFO] [stderr]     Checking rand v0.8.5
[INFO] [stderr]     Checking sharded-slab v0.1.7
[INFO] [stderr]     Checking tracing-log v0.2.0
[INFO] [stderr]     Checking thread_local v1.1.7
[INFO] [stderr]     Checking encoding_rs v0.8.33
[INFO] [stderr]     Checking color_quant v1.1.0
[INFO] [stderr]     Checking hashbrown v0.13.2
[INFO] [stderr]     Checking sync_wrapper v0.1.2
[INFO] [stderr]     Checking nom v1.2.4
[INFO] [stderr]     Checking ipnet v2.9.0
[INFO] [stderr]    Compiling regex v1.10.2
[INFO] [stderr]     Checking weezl v0.1.7
[INFO] [stderr]     Checking matchit v0.7.3
[INFO] [stderr]     Checking tracing-subscriber v0.3.18
[INFO] [stderr]     Checking meval v0.2.0
[INFO] [stderr]     Checking schnellru v0.2.1
[INFO] [stderr]     Checking rayon v1.8.0
[INFO] [stderr]     Checking gif v0.12.0
[INFO] [stderr]    Compiling toml v0.8.6
[INFO] [stderr]    Compiling futures-macro v0.3.29
[INFO] [stderr]    Compiling tokio-macros v2.1.0
[INFO] [stderr]    Compiling serde_derive v1.0.190
[INFO] [stderr]    Compiling pin-project-internal v1.1.3
[INFO] [stderr]    Compiling thiserror-impl v1.0.50
[INFO] [stderr]     Checking sct v0.7.1
[INFO] [stderr]     Checking rustls-webpki v0.101.7
[INFO] [stderr]     Checking tokio v1.33.0
[INFO] [stderr]     Checking pin-project v1.1.3
[INFO] [stderr]     Checking color-art v0.3.7
[INFO] [stderr]    Compiling ureq v2.9.1
[INFO] [stderr]     Checking futures-executor v0.3.29
[INFO] [stderr]     Checking futures v0.3.29
[INFO] [stderr]     Checking tokio-util v0.7.10
[INFO] [stderr]     Checking tower v0.4.13
[INFO] [stderr]    Compiling skia-bindings v0.68.0
[INFO] [stderr]     Checking h2 v0.3.21
[INFO] [stderr]     Checking serde_urlencoded v0.7.1
[INFO] [stderr]     Checking serde_path_to_error v0.1.14
[INFO] [stderr] error: failed to run custom build command for `skia-bindings v0.68.0`
[INFO] [stderr] note: To improve backtraces for build dependencies, set the CARGO_PROFILE_DEV_BUILD_OVERRIDE_DEBUG=true environment variable to enable debug information generation.
[INFO] [stderr] 
[INFO] [stderr] Caused by:
[INFO] [stderr]   process didn't exit successfully: `/opt/rustwide/target/debug/build/skia-bindings-93d05f380d45b114/build-script-build` (exit status: 101)
[INFO] [stderr]   --- stdout
[INFO] [stderr]   cargo:rerun-if-env-changed=DOCS_RS
[INFO] [stderr]   cargo:rerun-if-env-changed=SKIA_DEBUG
[INFO] [stderr]   HOST: x86_64-unknown-linux-gnu
[INFO] [stderr]   cargo:rerun-if-env-changed=SKIA_USE_SYSTEM_LIBRARIES
[INFO] [stderr]   cargo:rerun-if-env-changed=SKIA_USE_SYSTEM_LIBRARIES
[INFO] [stderr]   cargo:rerun-if-env-changed=SKIA_SOURCE_DIR
[INFO] [stderr]   cargo:rerun-if-env-changed=FORCE_SKIA_BUILD
[INFO] [stderr]   cargo:rerun-if-env-changed=FORCE_SKIA_BINARIES_DOWNLOAD
[INFO] [stderr]   TRYING TO DOWNLOAD AND INSTALL SKIA BINARIES: 0.68.0/f0bea3ad919500904bb9-x86_64-unknown-linux-gnu-gl-textlayout
[INFO] [stderr]   cargo:rerun-if-env-changed=SKIA_BINARIES_URL
[INFO] [stderr]     FROM: https://github.com/rust-skia/skia-binaries/releases/download/0.68.0/skia-binaries-f0bea3ad919500904bb9-x86_64-unknown-linux-gnu-gl-textlayout.tar.gz
[INFO] [stderr]   DOWNLOAD AND INSTALL FAILED: https://github.com/rust-skia/skia-binaries/releases/download/0.68.0/skia-binaries-f0bea3ad919500904bb9-x86_64-unknown-linux-gnu-gl-textlayout.tar.gz: Dns Failed: resolve dns name 'github.com:443': failed to lookup address information: Temporary failure in name resolution
[INFO] [stderr]   STARTING A FULL BUILD
[INFO] [stderr]   cargo:rerun-if-env-changed=CLANGCC
[INFO] [stderr]   cargo:rerun-if-env-changed=CC
[INFO] [stderr]   cargo:rerun-if-env-changed=CLANGCXX
[INFO] [stderr]   cargo:rerun-if-env-changed=CXX
[INFO] [stderr]   HOST: x86_64-unknown-linux-gnu
[INFO] [stderr]   cargo:rerun-if-env-changed=OPT_LEVEL
[INFO] [stderr]   cargo:rerun-if-env-changed=SKIA_USE_SYSTEM_LIBRARIES
[INFO] [stderr]   HOST: x86_64-unknown-linux-gnu
[INFO] [stderr]   cargo:rerun-if-env-changed=SDKTARGETSYSROOT
[INFO] [stderr]   cargo:rerun-if-env-changed=SDKROOT
[INFO] [stderr]   HOST: x86_64-unknown-linux-gnu
[INFO] [stderr]   cargo:rerun-if-env-changed=SKIA_NINJA_COMMAND
[INFO] [stderr]   cargo:rerun-if-env-changed=SKIA_GN_COMMAND
[INFO] [stderr]   Probing 'python'
[INFO] [stderr]   Probing 'python3'
[INFO] [stderr]   Python 3 found: "python3"
[INFO] [stderr]   Synchronizing Skia dependencies
[INFO] [stderr]   DOWNLOADING: https://codeload.github.com/rust-skia/skia/tar.gz/m119-0.67.3
[INFO] [stderr] 
[INFO] [stderr]   --- stderr
[INFO] [stderr]   thread 'main' panicked at /opt/rustwide/cargo-home/registry/src/index.crates.io-6f17d22bba15001f/skia-bindings-0.68.0/build_support/binary_cache/download.rs:77:35:
[INFO] [stderr]   Failed to download https://codeload.github.com/rust-skia/skia/tar.gz/m119-0.67.3 (https://codeload.github.com/rust-skia/skia/tar.gz/m119-0.67.3: Dns Failed: resolve dns name 'codeload.github.com:443': failed to lookup address information: Temporary failure in name resolution)
[INFO] [stderr]   stack backtrace:
[INFO] [stderr]      0:     0x557d29ab31d6 - std::backtrace_rs::backtrace::libunwind::trace::h261606ad26a499c1
[INFO] [stderr]                                  at /rustc/0e09125c6c3c2fd70d7de961bcf0e51575235fad/library/std/src/../../backtrace/src/backtrace/libunwind.rs:104:5
[INFO] [stderr]      1:     0x557d29ab31d6 - std::backtrace_rs::backtrace::trace_unsynchronized::hd183f0625477fb28
[INFO] [stderr]                                  at /rustc/0e09125c6c3c2fd70d7de961bcf0e51575235fad/library/std/src/../../backtrace/src/backtrace/mod.rs:66:5
[INFO] [stderr]      2:     0x557d29ab31d6 - std::sys_common::backtrace::_print_fmt::hd7f8fef21b4eda67
[INFO] [stderr]                                  at /rustc/0e09125c6c3c2fd70d7de961bcf0e51575235fad/library/std/src/sys_common/backtrace.rs:68:5
[INFO] [stderr]      3:     0x557d29ab31d6 - <std::sys_common::backtrace::_print::DisplayBacktrace as core::fmt::Display>::fmt::h623d9b51f2f453f1
[INFO] [stderr]                                  at /rustc/0e09125c6c3c2fd70d7de961bcf0e51575235fad/library/std/src/sys_common/backtrace.rs:44:22
[INFO] [stderr]      4:     0x557d29ae3730 - core::fmt::rt::Argument::fmt::h9f417ac76a86f368
[INFO] [stderr]                                  at /rustc/0e09125c6c3c2fd70d7de961bcf0e51575235fad/library/core/src/fmt/rt.rs:142:9
[INFO] [stderr]      5:     0x557d29ae3730 - core::fmt::write::hc9b6faf4ac2aeff7
[INFO] [stderr]                                  at /rustc/0e09125c6c3c2fd70d7de961bcf0e51575235fad/library/core/src/fmt/mod.rs:1120:17
[INFO] [stderr]      6:     0x557d29aaf1df - std::io::Write::write_fmt::hfead1eee52c2e65e
[INFO] [stderr]                                  at /rustc/0e09125c6c3c2fd70d7de961bcf0e51575235fad/library/std/src/io/mod.rs:1810:15
[INFO] [stderr]      7:     0x557d29ab2fb4 - std::sys_common::backtrace::_print::hd5d66399c7df88a2
[INFO] [stderr]                                  at /rustc/0e09125c6c3c2fd70d7de961bcf0e51575235fad/library/std/src/sys_common/backtrace.rs:47:5
[INFO] [stderr]      8:     0x557d29ab2fb4 - std::sys_common::backtrace::print::he81ed2da642d37e5
[INFO] [stderr]                                  at /rustc/0e09125c6c3c2fd70d7de961bcf0e51575235fad/library/std/src/sys_common/backtrace.rs:34:9
[INFO] [stderr]      9:     0x557d29ab4ee7 - std::panicking::default_hook::{{closure}}::h85773f4fa117163d
[INFO] [stderr]     10:     0x557d29ab4c49 - std::panicking::default_hook::h6a1694a91d09b278
[INFO] [stderr]                                  at /rustc/0e09125c6c3c2fd70d7de961bcf0e51575235fad/library/std/src/panicking.rs:292:9
[INFO] [stderr]     11:     0x557d29ab5378 - std::panicking::rust_panic_with_hook::h0a7ad96e90f7145b
[INFO] [stderr]                                  at /rustc/0e09125c6c3c2fd70d7de961bcf0e51575235fad/library/std/src/panicking.rs:779:13
[INFO] [stderr]     12:     0x557d29ab5252 - std::panicking::begin_panic_handler::{{closure}}::h7919090525c6485e
[INFO] [stderr]                                  at /rustc/0e09125c6c3c2fd70d7de961bcf0e51575235fad/library/std/src/panicking.rs:657:13
[INFO] [stderr]     13:     0x557d29ab36d6 - std::sys_common::backtrace::__rust_end_short_backtrace::hf3289479464f7dfe
[INFO] [stderr]                                  at /rustc/0e09125c6c3c2fd70d7de961bcf0e51575235fad/library/std/src/sys_common/backtrace.rs:171:18
[INFO] [stderr]     14:     0x557d29ab4fb0 - rust_begin_unwind
[INFO] [stderr]                                  at /rustc/0e09125c6c3c2fd70d7de961bcf0e51575235fad/library/std/src/panicking.rs:645:5
[INFO] [stderr]     15:     0x557d290040b5 - core::panicking::panic_fmt::hcc9f77c5c132af55
[INFO] [stderr]                                  at /rustc/0e09125c6c3c2fd70d7de961bcf0e51575235fad/library/core/src/panicking.rs:72:14
[INFO] [stderr]     16:     0x557d29020545 - build_script_build::build_support::binary_cache::download::download_dependencies::{{closure}}::h220669bfc7c157dc
[INFO] [stderr]     17:     0x557d2902c0e0 - core::result::Result<T,E>::unwrap_or_else::hc0228c4a38bad599
[INFO] [stderr]     18:     0x557d2901fef2 - build_script_build::build_support::binary_cache::download::download_dependencies::h538e21691a98e0e5
[INFO] [stderr]     19:     0x557d2901f638 - build_script_build::build_support::binary_cache::download::resolve_dependencies::h2399623682474759
[INFO] [stderr]     20:     0x557d29045a02 - build_script_build::build_support::skia::config::build::hcd5f44c47b4e8358
[INFO] [stderr]     21:     0x557d29028833 - build_script_build::build_from_source::he1815c174c9dd6a6
[INFO] [stderr]     22:     0x557d29028208 - build_script_build::main::hed77db3070c6c7b4
[INFO] [stderr]     23:     0x557d29025263 - core::ops::function::FnOnce::call_once::he01a67d2d2fe88c0
[INFO] [stderr]     24:     0x557d29036f26 - std::sys_common::backtrace::__rust_begin_short_backtrace::h3d820cee8845f0f1
[INFO] [stderr]     25:     0x557d2903dd79 - std::rt::lang_start::{{closure}}::h6a40f298dd05f332
[INFO] [stderr]     26:     0x557d29aa9181 - core::ops::function::impls::<impl core::ops::function::FnOnce<A> for &F>::call_once::h4eb4c5e1620f29b0
[INFO] [stderr]                                  at /rustc/0e09125c6c3c2fd70d7de961bcf0e51575235fad/library/core/src/ops/function.rs:284:13
[INFO] [stderr]     27:     0x557d29aa9181 - std::panicking::try::do_call::h73fd26535faffcdf
[INFO] [stderr]                                  at /rustc/0e09125c6c3c2fd70d7de961bcf0e51575235fad/library/std/src/panicking.rs:552:40
[INFO] [stderr]     28:     0x557d29aa9181 - std::panicking::try::h77ff1d98f0fb9f39
[INFO] [stderr]                                  at /rustc/0e09125c6c3c2fd70d7de961bcf0e51575235fad/library/std/src/panicking.rs:516:19
[INFO] [stderr]     29:     0x557d29aa9181 - std::panic::catch_unwind::hab3caf2448b95e37
[INFO] [stderr]                                  at /rustc/0e09125c6c3c2fd70d7de961bcf0e51575235fad/library/std/src/panic.rs:142:14
[INFO] [stderr]     30:     0x557d29aa9181 - std::rt::lang_start_internal::{{closure}}::h8086711f9c783f78
[INFO] [stderr]                                  at /rustc/0e09125c6c3c2fd70d7de961bcf0e51575235fad/library/std/src/rt.rs:148:48
[INFO] [stderr]     31:     0x557d29aa9181 - std::panicking::try::do_call::hf920d4dc291cd6ca
[INFO] [stderr]                                  at /rustc/0e09125c6c3c2fd70d7de961bcf0e51575235fad/library/std/src/panicking.rs:552:40
[INFO] [stderr]     32:     0x557d29aa9181 - std::panicking::try::h2b806ccc0a85db74
[INFO] [stderr]                                  at /rustc/0e09125c6c3c2fd70d7de961bcf0e51575235fad/library/std/src/panicking.rs:516:19
[INFO] [stderr]     33:     0x557d29aa9181 - std::panic::catch_unwind::h038489539c507df2
[INFO] [stderr]                                  at /rustc/0e09125c6c3c2fd70d7de961bcf0e51575235fad/library/std/src/panic.rs:142:14
[INFO] [stderr]     34:     0x557d29aa9181 - std::rt::lang_start_internal::h28503b88912e8a5c
[INFO] [stderr]                                  at /rustc/0e09125c6c3c2fd70d7de961bcf0e51575235fad/library/std/src/rt.rs:148:20
[INFO] [stderr]     35:     0x557d2903dd57 - std::rt::lang_start::h24b5553906445548
[INFO] [stderr]     36:     0x557d29028d35 - main
[INFO] [stderr]     37:     0x7fd0c334cd90 - <unknown>
[INFO] [stderr]     38:     0x7fd0c334ce40 - __libc_start_main
[INFO] [stderr]     39:     0x557d29004995 - _start
[INFO] [stderr]     40:                0x0 - <unknown>
[INFO] [stderr] warning: build failed, waiting for other jobs to finish...
[INFO] running `Command { std: "docker" "inspect" "0c1a8aaa0d3adc577f5d83c06e44fef25a78d8f19cf548802bac7f3e00db07ef", kill_on_drop: false }`
[INFO] running `Command { std: "docker" "rm" "-f" "0c1a8aaa0d3adc577f5d83c06e44fef25a78d8f19cf548802bac7f3e00db07ef", kill_on_drop: false }`
[INFO] [stdout] 0c1a8aaa0d3adc577f5d83c06e44fef25a78d8f19cf548802bac7f3e00db07ef
