[INFO] cloning repository https://github.com/Dilschat/zk-proof
[INFO] running `Command { std: "git" "-c" "credential.helper=" "-c" "credential.helper=/workspace/cargo-home/bin/git-credential-null" "clone" "--bare" "https://github.com/Dilschat/zk-proof" "/workspace/cache/git-repos/https%3A%2F%2Fgithub.com%2FDilschat%2Fzk-proof", kill_on_drop: false }`
[INFO] [stderr] Cloning into bare repository '/workspace/cache/git-repos/https%3A%2F%2Fgithub.com%2FDilschat%2Fzk-proof'...
[INFO] running `Command { std: "git" "rev-parse" "HEAD", kill_on_drop: false }`
[INFO] [stdout] 34109d86c98e0096df53fe340373e32c4146d7e0
[INFO] documenting Dilschat/zk-proof against 1.75.0 for beta-1.76-rustdoc-1
[INFO] running `Command { std: "git" "clone" "/workspace/cache/git-repos/https%3A%2F%2Fgithub.com%2FDilschat%2Fzk-proof" "/workspace/builds/worker-3-tc1/source", kill_on_drop: false }`
[INFO] [stderr] Cloning into '/workspace/builds/worker-3-tc1/source'...
[INFO] [stderr] done.
[INFO] validating manifest of git repo https://github.com/Dilschat/zk-proof on toolchain 1.75.0
[INFO] running `Command { std: CARGO_HOME="/workspace/cargo-home" RUSTUP_HOME="/workspace/rustup-home" "/workspace/cargo-home/bin/cargo" "+1.75.0" "metadata" "--manifest-path" "Cargo.toml" "--no-deps", kill_on_drop: false }`
[INFO] started tweaking git repo https://github.com/Dilschat/zk-proof
[INFO] finished tweaking git repo https://github.com/Dilschat/zk-proof
[INFO] tweaked toml for git repo https://github.com/Dilschat/zk-proof written to /workspace/builds/worker-3-tc1/source/Cargo.toml
[INFO] crate git repo https://github.com/Dilschat/zk-proof already has a lockfile, it will not be regenerated
[INFO] running `Command { std: CARGO_HOME="/workspace/cargo-home" RUSTUP_HOME="/workspace/rustup-home" "/workspace/cargo-home/bin/cargo" "+1.75.0" "fetch" "--manifest-path" "Cargo.toml", kill_on_drop: false }`
[INFO] [stderr]     Updating git repository `https://github.com/lovesh/bulletproofs`
[INFO] [stderr]  Downloading crates ...
[INFO] [stderr]   Downloaded tinytemplate v1.0.1
[INFO] [stderr]   Downloaded bitflags v1.0.5
[INFO] [stderr]   Downloaded bincode v1.1.3
[INFO] [stderr]   Downloaded merlin v1.1.0
[INFO] [stderr]   Downloaded proc-macro2 v0.4.29
[INFO] [stderr]   Downloaded cc v1.0.36
[INFO] [stderr]   Downloaded clear_on_drop v0.2.3
[INFO] [stderr]   Downloaded packed_simd v0.3.3
[INFO] [stderr]   Downloaded curve25519-dalek v1.1.3
[INFO] [stderr]   Downloaded libc v0.2.54
[INFO] [stderr]   Downloaded subtle v2.1.0
[INFO] running `Command { std: "docker" "create" "-v" "/var/lib/crater-agent-workspace/builds/worker-3-tc1/target:/opt/rustwide/target:rw,Z" "-v" "/var/lib/crater-agent-workspace/builds/worker-3-tc1/source:/opt/rustwide/workdir:ro,Z" "-v" "/var/lib/crater-agent-workspace/cargo-home:/opt/rustwide/cargo-home:ro,Z" "-v" "/var/lib/crater-agent-workspace/rustup-home:/opt/rustwide/rustup-home:ro,Z" "-e" "SOURCE_DIR=/opt/rustwide/workdir" "-e" "CARGO_TARGET_DIR=/opt/rustwide/target" "-e" "CARGO_HOME=/opt/rustwide/cargo-home" "-e" "RUSTUP_HOME=/opt/rustwide/rustup-home" "-w" "/opt/rustwide/workdir" "-m" "1610612736" "--user" "0:0" "--network" "none" "ghcr.io/rust-lang/crates-build-env/linux@sha256:2788e3201cd34a07e3172128adcd8b3090168a8e3bcc40d7c032b9dda1df7d1c" "/opt/rustwide/cargo-home/bin/cargo" "+1.75.0" "metadata" "--no-deps" "--format-version=1", kill_on_drop: false }`
[INFO] [stdout] df6b3e468f211612b535937795172c3a602bfb2227a72ad5f67c1bc3c5495ed3
[INFO] running `Command { std: "docker" "start" "-a" "df6b3e468f211612b535937795172c3a602bfb2227a72ad5f67c1bc3c5495ed3", kill_on_drop: false }`
[INFO] running `Command { std: "docker" "inspect" "df6b3e468f211612b535937795172c3a602bfb2227a72ad5f67c1bc3c5495ed3", kill_on_drop: false }`
[INFO] running `Command { std: "docker" "rm" "-f" "df6b3e468f211612b535937795172c3a602bfb2227a72ad5f67c1bc3c5495ed3", kill_on_drop: false }`
[INFO] [stdout] df6b3e468f211612b535937795172c3a602bfb2227a72ad5f67c1bc3c5495ed3
[INFO] running `Command { std: "docker" "create" "-v" "/var/lib/crater-agent-workspace/builds/worker-3-tc1/target:/opt/rustwide/target:rw,Z" "-v" "/var/lib/crater-agent-workspace/builds/worker-3-tc1/source:/opt/rustwide/workdir:ro,Z" "-v" "/var/lib/crater-agent-workspace/cargo-home:/opt/rustwide/cargo-home:ro,Z" "-v" "/var/lib/crater-agent-workspace/rustup-home:/opt/rustwide/rustup-home:ro,Z" "-e" "SOURCE_DIR=/opt/rustwide/workdir" "-e" "CARGO_TARGET_DIR=/opt/rustwide/target" "-e" "CARGO_INCREMENTAL=0" "-e" "RUST_BACKTRACE=full" "-e" "RUSTFLAGS=--cap-lints=warn" "-e" "RUSTDOCFLAGS=--cap-lints=warn" "-e" "CARGO_HOME=/opt/rustwide/cargo-home" "-e" "RUSTUP_HOME=/opt/rustwide/rustup-home" "-w" "/opt/rustwide/workdir" "-m" "1610612736" "--user" "0:0" "--network" "none" "ghcr.io/rust-lang/crates-build-env/linux@sha256:2788e3201cd34a07e3172128adcd8b3090168a8e3bcc40d7c032b9dda1df7d1c" "/opt/rustwide/cargo-home/bin/cargo" "+1.75.0" "doc" "--frozen" "--no-deps" "--document-private-items" "--message-format=json", kill_on_drop: false }`
[INFO] [stdout] 2bb4e4be94a446a91646d78cbef09ffe917fadd3fd7d96a8120f0723e1418957
[INFO] running `Command { std: "docker" "start" "-a" "2bb4e4be94a446a91646d78cbef09ffe917fadd3fd7d96a8120f0723e1418957", kill_on_drop: false }`
[INFO] [stderr]    Compiling autocfg v0.1.2
[INFO] [stderr]    Compiling cc v1.0.36
[INFO] [stderr]    Compiling typenum v1.10.0
[INFO] [stderr]     Checking rand_core v0.4.0
[INFO] [stderr]    Compiling byteorder v1.3.1
[INFO] [stderr]    Compiling proc-macro2 v0.4.29
[INFO] [stderr]    Compiling libc v0.2.54
[INFO] [stderr]    Compiling serde v1.0.90
[INFO] [stderr]    Compiling packed_simd v0.3.3
[INFO] [stderr]    Compiling syn v0.15.33
[INFO] [stderr]     Checking cfg-if v0.1.7
[INFO] [stderr]    Compiling failure_derive v0.1.5
[INFO] [stderr]    Compiling subtle v2.1.0
[INFO] [stderr]     Checking byte-tools v0.3.1
[INFO] [stdout] error[E0557]: feature has been removed
[INFO] [stdout]   --> /opt/rustwide/cargo-home/registry/src/index.crates.io-6f17d22bba15001f/subtle-2.1.0/src/lib.rs:13:42
[INFO] [stdout]    |
[INFO] [stdout] 13 | #![cfg_attr(feature = "nightly", feature(external_doc))]
[INFO] [stdout]    |                                          ^^^^^^^^^^^^ feature has been removed
[INFO] [stdout]    |
[INFO] [stdout]    = note: use #[doc = include_str!("filename")] instead, which handles macro invocations
[INFO] [stdout] 
[INFO] [stdout] 
[INFO] [stderr]     Checking rustc-demangle v0.1.14
[INFO] [stderr]     Checking block-padding v0.1.4
[INFO] [stderr]     Checking keccak v0.1.0
[INFO] [stdout] error: cannot find macro `asm` in this scope
[INFO] [stdout]    --> /opt/rustwide/cargo-home/registry/src/index.crates.io-6f17d22bba15001f/subtle-2.1.0/src/lib.rs:151:14
[INFO] [stdout]     |
[INFO] [stdout] 151 |     unsafe { asm!("" :: "r"(&input) :: "volatile") }
[INFO] [stdout]     |              ^^^
[INFO] [stdout]     |
[INFO] [stdout] help: consider importing this macro
[INFO] [stdout]     |
[INFO] [stdout] 25  + use std::arch::asm;
[INFO] [stdout]     |
[INFO] [stdout] 
[INFO] [stdout] 
[INFO] [stdout] error[E0554]: `#![feature]` may not be used on the stable release channel
[INFO] [stdout]   --> /opt/rustwide/cargo-home/registry/src/index.crates.io-6f17d22bba15001f/subtle-2.1.0/src/lib.rs:12:42
[INFO] [stdout]    |
[INFO] [stdout] 12 | #![cfg_attr(feature = "nightly", feature(asm))]
[INFO] [stdout]    |                                          ^^^
[INFO] [stdout] 
[INFO] [stdout] 
[INFO] [stdout] error: aborting due to 3 previous errors
[INFO] [stdout] 
[INFO] [stdout] 
[INFO] [stdout] Some errors have detailed explanations: E0554, E0557.
[INFO] [stdout] 
[INFO] [stdout] For more information about an error, try `rustc --explain E0554`.
[INFO] [stdout] 
[INFO] [stderr]     Checking rand_core v0.3.1
[INFO] [stderr] error: could not compile `subtle` (lib) due to 4 previous errors
[INFO] [stderr] warning: build failed, waiting for other jobs to finish...
[INFO] running `Command { std: "docker" "inspect" "2bb4e4be94a446a91646d78cbef09ffe917fadd3fd7d96a8120f0723e1418957", kill_on_drop: false }`
[INFO] running `Command { std: "docker" "rm" "-f" "2bb4e4be94a446a91646d78cbef09ffe917fadd3fd7d96a8120f0723e1418957", kill_on_drop: false }`
[INFO] [stdout] 2bb4e4be94a446a91646d78cbef09ffe917fadd3fd7d96a8120f0723e1418957
[INFO] documenting Dilschat/zk-proof against beta-2023-12-22 for beta-1.76-rustdoc-1
[INFO] running `Command { std: "git" "clone" "/workspace/cache/git-repos/https%3A%2F%2Fgithub.com%2FDilschat%2Fzk-proof" "/workspace/builds/worker-3-tc2/source", kill_on_drop: false }`
[INFO] [stderr] Cloning into '/workspace/builds/worker-3-tc2/source'...
[INFO] [stderr] done.
[INFO] validating manifest of git repo https://github.com/Dilschat/zk-proof on toolchain beta-2023-12-22
[INFO] running `Command { std: CARGO_HOME="/workspace/cargo-home" RUSTUP_HOME="/workspace/rustup-home" "/workspace/cargo-home/bin/cargo" "+beta-2023-12-22" "metadata" "--manifest-path" "Cargo.toml" "--no-deps", kill_on_drop: false }`
[INFO] started tweaking git repo https://github.com/Dilschat/zk-proof
[INFO] finished tweaking git repo https://github.com/Dilschat/zk-proof
[INFO] tweaked toml for git repo https://github.com/Dilschat/zk-proof written to /workspace/builds/worker-3-tc2/source/Cargo.toml
[INFO] crate git repo https://github.com/Dilschat/zk-proof already has a lockfile, it will not be regenerated
[INFO] running `Command { std: CARGO_HOME="/workspace/cargo-home" RUSTUP_HOME="/workspace/rustup-home" "/workspace/cargo-home/bin/cargo" "+beta-2023-12-22" "fetch" "--manifest-path" "Cargo.toml", kill_on_drop: false }`
[INFO] running `Command { std: "docker" "create" "-v" "/var/lib/crater-agent-workspace/builds/worker-3-tc2/target:/opt/rustwide/target:rw,Z" "-v" "/var/lib/crater-agent-workspace/builds/worker-3-tc2/source:/opt/rustwide/workdir:ro,Z" "-v" "/var/lib/crater-agent-workspace/cargo-home:/opt/rustwide/cargo-home:ro,Z" "-v" "/var/lib/crater-agent-workspace/rustup-home:/opt/rustwide/rustup-home:ro,Z" "-e" "SOURCE_DIR=/opt/rustwide/workdir" "-e" "CARGO_TARGET_DIR=/opt/rustwide/target" "-e" "CARGO_HOME=/opt/rustwide/cargo-home" "-e" "RUSTUP_HOME=/opt/rustwide/rustup-home" "-w" "/opt/rustwide/workdir" "-m" "1610612736" "--user" "0:0" "--network" "none" "ghcr.io/rust-lang/crates-build-env/linux@sha256:2788e3201cd34a07e3172128adcd8b3090168a8e3bcc40d7c032b9dda1df7d1c" "/opt/rustwide/cargo-home/bin/cargo" "+beta-2023-12-22" "metadata" "--no-deps" "--format-version=1", kill_on_drop: false }`
[INFO] [stdout] 6b5bb6655559f59155721885bc50a0613a0bf6bbc7f90acf5fb36e4713243495
[INFO] running `Command { std: "docker" "start" "-a" "6b5bb6655559f59155721885bc50a0613a0bf6bbc7f90acf5fb36e4713243495", kill_on_drop: false }`
[INFO] running `Command { std: "docker" "inspect" "6b5bb6655559f59155721885bc50a0613a0bf6bbc7f90acf5fb36e4713243495", kill_on_drop: false }`
[INFO] running `Command { std: "docker" "rm" "-f" "6b5bb6655559f59155721885bc50a0613a0bf6bbc7f90acf5fb36e4713243495", kill_on_drop: false }`
[INFO] [stdout] 6b5bb6655559f59155721885bc50a0613a0bf6bbc7f90acf5fb36e4713243495
[INFO] running `Command { std: "docker" "create" "-v" "/var/lib/crater-agent-workspace/builds/worker-3-tc2/target:/opt/rustwide/target:rw,Z" "-v" "/var/lib/crater-agent-workspace/builds/worker-3-tc2/source:/opt/rustwide/workdir:ro,Z" "-v" "/var/lib/crater-agent-workspace/cargo-home:/opt/rustwide/cargo-home:ro,Z" "-v" "/var/lib/crater-agent-workspace/rustup-home:/opt/rustwide/rustup-home:ro,Z" "-e" "SOURCE_DIR=/opt/rustwide/workdir" "-e" "CARGO_TARGET_DIR=/opt/rustwide/target" "-e" "CARGO_INCREMENTAL=0" "-e" "RUST_BACKTRACE=full" "-e" "RUSTFLAGS=--cap-lints=warn" "-e" "RUSTDOCFLAGS=--cap-lints=warn" "-e" "CARGO_HOME=/opt/rustwide/cargo-home" "-e" "RUSTUP_HOME=/opt/rustwide/rustup-home" "-w" "/opt/rustwide/workdir" "-m" "1610612736" "--user" "0:0" "--network" "none" "ghcr.io/rust-lang/crates-build-env/linux@sha256:2788e3201cd34a07e3172128adcd8b3090168a8e3bcc40d7c032b9dda1df7d1c" "/opt/rustwide/cargo-home/bin/cargo" "+beta-2023-12-22" "doc" "--frozen" "--no-deps" "--document-private-items" "--message-format=json", kill_on_drop: false }`
[INFO] [stdout] 91b4b7727b2062717b416f5dde7ce7ad5b51b4368d9660249fe8e44ae9130a25
[INFO] running `Command { std: "docker" "start" "-a" "91b4b7727b2062717b416f5dde7ce7ad5b51b4368d9660249fe8e44ae9130a25", kill_on_drop: false }`
[INFO] [stderr]    Compiling autocfg v0.1.2
[INFO] [stderr]    Compiling cc v1.0.36
[INFO] [stderr]    Compiling typenum v1.10.0
[INFO] [stderr]     Checking rand_core v0.4.0
[INFO] [stderr]    Compiling byteorder v1.3.1
[INFO] [stderr]    Compiling proc-macro2 v0.4.29
[INFO] [stderr]    Compiling libc v0.2.54
[INFO] [stderr]    Compiling serde v1.0.90
[INFO] [stderr]    Compiling syn v0.15.33
[INFO] [stderr]    Compiling packed_simd v0.3.3
[INFO] [stderr]     Checking cfg-if v0.1.7
[INFO] [stderr]     Checking byte-tools v0.3.1
[INFO] [stderr]    Compiling failure_derive v0.1.5
[INFO] [stderr]    Compiling subtle v2.1.0
[INFO] [stderr]     Checking rustc-demangle v0.1.14
[INFO] [stderr]     Checking keccak v0.1.0
[INFO] [stdout] error[E0557]: feature has been removed
[INFO] [stdout]   --> /opt/rustwide/cargo-home/registry/src/index.crates.io-6f17d22bba15001f/subtle-2.1.0/src/lib.rs:13:42
[INFO] [stdout]    |
[INFO] [stdout] 13 | #![cfg_attr(feature = "nightly", feature(external_doc))]
[INFO] [stdout]    |                                          ^^^^^^^^^^^^ feature has been removed
[INFO] [stdout]    |
[INFO] [stdout]    = note: use #[doc = include_str!("filename")] instead, which handles macro invocations
[INFO] [stdout] 
[INFO] [stdout] 
[INFO] [stderr]     Checking block-padding v0.1.4
[INFO] [stdout] error: cannot find macro `asm` in this scope
[INFO] [stdout]    --> /opt/rustwide/cargo-home/registry/src/index.crates.io-6f17d22bba15001f/subtle-2.1.0/src/lib.rs:151:14
[INFO] [stdout]     |
[INFO] [stdout] 151 |     unsafe { asm!("" :: "r"(&input) :: "volatile") }
[INFO] [stdout]     |              ^^^
[INFO] [stdout]     |
[INFO] [stdout] help: consider importing this macro
[INFO] [stdout]     |
[INFO] [stdout] 25  + use std::arch::asm;
[INFO] [stdout]     |
[INFO] [stdout] 
[INFO] [stdout] 
[INFO] [stdout] error[E0554]: `#![feature]` may not be used on the beta release channel
[INFO] [stdout]   --> /opt/rustwide/cargo-home/registry/src/index.crates.io-6f17d22bba15001f/subtle-2.1.0/src/lib.rs:12:42
[INFO] [stdout]    |
[INFO] [stdout] 12 | #![cfg_attr(feature = "nightly", feature(asm))]
[INFO] [stdout]    |                                          ^^^
[INFO] [stdout] 
[INFO] [stdout] 
[INFO] [stderr]     Checking rand_core v0.3.1
[INFO] [stdout] error: aborting due to 3 previous errors
[INFO] [stdout] 
[INFO] [stdout] 
[INFO] [stdout] Some errors have detailed explanations: E0554, E0557.
[INFO] [stdout] 
[INFO] [stdout] For more information about an error, try `rustc --explain E0554`.
[INFO] [stdout] 
[INFO] [stderr] error: could not compile `subtle` (lib) due to 4 previous errors
[INFO] [stderr] warning: build failed, waiting for other jobs to finish...
[INFO] running `Command { std: "docker" "inspect" "91b4b7727b2062717b416f5dde7ce7ad5b51b4368d9660249fe8e44ae9130a25", kill_on_drop: false }`
[INFO] running `Command { std: "docker" "rm" "-f" "91b4b7727b2062717b416f5dde7ce7ad5b51b4368d9660249fe8e44ae9130a25", kill_on_drop: false }`
[INFO] [stdout] 91b4b7727b2062717b416f5dde7ce7ad5b51b4368d9660249fe8e44ae9130a25
