[INFO] cloning repository https://github.com/Diegovsky/zsh-module-rs
[INFO] running `Command { std: "git" "-c" "credential.helper=" "-c" "credential.helper=/workspace/cargo-home/bin/git-credential-null" "clone" "--bare" "https://github.com/Diegovsky/zsh-module-rs" "/workspace/cache/git-repos/https%3A%2F%2Fgithub.com%2FDiegovsky%2Fzsh-module-rs", kill_on_drop: false }`
[INFO] [stderr] Cloning into bare repository '/workspace/cache/git-repos/https%3A%2F%2Fgithub.com%2FDiegovsky%2Fzsh-module-rs'...
[INFO] running `Command { std: "git" "rev-parse" "HEAD", kill_on_drop: false }`
[INFO] [stdout] 951dd25c254bacef60b61da9c27783f2cf63b70a
[INFO] documenting Diegovsky/zsh-module-rs against 1.75.0 for beta-1.76-rustdoc-1
[INFO] running `Command { std: "git" "clone" "/workspace/cache/git-repos/https%3A%2F%2Fgithub.com%2FDiegovsky%2Fzsh-module-rs" "/workspace/builds/worker-3-tc1/source", kill_on_drop: false }`
[INFO] [stderr] Cloning into '/workspace/builds/worker-3-tc1/source'...
[INFO] [stderr] done.
[INFO] validating manifest of git repo https://github.com/Diegovsky/zsh-module-rs on toolchain 1.75.0
[INFO] running `Command { std: CARGO_HOME="/workspace/cargo-home" RUSTUP_HOME="/workspace/rustup-home" "/workspace/cargo-home/bin/cargo" "+1.75.0" "metadata" "--manifest-path" "Cargo.toml" "--no-deps", kill_on_drop: false }`
[INFO] started tweaking git repo https://github.com/Diegovsky/zsh-module-rs
[INFO] finished tweaking git repo https://github.com/Diegovsky/zsh-module-rs
[INFO] tweaked toml for git repo https://github.com/Diegovsky/zsh-module-rs written to /workspace/builds/worker-3-tc1/source/Cargo.toml
[INFO] crate git repo https://github.com/Diegovsky/zsh-module-rs already has a lockfile, it will not be regenerated
[INFO] running `Command { std: CARGO_HOME="/workspace/cargo-home" RUSTUP_HOME="/workspace/rustup-home" "/workspace/cargo-home/bin/cargo" "+1.75.0" "fetch" "--manifest-path" "Cargo.toml", kill_on_drop: false }`
[INFO] [stderr] warning: virtual workspace defaulting to `resolver = "1"` despite one or more workspace members being on edition 2021 which implies `resolver = "2"`
[INFO] [stderr] note: to keep the current resolver, specify `workspace.resolver = "1"` in the workspace root's manifest
[INFO] [stderr] note: to use the edition 2021 resolver, specify `workspace.resolver = "2"` in the workspace root's manifest
[INFO] [stderr] note: for more details see https://doc.rust-lang.org/cargo/reference/resolver.html#resolver-versions
[INFO] [stderr]  Downloading crates ...
[INFO] [stderr]   Downloaded nom v7.1.2
[INFO] running `Command { std: "docker" "create" "-v" "/var/lib/crater-agent-workspace/builds/worker-3-tc1/target:/opt/rustwide/target:rw,Z" "-v" "/var/lib/crater-agent-workspace/builds/worker-3-tc1/source:/opt/rustwide/workdir:ro,Z" "-v" "/var/lib/crater-agent-workspace/cargo-home:/opt/rustwide/cargo-home:ro,Z" "-v" "/var/lib/crater-agent-workspace/rustup-home:/opt/rustwide/rustup-home:ro,Z" "-e" "SOURCE_DIR=/opt/rustwide/workdir" "-e" "CARGO_TARGET_DIR=/opt/rustwide/target" "-e" "CARGO_HOME=/opt/rustwide/cargo-home" "-e" "RUSTUP_HOME=/opt/rustwide/rustup-home" "-w" "/opt/rustwide/workdir" "-m" "1610612736" "--user" "0:0" "--network" "none" "ghcr.io/rust-lang/crates-build-env/linux@sha256:2788e3201cd34a07e3172128adcd8b3090168a8e3bcc40d7c032b9dda1df7d1c" "/opt/rustwide/cargo-home/bin/cargo" "+1.75.0" "metadata" "--no-deps" "--format-version=1", kill_on_drop: false }`
[INFO] [stdout] e1150237fe6cc307329b7ff190156aee480b5b780e252df60a273d018acad9fd
[INFO] running `Command { std: "docker" "start" "-a" "e1150237fe6cc307329b7ff190156aee480b5b780e252df60a273d018acad9fd", kill_on_drop: false }`
[INFO] running `Command { std: "docker" "inspect" "e1150237fe6cc307329b7ff190156aee480b5b780e252df60a273d018acad9fd", kill_on_drop: false }`
[INFO] running `Command { std: "docker" "rm" "-f" "e1150237fe6cc307329b7ff190156aee480b5b780e252df60a273d018acad9fd", kill_on_drop: false }`
[INFO] [stdout] e1150237fe6cc307329b7ff190156aee480b5b780e252df60a273d018acad9fd
[INFO] running `Command { std: "docker" "create" "-v" "/var/lib/crater-agent-workspace/builds/worker-3-tc1/target:/opt/rustwide/target:rw,Z" "-v" "/var/lib/crater-agent-workspace/builds/worker-3-tc1/source:/opt/rustwide/workdir:ro,Z" "-v" "/var/lib/crater-agent-workspace/cargo-home:/opt/rustwide/cargo-home:ro,Z" "-v" "/var/lib/crater-agent-workspace/rustup-home:/opt/rustwide/rustup-home:ro,Z" "-e" "SOURCE_DIR=/opt/rustwide/workdir" "-e" "CARGO_TARGET_DIR=/opt/rustwide/target" "-e" "CARGO_INCREMENTAL=0" "-e" "RUST_BACKTRACE=full" "-e" "RUSTFLAGS=--cap-lints=warn" "-e" "RUSTDOCFLAGS=--cap-lints=warn" "-e" "CARGO_HOME=/opt/rustwide/cargo-home" "-e" "RUSTUP_HOME=/opt/rustwide/rustup-home" "-w" "/opt/rustwide/workdir" "-m" "1610612736" "--user" "0:0" "--network" "none" "ghcr.io/rust-lang/crates-build-env/linux@sha256:2788e3201cd34a07e3172128adcd8b3090168a8e3bcc40d7c032b9dda1df7d1c" "/opt/rustwide/cargo-home/bin/cargo" "+1.75.0" "doc" "--frozen" "--no-deps" "--document-private-items" "--message-format=json", kill_on_drop: false }`
[INFO] [stdout] c5741707ec2943b46b863c7fee1a1818f7a3ee45b657d730fdf66f83541fc171
[INFO] running `Command { std: "docker" "start" "-a" "c5741707ec2943b46b863c7fee1a1818f7a3ee45b657d730fdf66f83541fc171", kill_on_drop: false }`
[INFO] [stderr] warning: virtual workspace defaulting to `resolver = "1"` despite one or more workspace members being on edition 2021 which implies `resolver = "2"`
[INFO] [stderr] note: to keep the current resolver, specify `workspace.resolver = "1"` in the workspace root's manifest
[INFO] [stderr] note: to use the edition 2021 resolver, specify `workspace.resolver = "2"` in the workspace root's manifest
[INFO] [stderr] note: for more details see https://doc.rust-lang.org/cargo/reference/resolver.html#resolver-versions
[INFO] [stderr]    Compiling libc v0.2.139
[INFO] [stderr]    Compiling memchr v2.5.0
[INFO] [stderr]    Compiling glob v0.3.1
[INFO] [stderr]    Compiling proc-macro2 v1.0.49
[INFO] [stderr]    Compiling cfg-if v1.0.0
[INFO] [stderr]    Compiling quote v1.0.23
[INFO] [stderr]    Compiling unicode-ident v1.0.6
[INFO] [stderr]    Compiling minimal-lexical v0.2.1
[INFO] [stderr]    Compiling log v0.4.17
[INFO] [stderr]    Compiling syn v1.0.107
[INFO] [stderr]    Compiling libloading v0.7.4
[INFO] [stderr]    Compiling bindgen v0.63.0
[INFO] [stderr]    Compiling either v1.8.0
[INFO] [stderr]    Compiling clang-sys v1.4.0
[INFO] [stderr]    Compiling regex-syntax v0.6.28
[INFO] [stderr]    Compiling lazy_static v1.4.0
[INFO] [stderr]    Compiling nom v7.1.2
[INFO] [stderr]    Compiling shlex v1.1.0
[INFO] [stderr]    Compiling peeking_take_while v0.1.2
[INFO] [stderr]    Compiling rustc-hash v1.1.0
[INFO] [stderr]    Compiling bitflags v1.3.2
[INFO] [stderr]    Compiling lazycell v1.3.0
[INFO] [stderr]    Compiling autocfg v1.1.0
[INFO] [stderr]    Compiling parking_lot_core v0.9.6
[INFO] [stderr]    Compiling which v4.3.0
[INFO] [stderr]     Checking smallvec v1.10.0
[INFO] [stderr]    Compiling lock_api v0.4.9
[INFO] [stderr]    Compiling paste v1.0.11
[INFO] [stderr]     Checking scopeguard v1.1.0
[INFO] [stderr]     Checking parking_lot v0.12.1
[INFO] [stderr]    Compiling cexpr v0.6.0
[INFO] [stderr]    Compiling regex v1.7.1
[INFO] [stderr]    Compiling zsh-sys v0.1.0 (/opt/rustwide/workdir/zsh-sys)
[INFO] [stderr]  Documenting zsh-sys v0.1.0 (/opt/rustwide/workdir/zsh-sys)
[INFO] [stderr]     Checking zsh-module v0.3.0 (/opt/rustwide/workdir/zsh-module)
[INFO] [stderr]  Documenting zsh-module v0.3.0 (/opt/rustwide/workdir/zsh-module)
[INFO] [stdout] error[E0554]: `#![feature]` may not be used on the stable release channel
[INFO] [stdout]   --> zsh-module/src/lib.rs:75:1
[INFO] [stdout]    |
[INFO] [stdout] 75 | #![feature(trait_alias)]
[INFO] [stdout]    | ^^^^^^^^^^^^^^^^^^^^^^^^
[INFO] [stdout] 
[INFO] [stdout] 
[INFO] [stdout] error[E0554]: `#![feature]` may not be used on the stable release channel
[INFO] [stdout]   --> zsh-module/src/lib.rs:75:1
[INFO] [stdout]    |
[INFO] [stdout] 75 | #![feature(trait_alias)]
[INFO] [stdout]    | ^^^^^^^^^^^^^^^^^^^^^^^^
[INFO] [stdout] 
[INFO] [stdout] 
[INFO] [stdout] warning: unused imports: `CStr`, `CString`, `borrow::Cow`, `c_char`
[INFO] [stdout]  --> zsh-module/src/log.rs:4:5
[INFO] [stdout]   |
[INFO] [stdout] 4 |     borrow::Cow,
[INFO] [stdout]   |     ^^^^^^^^^^^
[INFO] [stdout] 5 |     ffi::{c_char, CStr, CString},
[INFO] [stdout]   |           ^^^^^^  ^^^^  ^^^^^^^
[INFO] [stdout]   |
[INFO] [stdout]   = note: `#[warn(unused_imports)]` on by default
[INFO] [stdout] 
[INFO] [stdout] 
[INFO] [stdout] warning: unused imports: `io::Read`, `path::Path`
[INFO] [stdout]  --> zsh-module/src/zsh.rs:2:11
[INFO] [stdout]   |
[INFO] [stdout] 2 | use std::{io::Read, path::Path};
[INFO] [stdout]   |           ^^^^^^^^  ^^^^^^^^^^
[INFO] [stdout] 
[INFO] [stdout] 
[INFO] [stdout] warning: unused import: `AnyError`
[INFO] [stdout]  --> zsh-module/src/export_module.rs:6:42
[INFO] [stdout]   |
[INFO] [stdout] 6 | use crate::{log, options::Opts, to_cstr, AnyError, MaybeError, Module};
[INFO] [stdout]   |                                          ^^^^^^^^
[INFO] [stdout] 
[INFO] [stdout] 
[INFO] [stdout] error: aborting due to previous error
[INFO] [stdout] 
[INFO] [stdout] 
[INFO] [stdout] For more information about this error, try `rustc --explain E0554`.
[INFO] [stdout] 
[INFO] [stderr] error: could not document `zsh-module`
[INFO] [stderr] 
[INFO] [stderr] Caused by:
[INFO] [stderr]   process didn't exit successfully: `/opt/rustwide/rustup-home/toolchains/1.75.0-x86_64-unknown-linux-gnu/bin/rustdoc --edition=2021 --crate-type lib --crate-name zsh_module zsh-module/src/lib.rs -o /opt/rustwide/target/doc --cfg 'feature="default"' --cfg 'feature="export_module"' --error-format=json --json=diagnostic-rendered-ansi,artifacts,future-incompat --document-private-items -C metadata=10b1fb212e0cae8f -L dependency=/opt/rustwide/target/debug/deps --extern parking_lot=/opt/rustwide/target/debug/deps/libparking_lot-d0cf9958ec3ff97a.rmeta --extern paste=/opt/rustwide/target/debug/deps/libpaste-f962b5d9f496fff9.so --extern zsh_sys=/opt/rustwide/target/debug/deps/libzsh_sys-a270dcb2adcbbbeb.rmeta --cap-lints=warn --crate-version 0.3.0` (exit status: 1)
[INFO] [stderr] warning: build failed, waiting for other jobs to finish...
[INFO] [stdout] error: aborting due to previous error; 3 warnings emitted
[INFO] [stdout] 
[INFO] [stdout] 
[INFO] [stdout] For more information about this error, try `rustc --explain E0554`.
[INFO] [stdout] 
[INFO] [stderr] error: could not compile `zsh-module` (lib) due to 2 previous errors; 3 warnings emitted
[INFO] running `Command { std: "docker" "inspect" "c5741707ec2943b46b863c7fee1a1818f7a3ee45b657d730fdf66f83541fc171", kill_on_drop: false }`
[INFO] running `Command { std: "docker" "rm" "-f" "c5741707ec2943b46b863c7fee1a1818f7a3ee45b657d730fdf66f83541fc171", kill_on_drop: false }`
[INFO] [stdout] c5741707ec2943b46b863c7fee1a1818f7a3ee45b657d730fdf66f83541fc171
[INFO] documenting Diegovsky/zsh-module-rs against beta-2023-12-22 for beta-1.76-rustdoc-1
[INFO] running `Command { std: "git" "clone" "/workspace/cache/git-repos/https%3A%2F%2Fgithub.com%2FDiegovsky%2Fzsh-module-rs" "/workspace/builds/worker-3-tc2/source", kill_on_drop: false }`
[INFO] [stderr] Cloning into '/workspace/builds/worker-3-tc2/source'...
[INFO] [stderr] done.
[INFO] validating manifest of git repo https://github.com/Diegovsky/zsh-module-rs on toolchain beta-2023-12-22
[INFO] running `Command { std: CARGO_HOME="/workspace/cargo-home" RUSTUP_HOME="/workspace/rustup-home" "/workspace/cargo-home/bin/cargo" "+beta-2023-12-22" "metadata" "--manifest-path" "Cargo.toml" "--no-deps", kill_on_drop: false }`
[INFO] started tweaking git repo https://github.com/Diegovsky/zsh-module-rs
[INFO] finished tweaking git repo https://github.com/Diegovsky/zsh-module-rs
[INFO] tweaked toml for git repo https://github.com/Diegovsky/zsh-module-rs written to /workspace/builds/worker-3-tc2/source/Cargo.toml
[INFO] crate git repo https://github.com/Diegovsky/zsh-module-rs already has a lockfile, it will not be regenerated
[INFO] running `Command { std: CARGO_HOME="/workspace/cargo-home" RUSTUP_HOME="/workspace/rustup-home" "/workspace/cargo-home/bin/cargo" "+beta-2023-12-22" "fetch" "--manifest-path" "Cargo.toml", kill_on_drop: false }`
[INFO] [stderr] warning: virtual workspace defaulting to `resolver = "1"` despite one or more workspace members being on edition 2021 which implies `resolver = "2"`
[INFO] [stderr] note: to keep the current resolver, specify `workspace.resolver = "1"` in the workspace root's manifest
[INFO] [stderr] note: to use the edition 2021 resolver, specify `workspace.resolver = "2"` in the workspace root's manifest
[INFO] [stderr] note: for more details see https://doc.rust-lang.org/cargo/reference/resolver.html#resolver-versions
[INFO] running `Command { std: "docker" "create" "-v" "/var/lib/crater-agent-workspace/builds/worker-3-tc2/target:/opt/rustwide/target:rw,Z" "-v" "/var/lib/crater-agent-workspace/builds/worker-3-tc2/source:/opt/rustwide/workdir:ro,Z" "-v" "/var/lib/crater-agent-workspace/cargo-home:/opt/rustwide/cargo-home:ro,Z" "-v" "/var/lib/crater-agent-workspace/rustup-home:/opt/rustwide/rustup-home:ro,Z" "-e" "SOURCE_DIR=/opt/rustwide/workdir" "-e" "CARGO_TARGET_DIR=/opt/rustwide/target" "-e" "CARGO_HOME=/opt/rustwide/cargo-home" "-e" "RUSTUP_HOME=/opt/rustwide/rustup-home" "-w" "/opt/rustwide/workdir" "-m" "1610612736" "--user" "0:0" "--network" "none" "ghcr.io/rust-lang/crates-build-env/linux@sha256:2788e3201cd34a07e3172128adcd8b3090168a8e3bcc40d7c032b9dda1df7d1c" "/opt/rustwide/cargo-home/bin/cargo" "+beta-2023-12-22" "metadata" "--no-deps" "--format-version=1", kill_on_drop: false }`
[INFO] [stdout] 303ef3d459759d271f020add46e2e79f6107baea1e9a5027c5e5487b1fa943cd
[INFO] running `Command { std: "docker" "start" "-a" "303ef3d459759d271f020add46e2e79f6107baea1e9a5027c5e5487b1fa943cd", kill_on_drop: false }`
[INFO] running `Command { std: "docker" "inspect" "303ef3d459759d271f020add46e2e79f6107baea1e9a5027c5e5487b1fa943cd", kill_on_drop: false }`
[INFO] running `Command { std: "docker" "rm" "-f" "303ef3d459759d271f020add46e2e79f6107baea1e9a5027c5e5487b1fa943cd", kill_on_drop: false }`
[INFO] [stdout] 303ef3d459759d271f020add46e2e79f6107baea1e9a5027c5e5487b1fa943cd
[INFO] running `Command { std: "docker" "create" "-v" "/var/lib/crater-agent-workspace/builds/worker-3-tc2/target:/opt/rustwide/target:rw,Z" "-v" "/var/lib/crater-agent-workspace/builds/worker-3-tc2/source:/opt/rustwide/workdir:ro,Z" "-v" "/var/lib/crater-agent-workspace/cargo-home:/opt/rustwide/cargo-home:ro,Z" "-v" "/var/lib/crater-agent-workspace/rustup-home:/opt/rustwide/rustup-home:ro,Z" "-e" "SOURCE_DIR=/opt/rustwide/workdir" "-e" "CARGO_TARGET_DIR=/opt/rustwide/target" "-e" "CARGO_INCREMENTAL=0" "-e" "RUST_BACKTRACE=full" "-e" "RUSTFLAGS=--cap-lints=warn" "-e" "RUSTDOCFLAGS=--cap-lints=warn" "-e" "CARGO_HOME=/opt/rustwide/cargo-home" "-e" "RUSTUP_HOME=/opt/rustwide/rustup-home" "-w" "/opt/rustwide/workdir" "-m" "1610612736" "--user" "0:0" "--network" "none" "ghcr.io/rust-lang/crates-build-env/linux@sha256:2788e3201cd34a07e3172128adcd8b3090168a8e3bcc40d7c032b9dda1df7d1c" "/opt/rustwide/cargo-home/bin/cargo" "+beta-2023-12-22" "doc" "--frozen" "--no-deps" "--document-private-items" "--message-format=json", kill_on_drop: false }`
[INFO] [stdout] 9b8b08fe4a56571b114e47be13e72eddb6a17452863bb932de6bb787f7db4774
[INFO] running `Command { std: "docker" "start" "-a" "9b8b08fe4a56571b114e47be13e72eddb6a17452863bb932de6bb787f7db4774", kill_on_drop: false }`
[INFO] [stderr] warning: virtual workspace defaulting to `resolver = "1"` despite one or more workspace members being on edition 2021 which implies `resolver = "2"`
[INFO] [stderr] note: to keep the current resolver, specify `workspace.resolver = "1"` in the workspace root's manifest
[INFO] [stderr] note: to use the edition 2021 resolver, specify `workspace.resolver = "2"` in the workspace root's manifest
[INFO] [stderr] note: for more details see https://doc.rust-lang.org/cargo/reference/resolver.html#resolver-versions
[INFO] [stderr]    Compiling libc v0.2.139
[INFO] [stderr]    Compiling proc-macro2 v1.0.49
[INFO] [stderr]    Compiling memchr v2.5.0
[INFO] [stderr]    Compiling glob v0.3.1
[INFO] [stderr]    Compiling unicode-ident v1.0.6
[INFO] [stderr]    Compiling cfg-if v1.0.0
[INFO] [stderr]    Compiling quote v1.0.23
[INFO] [stderr]    Compiling minimal-lexical v0.2.1
[INFO] [stderr]    Compiling syn v1.0.107
[INFO] [stderr]    Compiling log v0.4.17
[INFO] [stderr]    Compiling libloading v0.7.4
[INFO] [stderr]    Compiling either v1.8.0
[INFO] [stderr]    Compiling bindgen v0.63.0
[INFO] [stderr]    Compiling regex-syntax v0.6.28
[INFO] [stderr]    Compiling bitflags v1.3.2
[INFO] [stderr]    Compiling lazycell v1.3.0
[INFO] [stderr]    Compiling clang-sys v1.4.0
[INFO] [stderr]    Compiling lazy_static v1.4.0
[INFO] [stderr]    Compiling shlex v1.1.0
[INFO] [stderr]    Compiling peeking_take_while v0.1.2
[INFO] [stderr]    Compiling rustc-hash v1.1.0
[INFO] [stderr]    Compiling autocfg v1.1.0
[INFO] [stderr]    Compiling parking_lot_core v0.9.6
[INFO] [stderr]    Compiling nom v7.1.2
[INFO] [stderr]    Compiling which v4.3.0
[INFO] [stderr]    Compiling lock_api v0.4.9
[INFO] [stderr]    Compiling paste v1.0.11
[INFO] [stderr]     Checking scopeguard v1.1.0
[INFO] [stderr]     Checking smallvec v1.10.0
[INFO] [stderr]     Checking parking_lot v0.12.1
[INFO] [stderr]    Compiling regex v1.7.1
[INFO] [stderr]    Compiling cexpr v0.6.0
[INFO] [stderr]    Compiling zsh-sys v0.1.0 (/opt/rustwide/workdir/zsh-sys)
[INFO] [stderr]  Documenting zsh-sys v0.1.0 (/opt/rustwide/workdir/zsh-sys)
[INFO] [stderr]     Checking zsh-module v0.3.0 (/opt/rustwide/workdir/zsh-module)
[INFO] [stderr]  Documenting zsh-module v0.3.0 (/opt/rustwide/workdir/zsh-module)
[INFO] [stdout] error[E0554]: `#![feature]` may not be used on the beta release channel
[INFO] [stdout]   --> zsh-module/src/lib.rs:75:1
[INFO] [stdout]    |
[INFO] [stdout] 75 | #![feature(trait_alias)]
[INFO] [stdout]    | ^^^^^^^^^^^^^^^^^^^^^^^^
[INFO] [stdout] 
[INFO] [stdout] 
[INFO] [stdout] error[E0554]: `#![feature]` may not be used on the beta release channel
[INFO] [stdout]   --> zsh-module/src/lib.rs:75:1
[INFO] [stdout]    |
[INFO] [stdout] 75 | #![feature(trait_alias)]
[INFO] [stdout]    | ^^^^^^^^^^^^^^^^^^^^^^^^
[INFO] [stdout] 
[INFO] [stdout] 
[INFO] [stdout] warning: unused imports: `CStr`, `CString`, `borrow::Cow`, `c_char`
[INFO] [stdout]  --> zsh-module/src/log.rs:4:5
[INFO] [stdout]   |
[INFO] [stdout] 4 |     borrow::Cow,
[INFO] [stdout]   |     ^^^^^^^^^^^
[INFO] [stdout] 5 |     ffi::{c_char, CStr, CString},
[INFO] [stdout]   |           ^^^^^^  ^^^^  ^^^^^^^
[INFO] [stdout]   |
[INFO] [stdout]   = note: `#[warn(unused_imports)]` on by default
[INFO] [stdout] 
[INFO] [stdout] 
[INFO] [stdout] warning: unused imports: `io::Read`, `path::Path`
[INFO] [stdout]  --> zsh-module/src/zsh.rs:2:11
[INFO] [stdout]   |
[INFO] [stdout] 2 | use std::{io::Read, path::Path};
[INFO] [stdout]   |           ^^^^^^^^  ^^^^^^^^^^
[INFO] [stdout] 
[INFO] [stdout] 
[INFO] [stdout] warning: unused import: `AnyError`
[INFO] [stdout]  --> zsh-module/src/export_module.rs:6:42
[INFO] [stdout]   |
[INFO] [stdout] 6 | use crate::{log, options::Opts, to_cstr, AnyError, MaybeError, Module};
[INFO] [stdout]   |                                          ^^^^^^^^
[INFO] [stdout] 
[INFO] [stdout] 
[INFO] [stdout] error: aborting due to 1 previous error
[INFO] [stdout] 
[INFO] [stdout] 
[INFO] [stdout] For more information about this error, try `rustc --explain E0554`.
[INFO] [stdout] 
[INFO] [stdout] error: aborting due to 1 previous error; 3 warnings emitted
[INFO] [stdout] 
[INFO] [stdout] 
[INFO] [stderr] error: could not document `zsh-module`
[INFO] [stderr] 
[INFO] [stderr] Caused by:
[INFO] [stderr]   process didn't exit successfully: `/opt/rustwide/rustup-home/toolchains/beta-2023-12-22-x86_64-unknown-linux-gnu/bin/rustdoc --edition=2021 --crate-type lib --crate-name zsh_module zsh-module/src/lib.rs -o /opt/rustwide/target/doc --cfg 'feature="default"' --cfg 'feature="export_module"' --error-format=json --json=diagnostic-rendered-ansi,artifacts,future-incompat --document-private-items -C metadata=eb1ddd75ce35699c -L dependency=/opt/rustwide/target/debug/deps --extern parking_lot=/opt/rustwide/target/debug/deps/libparking_lot-4862dafcfce20f31.rmeta --extern paste=/opt/rustwide/target/debug/deps/libpaste-8eb559f95f68c3f8.so --extern zsh_sys=/opt/rustwide/target/debug/deps/libzsh_sys-51e0d18bb506eb2b.rmeta --cap-lints=warn --crate-version 0.3.0` (exit status: 1)
[INFO] [stderr] warning: build failed, waiting for other jobs to finish...
[INFO] [stdout] For more information about this error, try `rustc --explain E0554`.
[INFO] [stdout] 
[INFO] [stderr] error: could not compile `zsh-module` (lib) due to 2 previous errors; 3 warnings emitted
[INFO] running `Command { std: "docker" "inspect" "9b8b08fe4a56571b114e47be13e72eddb6a17452863bb932de6bb787f7db4774", kill_on_drop: false }`
[INFO] running `Command { std: "docker" "rm" "-f" "9b8b08fe4a56571b114e47be13e72eddb6a17452863bb932de6bb787f7db4774", kill_on_drop: false }`
[INFO] [stdout] 9b8b08fe4a56571b114e47be13e72eddb6a17452863bb932de6bb787f7db4774
