[INFO] cloning repository https://github.com/Dherse/QUIC-test
[INFO] running `Command { std: "git" "-c" "credential.helper=" "-c" "credential.helper=/workspace/cargo-home/bin/git-credential-null" "clone" "--bare" "https://github.com/Dherse/QUIC-test" "/workspace/cache/git-repos/https%3A%2F%2Fgithub.com%2FDherse%2FQUIC-test", kill_on_drop: false }`
[INFO] [stderr] Cloning into bare repository '/workspace/cache/git-repos/https%3A%2F%2Fgithub.com%2FDherse%2FQUIC-test'...
[INFO] running `Command { std: "git" "rev-parse" "HEAD", kill_on_drop: false }`
[INFO] [stdout] f72d275cedc063153fc3efd6b02517bd1924d6d8
[INFO] documenting Dherse/QUIC-test against 1.75.0 for beta-1.76-rustdoc-1
[INFO] running `Command { std: "git" "clone" "/workspace/cache/git-repos/https%3A%2F%2Fgithub.com%2FDherse%2FQUIC-test" "/workspace/builds/worker-6-tc1/source", kill_on_drop: false }`
[INFO] [stderr] Cloning into '/workspace/builds/worker-6-tc1/source'...
[INFO] [stderr] done.
[INFO] validating manifest of git repo https://github.com/Dherse/QUIC-test on toolchain 1.75.0
[INFO] running `Command { std: CARGO_HOME="/workspace/cargo-home" RUSTUP_HOME="/workspace/rustup-home" "/workspace/cargo-home/bin/cargo" "+1.75.0" "metadata" "--manifest-path" "Cargo.toml" "--no-deps", kill_on_drop: false }`
[INFO] removed /workspace/builds/worker-6-tc1/source/.cargo/config
[INFO] started tweaking git repo https://github.com/Dherse/QUIC-test
[INFO] finished tweaking git repo https://github.com/Dherse/QUIC-test
[INFO] tweaked toml for git repo https://github.com/Dherse/QUIC-test written to /workspace/builds/worker-6-tc1/source/Cargo.toml
[INFO] crate git repo https://github.com/Dherse/QUIC-test already has a lockfile, it will not be regenerated
[INFO] running `Command { std: CARGO_HOME="/workspace/cargo-home" RUSTUP_HOME="/workspace/rustup-home" "/workspace/cargo-home/bin/cargo" "+1.75.0" "fetch" "--manifest-path" "Cargo.toml", kill_on_drop: false }`
[INFO] [stderr]  Downloading crates ...
[INFO] [stderr]   Downloaded mimalloc v0.1.26
[INFO] [stderr]   Downloaded quinn-proto v0.9.2
[INFO] [stderr]   Downloaded libmimalloc-sys v0.1.22
[INFO] running `Command { std: "docker" "create" "-v" "/var/lib/crater-agent-workspace/builds/worker-6-tc1/target:/opt/rustwide/target:rw,Z" "-v" "/var/lib/crater-agent-workspace/builds/worker-6-tc1/source:/opt/rustwide/workdir:ro,Z" "-v" "/var/lib/crater-agent-workspace/cargo-home:/opt/rustwide/cargo-home:ro,Z" "-v" "/var/lib/crater-agent-workspace/rustup-home:/opt/rustwide/rustup-home:ro,Z" "-e" "SOURCE_DIR=/opt/rustwide/workdir" "-e" "CARGO_TARGET_DIR=/opt/rustwide/target" "-e" "CARGO_HOME=/opt/rustwide/cargo-home" "-e" "RUSTUP_HOME=/opt/rustwide/rustup-home" "-w" "/opt/rustwide/workdir" "-m" "1610612736" "--user" "0:0" "--network" "none" "ghcr.io/rust-lang/crates-build-env/linux@sha256:2788e3201cd34a07e3172128adcd8b3090168a8e3bcc40d7c032b9dda1df7d1c" "/opt/rustwide/cargo-home/bin/cargo" "+1.75.0" "metadata" "--no-deps" "--format-version=1", kill_on_drop: false }`
[INFO] [stdout] 4fb86a4e7accbe15f575a7203bd6365c347f7ebb8bf2991e9a019e6da8c17996
[INFO] running `Command { std: "docker" "start" "-a" "4fb86a4e7accbe15f575a7203bd6365c347f7ebb8bf2991e9a019e6da8c17996", kill_on_drop: false }`
[INFO] running `Command { std: "docker" "inspect" "4fb86a4e7accbe15f575a7203bd6365c347f7ebb8bf2991e9a019e6da8c17996", kill_on_drop: false }`
[INFO] running `Command { std: "docker" "rm" "-f" "4fb86a4e7accbe15f575a7203bd6365c347f7ebb8bf2991e9a019e6da8c17996", kill_on_drop: false }`
[INFO] [stdout] 4fb86a4e7accbe15f575a7203bd6365c347f7ebb8bf2991e9a019e6da8c17996
[INFO] running `Command { std: "docker" "create" "-v" "/var/lib/crater-agent-workspace/builds/worker-6-tc1/target:/opt/rustwide/target:rw,Z" "-v" "/var/lib/crater-agent-workspace/builds/worker-6-tc1/source:/opt/rustwide/workdir:ro,Z" "-v" "/var/lib/crater-agent-workspace/cargo-home:/opt/rustwide/cargo-home:ro,Z" "-v" "/var/lib/crater-agent-workspace/rustup-home:/opt/rustwide/rustup-home:ro,Z" "-e" "SOURCE_DIR=/opt/rustwide/workdir" "-e" "CARGO_TARGET_DIR=/opt/rustwide/target" "-e" "CARGO_INCREMENTAL=0" "-e" "RUST_BACKTRACE=full" "-e" "RUSTFLAGS=--cap-lints=warn" "-e" "RUSTDOCFLAGS=--cap-lints=warn" "-e" "CARGO_HOME=/opt/rustwide/cargo-home" "-e" "RUSTUP_HOME=/opt/rustwide/rustup-home" "-w" "/opt/rustwide/workdir" "-m" "1610612736" "--user" "0:0" "--network" "none" "ghcr.io/rust-lang/crates-build-env/linux@sha256:2788e3201cd34a07e3172128adcd8b3090168a8e3bcc40d7c032b9dda1df7d1c" "/opt/rustwide/cargo-home/bin/cargo" "+1.75.0" "doc" "--frozen" "--no-deps" "--document-private-items" "--message-format=json", kill_on_drop: false }`
[INFO] [stdout] 7322ec682c03f55c7fe4f9e249d7cc19f2c6c18db41dbbef030a9f66d6c6279f
[INFO] running `Command { std: "docker" "start" "-a" "7322ec682c03f55c7fe4f9e249d7cc19f2c6c18db41dbbef030a9f66d6c6279f", kill_on_drop: false }`
[INFO] [stderr]    Compiling libc v0.2.139
[INFO] [stderr]    Compiling proc-macro2 v1.0.50
[INFO] [stderr]    Compiling unicode-ident v1.0.6
[INFO] [stderr]    Compiling syn v1.0.107
[INFO] [stderr]    Compiling cc v1.0.71
[INFO] [stderr]     Checking once_cell v1.17.0
[INFO] [stderr]    Compiling parking_lot_core v0.9.6
[INFO] [stderr]     Checking bytes v1.3.0
[INFO] [stderr]    Compiling lock_api v0.4.9
[INFO] [stderr]    Compiling pkg-config v0.3.20
[INFO] [stderr]    Compiling tokio v1.24.2
[INFO] [stderr]    Compiling futures-core v0.3.25
[INFO] [stderr]     Checking ppv-lite86 v0.2.10
[INFO] [stderr]     Checking slab v0.4.4
[INFO] [stderr]    Compiling typenum v1.16.0
[INFO] [stderr]    Compiling generic-array v0.14.6
[INFO] [stderr]    Compiling futures-task v0.3.25
[INFO] [stderr]    Compiling indexmap v1.7.0
[INFO] [stderr]     Checking tracing-core v0.1.30
[INFO] [stderr]    Compiling futures-util v0.3.25
[INFO] [stderr]    Compiling openssl v0.10.36
[INFO] [stderr]    Compiling serde v1.0.130
[INFO] [stderr]     Checking base64 v0.21.0
[INFO] [stderr]    Compiling unicase v2.6.0
[INFO] [stderr]    Compiling num-traits v0.2.14
[INFO] [stderr]     Checking http v0.2.5
[INFO] [stderr]    Compiling futures-channel v0.3.17
[INFO] [stderr]    Compiling rustls v0.20.8
[INFO] [stderr]     Checking futures-sink v0.3.17
[INFO] [stderr]    Compiling io-lifetimes v1.0.4
[INFO] [stderr]    Compiling native-tls v0.2.11
[INFO] [stderr]    Compiling mime_guess v2.0.3
[INFO] [stderr]    Compiling num-integer v0.1.44
[INFO] [stderr]    Compiling rustix v0.36.7
[INFO] [stderr]     Checking rustls-pemfile v1.0.2
[INFO] [stderr]     Checking itoa v1.0.5
[INFO] [stderr]     Checking time-core v0.1.0
[INFO] [stderr]     Checking rustls-native-certs v0.6.2
[INFO] [stderr]     Checking safemem v0.3.3
[INFO] [stderr]    Compiling serde_json v1.0.68
[INFO] [stderr]    Compiling quote v1.0.10
[INFO] [stderr]    Compiling serde_derive v1.0.130
[INFO] [stderr]    Compiling encoding_rs v0.8.28
[INFO] [stderr]     Checking buf_redux v0.8.4
[INFO] [stderr]     Checking gzip-header v1.0.0
[INFO] [stderr]     Checking brotli-decompressor v2.3.4
[INFO] [stderr]     Checking twoway v0.1.8
[INFO] [stderr]     Checking overload v0.1.1
[INFO] [stderr]     Checking cpufeatures v0.2.5
[INFO] [stderr]     Checking chunked_transfer v1.4.0
[INFO] [stderr]     Checking ascii v1.0.0
[INFO] [stderr]     Checking os_str_bytes v6.4.1
[INFO] [stderr]    Compiling anyhow v1.0.68
[INFO] [stderr]     Checking deflate v1.0.0
[INFO] [stderr]    Compiling ring v0.16.20
[INFO] [stderr]    Compiling openssl-sys v0.9.67
[INFO] [stderr]    Compiling proc-macro-error-attr v1.0.4
[INFO] [stderr]    Compiling libmimalloc-sys v0.1.22
[INFO] [stderr]     Checking clap_lex v0.3.1
[INFO] [stderr]     Checking tiny_http v0.12.0
[INFO] [stderr]     Checking nu-ansi-term v0.46.0
[INFO] [stderr]     Checking pem v1.1.1
[INFO] [stderr]     Checking num_cpus v1.13.0
[INFO] [stderr]     Checking getrandom v0.2.3
[INFO] [stderr]     Checking socket2 v0.4.7
[INFO] [stderr]     Checking mio v0.8.5
[INFO] [stderr]     Checking time v0.3.17
[INFO] [stderr]     Checking threadpool v1.8.1
[INFO] [stderr]     Checking rand_core v0.6.3
[INFO] [stderr]     Checking chrono v0.4.19
[INFO] [stderr]     Checking parking_lot v0.12.1
[INFO] [stderr]     Checking rand_chacha v0.3.1
[INFO] [stderr]     Checking http-body v0.4.3
[INFO] [stderr]     Checking filetime v0.2.15
[INFO] [stderr]     Checking brotli v3.3.4
[INFO] [stderr]     Checking tracing-log v0.1.3
[INFO] [stderr]     Checking crypto-common v0.1.6
[INFO] [stderr]     Checking block-buffer v0.10.3
[INFO] [stderr]     Checking thread_local v1.1.4
[INFO] [stderr]     Checking rand v0.8.4
[INFO] [stderr]     Checking digest v0.10.6
[INFO] [stderr]     Checking yasna v0.5.1
[INFO] [stderr]     Checking tracing-subscriber v0.3.16
[INFO] [stderr]     Checking sha1 v0.10.5
[INFO] [stderr]     Checking mimalloc v0.1.26
[INFO] [stderr]     Checking tempfile v3.2.0
[INFO] [stderr]     Checking is-terminal v0.4.2
[INFO] [stderr]     Checking multipart v0.18.0
[INFO] [stderr]     Checking serde_urlencoded v0.7.1
[INFO] [stderr]     Checking webpki v0.22.0
[INFO] [stderr]     Checking sct v0.7.0
[INFO] [stderr]     Checking rcgen v0.10.0
[INFO] [stderr]    Compiling proc-macro-error v1.0.4
[INFO] [stderr]    Compiling tracing-attributes v0.1.23
[INFO] [stderr]    Compiling tokio-macros v1.8.2
[INFO] [stderr]    Compiling futures-macro v0.3.25
[INFO] [stderr]    Compiling thiserror-impl v1.0.29
[INFO] [stderr]    Compiling pin-project-internal v1.0.8
[INFO] [stderr]    Compiling clap_derive v4.1.0
[INFO] [stderr]     Checking pin-project v1.0.8
[INFO] [stderr]     Checking thiserror v1.0.29
[INFO] [stderr]     Checking tracing v0.1.37
[INFO] [stderr]     Checking quinn-proto v0.9.2
[INFO] [stderr]     Checking tracing-futures v0.2.5
[INFO] [stderr]     Checking clap v4.1.1
[INFO] [stderr]     Checking rouille v3.6.1
[INFO] [stderr]     Checking quinn-udp v0.3.2
[INFO] [stderr]     Checking tokio-util v0.7.4
[INFO] [stderr]     Checking tokio-native-tls v0.3.0
[INFO] [stderr]     Checking quinn v0.9.3
[INFO] [stderr]     Checking h2 v0.3.15
[INFO] [stderr]     Checking hyper v0.14.23
[INFO] [stderr]     Checking hyper-tls v0.5.0
[INFO] [stderr]     Checking reqwest v0.11.14
[INFO] [stderr]  Documenting quic-test v0.1.0 (/opt/rustwide/workdir)
[INFO] [stderr]     Checking quic-test v0.1.0 (/opt/rustwide/workdir)
[INFO] [stdout] error[E0554]: `#![feature]` may not be used on the stable release channel
[INFO] [stdout]  --> src/lib.rs:1:1
[INFO] [stdout]   |
[INFO] [stdout] 1 | #![feature(const_trait_impl, exclusive_range_pattern)]
[INFO] [stdout]   | ^^^^^^^^^^^^^^^^^^^^^^^^^^^^^^^^^^^^^^^^^^^^^^^^^^^^^^
[INFO] [stdout] 
[INFO] [stdout] 
[INFO] [stdout] error[E0554]: `#![feature]` may not be used on the stable release channel
[INFO] [stdout]  --> src/lib.rs:1:1
[INFO] [stdout]   |
[INFO] [stdout] 1 | #![feature(const_trait_impl, exclusive_range_pattern)]
[INFO] [stdout]   | ^^^^^^^^^^^^^^^^^^^^^^^^^^^^^^^^^^^^^^^^^^^^^^^^^^^^^^
[INFO] [stdout] 
[INFO] [stdout] 
[INFO] [stdout] error: aborting due to previous error
[INFO] [stdout] 
[INFO] [stdout] 
[INFO] [stdout] For more information about this error, try `rustc --explain E0554`.
[INFO] [stdout] 
[INFO] [stdout] error: aborting due to previous error
[INFO] [stdout] 
[INFO] [stdout] 
[INFO] [stdout] For more information about this error, try `rustc --explain E0554`.
[INFO] [stdout] 
[INFO] [stderr] error: could not document `quic-test`
[INFO] [stderr] 
[INFO] [stderr] Caused by:
[INFO] [stderr]   process didn't exit successfully: `/opt/rustwide/rustup-home/toolchains/1.75.0-x86_64-unknown-linux-gnu/bin/rustdoc --edition=2021 --crate-type lib --crate-name quic_test src/lib.rs -o /opt/rustwide/target/doc --error-format=json --json=diagnostic-rendered-ansi,artifacts,future-incompat --document-private-items -C metadata=7c66d544a011e466 -L dependency=/opt/rustwide/target/debug/deps --extern anyhow=/opt/rustwide/target/debug/deps/libanyhow-35060b31d05c36bc.rmeta --extern clap=/opt/rustwide/target/debug/deps/libclap-d002e03fd1378371.rmeta --extern futures_util=/opt/rustwide/target/debug/deps/libfutures_util-de4a0c63497456cf.rmeta --extern mimalloc=/opt/rustwide/target/debug/deps/libmimalloc-c65243cc8163de7d.rmeta --extern quinn=/opt/rustwide/target/debug/deps/libquinn-2c1d4c6c7c2fbffd.rmeta --extern rcgen=/opt/rustwide/target/debug/deps/librcgen-2989a2f460325de1.rmeta --extern reqwest=/opt/rustwide/target/debug/deps/libreqwest-300cbb32cadb520b.rmeta --extern rouille=/opt/rustwide/target/debug/deps/librouille-83d72cda31a9ff6d.rmeta --extern rustls=/opt/rustwide/target/debug/deps/librustls-1d2bbf30a9f74eb8.rmeta --extern rustls_pemfile=/opt/rustwide/target/debug/deps/librustls_pemfile-93021391045f1f61.rmeta --extern tokio=/opt/rustwide/target/debug/deps/libtokio-762d0caa5ebafff4.rmeta --extern tracing=/opt/rustwide/target/debug/deps/libtracing-be8179bf55f49022.rmeta --extern tracing_futures=/opt/rustwide/target/debug/deps/libtracing_futures-e6eecbbe3ad464ae.rmeta --extern tracing_subscriber=/opt/rustwide/target/debug/deps/libtracing_subscriber-ee40e37c3998f7e0.rmeta --cap-lints=warn --crate-version 0.1.0` (exit status: 1)
[INFO] [stderr] warning: build failed, waiting for other jobs to finish...
[INFO] [stderr] error: could not compile `quic-test` (lib) due to 2 previous errors
[INFO] running `Command { std: "docker" "inspect" "7322ec682c03f55c7fe4f9e249d7cc19f2c6c18db41dbbef030a9f66d6c6279f", kill_on_drop: false }`
[INFO] running `Command { std: "docker" "rm" "-f" "7322ec682c03f55c7fe4f9e249d7cc19f2c6c18db41dbbef030a9f66d6c6279f", kill_on_drop: false }`
[INFO] [stdout] 7322ec682c03f55c7fe4f9e249d7cc19f2c6c18db41dbbef030a9f66d6c6279f
[INFO] documenting Dherse/QUIC-test against beta-2023-12-22 for beta-1.76-rustdoc-1
[INFO] running `Command { std: "git" "clone" "/workspace/cache/git-repos/https%3A%2F%2Fgithub.com%2FDherse%2FQUIC-test" "/workspace/builds/worker-6-tc2/source", kill_on_drop: false }`
[INFO] [stderr] Cloning into '/workspace/builds/worker-6-tc2/source'...
[INFO] [stderr] done.
[INFO] validating manifest of git repo https://github.com/Dherse/QUIC-test on toolchain beta-2023-12-22
[INFO] running `Command { std: CARGO_HOME="/workspace/cargo-home" RUSTUP_HOME="/workspace/rustup-home" "/workspace/cargo-home/bin/cargo" "+beta-2023-12-22" "metadata" "--manifest-path" "Cargo.toml" "--no-deps", kill_on_drop: false }`
[INFO] removed /workspace/builds/worker-6-tc2/source/.cargo/config
[INFO] started tweaking git repo https://github.com/Dherse/QUIC-test
[INFO] finished tweaking git repo https://github.com/Dherse/QUIC-test
[INFO] tweaked toml for git repo https://github.com/Dherse/QUIC-test written to /workspace/builds/worker-6-tc2/source/Cargo.toml
[INFO] crate git repo https://github.com/Dherse/QUIC-test already has a lockfile, it will not be regenerated
[INFO] running `Command { std: CARGO_HOME="/workspace/cargo-home" RUSTUP_HOME="/workspace/rustup-home" "/workspace/cargo-home/bin/cargo" "+beta-2023-12-22" "fetch" "--manifest-path" "Cargo.toml", kill_on_drop: false }`
[INFO] running `Command { std: "docker" "create" "-v" "/var/lib/crater-agent-workspace/builds/worker-6-tc2/target:/opt/rustwide/target:rw,Z" "-v" "/var/lib/crater-agent-workspace/builds/worker-6-tc2/source:/opt/rustwide/workdir:ro,Z" "-v" "/var/lib/crater-agent-workspace/cargo-home:/opt/rustwide/cargo-home:ro,Z" "-v" "/var/lib/crater-agent-workspace/rustup-home:/opt/rustwide/rustup-home:ro,Z" "-e" "SOURCE_DIR=/opt/rustwide/workdir" "-e" "CARGO_TARGET_DIR=/opt/rustwide/target" "-e" "CARGO_HOME=/opt/rustwide/cargo-home" "-e" "RUSTUP_HOME=/opt/rustwide/rustup-home" "-w" "/opt/rustwide/workdir" "-m" "1610612736" "--user" "0:0" "--network" "none" "ghcr.io/rust-lang/crates-build-env/linux@sha256:2788e3201cd34a07e3172128adcd8b3090168a8e3bcc40d7c032b9dda1df7d1c" "/opt/rustwide/cargo-home/bin/cargo" "+beta-2023-12-22" "metadata" "--no-deps" "--format-version=1", kill_on_drop: false }`
[INFO] [stdout] 01ebff3c30a415dd4c36e502a7cb62ce3271b2d2ae82a27aadaf57a5bd6806eb
[INFO] running `Command { std: "docker" "start" "-a" "01ebff3c30a415dd4c36e502a7cb62ce3271b2d2ae82a27aadaf57a5bd6806eb", kill_on_drop: false }`
[INFO] running `Command { std: "docker" "inspect" "01ebff3c30a415dd4c36e502a7cb62ce3271b2d2ae82a27aadaf57a5bd6806eb", kill_on_drop: false }`
[INFO] running `Command { std: "docker" "rm" "-f" "01ebff3c30a415dd4c36e502a7cb62ce3271b2d2ae82a27aadaf57a5bd6806eb", kill_on_drop: false }`
[INFO] [stdout] 01ebff3c30a415dd4c36e502a7cb62ce3271b2d2ae82a27aadaf57a5bd6806eb
[INFO] running `Command { std: "docker" "create" "-v" "/var/lib/crater-agent-workspace/builds/worker-6-tc2/target:/opt/rustwide/target:rw,Z" "-v" "/var/lib/crater-agent-workspace/builds/worker-6-tc2/source:/opt/rustwide/workdir:ro,Z" "-v" "/var/lib/crater-agent-workspace/cargo-home:/opt/rustwide/cargo-home:ro,Z" "-v" "/var/lib/crater-agent-workspace/rustup-home:/opt/rustwide/rustup-home:ro,Z" "-e" "SOURCE_DIR=/opt/rustwide/workdir" "-e" "CARGO_TARGET_DIR=/opt/rustwide/target" "-e" "CARGO_INCREMENTAL=0" "-e" "RUST_BACKTRACE=full" "-e" "RUSTFLAGS=--cap-lints=warn" "-e" "RUSTDOCFLAGS=--cap-lints=warn" "-e" "CARGO_HOME=/opt/rustwide/cargo-home" "-e" "RUSTUP_HOME=/opt/rustwide/rustup-home" "-w" "/opt/rustwide/workdir" "-m" "1610612736" "--user" "0:0" "--network" "none" "ghcr.io/rust-lang/crates-build-env/linux@sha256:2788e3201cd34a07e3172128adcd8b3090168a8e3bcc40d7c032b9dda1df7d1c" "/opt/rustwide/cargo-home/bin/cargo" "+beta-2023-12-22" "doc" "--frozen" "--no-deps" "--document-private-items" "--message-format=json", kill_on_drop: false }`
[INFO] [stdout] a3a1a90c65802933ff1e602c57033ba179fb8163b92a8b50cf065c37a2680c5a
[INFO] running `Command { std: "docker" "start" "-a" "a3a1a90c65802933ff1e602c57033ba179fb8163b92a8b50cf065c37a2680c5a", kill_on_drop: false }`
[INFO] [stderr]    Compiling libc v0.2.139
[INFO] [stderr]    Compiling proc-macro2 v1.0.50
[INFO] [stderr]    Compiling unicode-ident v1.0.6
[INFO] [stderr]    Compiling syn v1.0.107
[INFO] [stderr]    Compiling cc v1.0.71
[INFO] [stderr]     Checking once_cell v1.17.0
[INFO] [stderr]    Compiling parking_lot_core v0.9.6
[INFO] [stderr]     Checking bytes v1.3.0
[INFO] [stderr]    Compiling lock_api v0.4.9
[INFO] [stderr]    Compiling pkg-config v0.3.20
[INFO] [stderr]    Compiling tokio v1.24.2
[INFO] [stderr]    Compiling futures-core v0.3.25
[INFO] [stderr]     Checking ppv-lite86 v0.2.10
[INFO] [stderr]    Compiling typenum v1.16.0
[INFO] [stderr]     Checking slab v0.4.4
[INFO] [stderr]    Compiling generic-array v0.14.6
[INFO] [stderr]    Compiling futures-task v0.3.25
[INFO] [stderr]     Checking tracing-core v0.1.30
[INFO] [stderr]    Compiling indexmap v1.7.0
[INFO] [stderr]    Compiling serde v1.0.130
[INFO] [stderr]     Checking base64 v0.21.0
[INFO] [stderr]    Compiling openssl v0.10.36
[INFO] [stderr]    Compiling futures-util v0.3.25
[INFO] [stderr]    Compiling unicase v2.6.0
[INFO] [stderr]    Compiling num-traits v0.2.14
[INFO] [stderr]     Checking http v0.2.5
[INFO] [stderr]    Compiling io-lifetimes v1.0.4
[INFO] [stderr]    Compiling native-tls v0.2.11
[INFO] [stderr]    Compiling futures-channel v0.3.17
[INFO] [stderr]    Compiling rustls v0.20.8
[INFO] [stderr]     Checking futures-sink v0.3.17
[INFO] [stderr]     Checking rustls-pemfile v1.0.2
[INFO] [stderr]    Compiling mime_guess v2.0.3
[INFO] [stderr]    Compiling num-integer v0.1.44
[INFO] [stderr]     Checking itoa v1.0.5
[INFO] [stderr]     Checking time-core v0.1.0
[INFO] [stderr]    Compiling rustix v0.36.7
[INFO] [stderr]     Checking rustls-native-certs v0.6.2
[INFO] [stderr]    Compiling serde_json v1.0.68
[INFO] [stderr]     Checking safemem v0.3.3
[INFO] [stderr]    Compiling quote v1.0.10
[INFO] [stderr]    Compiling encoding_rs v0.8.28
[INFO] [stderr]    Compiling serde_derive v1.0.130
[INFO] [stderr]     Checking buf_redux v0.8.4
[INFO] [stderr]     Checking gzip-header v1.0.0
[INFO] [stderr]     Checking brotli-decompressor v2.3.4
[INFO] [stderr]     Checking twoway v0.1.8
[INFO] [stderr]     Checking ascii v1.0.0
[INFO] [stderr]     Checking cpufeatures v0.2.5
[INFO] [stderr]     Checking os_str_bytes v6.4.1
[INFO] [stderr]     Checking chunked_transfer v1.4.0
[INFO] [stderr]    Compiling proc-macro-error-attr v1.0.4
[INFO] [stderr]    Compiling anyhow v1.0.68
[INFO] [stderr]    Compiling ring v0.16.20
[INFO] [stderr]    Compiling openssl-sys v0.9.67
[INFO] [stderr]    Compiling libmimalloc-sys v0.1.22
[INFO] [stderr]     Checking overload v0.1.1
[INFO] [stderr]     Checking clap_lex v0.3.1
[INFO] [stderr]     Checking nu-ansi-term v0.46.0
[INFO] [stderr]     Checking tiny_http v0.12.0
[INFO] [stderr]     Checking deflate v1.0.0
[INFO] [stderr]     Checking pem v1.1.1
[INFO] [stderr]     Checking tracing-log v0.1.3
[INFO] [stderr]     Checking thread_local v1.1.4
[INFO] [stderr]     Checking num_cpus v1.13.0
[INFO] [stderr]     Checking socket2 v0.4.7
[INFO] [stderr]     Checking getrandom v0.2.3
[INFO] [stderr]     Checking mio v0.8.5
[INFO] [stderr]     Checking time v0.3.17
[INFO] [stderr]     Checking threadpool v1.8.1
[INFO] [stderr]     Checking rand_core v0.6.3
[INFO] [stderr]     Checking chrono v0.4.19
[INFO] [stderr]     Checking parking_lot v0.12.1
[INFO] [stderr]     Checking filetime v0.2.15
[INFO] [stderr]     Checking brotli v3.3.4
[INFO] [stderr]     Checking rand_chacha v0.3.1
[INFO] [stderr]     Checking http-body v0.4.3
[INFO] [stderr]     Checking block-buffer v0.10.3
[INFO] [stderr]     Checking crypto-common v0.1.6
[INFO] [stderr]     Checking tracing-subscriber v0.3.16
[INFO] [stderr]     Checking digest v0.10.6
[INFO] [stderr]     Checking yasna v0.5.1
[INFO] [stderr]     Checking rand v0.8.4
[INFO] [stderr]     Checking sha1 v0.10.5
[INFO] [stderr]     Checking mimalloc v0.1.26
[INFO] [stderr]     Checking tempfile v3.2.0
[INFO] [stderr]     Checking is-terminal v0.4.2
[INFO] [stderr]     Checking multipart v0.18.0
[INFO] [stderr]     Checking serde_urlencoded v0.7.1
[INFO] [stderr]     Checking sct v0.7.0
[INFO] [stderr]     Checking webpki v0.22.0
[INFO] [stderr]     Checking rcgen v0.10.0
[INFO] [stderr]    Compiling proc-macro-error v1.0.4
[INFO] [stderr]    Compiling tracing-attributes v0.1.23
[INFO] [stderr]    Compiling tokio-macros v1.8.2
[INFO] [stderr]    Compiling futures-macro v0.3.25
[INFO] [stderr]    Compiling thiserror-impl v1.0.29
[INFO] [stderr]    Compiling pin-project-internal v1.0.8
[INFO] [stderr]    Compiling clap_derive v4.1.0
[INFO] [stderr]     Checking thiserror v1.0.29
[INFO] [stderr]     Checking pin-project v1.0.8
[INFO] [stderr]     Checking tracing v0.1.37
[INFO] [stderr]     Checking quinn-proto v0.9.2
[INFO] [stderr]     Checking tracing-futures v0.2.5
[INFO] [stderr]     Checking clap v4.1.1
[INFO] [stderr]     Checking rouille v3.6.1
[INFO] [stderr]     Checking quinn-udp v0.3.2
[INFO] [stderr]     Checking tokio-util v0.7.4
[INFO] [stderr]     Checking tokio-native-tls v0.3.0
[INFO] [stderr]     Checking quinn v0.9.3
[INFO] [stderr]     Checking h2 v0.3.15
[INFO] [stderr]     Checking hyper v0.14.23
[INFO] [stderr]     Checking hyper-tls v0.5.0
[INFO] [stderr]     Checking reqwest v0.11.14
[INFO] [stderr]  Documenting quic-test v0.1.0 (/opt/rustwide/workdir)
[INFO] [stderr]     Checking quic-test v0.1.0 (/opt/rustwide/workdir)
[INFO] [stdout] error[E0554]: `#![feature]` may not be used on the beta release channel
[INFO] [stdout]  --> src/lib.rs:1:1
[INFO] [stdout]   |
[INFO] [stdout] 1 | #![feature(const_trait_impl, exclusive_range_pattern)]
[INFO] [stdout]   | ^^^^^^^^^^^^^^^^^^^^^^^^^^^^^^^^^^^^^^^^^^^^^^^^^^^^^^
[INFO] [stdout] 
[INFO] [stdout] 
[INFO] [stdout] error[E0554]: `#![feature]` may not be used on the beta release channel
[INFO] [stdout]  --> src/lib.rs:1:1
[INFO] [stdout]   |
[INFO] [stdout] 1 | #![feature(const_trait_impl, exclusive_range_pattern)]
[INFO] [stdout]   | ^^^^^^^^^^^^^^^^^^^^^^^^^^^^^^^^^^^^^^^^^^^^^^^^^^^^^^
[INFO] [stdout] 
[INFO] [stdout] 
[INFO] [stdout] error: aborting due to 1 previous error
[INFO] [stdout] 
[INFO] [stdout] 
[INFO] [stdout] For more information about this error, try `rustc --explain E0554`.
[INFO] [stdout] 
[INFO] [stderr] error: could not document `quic-test`
[INFO] [stderr] 
[INFO] [stderr] Caused by:
[INFO] [stderr]   process didn't exit successfully: `/opt/rustwide/rustup-home/toolchains/beta-2023-12-22-x86_64-unknown-linux-gnu/bin/rustdoc --edition=2021 --crate-type lib --crate-name quic_test src/lib.rs -o /opt/rustwide/target/doc --error-format=json --json=diagnostic-rendered-ansi,artifacts,future-incompat --document-private-items -C metadata=078b9c813a9b9bd2 -L dependency=/opt/rustwide/target/debug/deps --extern anyhow=/opt/rustwide/target/debug/deps/libanyhow-c58ca26ed7e3b3d6.rmeta --extern clap=/opt/rustwide/target/debug/deps/libclap-d8d0f0fe95470926.rmeta --extern futures_util=/opt/rustwide/target/debug/deps/libfutures_util-d6c5c3c10268f96f.rmeta --extern mimalloc=/opt/rustwide/target/debug/deps/libmimalloc-053aad7f74fbb150.rmeta --extern quinn=/opt/rustwide/target/debug/deps/libquinn-e057c39b05aae7c9.rmeta --extern rcgen=/opt/rustwide/target/debug/deps/librcgen-fdc12b2d9f325bd3.rmeta --extern reqwest=/opt/rustwide/target/debug/deps/libreqwest-6c6ec8f6077c09e3.rmeta --extern rouille=/opt/rustwide/target/debug/deps/librouille-bb2f5a11d8f0728d.rmeta --extern rustls=/opt/rustwide/target/debug/deps/librustls-408f435df34e57d4.rmeta --extern rustls_pemfile=/opt/rustwide/target/debug/deps/librustls_pemfile-409a83a0bbc94a18.rmeta --extern tokio=/opt/rustwide/target/debug/deps/libtokio-4ea912bc6a9ae1a7.rmeta --extern tracing=/opt/rustwide/target/debug/deps/libtracing-69aba20c32758ce4.rmeta --extern tracing_futures=/opt/rustwide/target/debug/deps/libtracing_futures-ecab33f765ab76bd.rmeta --extern tracing_subscriber=/opt/rustwide/target/debug/deps/libtracing_subscriber-cab54c4cc03c23c5.rmeta --cap-lints=warn --crate-version 0.1.0` (exit status: 1)
[INFO] [stderr] warning: build failed, waiting for other jobs to finish...
[INFO] [stdout] error: aborting due to 1 previous error
[INFO] [stdout] 
[INFO] [stdout] 
[INFO] [stdout] For more information about this error, try `rustc --explain E0554`.
[INFO] [stdout] 
[INFO] [stderr] error: could not compile `quic-test` (lib) due to 2 previous errors
[INFO] running `Command { std: "docker" "inspect" "a3a1a90c65802933ff1e602c57033ba179fb8163b92a8b50cf065c37a2680c5a", kill_on_drop: false }`
[INFO] running `Command { std: "docker" "rm" "-f" "a3a1a90c65802933ff1e602c57033ba179fb8163b92a8b50cf065c37a2680c5a", kill_on_drop: false }`
[INFO] [stdout] a3a1a90c65802933ff1e602c57033ba179fb8163b92a8b50cf065c37a2680c5a
