[INFO] cloning repository https://github.com/Devon7925/voxel-game
[INFO] running `Command { std: "git" "-c" "credential.helper=" "-c" "credential.helper=/workspace/cargo-home/bin/git-credential-null" "clone" "--bare" "https://github.com/Devon7925/voxel-game" "/workspace/cache/git-repos/https%3A%2F%2Fgithub.com%2FDevon7925%2Fvoxel-game", kill_on_drop: false }`
[INFO] [stderr] Cloning into bare repository '/workspace/cache/git-repos/https%3A%2F%2Fgithub.com%2FDevon7925%2Fvoxel-game'...
[INFO] running `Command { std: "git" "rev-parse" "HEAD", kill_on_drop: false }`
[INFO] [stdout] 6675610f742d1b3f17b4b64b35a82f9b2c6e91a7
[INFO] documenting Devon7925/voxel-game against 1.75.0 for beta-1.76-rustdoc-1
[INFO] running `Command { std: "git" "clone" "/workspace/cache/git-repos/https%3A%2F%2Fgithub.com%2FDevon7925%2Fvoxel-game" "/workspace/builds/worker-4-tc1/source", kill_on_drop: false }`
[INFO] [stderr] Cloning into '/workspace/builds/worker-4-tc1/source'...
[INFO] [stderr] done.
[INFO] validating manifest of git repo https://github.com/Devon7925/voxel-game on toolchain 1.75.0
[INFO] running `Command { std: CARGO_HOME="/workspace/cargo-home" RUSTUP_HOME="/workspace/rustup-home" "/workspace/cargo-home/bin/cargo" "+1.75.0" "metadata" "--manifest-path" "Cargo.toml" "--no-deps", kill_on_drop: false }`
[INFO] started tweaking git repo https://github.com/Devon7925/voxel-game
[INFO] finished tweaking git repo https://github.com/Devon7925/voxel-game
[INFO] tweaked toml for git repo https://github.com/Devon7925/voxel-game written to /workspace/builds/worker-4-tc1/source/Cargo.toml
[INFO] crate git repo https://github.com/Devon7925/voxel-game already has a lockfile, it will not be regenerated
[INFO] running `Command { std: CARGO_HOME="/workspace/cargo-home" RUSTUP_HOME="/workspace/rustup-home" "/workspace/cargo-home/bin/cargo" "+1.75.0" "fetch" "--manifest-path" "Cargo.toml", kill_on_drop: false }`
[INFO] [stderr]     Updating crates.io index
[INFO] [stderr]  Downloading crates ...
[INFO] [stderr]   Downloaded webbrowser v0.8.11
[INFO] [stderr]   Downloaded vulkano-macros v0.34.0
[INFO] [stderr]   Downloaded parking v2.1.1
[INFO] [stderr]   Downloaded build_cfg v1.1.0
[INFO] [stderr]   Downloaded build_cfg_macros v1.1.0
[INFO] [stderr]   Downloaded shaderc v0.8.2
[INFO] [stderr]   Downloaded build_cfg_shared v1.1.0
[INFO] [stderr]   Downloaded async-compat v0.2.2
[INFO] [stderr]   Downloaded async-executor v1.5.4
[INFO] [stderr]   Downloaded puffin v0.18.0
[INFO] [stderr]   Downloaded serde-wasm-bindgen v0.6.1
[INFO] [stderr]   Downloaded interceptor v0.10.0
[INFO] [stderr]   Downloaded sdp v0.6.0
[INFO] [stderr]   Downloaded obj-rs v0.7.1
[INFO] [stderr]   Downloaded rcgen v0.11.3
[INFO] [stderr]   Downloaded x509-parser v0.15.1
[INFO] [stderr]   Downloaded webrtc-dtls v0.8.0
[INFO] [stderr]   Downloaded shaderc-sys v0.8.2
[INFO] [stderr]   Downloaded matchbox_socket v0.8.0
[INFO] [stderr]   Downloaded clippers v0.1.2
[INFO] [stderr]   Downloaded ring v0.17.2
[INFO] [stderr]   Downloaded vulkano-util v0.34.1
[INFO] [stderr]   Downloaded matchbox_protocol v0.8.0
[INFO] [stderr]   Downloaded egui_winit_vulkano v0.26.0
[INFO] [stderr]   Downloaded stun v0.5.0
[INFO] [stderr]   Downloaded turn v0.7.0
[INFO] [stderr]   Downloaded webrtc-ice v0.10.0
[INFO] [stderr]   Downloaded webrtc-data v0.8.0
[INFO] [stderr]   Downloaded ccm v0.5.0
[INFO] [stderr]   Downloaded webrtc-mdns v0.6.0
[INFO] [stderr]   Downloaded webrtc-media v0.7.0
[INFO] [stderr]   Downloaded webrtc v0.9.0
[INFO] [stderr]   Downloaded rfd v0.12.1
[INFO] [stderr]   Downloaded webrtc-sctp v0.9.0
[INFO] [stderr]   Downloaded rtcp v0.10.0
[INFO] [stderr]   Downloaded rtp v0.9.0
[INFO] [stderr]   Downloaded webrtc-srtp v0.11.0
[INFO] [stderr]   Downloaded vulkano-shaders v0.34.0
[INFO] [stderr]   Downloaded async-task v4.4.1
[INFO] [stderr]   Downloaded async-tungstenite v0.23.0
[INFO] [stderr]   Downloaded puffin_http v0.15.0
[INFO] [stderr]   Downloaded webrtc-util v0.8.0
[INFO] [stderr]   Downloaded egui-winit v0.23.0
[INFO] running `Command { std: "docker" "create" "-v" "/var/lib/crater-agent-workspace/builds/worker-4-tc1/target:/opt/rustwide/target:rw,Z" "-v" "/var/lib/crater-agent-workspace/builds/worker-4-tc1/source:/opt/rustwide/workdir:ro,Z" "-v" "/var/lib/crater-agent-workspace/cargo-home:/opt/rustwide/cargo-home:ro,Z" "-v" "/var/lib/crater-agent-workspace/rustup-home:/opt/rustwide/rustup-home:ro,Z" "-e" "SOURCE_DIR=/opt/rustwide/workdir" "-e" "CARGO_TARGET_DIR=/opt/rustwide/target" "-e" "CARGO_HOME=/opt/rustwide/cargo-home" "-e" "RUSTUP_HOME=/opt/rustwide/rustup-home" "-w" "/opt/rustwide/workdir" "-m" "1610612736" "--user" "0:0" "--network" "none" "ghcr.io/rust-lang/crates-build-env/linux@sha256:2788e3201cd34a07e3172128adcd8b3090168a8e3bcc40d7c032b9dda1df7d1c" "/opt/rustwide/cargo-home/bin/cargo" "+1.75.0" "metadata" "--no-deps" "--format-version=1", kill_on_drop: false }`
[INFO] [stdout] 40e0150e9d447ed09c68c70b8f76c3d2e85cd56e4fa60e6b677b319c5fe529cc
[INFO] running `Command { std: "docker" "start" "-a" "40e0150e9d447ed09c68c70b8f76c3d2e85cd56e4fa60e6b677b319c5fe529cc", kill_on_drop: false }`
[INFO] running `Command { std: "docker" "inspect" "40e0150e9d447ed09c68c70b8f76c3d2e85cd56e4fa60e6b677b319c5fe529cc", kill_on_drop: false }`
[INFO] running `Command { std: "docker" "rm" "-f" "40e0150e9d447ed09c68c70b8f76c3d2e85cd56e4fa60e6b677b319c5fe529cc", kill_on_drop: false }`
[INFO] [stdout] 40e0150e9d447ed09c68c70b8f76c3d2e85cd56e4fa60e6b677b319c5fe529cc
[INFO] running `Command { std: "docker" "create" "-v" "/var/lib/crater-agent-workspace/builds/worker-4-tc1/target:/opt/rustwide/target:rw,Z" "-v" "/var/lib/crater-agent-workspace/builds/worker-4-tc1/source:/opt/rustwide/workdir:ro,Z" "-v" "/var/lib/crater-agent-workspace/cargo-home:/opt/rustwide/cargo-home:ro,Z" "-v" "/var/lib/crater-agent-workspace/rustup-home:/opt/rustwide/rustup-home:ro,Z" "-e" "SOURCE_DIR=/opt/rustwide/workdir" "-e" "CARGO_TARGET_DIR=/opt/rustwide/target" "-e" "CARGO_INCREMENTAL=0" "-e" "RUST_BACKTRACE=full" "-e" "RUSTFLAGS=--cap-lints=warn" "-e" "RUSTDOCFLAGS=--cap-lints=warn" "-e" "CARGO_HOME=/opt/rustwide/cargo-home" "-e" "RUSTUP_HOME=/opt/rustwide/rustup-home" "-w" "/opt/rustwide/workdir" "-m" "1610612736" "--user" "0:0" "--network" "none" "ghcr.io/rust-lang/crates-build-env/linux@sha256:2788e3201cd34a07e3172128adcd8b3090168a8e3bcc40d7c032b9dda1df7d1c" "/opt/rustwide/cargo-home/bin/cargo" "+1.75.0" "doc" "--frozen" "--no-deps" "--document-private-items" "--message-format=json", kill_on_drop: false }`
[INFO] [stdout] bc8bb9945185e68867166197b145eac8a11945c0b0583d7624bb46e8892a3e83
[INFO] running `Command { std: "docker" "start" "-a" "bc8bb9945185e68867166197b145eac8a11945c0b0583d7624bb46e8892a3e83", kill_on_drop: false }`
[INFO] [stderr]    Compiling proc-macro2 v1.0.69
[INFO] [stderr]    Compiling libc v0.2.149
[INFO] [stderr]    Compiling lock_api v0.4.10
[INFO] [stderr]     Checking value-bag v1.4.1
[INFO] [stderr]    Compiling serde v1.0.188
[INFO] [stderr]     Checking once_cell v1.18.0
[INFO] [stderr]    Compiling equivalent v1.0.1
[INFO] [stderr]    Compiling hashbrown v0.14.1
[INFO] [stderr]     Checking smallvec v1.11.1
[INFO] [stderr]     Checking log v0.4.20
[INFO] [stderr]    Compiling typenum v1.17.0
[INFO] [stderr]    Compiling generic-array v0.14.7
[INFO] [stderr]    Compiling parking_lot_core v0.9.8
[INFO] [stderr]    Compiling heck v0.4.1
[INFO] [stderr]    Compiling winnow v0.5.16
[INFO] [stderr]    Compiling indexmap v2.0.2
[INFO] [stderr]    Compiling quote v1.0.33
[INFO] [stderr]    Compiling syn v2.0.38
[INFO] [stderr]    Compiling thiserror v1.0.49
[INFO] [stderr]     Checking subtle v2.5.0
[INFO] [stderr]    Compiling target-lexicon v0.12.12
[INFO] [stderr]    Compiling cc v1.0.83
[INFO] [stderr]    Compiling version-compare v0.1.1
[INFO] [stderr]    Compiling futures-core v0.3.28
[INFO] [stderr]     Checking const-oid v0.9.5
[INFO] [stderr]     Checking bytes v1.5.0
[INFO] [stderr]     Checking getrandom v0.2.10
[INFO] [stderr]     Checking rand_core v0.6.4
[INFO] [stderr]     Checking mio v0.8.8
[INFO] [stderr]     Checking parking_lot v0.12.1
[INFO] [stderr]    Compiling crossbeam-utils v0.8.16
[INFO] [stderr]    Compiling cfg-expr v0.15.5
[INFO] [stderr]    Compiling xml-rs v0.8.19
[INFO] [stderr]    Compiling syn v1.0.109
[INFO] [stderr]     Checking pin-utils v0.1.0
[INFO] [stderr]     Checking signal-hook-registry v1.4.1
[INFO] [stderr]     Checking num_cpus v1.16.0
[INFO] [stderr]     Checking socket2 v0.5.4
[INFO] [stderr]     Checking itoa v1.0.9
[INFO] [stderr]     Checking futures-io v0.3.28
[INFO] [stderr]    Compiling num-traits v0.2.17
[INFO] [stderr]     Checking rand_chacha v0.3.1
[INFO] [stderr]    Compiling memoffset v0.6.5
[INFO] [stderr]     Checking futures-sink v0.3.28
[INFO] [stderr]     Checking minimal-lexical v0.2.1
[INFO] [stderr]     Checking rand v0.8.5
[INFO] [stderr]     Checking cpufeatures v0.2.9
[INFO] [stderr]     Checking percent-encoding v2.3.0
[INFO] [stderr]     Checking nom v7.1.3
[INFO] [stderr]    Compiling async-trait v0.1.73
[INFO] [stderr]    Compiling wayland-scanner v0.29.5
[INFO] [stderr]    Compiling ring v0.16.20
[INFO] [stderr]    Compiling webrtc-util v0.8.0
[INFO] [stderr]     Checking spin v0.9.8
[INFO] [stderr]     Checking ipnet v2.8.0
[INFO] [stderr]     Checking tinyvec_macros v0.1.1
[INFO] [stderr]     Checking tinyvec v1.6.0
[INFO] [stderr]     Checking nix v0.26.4
[INFO] [stderr]     Checking simd-adler32 v0.3.7
[INFO] [stderr]     Checking nix v0.24.3
[INFO] [stderr]     Checking form_urlencoded v1.2.0
[INFO] [stderr]     Checking spin v0.5.2
[INFO] [stderr]     Checking unicode-normalization v0.1.22
[INFO] [stderr]     Checking untrusted v0.7.1
[INFO] [stderr]     Checking unicode-bidi v0.3.13
[INFO] [stderr]    Compiling futures-channel v0.3.28
[INFO] [stderr]    Compiling futures-task v0.3.28
[INFO] [stderr]    Compiling ring v0.17.2
[INFO] [stderr]     Checking idna v0.4.0
[INFO] [stderr]    Compiling wayland-sys v0.29.5
[INFO] [stderr]    Compiling num-integer v0.1.45
[INFO] [stderr]     Checking base64ct v1.6.0
[INFO] [stderr]    Compiling crc32fast v1.3.2
[INFO] [stderr]    Compiling futures-util v0.3.28
[INFO] [stderr]     Checking base64 v0.21.4
[INFO] [stderr]     Checking byteorder v1.5.0
[INFO] [stderr]     Checking adler v1.0.2
[INFO] [stderr]     Checking miniz_oxide v0.7.1
[INFO] [stderr]     Checking pem-rfc7468 v0.7.0
[INFO] [stderr]     Checking url v2.4.1
[INFO] [stderr]    Compiling memoffset v0.9.0
[INFO] [stderr]    Compiling aho-corasick v1.1.1
[INFO] [stderr]    Compiling wayland-client v0.29.5
[INFO] [stderr]     Checking tracing-core v0.1.31
[INFO] [stderr]    Compiling crossbeam-epoch v0.9.15
[INFO] [stderr]    Compiling ahash v0.8.3
[INFO] [stderr]     Checking untrusted v0.9.0
[INFO] [stderr]    Compiling regex-syntax v0.7.5
[INFO] [stderr]    Compiling time-core v0.1.2
[INFO] [stderr]    Compiling serde_json v1.0.107
[INFO] [stderr]    Compiling time-macros v0.2.15
[INFO] [stderr]    Compiling serde_derive v1.0.188
[INFO] [stderr]    Compiling zeroize_derive v1.4.2
[INFO] [stderr]    Compiling thiserror-impl v1.0.49
[INFO] [stderr]    Compiling tokio-macros v2.1.0
[INFO] [stderr]     Checking zeroize v1.7.0
[INFO] [stderr]    Compiling bytemuck_derive v1.5.0
[INFO] [stderr]    Compiling futures-macro v0.3.28
[INFO] [stderr]     Checking crypto-common v0.1.6
[INFO] [stderr]     Checking block-buffer v0.10.4
[INFO] [stderr]     Checking digest v0.10.7
[INFO] [stderr]     Checking tokio v1.32.0
[INFO] [stderr]     Checking hmac v0.12.1
[INFO] [stderr]     Checking block-padding v0.3.3
[INFO] [stderr]     Checking inout v0.1.3
[INFO] [stderr]     Checking der v0.7.8
[INFO] [stderr]     Checking cipher v0.4.4
[INFO] [stderr]     Checking bytemuck v1.14.0
[INFO] [stderr]    Compiling regex-automata v0.3.9
[INFO] [stderr]     Checking wayland-commons v0.29.5
[INFO] [stderr]     Checking tracing v0.1.37
[INFO] [stderr]     Checking flate2 v1.0.27
[INFO] [stderr]    Compiling slotmap v1.0.6
[INFO] [stderr]    Compiling semver v1.0.19
[INFO] [stderr]     Checking spki v0.7.2
[INFO] [stderr]     Checking atomic-waker v1.1.2
[INFO] [stderr]     Checking deranged v0.3.8
[INFO] [stderr]    Compiling unicode-xid v0.2.4
[INFO] [stderr]    Compiling vcpkg v0.2.15
[INFO] [stderr]    Compiling ryu v1.0.15
[INFO] [stderr]    Compiling synstructure v0.12.6
[INFO] [stderr]     Checking pkcs8 v0.10.2
[INFO] [stderr]     Checking time v0.3.29
[INFO] [stderr]    Compiling openssl-sys v0.9.97
[INFO] [stderr]    Compiling regex v1.9.6
[INFO] [stderr]    Compiling wayland-protocols v0.29.5
[INFO] [stderr]     Checking fdeflate v0.3.0
[INFO] [stderr]    Compiling vk-parse v0.12.0
[INFO] [stderr]     Checking ff v0.13.0
[INFO] [stderr]    Compiling cmake v0.1.50
[INFO] [stderr]     Checking fnv v1.0.7
[INFO] [stderr]     Checking event-listener v2.5.3
[INFO] [stderr]     Checking base16ct v0.2.0
[INFO] [stderr]     Checking ttf-parser v0.19.2
[INFO] [stderr]    Compiling convert_case v0.4.0
[INFO] [stderr]    Compiling rayon-core v1.12.0
[INFO] [stderr]    Compiling derive_more v0.99.17
[INFO] [stderr]     Checking sec1 v0.7.3
[INFO] [stderr]     Checking http v0.2.9
[INFO] [stderr]     Checking group v0.13.0
[INFO] [stderr]     Checking png v0.17.10
[INFO] [stderr]     Checking crossbeam-deque v0.8.3
[INFO] [stderr]    Compiling asn1-rs-derive v0.4.0
[INFO] [stderr]    Compiling toml_datetime v0.6.5
[INFO] [stderr]    Compiling serde_spanned v0.6.4
[INFO] [stderr]    Compiling toml_edit v0.21.0
[INFO] [stderr]     Checking hkdf v0.12.3
[INFO] [stderr]     Checking universal-hash v0.5.1
[INFO] [stderr]     Checking crypto-bigint v0.5.5
[INFO] [stderr]    Compiling asn1-rs-impl v0.1.0
[INFO] [stderr]     Checking owned_ttf_parser v0.19.0
[INFO] [stderr]    Compiling displaydoc v0.2.4
[INFO] [stderr]     Checking rusticata-macros v4.1.0
[INFO] [stderr]     Checking xcursor v0.3.4
[INFO] [stderr]     Checking nix v0.25.1
[INFO] [stderr]     Checking concurrent-queue v2.3.0
[INFO] [stderr]    Compiling smithay-client-toolkit v0.16.1
[INFO] [stderr]    Compiling num-bigint v0.4.4
[INFO] [stderr]     Checking crc-catalog v2.2.0
[INFO] [stderr]    Compiling io-lifetimes v1.0.11
[INFO] [stderr]     Checking fastrand v1.9.0
[INFO] [stderr]    Compiling toml v0.8.8
[INFO] [stderr]     Checking vec_map v0.8.2
[INFO] [stderr]    Compiling httparse v1.8.0
[INFO] [stderr]    Compiling crossbeam-queue v0.3.8
[INFO] [stderr]     Checking waker-fn v1.1.1
[INFO] [stderr]     Checking parking v2.1.1
[INFO] [stderr]     Checking ab_glyph v0.2.22
[INFO] [stderr]     Checking futures-lite v1.13.0
[INFO] [stderr]    Compiling system-deps v6.2.0
[INFO] [stderr]     Checking elliptic-curve v0.13.8
[INFO] [stderr]     Checking polyval v0.6.1
[INFO] [stderr]     Checking calloop v0.10.6
[INFO] [stderr]     Checking asn1-rs v0.5.2
[INFO] [stderr]     Checking crc v3.0.1
[INFO] [stderr]     Checking wayland-cursor v0.29.5
[INFO] [stderr]    Compiling rustc_version v0.4.0
[INFO] [stderr]     Checking async-lock v2.8.0
[INFO] [stderr]     Checking ctr v0.9.2
[INFO] [stderr]     Checking sha1 v0.10.6
[INFO] [stderr]     Checking aead v0.5.2
[INFO] [stderr]     Checking sct v0.7.0
[INFO] [stderr]     Checking memmap2 v0.5.10
[INFO] [stderr]    Compiling polling v2.8.0
[INFO] [stderr]    Compiling platforms v3.1.2
[INFO] [stderr]    Compiling oid-registry v0.6.1
[INFO] [stderr]    Compiling rustix v0.37.24
[INFO] [stderr]    Compiling xmlparser v0.13.6
[INFO] [stderr]     Checking data-encoding v2.4.0
[INFO] [stderr]     Checking fastrand v2.0.1
[INFO] [stderr]    Compiling glib-sys v0.18.1
[INFO] [stderr]    Compiling gobject-sys v0.18.0
[INFO] [stderr]    Compiling roxmltree v0.14.1
[INFO] [stderr]    Compiling gio-sys v0.18.1
[INFO] [stderr]    Compiling gdk-sys v0.18.0
[INFO] [stderr]    Compiling atk-sys v0.18.0
[INFO] [stderr]    Compiling curve25519-dalek v4.1.1
[INFO] [stderr]     Checking tiny-skia-path v0.8.4
[INFO] [stderr]     Checking ghash v0.5.0
[INFO] [stderr]     Checking bitflags v2.4.0
[INFO] [stderr]     Checking half v2.3.1
[INFO] [stderr]     Checking aes v0.8.3
[INFO] [stderr]     Checking rfc6979 v0.4.0
[INFO] [stderr]     Checking signature v2.2.0
[INFO] [stderr]    Compiling pin-project-internal v1.1.3
[INFO] [stderr]    Compiling async-io v1.13.0
[INFO] [stderr]    Compiling openssl v0.10.61
[INFO] [stderr]     Checking async-task v4.4.1
[INFO] [stderr]     Checking raw-window-handle v0.5.2
[INFO] [stderr]     Checking foreign-types-shared v0.1.1
[INFO] [stderr]     Checking linux-raw-sys v0.3.8
[INFO] [stderr]     Checking either v1.9.0
[INFO] [stderr]     Checking arrayvec v0.7.4
[INFO] [stderr]     Checking rayon v1.8.0
[INFO] [stderr]     Checking aes-gcm v0.10.3
[INFO] [stderr]     Checking tiny-skia v0.8.4
[INFO] [stderr]    Compiling winit v0.28.7
[INFO] [stderr]     Checking der-parser v8.2.0
[INFO] [stderr]     Checking foreign-types v0.3.2
[INFO] [stderr]     Checking ecdsa v0.16.9
[INFO] [stderr]    Compiling shaderc-sys v0.8.2
[INFO] [stderr]     Checking piper v0.2.1
[INFO] [stderr]     Checking pin-project v1.1.3
[INFO] [stderr]    Compiling pango-sys v0.18.0
[INFO] [stderr]    Compiling cairo-sys-rs v0.18.2
[INFO] [stderr]    Compiling gdk-pixbuf-sys v0.18.0
[INFO] [stderr]    Compiling build_cfg_shared v1.1.0
[INFO] [stderr]     Checking primeorder v0.13.6
[INFO] [stderr]     Checking async-channel v1.9.0
[INFO] [stderr]    Compiling toml_edit v0.19.15
[INFO] [stderr]     Checking bincode v1.3.3
[INFO] [stderr]     Checking rtp v0.9.0
[INFO] [stderr]     Checking futures-executor v0.3.28
[INFO] [stderr]     Checking webpki v0.22.4
[INFO] [stderr]     Checking sha2 v0.10.8
[INFO] [stderr]     Checking md-5 v0.10.6
[INFO] [stderr]    Compiling openssl-macros v0.1.1
[INFO] [stderr]    Compiling curve25519-dalek-derive v0.1.0
[INFO] [stderr]     Checking nanorand v0.7.0
[INFO] [stderr]     Checking socket2 v0.4.9
[INFO] [stderr]    Compiling substring v1.4.5
[INFO] [stderr]    Compiling num-rational v0.4.1
[INFO] [stderr]    Compiling native-tls v0.2.11
[INFO] [stderr]     Checking weezl v0.1.7
[INFO] [stderr]    Compiling rustls v0.20.9
[INFO] [stderr]    Compiling rustls v0.21.9
[INFO] [stderr]    Compiling scopeguard v1.2.0
[INFO] [stderr]     Checking arc-swap v1.6.0
[INFO] [stderr]     Checking flume v0.10.14
[INFO] [stderr]     Checking jpeg-decoder v0.3.0
[INFO] [stderr]     Checking stun v0.5.0
[INFO] [stderr]    Compiling proc-macro-crate v1.3.1
[INFO] [stderr]     Checking futures v0.3.28
[INFO] [stderr]     Checking blocking v1.4.1
[INFO] [stderr]    Compiling build_cfg_macros v1.1.0
[INFO] [stderr]     Checking x509-parser v0.15.1
[INFO] [stderr]     Checking x11-dl v2.21.0
[INFO] [stderr]     Checking async-executor v1.5.4
[INFO] [stderr]    Compiling gtk-sys v0.18.0
[INFO] [stderr]    Compiling vulkano v0.34.1
[INFO] [stderr]     Checking uuid v1.4.1
[INFO] [stderr]     Checking rtcp v0.10.0
[INFO] [stderr]     Checking yasna v0.5.2
[INFO] [stderr]     Checking tokio-util v0.7.10
[INFO] [stderr]     Checking waitgroup v0.1.2
[INFO] [stderr]     Checking rustls-webpki v0.101.7
[INFO] [stderr]     Checking x11rb-protocol v0.10.0
[INFO] [stderr]     Checking pem v3.0.2
[INFO] [stderr]     Checking zune-inflate v0.2.54
[INFO] [stderr]    Compiling libloading v0.7.4
[INFO] [stderr]     Checking gethostname v0.2.3
[INFO] [stderr]     Checking instant v0.1.12
[INFO] [stderr]     Checking try-lock v0.2.5
[INFO] [stderr]     Checking lebe v0.5.2
[INFO] [stderr]     Checking bit_field v0.10.2
[INFO] [stderr]    Compiling anyhow v1.0.75
[INFO] [stderr]     Checking ecolor v0.23.0
[INFO] [stderr]     Checking openssl-probe v0.1.5
[INFO] [stderr]     Checking emath v0.23.0
[INFO] [stderr]     Checking color_quant v1.1.0
[INFO] [stderr]     Checking nohash-hasher v0.2.0
[INFO] [stderr]     Checking gif v0.12.0
[INFO] [stderr]     Checking epaint v0.23.0
[INFO] [stderr]     Checking exr v1.6.4
[INFO] [stderr]     Checking want v0.3.1
[INFO] [stderr] error: could not compile `x11rb-protocol` (lib)
[INFO] [stderr] 
[INFO] [stderr] Caused by:
[INFO] [stderr]   process didn't exit successfully: `/opt/rustwide/rustup-home/toolchains/1.75.0-x86_64-unknown-linux-gnu/bin/rustc --crate-name x11rb_protocol --edition=2018 /opt/rustwide/cargo-home/registry/src/index.crates.io-6f17d22bba15001f/x11rb-protocol-0.10.0/src/lib.rs --error-format=json --json=diagnostic-rendered-ansi,artifacts,future-incompat --crate-type lib --emit=dep-info,metadata -C embed-bitcode=no -C debuginfo=2 --cfg 'feature="default"' --cfg 'feature="nix"' --cfg 'feature="std"' -C metadata=f1335142a178616d -C extra-filename=-f1335142a178616d --out-dir /opt/rustwide/target/debug/deps -L dependency=/opt/rustwide/target/debug/deps --extern nix=/opt/rustwide/target/debug/deps/libnix-462f0ce2de403afc.rmeta --cap-lints allow --cap-lints=warn` (signal: 9, SIGKILL: kill)
[INFO] [stderr] warning: build failed, waiting for other jobs to finish...
[INFO] [stderr] error: could not compile `vulkano` (build script)
[INFO] [stderr] 
[INFO] [stderr] Caused by:
[INFO] [stderr]   process didn't exit successfully: `/opt/rustwide/rustup-home/toolchains/1.75.0-x86_64-unknown-linux-gnu/bin/rustc --crate-name build_script_build --edition=2021 /opt/rustwide/cargo-home/registry/src/index.crates.io-6f17d22bba15001f/vulkano-0.34.1/build.rs --error-format=json --json=diagnostic-rendered-ansi,artifacts,future-incompat --crate-type bin --emit=dep-info,link -C embed-bitcode=no --cfg 'feature="default"' --cfg 'feature="macros"' --cfg 'feature="vulkano-macros"' -C metadata=02754688af7d8bcb -C extra-filename=-02754688af7d8bcb --out-dir /opt/rustwide/target/debug/build/vulkano-02754688af7d8bcb -L dependency=/opt/rustwide/target/debug/deps --extern ahash=/opt/rustwide/target/debug/deps/libahash-5cd3a33903580f20.rlib --extern heck=/opt/rustwide/target/debug/deps/libheck-f31c47d9e172c234.rlib --extern indexmap=/opt/rustwide/target/debug/deps/libindexmap-6bed9c24a78c04d0.rlib --extern once_cell=/opt/rustwide/target/debug/deps/libonce_cell-18b52f533ac8726d.rlib --extern proc_macro2=/opt/rustwide/target/debug/deps/libproc_macro2-b0428a9650860c4f.rlib --extern quote=/opt/rustwide/target/debug/deps/libquote-748a85d111adb03c.rlib --extern regex=/opt/rustwide/target/debug/deps/libregex-6a79a032a8f86a86.rlib --extern serde=/opt/rustwide/target/debug/deps/libserde-f23f3acb7bf9a0bb.rlib --extern serde_json=/opt/rustwide/target/debug/deps/libserde_json-2c703657b41cd935.rlib --extern vk_parse=/opt/rustwide/target/debug/deps/libvk_parse-d13cbb20bb794096.rlib --cap-lints allow --cap-lints=warn` (signal: 9, SIGKILL: kill)
[INFO] [stderr] error: could not compile `exr` (lib)
[INFO] [stderr] 
[INFO] [stderr] Caused by:
[INFO] [stderr]   process didn't exit successfully: `/opt/rustwide/rustup-home/toolchains/1.75.0-x86_64-unknown-linux-gnu/bin/rustc --crate-name exr --edition=2018 /opt/rustwide/cargo-home/registry/src/index.crates.io-6f17d22bba15001f/exr-1.6.4/src/lib.rs --error-format=json --json=diagnostic-rendered-ansi,artifacts,future-incompat --crate-type lib --emit=dep-info,metadata -C embed-bitcode=no -C debuginfo=2 -C metadata=3ceb734c19363faf -C extra-filename=-3ceb734c19363faf --out-dir /opt/rustwide/target/debug/deps -L dependency=/opt/rustwide/target/debug/deps --extern bit_field=/opt/rustwide/target/debug/deps/libbit_field-5f200b11ef6de4f9.rmeta --extern flume=/opt/rustwide/target/debug/deps/libflume-c76d54afaec2f169.rmeta --extern half=/opt/rustwide/target/debug/deps/libhalf-202e5aa9a2e79d08.rmeta --extern lebe=/opt/rustwide/target/debug/deps/liblebe-a91719ba242c9e74.rmeta --extern miniz_oxide=/opt/rustwide/target/debug/deps/libminiz_oxide-1dda05b309d2df66.rmeta --extern rayon_core=/opt/rustwide/target/debug/deps/librayon_core-dc09b018d78cb026.rmeta --extern smallvec=/opt/rustwide/target/debug/deps/libsmallvec-49ca219f0a359c1b.rmeta --extern zune_inflate=/opt/rustwide/target/debug/deps/libzune_inflate-341259b5eacdecbf.rmeta --cap-lints allow --cap-lints=warn` (signal: 9, SIGKILL: kill)
[INFO] [stderr] The following warnings were emitted during compilation:
[INFO] [stderr] 
[INFO] [stderr] warning: shaderc-sys@0.8.2: shaderc: searching for native shaderc libraries on system;  use '--features build-from-source' to force building from source code
[INFO] [stderr] warning: shaderc-sys@0.8.2: shaderc: cannot find native shaderc library on system; falling back to build from source
[INFO] [stderr] 
[INFO] [stderr] error: failed to run custom build command for `shaderc-sys v0.8.2`
[INFO] [stderr] note: To improve backtraces for build dependencies, set the CARGO_PROFILE_DEV_BUILD_OVERRIDE_DEBUG=true environment variable to enable debug information generation.
[INFO] [stderr] 
[INFO] [stderr] Caused by:
[INFO] [stderr]   process didn't exit successfully: `/opt/rustwide/target/debug/build/shaderc-sys-3baa58e20c33a58f/build-script-build` (exit status: 101)
[INFO] [stderr]   --- stdout
[INFO] [stderr]   cargo:warning=shaderc: searching for native shaderc libraries on system;  use '--features build-from-source' to force building from source code
[INFO] [stderr]   cargo:warning=shaderc: cannot find native shaderc library on system; falling back to build from source
[INFO] [stderr]   CMAKE_TOOLCHAIN_FILE_x86_64-unknown-linux-gnu = None
[INFO] [stderr]   CMAKE_TOOLCHAIN_FILE_x86_64_unknown_linux_gnu = None
[INFO] [stderr]   HOST_CMAKE_TOOLCHAIN_FILE = None
[INFO] [stderr]   CMAKE_TOOLCHAIN_FILE = None
[INFO] [stderr]   CMAKE_PREFIX_PATH_x86_64-unknown-linux-gnu = None
[INFO] [stderr]   CMAKE_PREFIX_PATH_x86_64_unknown_linux_gnu = None
[INFO] [stderr]   HOST_CMAKE_PREFIX_PATH = None
[INFO] [stderr]   CMAKE_PREFIX_PATH = None
[INFO] [stderr]   CMAKE_x86_64-unknown-linux-gnu = None
[INFO] [stderr]   CMAKE_x86_64_unknown_linux_gnu = None
[INFO] [stderr]   HOST_CMAKE = None
[INFO] [stderr]   CMAKE = None
[INFO] [stderr]   running: cd "/opt/rustwide/target/debug/build/shaderc-sys-1f1819570c16cde6/out/build" && CMAKE_PREFIX_PATH="" "cmake" "/opt/rustwide/cargo-home/registry/src/index.crates.io-6f17d22bba15001f/shaderc-sys-0.8.2/build" "-G" "Ninja" "-DCMAKE_INSTALL_LIBDIR=lib" "-DCMAKE_POSITION_INDEPENDENT_CODE=ON" "-DENABLE_SPVREMAPPER=OFF" "-DENABLE_GLSLANG_BINARIES=OFF" "-DSHADERC_SKIP_TESTS=ON" "-DSPIRV_SKIP_EXECUTABLES=ON" "-DSPIRV_WERROR=OFF" "-DCMAKE_INSTALL_PREFIX=/opt/rustwide/target/debug/build/shaderc-sys-1f1819570c16cde6/out" "-DCMAKE_C_FLAGS= -ffunction-sections -fdata-sections -fPIC -m64" "-DCMAKE_C_COMPILER=/usr/bin/cc" "-DCMAKE_CXX_FLAGS= -ffunction-sections -fdata-sections -fPIC -m64" "-DCMAKE_CXX_COMPILER=/usr/bin/c++" "-DCMAKE_ASM_FLAGS= -ffunction-sections -fdata-sections -fPIC -m64" "-DCMAKE_ASM_COMPILER=/usr/bin/cc" "-DCMAKE_BUILD_TYPE=Release"
[INFO] [stderr]   -- The C compiler identification is GNU 11.4.0
[INFO] [stderr]   -- The CXX compiler identification is GNU 11.4.0
[INFO] [stderr]   -- Detecting C compiler ABI info
[INFO] [stderr]   -- Detecting C compiler ABI info - done
[INFO] [stderr]   -- Check for working C compiler: /usr/bin/cc - skipped
[INFO] [stderr]   -- Detecting C compile features
[INFO] [stderr]   -- Detecting C compile features - done
[INFO] [stderr]   -- Detecting CXX compiler ABI info
[INFO] [stderr]   -- Detecting CXX compiler ABI info - done
[INFO] [stderr]   -- Check for working CXX compiler: /usr/bin/c++ - skipped
[INFO] [stderr]   -- Detecting CXX compile features
[INFO] [stderr]   -- Detecting CXX compile features - done
[INFO] [stderr]   -- Building SPIRV-Header examples
[INFO] [stderr]   -- Installing SPIRV-Header
[INFO] [stderr]   -- Found PythonInterp: /usr/bin/python3 (found suitable version "3.10.12", minimum required is "3") 
[INFO] [stderr]   -- Google Mock was not found - tests based on that will not build
[INFO] [stderr]   -- optimizer enabled
[INFO] [stderr]   -- Looking for pthread.h
[INFO] [stderr]   -- Looking for pthread.h - found
[INFO] [stderr]   -- Performing Test CMAKE_HAVE_LIBC_PTHREAD
[INFO] [stderr]   -- Performing Test CMAKE_HAVE_LIBC_PTHREAD - Success
[INFO] [stderr]   -- Found Threads: TRUE  
[INFO] [stderr]   -- Shaderc: build type is "Release".
[INFO] [stderr]   -- Configuring Shaderc to avoid building tests.
[INFO] [stderr]   -- Configuring Shaderc to build examples.
[INFO] [stderr]   -- Configuring Shaderc to check copyrights.
[INFO] [stderr]   -- asciidoctor was not found - no documentation will be generated
[INFO] [stderr]   -- Performing Test COMPILER_SUPPORTS_FALLTHROUGH_WARNING
[INFO] [stderr]   -- Performing Test COMPILER_SUPPORTS_FALLTHROUGH_WARNING - Success
[INFO] [stderr]   -- Performing Test COMPILER_SUPPORTS_EXTRA_SEMI_WARNING
[INFO] [stderr]   -- Performing Test COMPILER_SUPPORTS_EXTRA_SEMI_WARNING - Success
[INFO] [stderr]   -- Performing Test COMPILER_SUPPORTS_PIC
[INFO] [stderr]   -- Performing Test COMPILER_SUPPORTS_PIC - Success
[INFO] [stderr]   -- Configuring done
[INFO] [stderr]   -- Generating done
[INFO] [stderr]   -- Build files have been written to: /opt/rustwide/target/debug/build/shaderc-sys-1f1819570c16cde6/out/build
[INFO] [stderr]   running: cd "/opt/rustwide/target/debug/build/shaderc-sys-1f1819570c16cde6/out/build" && "cmake" "--build" "." "--target" "install" "--config" "Release" "--parallel" "8"
[INFO] [stderr]   [1/409] cd /opt/rustwide/target/debug/build/shaderc-sys-1f1819570c16cde6/out/build/spirv-tools && /usr/bin/cmake -DCHANGES_FILE=/opt/rustwide/cargo-home/registry/src/index.crates.io-6f17d22bba15001f/shaderc-sys-0.8.2/build/spirv-tools/CHANGES -DTEMPLATE_FILE=/opt/rustwide/cargo-home/registry/src/index.crates.io-6f17d22bba15001f/shaderc-sys-0.8.2/build/spirv-tools/cmake/SPIRV-Tools.pc.in -DOUT_FILE=/opt/rustwide/target/debug/build/shaderc-sys-1f1819570c16cde6/out/build/spirv-tools/SPIRV-Tools.pc -DCMAKE_INSTALL_PREFIX=/opt/rustwide/target/debug/build/shaderc-sys-1f1819570c16cde6/out -DCMAKE_INSTALL_LIBDIR=lib -DCMAKE_INSTALL_INCLUDEDIR=include -DSPIRV_LIBRARIES=-lSPIRV-Tools-opt\ -lSPIRV-Tools\ -lSPIRV-Tools-link -P /opt/rustwide/cargo-home/registry/src/index.crates.io-6f17d22bba15001f/shaderc-sys-0.8.2/build/spirv-tools/cmake/write_pkg_config.cmake
[INFO] [stderr]   [2/409] cd /opt/rustwide/target/debug/build/shaderc-sys-1f1819570c16cde6/out/build/spirv-tools && /usr/bin/cmake -DCHANGES_FILE=/opt/rustwide/cargo-home/registry/src/index.crates.io-6f17d22bba15001f/shaderc-sys-0.8.2/build/spirv-tools/CHANGES -DTEMPLATE_FILE=/opt/rustwide/cargo-home/registry/src/index.crates.io-6f17d22bba15001f/shaderc-sys-0.8.2/build/spirv-tools/cmake/SPIRV-Tools-shared.pc.in -DOUT_FILE=/opt/rustwide/target/debug/build/shaderc-sys-1f1819570c16cde6/out/build/spirv-tools/SPIRV-Tools-shared.pc -DCMAKE_INSTALL_PREFIX=/opt/rustwide/target/debug/build/shaderc-sys-1f1819570c16cde6/out -DCMAKE_INSTALL_LIBDIR=lib -DCMAKE_INSTALL_INCLUDEDIR=include -DSPIRV_SHARED_LIBRARIES=-lSPIRV-Tools-shared -P /opt/rustwide/cargo-home/registry/src/index.crates.io-6f17d22bba15001f/shaderc-sys-0.8.2/build/spirv-tools/cmake/write_pkg_config.cmake
[INFO] [stderr]   [3/409] Building CXX object spirv-headers/example/CMakeFiles/SPIRV-Headers-example.dir/example.cpp.o
[INFO] [stderr]   [4/409] Generate language specific header for NonSemanticShaderDebugInfo100.
[INFO] [stderr]   [5/409] Generate extended instruction tables for spv-amd-shader-trinary-minmax.
[INFO] [stderr]   [6/409] Generate extended instruction tables for spv-amd-shader-ballot.
[INFO] [stderr]   [7/409] Generate extended instruction tables for spv-amd-gcn-shader.
[INFO] [stderr]   [8/409] Generate extended instruction tables for spv-amd-shader-explicit-vertex-parameter.
[INFO] [stderr]   [9/409] Generate extended instruction tables for debuginfo.
[INFO] [stderr]   [10/409] Generate extended instruction tables for opencl.debuginfo.100.
[INFO] [stderr]   [11/409] Linking CXX static library spirv-headers/example/libSPIRV-Headers-example.a
[INFO] [stderr]   [12/409] Generate extended instruction tables for nonsemantic.clspvreflection.
[INFO] [stderr]   [13/409] Generate extended instruction tables for nonsemantic.shader.debuginfo.100.
[INFO] [stderr]   [14/409] Generate language specific header for DebugInfo.
[INFO] [stderr]   [15/409] Generate language specific header for OpenCLDebugInfo100.
[INFO] [stderr]   [16/409] Generate tables based on the SPIR-V XML registry.
[INFO] [stderr]   [17/409] Update build-version.inc in the SPIRV-Tools build directory (if necessary).
[INFO] [stderr]   [18/409] Generate info tables for GLSL extended instructions and operands vunified1.
[INFO] [stderr]   [19/409] Generate enum-string mapping for SPIR-V vunified1.
[INFO] [stderr]   [20/409] Generate info tables for OpenCL extended instructions and operands vunified1.
[INFO] [stderr]   [21/409] Generate info tables for SPIR-V vunified1 core instructions and operands.
[INFO] [stderr]   [22/409] Building CXX object glslang/hlsl/CMakeFiles/HLSL.dir/stub.cpp.o
[INFO] [stderr]   [23/409] Building CXX object glslang/glslang/OSDependent/Unix/CMakeFiles/OSDependent.dir/ossource.cpp.o
[INFO] [stderr]   [24/409] Building CXX object glslang/OGLCompilersDLL/CMakeFiles/OGLCompiler.dir/InitializeDll.cpp.o
[INFO] [stderr]   [25/409] Building CXX object glslang/glslang/CMakeFiles/GenericCodeGen.dir/GenericCodeGen/Link.cpp.o
[INFO] [stderr]   [26/409] Building CXX object spirv-tools/source/CMakeFiles/SPIRV-Tools-shared.dir/util/bit_vector.cpp.o
[INFO] [stderr]   [27/409] Building CXX object glslang/glslang/CMakeFiles/GenericCodeGen.dir/GenericCodeGen/CodeGen.cpp.o
[INFO] [stderr]   [28/409] Building CXX object spirv-tools/source/CMakeFiles/SPIRV-Tools-shared.dir/util/string_utils.cpp.o
[INFO] [stderr]   [29/409] Building CXX object spirv-tools/source/CMakeFiles/SPIRV-Tools-shared.dir/assembly_grammar.cpp.o
[INFO] [stderr]   [30/409] Building CXX object spirv-tools/source/CMakeFiles/SPIRV-Tools-shared.dir/diagnostic.cpp.o
[INFO] [stderr]   [31/409] Building CXX object spirv-tools/source/CMakeFiles/SPIRV-Tools-shared.dir/enum_string_mapping.cpp.o
[INFO] [stderr]   [32/409] Building CXX object spirv-tools/source/CMakeFiles/SPIRV-Tools-shared.dir/ext_inst.cpp.o
[INFO] [stderr]   [33/409] Building CXX object spirv-tools/source/CMakeFiles/SPIRV-Tools-shared.dir/disassemble.cpp.o
[INFO] [stderr]   [34/409] Building CXX object spirv-tools/source/CMakeFiles/SPIRV-Tools-shared.dir/util/parse_number.cpp.o
[INFO] [stderr]   [35/409] Building CXX object spirv-tools/source/CMakeFiles/SPIRV-Tools-shared.dir/extensions.cpp.o
[INFO] [stderr]   [36/409] Building CXX object spirv-tools/source/CMakeFiles/SPIRV-Tools-shared.dir/opcode.cpp.o
[INFO] [stderr]   [37/409] Building CXX object spirv-tools/source/CMakeFiles/SPIRV-Tools-shared.dir/libspirv.cpp.o
[INFO] [stderr]   [38/409] Building CXX object spirv-tools/source/CMakeFiles/SPIRV-Tools-shared.dir/software_version.cpp.o
[INFO] [stderr]   [39/409] Building CXX object spirv-tools/source/CMakeFiles/SPIRV-Tools-shared.dir/spirv_endian.cpp.o
[INFO] [stderr]   [40/409] Building CXX object glslang/glslang/CMakeFiles/glslang.dir/CInterface/glslang_c_interface.cpp.o
[INFO] [stderr]   [41/409] Building CXX object spirv-tools/source/CMakeFiles/SPIRV-Tools-shared.dir/spirv_optimizer_options.cpp.o
[INFO] [stderr]   [42/409] Building CXX object spirv-tools/source/CMakeFiles/SPIRV-Tools-shared.dir/spirv_fuzzer_options.cpp.o
[INFO] [stderr]   [43/409] Building CXX object spirv-tools/source/CMakeFiles/SPIRV-Tools-shared.dir/print.cpp.o
[INFO] [stderr]   [44/409] Building CXX object spirv-tools/source/CMakeFiles/SPIRV-Tools-shared.dir/name_mapper.cpp.o
[INFO] [stderr]   [45/409] Building CXX object spirv-tools/source/CMakeFiles/SPIRV-Tools-shared.dir/spirv_validator_options.cpp.o
[INFO] [stderr]   [46/409] Building CXX object spirv-tools/source/CMakeFiles/SPIRV-Tools-shared.dir/parsed_operand.cpp.o
[INFO] [stderr]   [47/409] Building CXX object spirv-tools/source/CMakeFiles/SPIRV-Tools-shared.dir/spirv_reducer_options.cpp.o
[INFO] [stderr]   [48/409] Building CXX object spirv-tools/source/CMakeFiles/SPIRV-Tools-shared.dir/binary.cpp.o
[INFO] [stderr]   [49/409] Building CXX object spirv-tools/source/CMakeFiles/SPIRV-Tools-shared.dir/spirv_target_env.cpp.o
[INFO] [stderr]   [50/409] Building CXX object spirv-tools/source/CMakeFiles/SPIRV-Tools-shared.dir/table.cpp.o
[INFO] [stderr]   [51/409] Building CXX object spirv-tools/source/CMakeFiles/SPIRV-Tools-shared.dir/operand.cpp.o
[INFO] [stderr]   [52/409] Building CXX object glslang/glslang/CMakeFiles/MachineIndependent.dir/cmake_pch.hxx.gch
[INFO] [stderr]   [53/409] Building CXX object spirv-tools/source/CMakeFiles/SPIRV-Tools-shared.dir/val/validate_adjacency.cpp.o
[INFO] [stderr]   [54/409] Building CXX object spirv-tools/source/CMakeFiles/SPIRV-Tools-shared.dir/text_handler.cpp.o
[INFO] [stderr]   [55/409] Building CXX object spirv-tools/source/CMakeFiles/SPIRV-Tools-shared.dir/val/validate_annotation.cpp.o
[INFO] [stderr]   [56/409] Building CXX object spirv-tools/source/CMakeFiles/SPIRV-Tools-shared.dir/val/validate_atomics.cpp.o
[INFO] [stderr]   [57/409] Building CXX object spirv-tools/source/CMakeFiles/SPIRV-Tools-shared.dir/val/validate_arithmetics.cpp.o
[INFO] [stderr]   [58/409] Building CXX object spirv-tools/source/CMakeFiles/SPIRV-Tools-shared.dir/text.cpp.o
[INFO] [stderr]   [59/409] Building CXX object spirv-tools/source/CMakeFiles/SPIRV-Tools-shared.dir/val/validate_barriers.cpp.o
[INFO] [stderr]   [60/409] Building CXX object spirv-tools/source/CMakeFiles/SPIRV-Tools-shared.dir/val/validate.cpp.o
[INFO] [stderr]   [61/409] Building CXX object spirv-tools/source/CMakeFiles/SPIRV-Tools-shared.dir/val/validate_bitwise.cpp.o
[INFO] [stderr]   [62/409] Building CXX object spirv-tools/source/CMakeFiles/SPIRV-Tools-shared.dir/val/validate_capability.cpp.o
[INFO] [stderr]   [63/409] Building CXX object spirv-tools/source/CMakeFiles/SPIRV-Tools-shared.dir/val/validate_conversion.cpp.o
[INFO] [stderr]   [64/409] Building CXX object spirv-tools/source/CMakeFiles/SPIRV-Tools-shared.dir/val/validate_constants.cpp.o
[INFO] [stderr]   [65/409] Building CXX object spirv-tools/source/CMakeFiles/SPIRV-Tools-shared.dir/val/validate_composites.cpp.o
[INFO] [stderr]   [66/409] Building CXX object spirv-tools/source/CMakeFiles/SPIRV-Tools-shared.dir/val/validate_debug.cpp.o
[INFO] [stderr]   [67/409] Building CXX object spirv-tools/source/CMakeFiles/SPIRV-Tools-shared.dir/val/validate_derivatives.cpp.o
[INFO] [stderr]   [68/409] Building CXX object spirv-tools/source/CMakeFiles/SPIRV-Tools-shared.dir/val/validate_id.cpp.o
[INFO] [stderr]   [69/409] Building CXX object spirv-tools/source/CMakeFiles/SPIRV-Tools-shared.dir/val/validate_function.cpp.o
[INFO] [stderr]   [70/409] Building CXX object spirv-tools/source/CMakeFiles/SPIRV-Tools-shared.dir/val/validate_execution_limitations.cpp.o
[INFO] [stderr]   [71/409] Building CXX object spirv-tools/source/CMakeFiles/SPIRV-Tools-shared.dir/val/validate_cfg.cpp.o
[INFO] [stderr]   [72/409] Building CXX object spirv-tools/source/CMakeFiles/SPIRV-Tools-shared.dir/val/validate_decorations.cpp.o
[INFO] [stderr]   [73/409] Building CXX object spirv-tools/source/CMakeFiles/SPIRV-Tools-shared.dir/val/validate_image.cpp.o
[INFO] [stderr]   [74/409] Building CXX object spirv-tools/source/CMakeFiles/SPIRV-Tools-shared.dir/val/validate_literals.cpp.o
[INFO] [stderr]   [75/409] Building CXX object spirv-tools/source/CMakeFiles/SPIRV-Tools-shared.dir/val/validate_layout.cpp.o
[INFO] [stderr]   [76/409] Building CXX object spirv-tools/source/CMakeFiles/SPIRV-Tools-shared.dir/val/validate_instruction.cpp.o
[INFO] [stderr]   [77/409] Building CXX object spirv-tools/source/CMakeFiles/SPIRV-Tools-shared.dir/val/validate_interfaces.cpp.o
[INFO] [stderr]   [78/409] Building CXX object spirv-tools/source/CMakeFiles/SPIRV-Tools-shared.dir/val/validate_logicals.cpp.o
[INFO] [stderr]   [79/409] Building CXX object spirv-tools/source/CMakeFiles/SPIRV-Tools-shared.dir/val/validate_memory_semantics.cpp.o
[INFO] [stderr]   [80/409] Building CXX object spirv-tools/source/CMakeFiles/SPIRV-Tools-shared.dir/val/validate_mesh_shading.cpp.o
[INFO] [stderr]   [81/409] Building CXX object spirv-tools/source/CMakeFiles/SPIRV-Tools-shared.dir/val/validate_misc.cpp.o
[INFO] [stderr]   [82/409] Building CXX object spirv-tools/source/CMakeFiles/SPIRV-Tools-shared.dir/val/validate_builtins.cpp.o
[INFO] [stderr]   [83/409] Building CXX object spirv-tools/source/CMakeFiles/SPIRV-Tools-shared.dir/val/validate_memory.cpp.o
[INFO] [stderr]   [84/409] Building CXX object spirv-tools/source/CMakeFiles/SPIRV-Tools-shared.dir/val/validate_mode_setting.cpp.o
[INFO] [stderr]   [85/409] Building CXX object spirv-tools/source/CMakeFiles/SPIRV-Tools-shared.dir/val/validate_non_uniform.cpp.o
[INFO] [stderr]   [86/409] Building CXX object spirv-tools/source/CMakeFiles/SPIRV-Tools-shared.dir/val/validate_primitives.cpp.o
[INFO] [stderr]   [87/409] Building CXX object spirv-tools/source/CMakeFiles/SPIRV-Tools-shared.dir/val/validate_extensions.cpp.o
[INFO] [stderr]   [88/409] Building CXX object spirv-tools/source/CMakeFiles/SPIRV-Tools-shared.dir/val/validate_ray_query.cpp.o
[INFO] [stderr]   [89/409] Building CXX object spirv-tools/source/CMakeFiles/SPIRV-Tools-shared.dir/val/validate_ray_tracing.cpp.o
[INFO] [stderr]   [90/409] Building CXX object spirv-tools/source/CMakeFiles/SPIRV-Tools-shared.dir/val/basic_block.cpp.o
[INFO] [stderr]   [91/409] Building CXX object spirv-tools/source/CMakeFiles/SPIRV-Tools-shared.dir/val/validate_ray_tracing_reorder.cpp.o
[INFO] [stderr]   [92/409] Building CXX object spirv-tools/source/CMakeFiles/SPIRV-Tools-shared.dir/val/validate_small_type_uses.cpp.o
[INFO] [stderr]   [93/409] Building CXX object spirv-tools/source/CMakeFiles/SPIRV-Tools-shared.dir/val/validate_scopes.cpp.o
[INFO] [stderr]   [94/409] Building CXX object spirv-tools/source/CMakeFiles/SPIRV-Tools-shared.dir/val/instruction.cpp.o
[INFO] [stderr]   [95/409] Building CXX object spirv-tools/source/CMakeFiles/SPIRV-Tools-shared.dir/val/construct.cpp.o
[INFO] [stderr]   [96/409] Building CXX object spirv-tools/source/CMakeFiles/SPIRV-Tools-shared.dir/util/timer.cpp.o
[INFO] [stderr]   [97/409] Building CXX object spirv-tools/source/CMakeFiles/SPIRV-Tools-static.dir/util/bit_vector.cpp.o
[INFO] [stderr]   [98/409] Building CXX object spirv-tools/source/CMakeFiles/SPIRV-Tools-shared.dir/val/validate_type.cpp.o
[INFO] [stderr]   [99/409] Building CXX object spirv-tools/source/CMakeFiles/SPIRV-Tools-static.dir/util/string_utils.cpp.o
[INFO] [stderr]   [100/409] Building CXX object spirv-tools/source/CMakeFiles/SPIRV-Tools-static.dir/assembly_grammar.cpp.o
[INFO] [stderr]   [101/409] Building CXX object spirv-tools/source/CMakeFiles/SPIRV-Tools-static.dir/diagnostic.cpp.o
[INFO] [stderr]   [102/409] Building CXX object spirv-tools/source/CMakeFiles/SPIRV-Tools-shared.dir/val/function.cpp.o
[INFO] [stderr]   [103/409] Building CXX object spirv-tools/source/CMakeFiles/SPIRV-Tools-static.dir/enum_string_mapping.cpp.o
[INFO] [stderr]   [104/409] Building CXX object spirv-tools/source/CMakeFiles/SPIRV-Tools-static.dir/ext_inst.cpp.o
[INFO] [stderr]   [105/409] Building CXX object spirv-tools/source/CMakeFiles/SPIRV-Tools-static.dir/util/parse_number.cpp.o
[INFO] [stderr]   [106/409] Building CXX object spirv-tools/source/CMakeFiles/SPIRV-Tools-static.dir/disassemble.cpp.o
[INFO] [stderr]   [107/409] Building CXX object spirv-tools/source/CMakeFiles/SPIRV-Tools-static.dir/extensions.cpp.o
[INFO] [stderr]   [108/409] Building CXX object spirv-tools/source/CMakeFiles/SPIRV-Tools-static.dir/libspirv.cpp.o
[INFO] [stderr]   [109/409] Building CXX object spirv-tools/source/CMakeFiles/SPIRV-Tools-static.dir/binary.cpp.o
[INFO] [stderr]   [110/409] Building CXX object spirv-tools/source/CMakeFiles/SPIRV-Tools-static.dir/software_version.cpp.o
[INFO] [stderr]   [111/409] Building CXX object spirv-tools/source/CMakeFiles/SPIRV-Tools-static.dir/spirv_endian.cpp.o
[INFO] [stderr]   [112/409] Building CXX object spirv-tools/source/CMakeFiles/SPIRV-Tools-static.dir/print.cpp.o
[INFO] [stderr]   [113/409] Building CXX object spirv-tools/source/CMakeFiles/SPIRV-Tools-static.dir/opcode.cpp.o
[INFO] [stderr]   [114/409] Building CXX object spirv-tools/source/CMakeFiles/SPIRV-Tools-static.dir/spirv_optimizer_options.cpp.o
[INFO] [stderr]   [115/409] Building CXX object spirv-tools/source/opt/CMakeFiles/SPIRV-Tools-opt.dir/local_single_block_elim_pass.cpp.o
[INFO] [stderr]   [116/409] Building CXX object spirv-tools/source/CMakeFiles/SPIRV-Tools-static.dir/spirv_validator_options.cpp.o
[INFO] [stderr]   [117/409] Building CXX object spirv-tools/source/CMakeFiles/SPIRV-Tools-static.dir/parsed_operand.cpp.o
[INFO] [stderr]   [118/409] Building CXX object spirv-tools/source/CMakeFiles/SPIRV-Tools-static.dir/spirv_fuzzer_options.cpp.o
[INFO] [stderr]   [119/409] Building CXX object spirv-tools/source/CMakeFiles/SPIRV-Tools-static.dir/spirv_reducer_options.cpp.o
[INFO] [stderr]   [120/409] Building CXX object spirv-tools/source/CMakeFiles/SPIRV-Tools-static.dir/name_mapper.cpp.o
[INFO] [stderr]   [121/409] Building CXX object spirv-tools/source/CMakeFiles/SPIRV-Tools-static.dir/spirv_target_env.cpp.o
[INFO] [stderr]   [122/409] Building CXX object spirv-tools/source/CMakeFiles/SPIRV-Tools-static.dir/operand.cpp.o
[INFO] [stderr]   [123/409] Building CXX object spirv-tools/source/CMakeFiles/SPIRV-Tools-static.dir/table.cpp.o
[INFO] [stderr]   [124/409] Building CXX object spirv-tools/source/CMakeFiles/SPIRV-Tools-shared.dir/val/validation_state.cpp.o
[INFO] [stderr]   [125/409] Building CXX object spirv-tools/source/CMakeFiles/SPIRV-Tools-static.dir/val/validate_adjacency.cpp.o
[INFO] [stderr]   [126/409] Building CXX object spirv-tools/source/CMakeFiles/SPIRV-Tools-static.dir/text.cpp.o
[INFO] [stderr]   [127/409] Building CXX object spirv-tools/source/CMakeFiles/SPIRV-Tools-static.dir/text_handler.cpp.o
[INFO] [stderr]   [128/409] Linking CXX shared library spirv-tools/source/libSPIRV-Tools-shared.so
[INFO] [stderr]   [129/409] Building CXX object spirv-tools/source/CMakeFiles/SPIRV-Tools-static.dir/val/validate_atomics.cpp.o
[INFO] [stderr]   [130/409] Building CXX object spirv-tools/source/CMakeFiles/SPIRV-Tools-static.dir/val/validate_arithmetics.cpp.o
[INFO] [stderr]   [131/409] Building CXX object spirv-tools/source/CMakeFiles/SPIRV-Tools-static.dir/val/validate_annotation.cpp.o
[INFO] [stderr]   [132/409] Building CXX object spirv-tools/source/CMakeFiles/SPIRV-Tools-static.dir/val/validate_barriers.cpp.o
[INFO] [stderr]   [133/409] Building CXX object spirv-tools/source/CMakeFiles/SPIRV-Tools-static.dir/val/validate.cpp.o
[INFO] [stderr]   [134/409] Building CXX object spirv-tools/source/CMakeFiles/SPIRV-Tools-static.dir/val/validate_capability.cpp.o
[INFO] [stderr]   [135/409] Building CXX object spirv-tools/source/CMakeFiles/SPIRV-Tools-static.dir/val/validate_bitwise.cpp.o
[INFO] [stderr]   [136/409] Building CXX object spirv-tools/source/CMakeFiles/SPIRV-Tools-static.dir/val/validate_constants.cpp.o
[INFO] [stderr]   [137/409] Building CXX object spirv-tools/source/CMakeFiles/SPIRV-Tools-static.dir/val/validate_composites.cpp.o
[INFO] [stderr]   [138/409] Building CXX object spirv-tools/source/CMakeFiles/SPIRV-Tools-static.dir/val/validate_debug.cpp.o
[INFO] [stderr]   [139/409] Building CXX object spirv-tools/source/CMakeFiles/SPIRV-Tools-static.dir/val/validate_derivatives.cpp.o
[INFO] [stderr]   [140/409] Building CXX object spirv-tools/source/CMakeFiles/SPIRV-Tools-static.dir/val/validate_conversion.cpp.o
[INFO] [stderr]   [141/409] Building CXX object spirv-tools/source/CMakeFiles/SPIRV-Tools-static.dir/val/validate_execution_limitations.cpp.o
[INFO] [stderr]   [142/409] Building CXX object spirv-tools/source/CMakeFiles/SPIRV-Tools-static.dir/val/validate_id.cpp.o
[INFO] [stderr]   [143/409] Building CXX object spirv-tools/source/CMakeFiles/SPIRV-Tools-static.dir/val/validate_cfg.cpp.o
[INFO] [stderr]   [144/409] Building CXX object spirv-tools/source/CMakeFiles/SPIRV-Tools-static.dir/val/validate_function.cpp.o
[INFO] [stderr]   [145/409] Building CXX object spirv-tools/source/CMakeFiles/SPIRV-Tools-static.dir/val/validate_image.cpp.o
[INFO] [stderr]   [146/409] Building CXX object spirv-tools/source/CMakeFiles/SPIRV-Tools-static.dir/val/validate_interfaces.cpp.o
[INFO] [stderr]   [147/409] Building CXX object spirv-tools/source/CMakeFiles/SPIRV-Tools-static.dir/val/validate_layout.cpp.o
[INFO] [stderr]   [148/409] Building CXX object spirv-tools/source/CMakeFiles/SPIRV-Tools-static.dir/val/validate_literals.cpp.o
[INFO] [stderr]   [149/409] Building CXX object spirv-tools/source/CMakeFiles/SPIRV-Tools-static.dir/val/validate_decorations.cpp.o
[INFO] [stderr]   [150/409] Building CXX object spirv-tools/source/CMakeFiles/SPIRV-Tools-static.dir/val/validate_instruction.cpp.o
[INFO] [stderr]   [151/409] Building CXX object spirv-tools/source/CMakeFiles/SPIRV-Tools-static.dir/val/validate_logicals.cpp.o
[INFO] [stderr]   [152/409] Building CXX object spirv-tools/source/CMakeFiles/SPIRV-Tools-static.dir/val/validate_mesh_shading.cpp.o
[INFO] [stderr]   [153/409] Building CXX object spirv-tools/source/CMakeFiles/SPIRV-Tools-static.dir/val/validate_memory_semantics.cpp.o
[INFO] [stderr]   [154/409] Building CXX object spirv-tools/source/CMakeFiles/SPIRV-Tools-static.dir/val/validate_misc.cpp.o
[INFO] [stderr]   [155/409] Building CXX object spirv-tools/source/CMakeFiles/SPIRV-Tools-static.dir/val/validate_builtins.cpp.o
[INFO] [stderr]   [156/409] Building CXX object spirv-tools/source/CMakeFiles/SPIRV-Tools-static.dir/val/validate_extensions.cpp.o
[INFO] [stderr]   [157/409] Building CXX object spirv-tools/source/CMakeFiles/SPIRV-Tools-static.dir/val/validate_memory.cpp.o
[INFO] [stderr]   [158/409] Building CXX object spirv-tools/source/CMakeFiles/SPIRV-Tools-static.dir/val/validate_primitives.cpp.o
[INFO] [stderr]   [159/409] Building CXX object spirv-tools/source/CMakeFiles/SPIRV-Tools-static.dir/val/validate_mode_setting.cpp.o
[INFO] [stderr]   [160/409] Building CXX object spirv-tools/source/CMakeFiles/SPIRV-Tools-static.dir/val/validate_non_uniform.cpp.o
[INFO] [stderr]   [161/409] Building CXX object spirv-tools/source/CMakeFiles/SPIRV-Tools-static.dir/val/validate_ray_tracing.cpp.o
[INFO] [stderr]   [162/409] Building CXX object spirv-tools/source/CMakeFiles/SPIRV-Tools-static.dir/val/validate_ray_query.cpp.o
[INFO] [stderr]   [163/409] Building CXX object spirv-tools/source/CMakeFiles/SPIRV-Tools-static.dir/val/basic_block.cpp.o
[INFO] [stderr]   [164/409] Building CXX object spirv-tools/source/CMakeFiles/SPIRV-Tools-static.dir/val/validate_small_type_uses.cpp.o
[INFO] [stderr]   [165/409] Building CXX object spirv-tools/source/CMakeFiles/SPIRV-Tools-static.dir/val/instruction.cpp.o
[INFO] [stderr]   [166/409] Building CXX object spirv-tools/source/CMakeFiles/SPIRV-Tools-static.dir/val/validate_scopes.cpp.o
[INFO] [stderr]   [167/409] Building CXX object spirv-tools/source/CMakeFiles/SPIRV-Tools-static.dir/val/validate_ray_tracing_reorder.cpp.o
[INFO] [stderr]   [168/409] Building CXX object spirv-tools/source/CMakeFiles/SPIRV-Tools-static.dir/util/timer.cpp.o
[INFO] [stderr]   [169/409] Building CXX object spirv-tools/source/CMakeFiles/SPIRV-Tools-static.dir/val/construct.cpp.o
[INFO] [stderr]   [170/409] Building CXX object spirv-tools/source/CMakeFiles/SPIRV-Tools-static.dir/val/validate_type.cpp.o
[INFO] [stderr]   [171/409] Building CXX object spirv-tools/source/opt/CMakeFiles/SPIRV-Tools-opt.dir/fix_func_call_arguments.cpp.o
[INFO] [stderr]   FAILED: spirv-tools/source/opt/CMakeFiles/SPIRV-Tools-opt.dir/fix_func_call_arguments.cpp.o 
[INFO] [stderr]   /usr/bin/c++ -DSPIRV_COLOR_TERMINAL -DSPIRV_LINUX -DSPIRV_TIMER_ENABLED -I/opt/rustwide/cargo-home/registry/src/index.crates.io-6f17d22bba15001f/shaderc-sys-0.8.2/build/spirv-tools -I/opt/rustwide/cargo-home/registry/src/index.crates.io-6f17d22bba15001f/shaderc-sys-0.8.2/build/spirv-tools/include -I/opt/rustwide/cargo-home/registry/src/index.crates.io-6f17d22bba15001f/shaderc-sys-0.8.2/build/spirv-headers/include -I/opt/rustwide/target/debug/build/shaderc-sys-1f1819570c16cde6/out/build/spirv-tools -ffunction-sections -fdata-sections -fPIC -m64 -O3 -DNDEBUG -fPIC -Wall -Wextra -Wnon-virtual-dtor -Wno-missing-field-initializers -std=c++11 -fno-exceptions -Wno-long-long -Wshadow -Wundef -Wconversion -Wno-sign-conversion -std=gnu++11 -MD -MT spirv-tools/source/opt/CMakeFiles/SPIRV-Tools-opt.dir/fix_func_call_arguments.cpp.o -MF spirv-tools/source/opt/CMakeFiles/SPIRV-Tools-opt.dir/fix_func_call_arguments.cpp.o.d -o spirv-tools/source/opt/CMakeFiles/SPIRV-Tools-opt.dir/fix_func_call_arguments.cpp.o -c /opt/rustwide/cargo-home/registry/src/index.crates.io-6f17d22bba15001f/shaderc-sys-0.8.2/build/spirv-tools/source/opt/fix_func_call_arguments.cpp
[INFO] [stderr]   c++: fatal error: Killed signal terminated program cc1plus
[INFO] [stderr]   compilation terminated.
[INFO] [stderr]   [172/409] Building CXX object spirv-tools/source/opt/CMakeFiles/SPIRV-Tools-opt.dir/amd_ext_to_khr.cpp.o
[INFO] [stderr]   FAILED: spirv-tools/source/opt/CMakeFiles/SPIRV-Tools-opt.dir/amd_ext_to_khr.cpp.o 
[INFO] [stderr]   /usr/bin/c++ -DSPIRV_COLOR_TERMINAL -DSPIRV_LINUX -DSPIRV_TIMER_ENABLED -I/opt/rustwide/cargo-home/registry/src/index.crates.io-6f17d22bba15001f/shaderc-sys-0.8.2/build/spirv-tools -I/opt/rustwide/cargo-home/registry/src/index.crates.io-6f17d22bba15001f/shaderc-sys-0.8.2/build/spirv-tools/include -I/opt/rustwide/cargo-home/registry/src/index.crates.io-6f17d22bba15001f/shaderc-sys-0.8.2/build/spirv-headers/include -I/opt/rustwide/target/debug/build/shaderc-sys-1f1819570c16cde6/out/build/spirv-tools -ffunction-sections -fdata-sections -fPIC -m64 -O3 -DNDEBUG -fPIC -Wall -Wextra -Wnon-virtual-dtor -Wno-missing-field-initializers -std=c++11 -fno-exceptions -Wno-long-long -Wshadow -Wundef -Wconversion -Wno-sign-conversion -std=gnu++11 -MD -MT spirv-tools/source/opt/CMakeFiles/SPIRV-Tools-opt.dir/amd_ext_to_khr.cpp.o -MF spirv-tools/source/opt/CMakeFiles/SPIRV-Tools-opt.dir/amd_ext_to_khr.cpp.o.d -o spirv-tools/source/opt/CMakeFiles/SPIRV-Tools-opt.dir/amd_ext_to_khr.cpp.o -c /opt/rustwide/cargo-home/registry/src/index.crates.io-6f17d22bba15001f/shaderc-sys-0.8.2/build/spirv-tools/source/opt/amd_ext_to_khr.cpp
[INFO] [stderr]   c++: fatal error: Killed signal terminated program cc1plus
[INFO] [stderr]   compilation terminated.
[INFO] [stderr]   [173/409] Building CXX object spirv-tools/source/CMakeFiles/SPIRV-Tools-static.dir/val/function.cpp.o
[INFO] [stderr]   [174/409] Building CXX object spirv-tools/source/opt/CMakeFiles/SPIRV-Tools-opt.dir/analyze_live_input_pass.cpp.o
[INFO] [stderr]   [175/409] Building CXX object spirv-tools/source/CMakeFiles/SPIRV-Tools-static.dir/val/validation_state.cpp.o
[INFO] [stderr]   [176/409] Building CXX object spirv-tools/source/opt/CMakeFiles/SPIRV-Tools-opt.dir/block_merge_pass.cpp.o
[INFO] [stderr]   [177/409] Building CXX object spirv-tools/source/opt/CMakeFiles/SPIRV-Tools-opt.dir/basic_block.cpp.o
[INFO] [stderr]   [178/409] Building CXX object spirv-tools/source/opt/CMakeFiles/SPIRV-Tools-opt.dir/aggressive_dead_code_elim_pass.cpp.o
[INFO] [stderr]   ninja: build stopped: subcommand failed.
[INFO] [stderr] 
[INFO] [stderr]   --- stderr
[INFO] [stderr]   CMake Warning:
[INFO] [stderr]     Manually-specified variables were not used by the project:
[INFO] [stderr] 
[INFO] [stderr]       CMAKE_ASM_COMPILER
[INFO] [stderr]       CMAKE_ASM_FLAGS
[INFO] [stderr] 
[INFO] [stderr] 
[INFO] [stderr]   thread 'main' panicked at /opt/rustwide/cargo-home/registry/src/index.crates.io-6f17d22bba15001f/cmake-0.1.50/src/lib.rs:1098:5:
[INFO] [stderr] 
[INFO] [stderr]   command did not execute successfully, got: exit status: 1
[INFO] [stderr] 
[INFO] [stderr]   build script failed, must exit now
[INFO] [stderr]   stack backtrace:
[INFO] [stderr]      0:     0x563d4e7f079c - std::backtrace_rs::backtrace::libunwind::trace::ha637c64ce894333a
[INFO] [stderr]                                  at /rustc/82e1608dfa6e0b5569232559e3d385fea5a93112/library/std/src/../../backtrace/src/backtrace/libunwind.rs:104:5
[INFO] [stderr]      1:     0x563d4e7f079c - std::backtrace_rs::backtrace::trace_unsynchronized::h47f62dea28e0c88d
[INFO] [stderr]                                  at /rustc/82e1608dfa6e0b5569232559e3d385fea5a93112/library/std/src/../../backtrace/src/backtrace/mod.rs:66:5
[INFO] [stderr]      2:     0x563d4e7f079c - std::sys_common::backtrace::_print_fmt::h9eef0abe20ede486
[INFO] [stderr]                                  at /rustc/82e1608dfa6e0b5569232559e3d385fea5a93112/library/std/src/sys_common/backtrace.rs:67:5
[INFO] [stderr]      3:     0x563d4e7f079c - <std::sys_common::backtrace::_print::DisplayBacktrace as core::fmt::Display>::fmt::hed7f999df88cc644
[INFO] [stderr]                                  at /rustc/82e1608dfa6e0b5569232559e3d385fea5a93112/library/std/src/sys_common/backtrace.rs:44:22
[INFO] [stderr]      4:     0x563d4e816ef0 - core::fmt::rt::Argument::fmt::h1539a9308b8d058d
[INFO] [stderr]                                  at /rustc/82e1608dfa6e0b5569232559e3d385fea5a93112/library/core/src/fmt/rt.rs:142:9
[INFO] [stderr]      5:     0x563d4e816ef0 - core::fmt::write::h3a39390d8560d9c9
[INFO] [stderr]                                  at /rustc/82e1608dfa6e0b5569232559e3d385fea5a93112/library/core/src/fmt/mod.rs:1120:17
[INFO] [stderr]      6:     0x563d4e7edc9f - std::io::Write::write_fmt::h5fc9997dfe05f882
[INFO] [stderr]                                  at /rustc/82e1608dfa6e0b5569232559e3d385fea5a93112/library/std/src/io/mod.rs:1762:15
[INFO] [stderr]      7:     0x563d4e7f0584 - std::sys_common::backtrace::_print::h894006fb5c6f3d45
[INFO] [stderr]                                  at /rustc/82e1608dfa6e0b5569232559e3d385fea5a93112/library/std/src/sys_common/backtrace.rs:47:5
[INFO] [stderr]      8:     0x563d4e7f0584 - std::sys_common::backtrace::print::h23a2d212c6fff936
[INFO] [stderr]                                  at /rustc/82e1608dfa6e0b5569232559e3d385fea5a93112/library/std/src/sys_common/backtrace.rs:34:9
[INFO] [stderr]      9:     0x563d4e7f1d97 - std::panicking::default_hook::{{closure}}::h8a1d2ee00185001a
[INFO] [stderr]     10:     0x563d4e7f1aff - std::panicking::default_hook::h6038f2eba384e475
[INFO] [stderr]                                  at /rustc/82e1608dfa6e0b5569232559e3d385fea5a93112/library/std/src/panicking.rs:292:9
[INFO] [stderr]     11:     0x563d4e7f2218 - std::panicking::rust_panic_with_hook::h2b5517d590cab22e
[INFO] [stderr]                                  at /rustc/82e1608dfa6e0b5569232559e3d385fea5a93112/library/std/src/panicking.rs:779:13
[INFO] [stderr]     12:     0x563d4e7f20fe - std::panicking::begin_panic_handler::{{closure}}::h233112c06e0ef43e
[INFO] [stderr]                                  at /rustc/82e1608dfa6e0b5569232559e3d385fea5a93112/library/std/src/panicking.rs:657:13
[INFO] [stderr]     13:     0x563d4e7f0c66 - std::sys_common::backtrace::__rust_end_short_backtrace::h6e893f24d7ebbff8
[INFO] [stderr]                                  at /rustc/82e1608dfa6e0b5569232559e3d385fea5a93112/library/std/src/sys_common/backtrace.rs:170:18
[INFO] [stderr]     14:     0x563d4e7f1e62 - rust_begin_unwind
[INFO] [stderr]                                  at /rustc/82e1608dfa6e0b5569232559e3d385fea5a93112/library/std/src/panicking.rs:645:5
[INFO] [stderr]     15:     0x563d4e740625 - core::panicking::panic_fmt::hbf0e066aabfa482c
[INFO] [stderr]                                  at /rustc/82e1608dfa6e0b5569232559e3d385fea5a93112/library/core/src/panicking.rs:72:14
[INFO] [stderr]     16:     0x563d4e7895a1 - cmake::fail::hdc0783c00147923e
[INFO] [stderr]     17:     0x563d4e788d27 - cmake::run::hb6159d1e58a5229d
[INFO] [stderr]     18:     0x563d4e785641 - cmake::Config::build::h83e749674b173325
[INFO] [stderr]     19:     0x563d4e74a681 - build_script_build::build_shaderc_unix::hde604f264dbf5aee
[INFO] [stderr]     20:     0x563d4e74e7a3 - build_script_build::main::h941e96238f09e822
[INFO] [stderr]     21:     0x563d4e741b53 - core::ops::function::FnOnce::call_once::hb7b8ae2fa1e785ee
[INFO] [stderr]     22:     0x563d4e740f86 - std::sys_common::backtrace::__rust_begin_short_backtrace::h649dcba41e7da82a
[INFO] [stderr]     23:     0x563d4e748519 - std::rt::lang_start::{{closure}}::hf4699ab7f0ac956e
[INFO] [stderr]     24:     0x563d4e7e95a7 - core::ops::function::impls::<impl core::ops::function::FnOnce<A> for &F>::call_once::hd95060ecd5e1ca24
[INFO] [stderr]                                  at /rustc/82e1608dfa6e0b5569232559e3d385fea5a93112/library/core/src/ops/function.rs:284:13
[INFO] [stderr]     25:     0x563d4e7e95a7 - std::panicking::try::do_call::h6e8cf51db32a6e4b
[INFO] [stderr]                                  at /rustc/82e1608dfa6e0b5569232559e3d385fea5a93112/library/std/src/panicking.rs:552:40
[INFO] [stderr]     26:     0x563d4e7e95a7 - std::panicking::try::h3a52eefe24fe3c29
[INFO] [stderr]                                  at /rustc/82e1608dfa6e0b5569232559e3d385fea5a93112/library/std/src/panicking.rs:516:19
[INFO] [stderr]     27:     0x563d4e7e95a7 - std::panic::catch_unwind::h24c28c23c02c3841
[INFO] [stderr]                                  at /rustc/82e1608dfa6e0b5569232559e3d385fea5a93112/library/std/src/panic.rs:142:14
[INFO] [stderr]     28:     0x563d4e7e95a7 - std::rt::lang_start_internal::{{closure}}::h705d3c9cbc06ef47
[INFO] [stderr]                                  at /rustc/82e1608dfa6e0b5569232559e3d385fea5a93112/library/std/src/rt.rs:148:48
[INFO] [stderr]     29:     0x563d4e7e95a7 - std::panicking::try::do_call::ha21f52ba13158470
[INFO] [stderr]                                  at /rustc/82e1608dfa6e0b5569232559e3d385fea5a93112/library/std/src/panicking.rs:552:40
[INFO] [stderr]     30:     0x563d4e7e95a7 - std::panicking::try::h5581346bf6aeb1f8
[INFO] [stderr]                                  at /rustc/82e1608dfa6e0b5569232559e3d385fea5a93112/library/std/src/panicking.rs:516:19
[INFO] [stderr]     31:     0x563d4e7e95a7 - std::panic::catch_unwind::h7919645a6b72e25b
[INFO] [stderr]                                  at /rustc/82e1608dfa6e0b5569232559e3d385fea5a93112/library/std/src/panic.rs:142:14
[INFO] [stderr]     32:     0x563d4e7e95a7 - std::rt::lang_start_internal::h12de51168669836e
[INFO] [stderr]                                  at /rustc/82e1608dfa6e0b5569232559e3d385fea5a93112/library/std/src/rt.rs:148:20
[INFO] [stderr]     33:     0x563d4e7484f7 - std::rt::lang_start::he66291893c606ac7
[INFO] [stderr]     34:     0x563d4e74ee55 - main
[INFO] [stderr]     35:     0x7fdcac5ded90 - <unknown>
[INFO] [stderr]     36:     0x7fdcac5dee40 - __libc_start_main
[INFO] [stderr]     37:     0x563d4e740d45 - _start
[INFO] [stderr]     38:                0x0 - <unknown>
[INFO] running `Command { std: "docker" "inspect" "bc8bb9945185e68867166197b145eac8a11945c0b0583d7624bb46e8892a3e83", kill_on_drop: false }`
[INFO] running `Command { std: "docker" "rm" "-f" "bc8bb9945185e68867166197b145eac8a11945c0b0583d7624bb46e8892a3e83", kill_on_drop: false }`
[INFO] [stdout] bc8bb9945185e68867166197b145eac8a11945c0b0583d7624bb46e8892a3e83
