[INFO] cloning repository https://github.com/DevHeap/demo-image-processing-server
[INFO] running `Command { std: "git" "-c" "credential.helper=" "-c" "credential.helper=/workspace/cargo-home/bin/git-credential-null" "clone" "--bare" "https://github.com/DevHeap/demo-image-processing-server" "/workspace/cache/git-repos/https%3A%2F%2Fgithub.com%2FDevHeap%2Fdemo-image-processing-server", kill_on_drop: false }`
[INFO] [stderr] Cloning into bare repository '/workspace/cache/git-repos/https%3A%2F%2Fgithub.com%2FDevHeap%2Fdemo-image-processing-server'...
[INFO] running `Command { std: "git" "rev-parse" "HEAD", kill_on_drop: false }`
[INFO] [stdout] 076dbe646960a3259ec360de4f219aa3dd4fa940
[INFO] documenting DevHeap/demo-image-processing-server against 1.75.0 for beta-1.76-rustdoc-1
[INFO] running `Command { std: "git" "clone" "/workspace/cache/git-repos/https%3A%2F%2Fgithub.com%2FDevHeap%2Fdemo-image-processing-server" "/workspace/builds/worker-2-tc1/source", kill_on_drop: false }`
[INFO] [stderr] Cloning into '/workspace/builds/worker-2-tc1/source'...
[INFO] [stderr] done.
[INFO] validating manifest of git repo https://github.com/DevHeap/demo-image-processing-server on toolchain 1.75.0
[INFO] running `Command { std: CARGO_HOME="/workspace/cargo-home" RUSTUP_HOME="/workspace/rustup-home" "/workspace/cargo-home/bin/cargo" "+1.75.0" "metadata" "--manifest-path" "Cargo.toml" "--no-deps", kill_on_drop: false }`
[INFO] started tweaking git repo https://github.com/DevHeap/demo-image-processing-server
[INFO] finished tweaking git repo https://github.com/DevHeap/demo-image-processing-server
[INFO] tweaked toml for git repo https://github.com/DevHeap/demo-image-processing-server written to /workspace/builds/worker-2-tc1/source/Cargo.toml
[INFO] crate git repo https://github.com/DevHeap/demo-image-processing-server already has a lockfile, it will not be regenerated
[INFO] running `Command { std: CARGO_HOME="/workspace/cargo-home" RUSTUP_HOME="/workspace/rustup-home" "/workspace/cargo-home/bin/cargo" "+1.75.0" "fetch" "--manifest-path" "Cargo.toml", kill_on_drop: false }`
[INFO] [stderr]     Updating crates.io index
[INFO] [stderr]  Downloading crates ...
[INFO] [stderr]   Downloaded serde_urlencoded v0.5.1
[INFO] [stderr]   Downloaded redox_syscall v0.1.31
[INFO] [stderr]   Downloaded reqwest v0.8.1
[INFO] [stderr]   Downloaded rocket_codegen v0.3.3
[INFO] [stderr]   Downloaded tempdir v0.3.5
[INFO] [stderr]   Downloaded tokio-core v0.1.10
[INFO] [stderr]   Downloaded foreign-types v0.2.0
[INFO] [stderr]   Downloaded net2 v0.2.31
[INFO] [stderr]   Downloaded build_const v0.2.0
[INFO] [stderr]   Downloaded native-tls v0.1.4
[INFO] [stderr]   Downloaded yansi v0.3.4
[INFO] [stderr]   Downloaded hyper-tls v0.1.2
[INFO] [stderr]   Downloaded lazycell v0.5.1
[INFO] [stderr]   Downloaded bytes v0.4.5
[INFO] [stderr]   Downloaded schannel v0.1.8
[INFO] [stderr]   Downloaded openssl v0.9.20
[INFO] [stderr]   Downloaded rocket v0.3.3
[INFO] [stderr]   Downloaded futures v0.1.17
[INFO] [stderr]   Downloaded libc v0.2.33
[INFO] [stderr]   Downloaded chrono v0.4.0
[INFO] [stderr]   Downloaded mio v0.6.11
[INFO] [stderr]   Downloaded serde v1.0.21
[INFO] [stderr]   Downloaded num-traits v0.1.40
[INFO] [stderr]   Downloaded libflate v0.1.12
[INFO] [stderr]   Downloaded serde_json v1.0.6
[INFO] [stderr]   Downloaded mime_guess v2.0.0-alpha.2
[INFO] [stderr]   Downloaded unicase v2.0.0
[INFO] [stderr]   Downloaded slab v0.4.0
[INFO] [stderr]   Downloaded num v0.1.40
[INFO] [stderr]   Downloaded openssl-sys v0.9.20
[INFO] [stderr]   Downloaded state v0.3.2
[INFO] [stderr]   Downloaded tokio-io v0.1.4
[INFO] [stderr]   Downloaded serde_derive_internals v0.17.0
[INFO] [stderr]   Downloaded secur32-sys v0.2.0
[INFO] [stderr]   Downloaded scoped-tls v0.1.0
[INFO] [stderr]   Downloaded httparse v1.2.3
[INFO] [stderr]   Downloaded rmp v0.8.7
[INFO] [stderr]   Downloaded byteorder v1.1.0
[INFO] [stderr]   Downloaded advapi32-sys v0.2.0
[INFO] [stderr]   Downloaded futures-cpupool v0.1.7
[INFO] [stderr]   Downloaded crc-core v0.1.0
[INFO] [stderr]   Downloaded pear v0.0.10
[INFO] [stderr]   Downloaded vcpkg v0.2.2
[INFO] [stderr]   Downloaded crc v1.5.0
[INFO] [stderr]   Downloaded isatty v0.1.5
[INFO] [stderr]   Downloaded iovec v0.1.1
[INFO] [stderr]   Downloaded crypt32-sys v0.2.0
[INFO] [stderr]   Downloaded mime v0.3.5
[INFO] [stderr]   Downloaded relay v0.1.0
[INFO] [stderr]   Downloaded pear_codegen v0.0.10
[INFO] [stderr]   Downloaded tokio-tls v0.1.3
[INFO] [stderr]   Downloaded serde_derive v1.0.21
[INFO] [stderr]   Downloaded lazy_static v0.2.10
[INFO] [stderr]   Downloaded fern v0.4.3
[INFO] [stderr]   Downloaded hyper v0.11.7
[INFO] running `Command { std: "docker" "create" "-v" "/var/lib/crater-agent-workspace/builds/worker-2-tc1/target:/opt/rustwide/target:rw,Z" "-v" "/var/lib/crater-agent-workspace/builds/worker-2-tc1/source:/opt/rustwide/workdir:ro,Z" "-v" "/var/lib/crater-agent-workspace/cargo-home:/opt/rustwide/cargo-home:ro,Z" "-v" "/var/lib/crater-agent-workspace/rustup-home:/opt/rustwide/rustup-home:ro,Z" "-e" "SOURCE_DIR=/opt/rustwide/workdir" "-e" "CARGO_TARGET_DIR=/opt/rustwide/target" "-e" "CARGO_HOME=/opt/rustwide/cargo-home" "-e" "RUSTUP_HOME=/opt/rustwide/rustup-home" "-w" "/opt/rustwide/workdir" "-m" "1610612736" "--user" "0:0" "--network" "none" "ghcr.io/rust-lang/crates-build-env/linux@sha256:2788e3201cd34a07e3172128adcd8b3090168a8e3bcc40d7c032b9dda1df7d1c" "/opt/rustwide/cargo-home/bin/cargo" "+1.75.0" "metadata" "--no-deps" "--format-version=1", kill_on_drop: false }`
[INFO] [stdout] ab50eb62f1978a89a53211366512d3b1e90bd7bf06f427668c2f1c2c60955350
[INFO] running `Command { std: "docker" "start" "-a" "ab50eb62f1978a89a53211366512d3b1e90bd7bf06f427668c2f1c2c60955350", kill_on_drop: false }`
[INFO] running `Command { std: "docker" "inspect" "ab50eb62f1978a89a53211366512d3b1e90bd7bf06f427668c2f1c2c60955350", kill_on_drop: false }`
[INFO] running `Command { std: "docker" "rm" "-f" "ab50eb62f1978a89a53211366512d3b1e90bd7bf06f427668c2f1c2c60955350", kill_on_drop: false }`
[INFO] [stdout] ab50eb62f1978a89a53211366512d3b1e90bd7bf06f427668c2f1c2c60955350
[INFO] running `Command { std: "docker" "create" "-v" "/var/lib/crater-agent-workspace/builds/worker-2-tc1/target:/opt/rustwide/target:rw,Z" "-v" "/var/lib/crater-agent-workspace/builds/worker-2-tc1/source:/opt/rustwide/workdir:ro,Z" "-v" "/var/lib/crater-agent-workspace/cargo-home:/opt/rustwide/cargo-home:ro,Z" "-v" "/var/lib/crater-agent-workspace/rustup-home:/opt/rustwide/rustup-home:ro,Z" "-e" "SOURCE_DIR=/opt/rustwide/workdir" "-e" "CARGO_TARGET_DIR=/opt/rustwide/target" "-e" "CARGO_INCREMENTAL=0" "-e" "RUST_BACKTRACE=full" "-e" "RUSTFLAGS=--cap-lints=warn" "-e" "RUSTDOCFLAGS=--cap-lints=warn" "-e" "CARGO_HOME=/opt/rustwide/cargo-home" "-e" "RUSTUP_HOME=/opt/rustwide/rustup-home" "-w" "/opt/rustwide/workdir" "-m" "1610612736" "--user" "0:0" "--network" "none" "ghcr.io/rust-lang/crates-build-env/linux@sha256:2788e3201cd34a07e3172128adcd8b3090168a8e3bcc40d7c032b9dda1df7d1c" "/opt/rustwide/cargo-home/bin/cargo" "+1.75.0" "doc" "--frozen" "--no-deps" "--document-private-items" "--message-format=json", kill_on_drop: false }`
[INFO] [stdout] 4fd89c0631932c9f666a004f65d79f5d45b285ac9184e5db724a827f80bb118e
[INFO] running `Command { std: "docker" "start" "-a" "4fd89c0631932c9f666a004f65d79f5d45b285ac9184e5db724a827f80bb118e", kill_on_drop: false }`
[INFO] [stderr]     Checking libc v0.2.33
[INFO] [stderr]    Compiling version_check v0.1.3
[INFO] [stderr]     Checking byteorder v1.1.0
[INFO] [stderr]     Checking log v0.3.8
[INFO] [stderr]    Compiling scopeguard v0.3.3
[INFO] [stderr]    Compiling either v1.4.0
[INFO] [stderr]    Compiling rayon-core v1.3.0
[INFO] [stderr]    Compiling lazy_static v0.2.10
[INFO] [stderr]    Compiling coco v0.1.1
[INFO] [stderr]     Checking futures v0.1.17
[INFO] [stderr]    Compiling cc v1.0.3
[INFO] [stderr]    Compiling gcc v0.3.54
[INFO] [stderr]    Compiling pkg-config v0.3.9
[INFO] [stderr]    Compiling unicase v1.4.2
[INFO] [stderr]     Checking iovec v0.1.1
[INFO] [stderr]    Compiling rand v0.3.18
[INFO] [stderr]    Compiling num_cpus v1.7.0
[INFO] [stderr]    Compiling semver v0.1.20
[INFO] [stderr]     Checking percent-encoding v1.0.1
[INFO] [stderr]    Compiling rustc_version v0.1.7
[INFO] [stderr]     Checking num-traits v0.1.40
[INFO] [stderr]     Checking cfg-if v0.1.2
[INFO] [stderr]     Checking matches v0.1.6
[INFO] [stderr]     Checking net2 v0.2.31
[INFO] [stderr]     Checking unicode-bidi v0.3.4
[INFO] [stderr]    Compiling unicase v2.0.0
[INFO] [stderr]    Compiling openssl-sys v0.9.20
[INFO] [stderr]     Checking bytes v0.4.5
[INFO] [stderr]     Checking time v0.1.38
[INFO] [stderr]     Checking slab v0.3.0
[INFO] [stderr]    Compiling yansi v0.3.4
[INFO] [stderr]    Compiling siphasher v0.2.2
[INFO] [stdout] error[E0554]: `#![feature]` may not be used on the stable release channel
[INFO] [stdout]  --> /opt/rustwide/cargo-home/registry/src/index.crates.io-6f17d22bba15001f/yansi-0.3.4/src/lib.rs:1:40
[INFO] [stdout]   |
[INFO] [stdout] 1 | #![cfg_attr(feature="nightly", feature(const_atomic_bool_new))]
[INFO] [stdout]   |                                        ^^^^^^^^^^^^^^^^^^^^^
[INFO] [stdout] 
[INFO] [stdout] 
[INFO] [stdout] error[E0635]: unknown feature `const_atomic_bool_new`
[INFO] [stdout]  --> /opt/rustwide/cargo-home/registry/src/index.crates.io-6f17d22bba15001f/yansi-0.3.4/src/lib.rs:1:40
[INFO] [stdout]   |
[INFO] [stdout] 1 | #![cfg_attr(feature="nightly", feature(const_atomic_bool_new))]
[INFO] [stdout]   |                                        ^^^^^^^^^^^^^^^^^^^^^
[INFO] [stdout] 
[INFO] [stdout] 
[INFO] [stderr]     Checking unicode-normalization v0.1.5
[INFO] [stderr]     Checking lazycell v0.5.1
[INFO] [stdout] error: aborting due to 2 previous errors
[INFO] [stdout] 
[INFO] [stdout] 
[INFO] [stdout] Some errors have detailed explanations: E0554, E0635.
[INFO] [stdout] 
[INFO] [stdout] For more information about an error, try `rustc --explain E0554`.
[INFO] [stdout] 
[INFO] [stderr] error: could not compile `yansi` (lib) due to 3 previous errors
[INFO] [stderr] warning: build failed, waiting for other jobs to finish...
[INFO] running `Command { std: "docker" "inspect" "4fd89c0631932c9f666a004f65d79f5d45b285ac9184e5db724a827f80bb118e", kill_on_drop: false }`
[INFO] running `Command { std: "docker" "rm" "-f" "4fd89c0631932c9f666a004f65d79f5d45b285ac9184e5db724a827f80bb118e", kill_on_drop: false }`
[INFO] [stdout] 4fd89c0631932c9f666a004f65d79f5d45b285ac9184e5db724a827f80bb118e
[INFO] documenting DevHeap/demo-image-processing-server against beta-2023-12-22 for beta-1.76-rustdoc-1
[INFO] running `Command { std: "git" "clone" "/workspace/cache/git-repos/https%3A%2F%2Fgithub.com%2FDevHeap%2Fdemo-image-processing-server" "/workspace/builds/worker-2-tc2/source", kill_on_drop: false }`
[INFO] [stderr] Cloning into '/workspace/builds/worker-2-tc2/source'...
[INFO] [stderr] done.
[INFO] validating manifest of git repo https://github.com/DevHeap/demo-image-processing-server on toolchain beta-2023-12-22
[INFO] running `Command { std: CARGO_HOME="/workspace/cargo-home" RUSTUP_HOME="/workspace/rustup-home" "/workspace/cargo-home/bin/cargo" "+beta-2023-12-22" "metadata" "--manifest-path" "Cargo.toml" "--no-deps", kill_on_drop: false }`
[INFO] started tweaking git repo https://github.com/DevHeap/demo-image-processing-server
[INFO] finished tweaking git repo https://github.com/DevHeap/demo-image-processing-server
[INFO] tweaked toml for git repo https://github.com/DevHeap/demo-image-processing-server written to /workspace/builds/worker-2-tc2/source/Cargo.toml
[INFO] crate git repo https://github.com/DevHeap/demo-image-processing-server already has a lockfile, it will not be regenerated
[INFO] running `Command { std: CARGO_HOME="/workspace/cargo-home" RUSTUP_HOME="/workspace/rustup-home" "/workspace/cargo-home/bin/cargo" "+beta-2023-12-22" "fetch" "--manifest-path" "Cargo.toml", kill_on_drop: false }`
[INFO] running `Command { std: "docker" "create" "-v" "/var/lib/crater-agent-workspace/builds/worker-2-tc2/target:/opt/rustwide/target:rw,Z" "-v" "/var/lib/crater-agent-workspace/builds/worker-2-tc2/source:/opt/rustwide/workdir:ro,Z" "-v" "/var/lib/crater-agent-workspace/cargo-home:/opt/rustwide/cargo-home:ro,Z" "-v" "/var/lib/crater-agent-workspace/rustup-home:/opt/rustwide/rustup-home:ro,Z" "-e" "SOURCE_DIR=/opt/rustwide/workdir" "-e" "CARGO_TARGET_DIR=/opt/rustwide/target" "-e" "CARGO_HOME=/opt/rustwide/cargo-home" "-e" "RUSTUP_HOME=/opt/rustwide/rustup-home" "-w" "/opt/rustwide/workdir" "-m" "1610612736" "--user" "0:0" "--network" "none" "ghcr.io/rust-lang/crates-build-env/linux@sha256:2788e3201cd34a07e3172128adcd8b3090168a8e3bcc40d7c032b9dda1df7d1c" "/opt/rustwide/cargo-home/bin/cargo" "+beta-2023-12-22" "metadata" "--no-deps" "--format-version=1", kill_on_drop: false }`
[INFO] [stdout] cae378c7436fe2ca324c13c9ff58ef8a7999dc25b225807be32c1aca7bb7c4bf
[INFO] running `Command { std: "docker" "start" "-a" "cae378c7436fe2ca324c13c9ff58ef8a7999dc25b225807be32c1aca7bb7c4bf", kill_on_drop: false }`
[INFO] running `Command { std: "docker" "inspect" "cae378c7436fe2ca324c13c9ff58ef8a7999dc25b225807be32c1aca7bb7c4bf", kill_on_drop: false }`
[INFO] running `Command { std: "docker" "rm" "-f" "cae378c7436fe2ca324c13c9ff58ef8a7999dc25b225807be32c1aca7bb7c4bf", kill_on_drop: false }`
[INFO] [stdout] cae378c7436fe2ca324c13c9ff58ef8a7999dc25b225807be32c1aca7bb7c4bf
[INFO] running `Command { std: "docker" "create" "-v" "/var/lib/crater-agent-workspace/builds/worker-2-tc2/target:/opt/rustwide/target:rw,Z" "-v" "/var/lib/crater-agent-workspace/builds/worker-2-tc2/source:/opt/rustwide/workdir:ro,Z" "-v" "/var/lib/crater-agent-workspace/cargo-home:/opt/rustwide/cargo-home:ro,Z" "-v" "/var/lib/crater-agent-workspace/rustup-home:/opt/rustwide/rustup-home:ro,Z" "-e" "SOURCE_DIR=/opt/rustwide/workdir" "-e" "CARGO_TARGET_DIR=/opt/rustwide/target" "-e" "CARGO_INCREMENTAL=0" "-e" "RUST_BACKTRACE=full" "-e" "RUSTFLAGS=--cap-lints=warn" "-e" "RUSTDOCFLAGS=--cap-lints=warn" "-e" "CARGO_HOME=/opt/rustwide/cargo-home" "-e" "RUSTUP_HOME=/opt/rustwide/rustup-home" "-w" "/opt/rustwide/workdir" "-m" "1610612736" "--user" "0:0" "--network" "none" "ghcr.io/rust-lang/crates-build-env/linux@sha256:2788e3201cd34a07e3172128adcd8b3090168a8e3bcc40d7c032b9dda1df7d1c" "/opt/rustwide/cargo-home/bin/cargo" "+beta-2023-12-22" "doc" "--frozen" "--no-deps" "--document-private-items" "--message-format=json", kill_on_drop: false }`
[INFO] [stdout] ef3563e31d16378e6e9c5aa358dab3555e91c9b680940bec682976759d6baa27
[INFO] running `Command { std: "docker" "start" "-a" "ef3563e31d16378e6e9c5aa358dab3555e91c9b680940bec682976759d6baa27", kill_on_drop: false }`
[INFO] [stderr]     Checking libc v0.2.33
[INFO] [stderr]    Compiling version_check v0.1.3
[INFO] [stderr]     Checking byteorder v1.1.0
[INFO] [stderr]    Compiling either v1.4.0
[INFO] [stderr]    Compiling scopeguard v0.3.3
[INFO] [stderr]    Compiling rayon-core v1.3.0
[INFO] [stderr]     Checking log v0.3.8
[INFO] [stderr]    Compiling lazy_static v0.2.10
[INFO] [stderr]    Compiling coco v0.1.1
[INFO] [stderr]     Checking futures v0.1.17
[INFO] [stderr]    Compiling semver v0.1.20
[INFO] [stderr]    Compiling gcc v0.3.54
[INFO] [stderr]    Compiling pkg-config v0.3.9
[INFO] [stderr]    Compiling unicase v1.4.2
[INFO] [stderr]    Compiling rand v0.3.18
[INFO] [stderr]    Compiling num_cpus v1.7.0
[INFO] [stderr]     Checking iovec v0.1.1
[INFO] [stderr]    Compiling cc v1.0.3
[INFO] [stderr]    Compiling rustc_version v0.1.7
[INFO] [stderr]     Checking cfg-if v0.1.2
[INFO] [stderr]     Checking percent-encoding v1.0.1
[INFO] [stderr]     Checking num-traits v0.1.40
[INFO] [stderr]     Checking matches v0.1.6
[INFO] [stderr]    Compiling unicase v2.0.0
[INFO] [stderr]     Checking unicode-bidi v0.3.4
[INFO] [stderr]     Checking net2 v0.2.31
[INFO] [stderr]     Checking bytes v0.4.5
[INFO] [stderr]     Checking time v0.1.38
[INFO] [stderr]     Checking lazycell v0.5.1
[INFO] [stderr]    Compiling siphasher v0.2.2
[INFO] [stderr]     Checking slab v0.3.0
[INFO] [stderr]     Checking safemem v0.2.0
[INFO] [stderr]    Compiling yansi v0.3.4
[INFO] [stderr]     Checking unicode-normalization v0.1.5
[INFO] [stderr]     Checking tokio-io v0.1.4
[INFO] [stderr]    Compiling phf_shared v0.7.21
[INFO] [stdout] error[E0554]: `#![feature]` may not be used on the beta release channel
[INFO] [stdout]  --> /opt/rustwide/cargo-home/registry/src/index.crates.io-6f17d22bba15001f/yansi-0.3.4/src/lib.rs:1:40
[INFO] [stdout]   |
[INFO] [stdout] 1 | #![cfg_attr(feature="nightly", feature(const_atomic_bool_new))]
[INFO] [stdout]   |                                        ^^^^^^^^^^^^^^^^^^^^^
[INFO] [stdout] 
[INFO] [stdout] 
[INFO] [stderr]    Compiling rayon v0.7.1
[INFO] [stdout] error[E0635]: unknown feature `const_atomic_bool_new`
[INFO] [stdout]  --> /opt/rustwide/cargo-home/registry/src/index.crates.io-6f17d22bba15001f/yansi-0.3.4/src/lib.rs:1:40
[INFO] [stdout]   |
[INFO] [stdout] 1 | #![cfg_attr(feature="nightly", feature(const_atomic_bool_new))]
[INFO] [stdout]   |                                        ^^^^^^^^^^^^^^^^^^^^^
[INFO] [stdout] 
[INFO] [stdout] 
[INFO] [stdout] error: aborting due to 2 previous errors
[INFO] [stdout] 
[INFO] [stdout] 
[INFO] [stdout] Some errors have detailed explanations: E0554, E0635.
[INFO] [stdout] 
[INFO] [stdout] For more information about an error, try `rustc --explain E0554`.
[INFO] [stdout] 
[INFO] [stderr] error: could not compile `yansi` (lib) due to 3 previous errors
[INFO] [stderr] warning: build failed, waiting for other jobs to finish...
[INFO] running `Command { std: "docker" "inspect" "ef3563e31d16378e6e9c5aa358dab3555e91c9b680940bec682976759d6baa27", kill_on_drop: false }`
[INFO] running `Command { std: "docker" "rm" "-f" "ef3563e31d16378e6e9c5aa358dab3555e91c9b680940bec682976759d6baa27", kill_on_drop: false }`
[INFO] [stdout] ef3563e31d16378e6e9c5aa358dab3555e91c9b680940bec682976759d6baa27
