[INFO] cloning repository https://github.com/DenisKolodin/exonum-wasmi
[INFO] running `Command { std: "git" "-c" "credential.helper=" "-c" "credential.helper=/workspace/cargo-home/bin/git-credential-null" "clone" "--bare" "https://github.com/DenisKolodin/exonum-wasmi" "/workspace/cache/git-repos/https%3A%2F%2Fgithub.com%2FDenisKolodin%2Fexonum-wasmi", kill_on_drop: false }`
[INFO] [stderr] Cloning into bare repository '/workspace/cache/git-repos/https%3A%2F%2Fgithub.com%2FDenisKolodin%2Fexonum-wasmi'...
[INFO] running `Command { std: "git" "rev-parse" "HEAD", kill_on_drop: false }`
[INFO] [stdout] a8ad91322eb7fe629260ed38053a5db171208470
[INFO] documenting DenisKolodin/exonum-wasmi against 1.75.0 for beta-1.76-rustdoc-1
[INFO] running `Command { std: "git" "clone" "/workspace/cache/git-repos/https%3A%2F%2Fgithub.com%2FDenisKolodin%2Fexonum-wasmi" "/workspace/builds/worker-6-tc1/source", kill_on_drop: false }`
[INFO] [stderr] Cloning into '/workspace/builds/worker-6-tc1/source'...
[INFO] [stderr] done.
[INFO] validating manifest of git repo https://github.com/DenisKolodin/exonum-wasmi on toolchain 1.75.0
[INFO] running `Command { std: CARGO_HOME="/workspace/cargo-home" RUSTUP_HOME="/workspace/rustup-home" "/workspace/cargo-home/bin/cargo" "+1.75.0" "metadata" "--manifest-path" "Cargo.toml" "--no-deps", kill_on_drop: false }`
[INFO] started tweaking git repo https://github.com/DenisKolodin/exonum-wasmi
[INFO] finished tweaking git repo https://github.com/DenisKolodin/exonum-wasmi
[INFO] tweaked toml for git repo https://github.com/DenisKolodin/exonum-wasmi written to /workspace/builds/worker-6-tc1/source/Cargo.toml
[INFO] crate git repo https://github.com/DenisKolodin/exonum-wasmi already has a lockfile, it will not be regenerated
[INFO] running `Command { std: CARGO_HOME="/workspace/cargo-home" RUSTUP_HOME="/workspace/rustup-home" "/workspace/cargo-home/bin/cargo" "+1.75.0" "fetch" "--manifest-path" "Cargo.toml", kill_on_drop: false }`
[INFO] [stderr]     Updating git repository `https://github.com/pepyakin/wasmi`
[INFO] [stderr]     Updating git submodule `https://github.com/WebAssembly/wabt.git`
[INFO] [stderr]     Updating git submodule `https://github.com/google/googletest`
[INFO] [stderr]     Updating git submodule `https://github.com/dabeaz/ply`
[INFO] [stderr]     Updating git submodule `https://github.com/WebAssembly/testsuite`
[INFO] [stderr]     Updating crates.io index
[INFO] [stderr]  Downloading crates ...
[INFO] [stderr]   Downloaded mount v0.4.0
[INFO] [stderr]   Downloaded vcpkg v0.2.2
[INFO] [stderr]   Downloaded url v1.6.0
[INFO] [stderr]   Downloaded scoped-tls v0.1.0
[INFO] [stderr]   Downloaded unicase v2.1.0
[INFO] [stderr]   Downloaded num-bigint v0.1.41
[INFO] [stderr]   Downloaded dotenv v0.10.1
[INFO] [stderr]   Downloaded tokio-retry v0.1.1
[INFO] [stderr]   Downloaded router v0.6.0
[INFO] [stderr]   Downloaded num-rational v0.1.41
[INFO] [stderr]   Downloaded derive-error-chain v0.10.1
[INFO] [stderr]   Downloaded schannel v0.1.10
[INFO] [stderr]   Downloaded hex v0.3.1
[INFO] [stderr]   Downloaded ctrlc v3.1.0
[INFO] [stderr]   Downloaded num-traits v0.1.42
[INFO] [stderr]   Downloaded reqwest v0.8.4
[INFO] [stderr]   Downloaded openssl-sys v0.9.24
[INFO] [stderr]   Downloaded nix v0.9.0
[INFO] [stderr]   Downloaded bzip2-sys v0.1.6
[INFO] [stderr]   Downloaded exonum_sodiumoxide v0.0.16
[INFO] [stderr]   Downloaded mio v0.6.12
[INFO] [stderr]   Downloaded clap v2.29.2
[INFO] [stderr]   Downloaded flate2 v1.0.1
[INFO] [stderr]   Downloaded net2 v0.2.31
[INFO] [stderr]   Downloaded tokio-core v0.1.12
[INFO] [stderr]   Downloaded toml v0.4.5
[INFO] [stderr]   Downloaded miniz_oxide v0.1.2
[INFO] [stderr]   Downloaded libflate v0.1.14
[INFO] [stderr]   Downloaded miniz_oxide_c_api v0.1.2
[INFO] [stderr]   Downloaded openssl v0.9.23
[INFO] [stderr]   Downloaded num v0.1.41
[INFO] [stderr]   Downloaded filetime v0.1.15
[INFO] [stderr]   Downloaded xattr v0.1.11
[INFO] [stderr]   Downloaded num-complex v0.1.41
[INFO] [stderr]   Downloaded exonum_libsodium-sys v0.0.16
[INFO] [stderr]   Downloaded buf_redux v0.6.1
[INFO] [stderr]   Downloaded base64 v0.9.0
[INFO] [stderr]   Downloaded safemem v0.1.1
[INFO] [stderr]   Downloaded tokio-timer v0.1.2
[INFO] [stderr]   Downloaded serde_cbor v0.8.2
[INFO] [stderr]   Downloaded iron-cors v0.7.0
[INFO] [stderr]   Downloaded unwrap v1.1.0
[INFO] [stderr]   Downloaded sequence_trie v0.3.5
[INFO] [stderr]   Downloaded exonum_rocksdb v0.7.2
[INFO] [stderr]   Downloaded headers v0.1.0
[INFO] [stderr]   Downloaded mime_guess v1.8.3
[INFO] [stderr]   Downloaded parking_lot v0.5.3
[INFO] [stderr]   Downloaded cookie v0.10.1
[INFO] [stderr]   Downloaded iron v0.6.0
[INFO] [stderr]   Downloaded mime v0.3.5
[INFO] [stderr]   Downloaded wincolor v0.1.5
[INFO] [stderr]   Downloaded serde_urlencoded v0.5.1
[INFO] [stderr]   Downloaded tar v0.4.14
[INFO] [stderr]   Downloaded persistent v0.4.0
[INFO] [stderr]   Downloaded env_logger v0.5.3
[INFO] [stderr]   Downloaded hyper-tls v0.1.2
[INFO] [stderr]   Downloaded termcolor v0.3.3
[INFO] [stderr]   Downloaded tokio-io v0.1.4
[INFO] [stderr]   Downloaded bodyparser v0.8.0
[INFO] [stderr]   Downloaded params v0.8.0
[INFO] [stderr]   Downloaded bzip2 v0.3.2
[INFO] [stderr]   Downloaded crc v1.7.0
[INFO] [stderr]   Downloaded urlencoded v0.6.0
[INFO] [stderr]   Downloaded exonum_librocksdb-sys v0.5.2
[INFO] [stderr]   Downloaded adler32 v1.0.2
[INFO] [stderr]   Downloaded build_const v0.2.0
[INFO] [stderr]   Downloaded msdos_time v0.1.5
[INFO] [stderr]   Downloaded httparse v1.2.4
[INFO] [stderr]   Downloaded route-recognizer v0.1.12
[INFO] [stderr]   Downloaded remove_dir_all v0.3.0
[INFO] [stderr]   Downloaded tempdir v0.3.6
[INFO] [stderr]   Downloaded futures v0.1.18
[INFO] [stderr]   Downloaded twoway v0.1.7
[INFO] [stderr]   Downloaded hyper v0.11.16
[INFO] [stderr]   Downloaded mime_guess v2.0.0-alpha.3
[INFO] [stderr]   Downloaded parity-wasm v0.23.0
[INFO] [stderr]   Downloaded exonum_profiler v0.1.2
[INFO] [stderr]   Downloaded exonum v0.5.1
[INFO] running `Command { std: "docker" "create" "-v" "/var/lib/crater-agent-workspace/builds/worker-6-tc1/target:/opt/rustwide/target:rw,Z" "-v" "/var/lib/crater-agent-workspace/builds/worker-6-tc1/source:/opt/rustwide/workdir:ro,Z" "-v" "/var/lib/crater-agent-workspace/cargo-home:/opt/rustwide/cargo-home:ro,Z" "-v" "/var/lib/crater-agent-workspace/rustup-home:/opt/rustwide/rustup-home:ro,Z" "-e" "SOURCE_DIR=/opt/rustwide/workdir" "-e" "CARGO_TARGET_DIR=/opt/rustwide/target" "-e" "CARGO_HOME=/opt/rustwide/cargo-home" "-e" "RUSTUP_HOME=/opt/rustwide/rustup-home" "-w" "/opt/rustwide/workdir" "-m" "1610612736" "--user" "0:0" "--network" "none" "ghcr.io/rust-lang/crates-build-env/linux@sha256:2788e3201cd34a07e3172128adcd8b3090168a8e3bcc40d7c032b9dda1df7d1c" "/opt/rustwide/cargo-home/bin/cargo" "+1.75.0" "metadata" "--no-deps" "--format-version=1", kill_on_drop: false }`
[INFO] [stdout] ac2d8ebd6366a2c4a5946128b3ee38aacc57348e3b66d61226398cce5ed49d3f
[INFO] running `Command { std: "docker" "start" "-a" "ac2d8ebd6366a2c4a5946128b3ee38aacc57348e3b66d61226398cce5ed49d3f", kill_on_drop: false }`
[INFO] running `Command { std: "docker" "inspect" "ac2d8ebd6366a2c4a5946128b3ee38aacc57348e3b66d61226398cce5ed49d3f", kill_on_drop: false }`
[INFO] running `Command { std: "docker" "rm" "-f" "ac2d8ebd6366a2c4a5946128b3ee38aacc57348e3b66d61226398cce5ed49d3f", kill_on_drop: false }`
[INFO] [stdout] ac2d8ebd6366a2c4a5946128b3ee38aacc57348e3b66d61226398cce5ed49d3f
[INFO] running `Command { std: "docker" "create" "-v" "/var/lib/crater-agent-workspace/builds/worker-6-tc1/target:/opt/rustwide/target:rw,Z" "-v" "/var/lib/crater-agent-workspace/builds/worker-6-tc1/source:/opt/rustwide/workdir:ro,Z" "-v" "/var/lib/crater-agent-workspace/cargo-home:/opt/rustwide/cargo-home:ro,Z" "-v" "/var/lib/crater-agent-workspace/rustup-home:/opt/rustwide/rustup-home:ro,Z" "-e" "SOURCE_DIR=/opt/rustwide/workdir" "-e" "CARGO_TARGET_DIR=/opt/rustwide/target" "-e" "CARGO_INCREMENTAL=0" "-e" "RUST_BACKTRACE=full" "-e" "RUSTFLAGS=--cap-lints=warn" "-e" "RUSTDOCFLAGS=--cap-lints=warn" "-e" "CARGO_HOME=/opt/rustwide/cargo-home" "-e" "RUSTUP_HOME=/opt/rustwide/rustup-home" "-w" "/opt/rustwide/workdir" "-m" "1610612736" "--user" "0:0" "--network" "none" "ghcr.io/rust-lang/crates-build-env/linux@sha256:2788e3201cd34a07e3172128adcd8b3090168a8e3bcc40d7c032b9dda1df7d1c" "/opt/rustwide/cargo-home/bin/cargo" "+1.75.0" "doc" "--frozen" "--no-deps" "--document-private-items" "--message-format=json", kill_on_drop: false }`
[INFO] [stdout] ec9d3b0be9b9f8dce446f2c73e2b0663e7494abc6f60f13499a2073c5e25b2c0
[INFO] running `Command { std: "docker" "start" "-a" "ec9d3b0be9b9f8dce446f2c73e2b0663e7494abc6f60f13499a2073c5e25b2c0", kill_on_drop: false }`
[INFO] [stderr]    Compiling libc v0.2.36
[INFO] [stderr]    Compiling either v1.4.0
[INFO] [stderr]    Compiling scopeguard v0.3.3
[INFO] [stderr]    Compiling rayon-core v1.3.0
[INFO] [stderr]    Compiling lazy_static v0.2.11
[INFO] [stderr]     Checking cfg-if v0.1.2
[INFO] [stderr]    Compiling version_check v0.1.3
[INFO] [stderr]     Checking byteorder v1.2.1
[INFO] [stderr]    Compiling siphasher v0.2.2
[INFO] [stderr]     Checking log v0.4.1
[INFO] [stderr]    Compiling coco v0.1.1
[INFO] [stderr]     Checking log v0.3.9
[INFO] [stderr]    Compiling pkg-config v0.3.9
[INFO] [stderr]    Compiling unicase v1.4.2
[INFO] [stderr]     Checking safemem v0.2.0
[INFO] [stderr]     Checking matches v0.1.6
[INFO] [stderr]     Checking rand v0.3.20
[INFO] [stderr]     Checking time v0.1.39
[INFO] [stderr]     Checking percent-encoding v1.0.1
[INFO] [stderr]     Checking unicode-bidi v0.3.4
[INFO] [stderr]    Compiling num_cpus v1.8.0
[INFO] [stderr]     Checking unicode-normalization v0.1.5
[INFO] [stderr]    Compiling build_const v0.2.0
[INFO] [stderr]     Checking httparse v1.2.4
[INFO] [stderr]     Checking phf_shared v0.7.21
[INFO] [stderr]     Checking num-traits v0.1.42
[INFO] [stderr]     Checking phf v0.7.21
[INFO] [stderr]    Compiling crc v1.7.0
[INFO] [stderr]     Checking futures v0.1.18
[INFO] [stderr]     Checking traitobject v0.1.0
[INFO] [stderr]     Checking language-tags v0.2.2
[INFO] [stderr]     Checking idna v0.1.4
[INFO] [stderr]     Checking mime v0.2.6
[INFO] [stderr]     Checking unsafe-any v0.4.2
[INFO] [stderr]     Checking iovec v0.1.2
[INFO] [stderr]     Checking serde v1.0.27
[INFO] [stderr]    Compiling unicode-xid v0.0.4
[INFO] [stderr]     Checking typemap v0.3.3
[INFO] [stderr]    Compiling phf_generator v0.7.21
[INFO] [stderr]    Compiling synom v0.11.3
[INFO] [stderr]    Compiling phf_codegen v0.7.21
[INFO] [stderr]     Checking base64 v0.6.0
[INFO] [stderr]     Checking lazy_static v1.0.0
[INFO] [stderr]    Compiling winapi-build v0.1.1
[INFO] [stderr]    Compiling mime_guess v1.8.3
[INFO] [stderr]     Checking slab v0.3.0
[INFO] [stderr]    Compiling rayon v0.9.0
[INFO] [stderr]     Checking typeable v0.1.2
[INFO] [stderr]    Compiling quote v0.3.15
[INFO] [stderr]     Checking url v1.6.0
[INFO] [stderr]    Compiling kernel32-sys v0.2.2
[INFO] [stderr]    Compiling syn v0.11.11
[INFO] [stderr]     Checking plugin v0.2.6
[INFO] [stderr]     Checking bytes v0.4.6
[INFO] [stderr]     Checking net2 v0.2.31
[INFO] [stdout] error[E0713]: borrow may still be in use when destructor runs
[INFO] [stdout]    --> /opt/rustwide/cargo-home/registry/src/index.crates.io-6f17d22bba15001f/url-1.6.0/src/form_urlencoded.rs:261:40
[INFO] [stdout]     |
[INFO] [stdout] 259 | impl<'a> Target for ::UrlQuery<'a> {
[INFO] [stdout]     |      -- lifetime `'a` defined here
[INFO] [stdout] 260 |     fn as_mut_string(&mut self) -> &mut String { &mut self.url.serialization }
[INFO] [stdout] 261 |     fn finish(self) -> &'a mut ::Url { self.url }
[INFO] [stdout]     |                                        ^^^^^^^^ - here, drop of `self` needs exclusive access to `*self.url`, because the type `UrlQuery<'_>` implements the `Drop` trait
[INFO] [stdout]     |                                        |
[INFO] [stdout]     |                                        returning this value requires that `*self.url` is borrowed for `'a`
[INFO] [stdout] 
[INFO] [stdout] 
[INFO] [stderr]     Checking lazycell v0.6.0
[INFO] [stdout] error: aborting due to previous error
[INFO] [stdout] 
[INFO] [stdout] 
[INFO] [stdout] For more information about this error, try `rustc --explain E0713`.
[INFO] [stdout] 
[INFO] [stderr] error: could not compile `url` (lib) due to 2 previous errors
[INFO] [stderr] warning: build failed, waiting for other jobs to finish...
[INFO] running `Command { std: "docker" "inspect" "ec9d3b0be9b9f8dce446f2c73e2b0663e7494abc6f60f13499a2073c5e25b2c0", kill_on_drop: false }`
[INFO] running `Command { std: "docker" "rm" "-f" "ec9d3b0be9b9f8dce446f2c73e2b0663e7494abc6f60f13499a2073c5e25b2c0", kill_on_drop: false }`
[INFO] [stdout] ec9d3b0be9b9f8dce446f2c73e2b0663e7494abc6f60f13499a2073c5e25b2c0
[INFO] documenting DenisKolodin/exonum-wasmi against beta-2023-12-22 for beta-1.76-rustdoc-1
[INFO] running `Command { std: "git" "clone" "/workspace/cache/git-repos/https%3A%2F%2Fgithub.com%2FDenisKolodin%2Fexonum-wasmi" "/workspace/builds/worker-6-tc2/source", kill_on_drop: false }`
[INFO] [stderr] Cloning into '/workspace/builds/worker-6-tc2/source'...
[INFO] [stderr] done.
[INFO] validating manifest of git repo https://github.com/DenisKolodin/exonum-wasmi on toolchain beta-2023-12-22
[INFO] running `Command { std: CARGO_HOME="/workspace/cargo-home" RUSTUP_HOME="/workspace/rustup-home" "/workspace/cargo-home/bin/cargo" "+beta-2023-12-22" "metadata" "--manifest-path" "Cargo.toml" "--no-deps", kill_on_drop: false }`
[INFO] started tweaking git repo https://github.com/DenisKolodin/exonum-wasmi
[INFO] finished tweaking git repo https://github.com/DenisKolodin/exonum-wasmi
[INFO] tweaked toml for git repo https://github.com/DenisKolodin/exonum-wasmi written to /workspace/builds/worker-6-tc2/source/Cargo.toml
[INFO] crate git repo https://github.com/DenisKolodin/exonum-wasmi already has a lockfile, it will not be regenerated
[INFO] running `Command { std: CARGO_HOME="/workspace/cargo-home" RUSTUP_HOME="/workspace/rustup-home" "/workspace/cargo-home/bin/cargo" "+beta-2023-12-22" "fetch" "--manifest-path" "Cargo.toml", kill_on_drop: false }`
[INFO] running `Command { std: "docker" "create" "-v" "/var/lib/crater-agent-workspace/builds/worker-6-tc2/target:/opt/rustwide/target:rw,Z" "-v" "/var/lib/crater-agent-workspace/builds/worker-6-tc2/source:/opt/rustwide/workdir:ro,Z" "-v" "/var/lib/crater-agent-workspace/cargo-home:/opt/rustwide/cargo-home:ro,Z" "-v" "/var/lib/crater-agent-workspace/rustup-home:/opt/rustwide/rustup-home:ro,Z" "-e" "SOURCE_DIR=/opt/rustwide/workdir" "-e" "CARGO_TARGET_DIR=/opt/rustwide/target" "-e" "CARGO_HOME=/opt/rustwide/cargo-home" "-e" "RUSTUP_HOME=/opt/rustwide/rustup-home" "-w" "/opt/rustwide/workdir" "-m" "1610612736" "--user" "0:0" "--network" "none" "ghcr.io/rust-lang/crates-build-env/linux@sha256:2788e3201cd34a07e3172128adcd8b3090168a8e3bcc40d7c032b9dda1df7d1c" "/opt/rustwide/cargo-home/bin/cargo" "+beta-2023-12-22" "metadata" "--no-deps" "--format-version=1", kill_on_drop: false }`
[INFO] [stdout] b20faa633281170d40ea6c781cf75a86946e660f761892838101dd25f18b570c
[INFO] running `Command { std: "docker" "start" "-a" "b20faa633281170d40ea6c781cf75a86946e660f761892838101dd25f18b570c", kill_on_drop: false }`
[INFO] running `Command { std: "docker" "inspect" "b20faa633281170d40ea6c781cf75a86946e660f761892838101dd25f18b570c", kill_on_drop: false }`
[INFO] running `Command { std: "docker" "rm" "-f" "b20faa633281170d40ea6c781cf75a86946e660f761892838101dd25f18b570c", kill_on_drop: false }`
[INFO] [stdout] b20faa633281170d40ea6c781cf75a86946e660f761892838101dd25f18b570c
[INFO] running `Command { std: "docker" "create" "-v" "/var/lib/crater-agent-workspace/builds/worker-6-tc2/target:/opt/rustwide/target:rw,Z" "-v" "/var/lib/crater-agent-workspace/builds/worker-6-tc2/source:/opt/rustwide/workdir:ro,Z" "-v" "/var/lib/crater-agent-workspace/cargo-home:/opt/rustwide/cargo-home:ro,Z" "-v" "/var/lib/crater-agent-workspace/rustup-home:/opt/rustwide/rustup-home:ro,Z" "-e" "SOURCE_DIR=/opt/rustwide/workdir" "-e" "CARGO_TARGET_DIR=/opt/rustwide/target" "-e" "CARGO_INCREMENTAL=0" "-e" "RUST_BACKTRACE=full" "-e" "RUSTFLAGS=--cap-lints=warn" "-e" "RUSTDOCFLAGS=--cap-lints=warn" "-e" "CARGO_HOME=/opt/rustwide/cargo-home" "-e" "RUSTUP_HOME=/opt/rustwide/rustup-home" "-w" "/opt/rustwide/workdir" "-m" "1610612736" "--user" "0:0" "--network" "none" "ghcr.io/rust-lang/crates-build-env/linux@sha256:2788e3201cd34a07e3172128adcd8b3090168a8e3bcc40d7c032b9dda1df7d1c" "/opt/rustwide/cargo-home/bin/cargo" "+beta-2023-12-22" "doc" "--frozen" "--no-deps" "--document-private-items" "--message-format=json", kill_on_drop: false }`
[INFO] [stdout] d6e74e0d9f3f6a94ec39005d7aa9fa9990a437656ae221bccc8918d279e6a155
[INFO] running `Command { std: "docker" "start" "-a" "d6e74e0d9f3f6a94ec39005d7aa9fa9990a437656ae221bccc8918d279e6a155", kill_on_drop: false }`
[INFO] [stderr]    Compiling libc v0.2.36
[INFO] [stderr]    Compiling scopeguard v0.3.3
[INFO] [stderr]    Compiling either v1.4.0
[INFO] [stderr]    Compiling rayon-core v1.3.0
[INFO] [stderr]    Compiling lazy_static v0.2.11
[INFO] [stderr]     Checking cfg-if v0.1.2
[INFO] [stderr]    Compiling version_check v0.1.3
[INFO] [stderr]     Checking log v0.4.1
[INFO] [stderr]     Checking byteorder v1.2.1
[INFO] [stderr]    Compiling siphasher v0.2.2
[INFO] [stderr]    Compiling coco v0.1.1
[INFO] [stderr]     Checking log v0.3.9
[INFO] [stderr]    Compiling pkg-config v0.3.9
[INFO] [stderr]     Checking safemem v0.2.0
[INFO] [stderr]     Checking matches v0.1.6
[INFO] [stderr]    Compiling unicase v1.4.2
[INFO] [stderr]     Checking percent-encoding v1.0.1
[INFO] [stderr]     Checking unicode-bidi v0.3.4
[INFO] [stderr]    Compiling rand v0.3.20
[INFO] [stderr]    Compiling num_cpus v1.8.0
[INFO] [stderr]     Checking time v0.1.39
[INFO] [stderr]     Checking num-traits v0.1.42
[INFO] [stderr]     Checking httparse v1.2.4
[INFO] [stderr]     Checking unicode-normalization v0.1.5
[INFO] [stderr]    Compiling phf_shared v0.7.21
[INFO] [stderr]    Compiling build_const v0.2.0
[INFO] [stderr]     Checking language-tags v0.2.2
[INFO] [stderr]     Checking traitobject v0.1.0
[INFO] [stderr]    Compiling crc v1.7.0
[INFO] [stderr]     Checking futures v0.1.18
[INFO] [stderr]    Compiling phf_generator v0.7.21
[INFO] [stderr]     Checking phf v0.7.21
[INFO] [stderr]    Compiling phf_codegen v0.7.21
[INFO] [stderr]     Checking idna v0.1.4
[INFO] [stderr]     Checking mime v0.2.6
[INFO] [stderr]     Checking unsafe-any v0.4.2
[INFO] [stderr]     Checking iovec v0.1.2
[INFO] [stderr]    Compiling mime_guess v1.8.3
[INFO] [stderr]     Checking serde v1.0.27
[INFO] [stderr]    Compiling rayon v0.9.0
[INFO] [stderr]    Compiling unicode-xid v0.0.4
[INFO] [stderr]     Checking typemap v0.3.3
[INFO] [stderr]    Compiling synom v0.11.3
[INFO] [stderr]     Checking base64 v0.6.0
[INFO] [stderr]     Checking typeable v0.1.2
[INFO] [stderr]     Checking lazy_static v1.0.0
[INFO] [stderr]    Compiling winapi-build v0.1.1
[INFO] [stderr]     Checking slab v0.3.0
[INFO] [stderr]    Compiling quote v0.3.15
[INFO] [stderr]     Checking url v1.6.0
[INFO] [stderr]     Checking plugin v0.2.6
[INFO] [stderr]    Compiling kernel32-sys v0.2.2
[INFO] [stderr]    Compiling syn v0.11.11
[INFO] [stderr]     Checking bytes v0.4.6
[INFO] [stderr]     Checking net2 v0.2.31
[INFO] [stderr] error: failed to run custom build command for `mime_guess v1.8.3`
[INFO] [stderr] note: To improve backtraces for build dependencies, set the CARGO_PROFILE_DEV_BUILD_OVERRIDE_DEBUG=true environment variable to enable debug information generation.
[INFO] [stderr] 
[INFO] [stderr] Caused by:
[INFO] [stderr]   process didn't exit successfully: `/opt/rustwide/target/debug/build/mime_guess-d420e4defed261cd/build-script-gen_mime_types` (exit status: 101)
[INFO] [stderr]   --- stderr
[INFO] [stderr]   thread 'main' panicked at /opt/rustwide/cargo-home/registry/src/index.crates.io-6f17d22bba15001f/mime_guess-1.8.3/src/gen_mime_types.rs:22:67:
[INFO] [stderr]   called `Result::unwrap()` on an `Err` value: Os { code: 30, kind: ReadOnlyFilesystem, message: "Read-only file system" }
[INFO] [stderr]   stack backtrace:
[INFO] [stderr]      0:     0x55b069bb0ea6 - std::backtrace_rs::backtrace::libunwind::trace::h261606ad26a499c1
[INFO] [stderr]                                  at /rustc/0e09125c6c3c2fd70d7de961bcf0e51575235fad/library/std/src/../../backtrace/src/backtrace/libunwind.rs:104:5
[INFO] [stderr]      1:     0x55b069bb0ea6 - std::backtrace_rs::backtrace::trace_unsynchronized::hd183f0625477fb28
[INFO] [stderr]                                  at /rustc/0e09125c6c3c2fd70d7de961bcf0e51575235fad/library/std/src/../../backtrace/src/backtrace/mod.rs:66:5
[INFO] [stderr]      2:     0x55b069bb0ea6 - std::sys_common::backtrace::_print_fmt::hd7f8fef21b4eda67
[INFO] [stderr]                                  at /rustc/0e09125c6c3c2fd70d7de961bcf0e51575235fad/library/std/src/sys_common/backtrace.rs:68:5
[INFO] [stderr]      3:     0x55b069bb0ea6 - <std::sys_common::backtrace::_print::DisplayBacktrace as core::fmt::Display>::fmt::h623d9b51f2f453f1
[INFO] [stderr]                                  at /rustc/0e09125c6c3c2fd70d7de961bcf0e51575235fad/library/std/src/sys_common/backtrace.rs:44:22
[INFO] [stderr]      4:     0x55b069bd0120 - core::fmt::rt::Argument::fmt::h9f417ac76a86f368
[INFO] [stderr]                                  at /rustc/0e09125c6c3c2fd70d7de961bcf0e51575235fad/library/core/src/fmt/rt.rs:142:9
[INFO] [stderr]      5:     0x55b069bd0120 - core::fmt::write::hc9b6faf4ac2aeff7
[INFO] [stderr]                                  at /rustc/0e09125c6c3c2fd70d7de961bcf0e51575235fad/library/core/src/fmt/mod.rs:1120:17
[INFO] [stderr]      6:     0x55b069baf35f - std::io::Write::write_fmt::hfead1eee52c2e65e
[INFO] [stderr]                                  at /rustc/0e09125c6c3c2fd70d7de961bcf0e51575235fad/library/std/src/io/mod.rs:1810:15
[INFO] [stderr]      7:     0x55b069bb0c84 - std::sys_common::backtrace::_print::hd5d66399c7df88a2
[INFO] [stderr]                                  at /rustc/0e09125c6c3c2fd70d7de961bcf0e51575235fad/library/std/src/sys_common/backtrace.rs:47:5
[INFO] [stderr]      8:     0x55b069bb0c84 - std::sys_common::backtrace::print::he81ed2da642d37e5
[INFO] [stderr]                                  at /rustc/0e09125c6c3c2fd70d7de961bcf0e51575235fad/library/std/src/sys_common/backtrace.rs:34:9
[INFO] [stderr]      9:     0x55b069bb21e7 - std::panicking::default_hook::{{closure}}::h85773f4fa117163d
[INFO] [stderr]     10:     0x55b069bb1f49 - std::panicking::default_hook::h6a1694a91d09b278
[INFO] [stderr]                                  at /rustc/0e09125c6c3c2fd70d7de961bcf0e51575235fad/library/std/src/panicking.rs:292:9
[INFO] [stderr]     11:     0x55b069bb2678 - std::panicking::rust_panic_with_hook::h0a7ad96e90f7145b
[INFO] [stderr]                                  at /rustc/0e09125c6c3c2fd70d7de961bcf0e51575235fad/library/std/src/panicking.rs:779:13
[INFO] [stderr]     12:     0x55b069bb2552 - std::panicking::begin_panic_handler::{{closure}}::h7919090525c6485e
[INFO] [stderr]                                  at /rustc/0e09125c6c3c2fd70d7de961bcf0e51575235fad/library/std/src/panicking.rs:657:13
[INFO] [stderr]     13:     0x55b069bb13a6 - std::sys_common::backtrace::__rust_end_short_backtrace::hf3289479464f7dfe
[INFO] [stderr]                                  at /rustc/0e09125c6c3c2fd70d7de961bcf0e51575235fad/library/std/src/sys_common/backtrace.rs:171:18
[INFO] [stderr]     14:     0x55b069bb22b0 - rust_begin_unwind
[INFO] [stderr]                                  at /rustc/0e09125c6c3c2fd70d7de961bcf0e51575235fad/library/std/src/panicking.rs:645:5
[INFO] [stderr]     15:     0x55b069b6be55 - core::panicking::panic_fmt::hcc9f77c5c132af55
[INFO] [stderr]                                  at /rustc/0e09125c6c3c2fd70d7de961bcf0e51575235fad/library/core/src/panicking.rs:72:14
[INFO] [stderr]     16:     0x55b069b6c2c3 - core::result::unwrap_failed::hbe14f498be1452f9
[INFO] [stderr]                                  at /rustc/0e09125c6c3c2fd70d7de961bcf0e51575235fad/library/core/src/result.rs:1649:5
[INFO] [stderr]     17:     0x55b069b91494 - core::result::Result<T,E>::unwrap::h4e29abc58cb4a993
[INFO] [stderr]     18:     0x55b069b85b10 - build_script_gen_mime_types::main::hd1fb39be4792b06d
[INFO] [stderr]     19:     0x55b069b90463 - core::ops::function::FnOnce::call_once::h8fa4a4bbdbb61001
[INFO] [stderr]     20:     0x55b069b86cd6 - std::sys_common::backtrace::__rust_begin_short_backtrace::h8c31beba1626d7c2
[INFO] [stderr]     21:     0x55b069b8fdc9 - std::rt::lang_start::{{closure}}::h930084707d5e9421
[INFO] [stderr]     22:     0x55b069bacd01 - core::ops::function::impls::<impl core::ops::function::FnOnce<A> for &F>::call_once::h4eb4c5e1620f29b0
[INFO] [stderr]                                  at /rustc/0e09125c6c3c2fd70d7de961bcf0e51575235fad/library/core/src/ops/function.rs:284:13
[INFO] [stderr]     23:     0x55b069bacd01 - std::panicking::try::do_call::h73fd26535faffcdf
[INFO] [stderr]                                  at /rustc/0e09125c6c3c2fd70d7de961bcf0e51575235fad/library/std/src/panicking.rs:552:40
[INFO] [stderr]     24:     0x55b069bacd01 - std::panicking::try::h77ff1d98f0fb9f39
[INFO] [stderr]                                  at /rustc/0e09125c6c3c2fd70d7de961bcf0e51575235fad/library/std/src/panicking.rs:516:19
[INFO] [stderr]     25:     0x55b069bacd01 - std::panic::catch_unwind::hab3caf2448b95e37
[INFO] [stderr]                                  at /rustc/0e09125c6c3c2fd70d7de961bcf0e51575235fad/library/std/src/panic.rs:142:14
[INFO] [stderr]     26:     0x55b069bacd01 - std::rt::lang_start_internal::{{closure}}::h8086711f9c783f78
[INFO] [stderr]                                  at /rustc/0e09125c6c3c2fd70d7de961bcf0e51575235fad/library/std/src/rt.rs:148:48
[INFO] [stderr]     27:     0x55b069bacd01 - std::panicking::try::do_call::hf920d4dc291cd6ca
[INFO] [stderr]                                  at /rustc/0e09125c6c3c2fd70d7de961bcf0e51575235fad/library/std/src/panicking.rs:552:40
[INFO] [stderr]     28:     0x55b069bacd01 - std::panicking::try::h2b806ccc0a85db74
[INFO] [stderr]                                  at /rustc/0e09125c6c3c2fd70d7de961bcf0e51575235fad/library/std/src/panicking.rs:516:19
[INFO] [stderr]     29:     0x55b069bacd01 - std::panic::catch_unwind::h038489539c507df2
[INFO] [stderr]                                  at /rustc/0e09125c6c3c2fd70d7de961bcf0e51575235fad/library/std/src/panic.rs:142:14
[INFO] [stderr]     30:     0x55b069bacd01 - std::rt::lang_start_internal::h28503b88912e8a5c
[INFO] [stderr]                                  at /rustc/0e09125c6c3c2fd70d7de961bcf0e51575235fad/library/std/src/rt.rs:148:20
[INFO] [stderr]     31:     0x55b069b8fda7 - std::rt::lang_start::h4ecf5d53764a9d7d
[INFO] [stderr]     32:     0x55b069b86cc5 - main
[INFO] [stderr]     33:     0x7f20a2fc5d90 - <unknown>
[INFO] [stderr]     34:     0x7f20a2fc5e40 - __libc_start_main
[INFO] [stderr]     35:     0x55b069b6c585 - _start
[INFO] [stderr]     36:                0x0 - <unknown>
[INFO] [stderr] warning: build failed, waiting for other jobs to finish...
[INFO] [stdout] error[E0713]: borrow may still be in use when destructor runs
[INFO] [stdout]    --> /opt/rustwide/cargo-home/registry/src/index.crates.io-6f17d22bba15001f/url-1.6.0/src/form_urlencoded.rs:261:40
[INFO] [stdout]     |
[INFO] [stdout] 259 | impl<'a> Target for ::UrlQuery<'a> {
[INFO] [stdout]     |      -- lifetime `'a` defined here
[INFO] [stdout] 260 |     fn as_mut_string(&mut self) -> &mut String { &mut self.url.serialization }
[INFO] [stdout] 261 |     fn finish(self) -> &'a mut ::Url { self.url }
[INFO] [stdout]     |                                        ^^^^^^^^ - here, drop of `self` needs exclusive access to `*self.url`, because the type `UrlQuery<'_>` implements the `Drop` trait
[INFO] [stdout]     |                                        |
[INFO] [stdout]     |                                        returning this value requires that `*self.url` is borrowed for `'a`
[INFO] [stdout] 
[INFO] [stdout] 
[INFO] [stdout] error: aborting due to 1 previous error
[INFO] [stdout] 
[INFO] [stdout] 
[INFO] [stdout] For more information about this error, try `rustc --explain E0713`.
[INFO] [stdout] 
[INFO] [stderr] error: could not compile `url` (lib) due to 2 previous errors
[INFO] running `Command { std: "docker" "inspect" "d6e74e0d9f3f6a94ec39005d7aa9fa9990a437656ae221bccc8918d279e6a155", kill_on_drop: false }`
[INFO] running `Command { std: "docker" "rm" "-f" "d6e74e0d9f3f6a94ec39005d7aa9fa9990a437656ae221bccc8918d279e6a155", kill_on_drop: false }`
[INFO] [stdout] d6e74e0d9f3f6a94ec39005d7aa9fa9990a437656ae221bccc8918d279e6a155
