[INFO] cloning repository https://github.com/Dengjianping/816
[INFO] running `Command { std: "git" "-c" "credential.helper=" "-c" "credential.helper=/workspace/cargo-home/bin/git-credential-null" "clone" "--bare" "https://github.com/Dengjianping/816" "/workspace/cache/git-repos/https%3A%2F%2Fgithub.com%2FDengjianping%2F816", kill_on_drop: false }`
[INFO] [stderr] Cloning into bare repository '/workspace/cache/git-repos/https%3A%2F%2Fgithub.com%2FDengjianping%2F816'...
[INFO] running `Command { std: "git" "rev-parse" "HEAD", kill_on_drop: false }`
[INFO] [stdout] cd3b62b74aa416028bb654543b96856f5846e3a7
[INFO] documenting Dengjianping/816 against 1.75.0 for beta-1.76-rustdoc-1
[INFO] running `Command { std: "git" "clone" "/workspace/cache/git-repos/https%3A%2F%2Fgithub.com%2FDengjianping%2F816" "/workspace/builds/worker-0-tc1/source", kill_on_drop: false }`
[INFO] [stderr] Cloning into '/workspace/builds/worker-0-tc1/source'...
[INFO] [stderr] done.
[INFO] validating manifest of git repo https://github.com/Dengjianping/816 on toolchain 1.75.0
[INFO] running `Command { std: CARGO_HOME="/workspace/cargo-home" RUSTUP_HOME="/workspace/rustup-home" "/workspace/cargo-home/bin/cargo" "+1.75.0" "metadata" "--manifest-path" "Cargo.toml" "--no-deps", kill_on_drop: false }`
[INFO] started tweaking git repo https://github.com/Dengjianping/816
[INFO] finished tweaking git repo https://github.com/Dengjianping/816
[INFO] tweaked toml for git repo https://github.com/Dengjianping/816 written to /workspace/builds/worker-0-tc1/source/Cargo.toml
[INFO] crate git repo https://github.com/Dengjianping/816 already has a lockfile, it will not be regenerated
[INFO] running `Command { std: CARGO_HOME="/workspace/cargo-home" RUSTUP_HOME="/workspace/rustup-home" "/workspace/cargo-home/bin/cargo" "+1.75.0" "fetch" "--manifest-path" "Cargo.toml", kill_on_drop: false }`
[INFO] [stderr]     Updating crates.io index
[INFO] [stderr]  Downloading crates ...
[INFO] [stderr]   Downloaded subtle v2.2.2
[INFO] [stderr]   Downloaded libp2p-dns v0.20.0
[INFO] [stderr]   Downloaded tracing-core v0.1.12
[INFO] [stderr]   Downloaded test-case v0.3.3
[INFO] [stderr]   Downloaded libp2p-mplex v0.20.0
[INFO] [stderr]   Downloaded primitive-types v0.7.0
[INFO] [stderr]   Downloaded ethbloom v0.9.2
[INFO] [stderr]   Downloaded libp2p-wasm-ext v0.20.1
[INFO] [stderr]   Downloaded ctor v0.1.13
[INFO] [stderr]   Downloaded impl-rlp v0.2.1
[INFO] [stderr]   Downloaded enumflags2_derive v0.6.3
[INFO] [stderr]   Downloaded wasm-bindgen-test v0.3.10
[INFO] [stderr]   Downloaded keccak-hasher v0.15.2
[INFO] [stderr]   Downloaded paste-impl v0.1.10
[INFO] [stderr]   Downloaded libp2p-mdns v0.20.0
[INFO] [stderr]   Downloaded kvdb-web v0.7.0
[INFO] [stderr]   Downloaded fastrand v1.3.2
[INFO] [stderr]   Downloaded rustversion v1.0.2
[INFO] [stderr]   Downloaded hashbrown v0.8.0
[INFO] [stderr]   Downloaded wabt-sys v0.7.1
[INFO] [stderr]   Downloaded zstd-sys v1.4.15+zstd.1.4.4
[INFO] [stderr]   Downloaded parity-util-mem v0.6.0
[INFO] [stderr]   Downloaded trie-bench v0.24.0
[INFO] [stderr]   Downloaded libp2p-websocket v0.21.1
[INFO] [stderr]   Downloaded trie-db v0.22.0
[INFO] [stderr]   Downloaded librocksdb-sys v6.7.4
[INFO] [stderr]   Downloaded libp2p-kad v0.21.0
[INFO] [stderr]   Downloaded multihash v0.11.1
[INFO] [stderr]   Downloaded libp2p v0.23.0
[INFO] [stderr]   Downloaded enumflags2 v0.6.3
[INFO] [stderr]   Downloaded evm-core v0.17.0
[INFO] [stderr]   Downloaded curve25519-dalek v2.0.0
[INFO] [stderr]   Downloaded structopt v0.3.13
[INFO] [stderr]   Downloaded honggfuzz v0.5.49
[INFO] [stderr]   Downloaded petgraph v0.5.0
[INFO] [stderr]   Downloaded lite-json v0.1.0
[INFO] [stderr]   Downloaded bindgen v0.53.2
[INFO] [stderr]   Downloaded uint v0.8.2
[INFO] [stderr]   Downloaded kv-log-macro v1.0.4
[INFO] [stderr]   Downloaded paste v0.1.10
[INFO] [stderr]   Downloaded hex-literal-impl v0.2.1
[INFO] [stderr]   Downloaded arbitrary v0.4.1
[INFO] [stderr]   Downloaded fixed-hash v0.6.0
[INFO] [stderr]   Downloaded ref-cast v1.0.1
[INFO] [stderr]   Downloaded zstd-safe v2.0.3+zstd.1.4.4
[INFO] [stderr]   Downloaded kvdb-rocksdb v0.9.0
[INFO] [stderr]   Downloaded libp2p-ping v0.20.0
[INFO] [stderr]   Downloaded libp2p-core v0.20.1
[INFO] [stderr]   Downloaded tracing-subscriber v0.2.10
[INFO] [stderr]   Downloaded dissimilar v1.0.2
[INFO] [stderr]   Downloaded tracing v0.1.18
[INFO] [stderr]   Downloaded rocksdb v0.14.0
[INFO] [stderr]   Downloaded cache-padded v1.1.0
[INFO] [stderr]   Downloaded derive_more v0.99.5
[INFO] [stderr]   Downloaded trybuild v1.0.25
[INFO] [stderr]   Downloaded libp2p-noise v0.22.0
[INFO] [stderr]   Downloaded impl-serde v0.3.0
[INFO] [stderr]   Downloaded fdlimit v0.1.4
[INFO] [stderr]   Downloaded console_log v0.1.2
[INFO] [stderr]   Downloaded send_wrapper v0.3.0
[INFO] [stderr]   Downloaded structopt-derive v0.4.6
[INFO] [stderr]   Downloaded evm-gasometer v0.17.0
[INFO] [stderr]   Downloaded threadpool v1.7.1
[INFO] [stderr]   Downloaded zstd v0.5.1+zstd.1.4.4
[INFO] [stderr]   Downloaded cmake v0.1.42
[INFO] [stderr]   Downloaded libp2p-swarm v0.20.1
[INFO] [stderr]   Downloaded miniz_oxide v0.3.6
[INFO] [stderr]   Downloaded libp2p-yamux v0.20.0
[INFO] [stderr]   Downloaded proc-macro-hack v0.5.15
[INFO] [stderr]   Downloaded trie-standardmap v0.15.2
[INFO] [stderr]   Downloaded erased-serde v0.3.11
[INFO] [stderr]   Downloaded libp2p-core-derive v0.20.1
[INFO] [stderr]   Downloaded ethereum-types v0.9.2
[INFO] [stderr]   Downloaded errno v0.2.5
[INFO] [stderr]   Downloaded libp2p-secio v0.20.0
[INFO] [stderr]   Downloaded parking v1.0.3
[INFO] [stderr]   Downloaded concurrent-queue v1.1.1
[INFO] [stderr]   Downloaded lru v0.5.3
[INFO] [stderr]   Downloaded thiserror v1.0.15
[INFO] [stderr]   Downloaded thiserror-impl v1.0.15
[INFO] [stderr]   Downloaded wasm-bindgen-test-macro v0.3.10
[INFO] [stderr]   Downloaded fs_extra v1.1.0
[INFO] [stderr]   Downloaded libp2p-tcp v0.20.0
[INFO] [stderr]   Downloaded evm-runtime v0.17.0
[INFO] [stderr]   Downloaded blocking v0.4.6
[INFO] [stderr]   Downloaded wabt v0.9.2
[INFO] [stderr]   Downloaded ref-cast-impl v1.0.1
[INFO] [stderr]   Downloaded file-per-thread-logger v0.1.2
[INFO] [stderr]   Downloaded evm v0.17.0
[INFO] [stderr]   Downloaded parking_lot_core v0.7.1
[INFO] [stderr]   Downloaded rlp v0.4.5
[INFO] [stderr]   Downloaded libp2p-identify v0.20.0
[INFO] [stderr]   Downloaded scroll_derive v0.10.1
[INFO] running `Command { std: "docker" "create" "-v" "/var/lib/crater-agent-workspace/builds/worker-0-tc1/target:/opt/rustwide/target:rw,Z" "-v" "/var/lib/crater-agent-workspace/builds/worker-0-tc1/source:/opt/rustwide/workdir:ro,Z" "-v" "/var/lib/crater-agent-workspace/cargo-home:/opt/rustwide/cargo-home:ro,Z" "-v" "/var/lib/crater-agent-workspace/rustup-home:/opt/rustwide/rustup-home:ro,Z" "-e" "SOURCE_DIR=/opt/rustwide/workdir" "-e" "CARGO_TARGET_DIR=/opt/rustwide/target" "-e" "CARGO_HOME=/opt/rustwide/cargo-home" "-e" "RUSTUP_HOME=/opt/rustwide/rustup-home" "-w" "/opt/rustwide/workdir" "-m" "1610612736" "--user" "0:0" "--network" "none" "ghcr.io/rust-lang/crates-build-env/linux@sha256:2788e3201cd34a07e3172128adcd8b3090168a8e3bcc40d7c032b9dda1df7d1c" "/opt/rustwide/cargo-home/bin/cargo" "+1.75.0" "metadata" "--no-deps" "--format-version=1", kill_on_drop: false }`
[INFO] [stdout] 0a0d795a7e0f7f0c03ec759ec7c1714387e2e27530401927b7b87df0abcc5c17
[INFO] running `Command { std: "docker" "start" "-a" "0a0d795a7e0f7f0c03ec759ec7c1714387e2e27530401927b7b87df0abcc5c17", kill_on_drop: false }`
[INFO] running `Command { std: "docker" "inspect" "0a0d795a7e0f7f0c03ec759ec7c1714387e2e27530401927b7b87df0abcc5c17", kill_on_drop: false }`
[INFO] running `Command { std: "docker" "rm" "-f" "0a0d795a7e0f7f0c03ec759ec7c1714387e2e27530401927b7b87df0abcc5c17", kill_on_drop: false }`
[INFO] [stdout] 0a0d795a7e0f7f0c03ec759ec7c1714387e2e27530401927b7b87df0abcc5c17
[INFO] running `Command { std: "docker" "create" "-v" "/var/lib/crater-agent-workspace/builds/worker-0-tc1/target:/opt/rustwide/target:rw,Z" "-v" "/var/lib/crater-agent-workspace/builds/worker-0-tc1/source:/opt/rustwide/workdir:ro,Z" "-v" "/var/lib/crater-agent-workspace/cargo-home:/opt/rustwide/cargo-home:ro,Z" "-v" "/var/lib/crater-agent-workspace/rustup-home:/opt/rustwide/rustup-home:ro,Z" "-e" "SOURCE_DIR=/opt/rustwide/workdir" "-e" "CARGO_TARGET_DIR=/opt/rustwide/target" "-e" "CARGO_INCREMENTAL=0" "-e" "RUST_BACKTRACE=full" "-e" "RUSTFLAGS=--cap-lints=warn" "-e" "RUSTDOCFLAGS=--cap-lints=warn" "-e" "CARGO_HOME=/opt/rustwide/cargo-home" "-e" "RUSTUP_HOME=/opt/rustwide/rustup-home" "-w" "/opt/rustwide/workdir" "-m" "1610612736" "--user" "0:0" "--network" "none" "ghcr.io/rust-lang/crates-build-env/linux@sha256:2788e3201cd34a07e3172128adcd8b3090168a8e3bcc40d7c032b9dda1df7d1c" "/opt/rustwide/cargo-home/bin/cargo" "+1.75.0" "doc" "--frozen" "--no-deps" "--document-private-items" "--message-format=json", kill_on_drop: false }`
[INFO] [stdout] f232188419c219d08645c6a065c44b834f4cbebcb65d98367ea8f343f14ec017
[INFO] running `Command { std: "docker" "start" "-a" "f232188419c219d08645c6a065c44b834f4cbebcb65d98367ea8f343f14ec017", kill_on_drop: false }`
[INFO] [stderr]    Compiling proc-macro2 v1.0.18
[INFO] [stderr]    Compiling syn v1.0.33
[INFO] [stderr]    Compiling libc v0.2.71
[INFO] [stderr]    Compiling serde_derive v1.0.114
[INFO] [stderr]    Compiling serde v1.0.114
[INFO] [stderr]    Compiling autocfg v1.0.0
[INFO] [stderr]    Compiling log v0.4.8
[INFO] [stderr]    Compiling byteorder v1.3.4
[INFO] [stderr]    Compiling memchr v2.3.3
[INFO] [stderr]    Compiling getrandom v0.1.14
[INFO] [stderr]    Compiling proc-macro-hack v0.5.15
[INFO] [stderr]    Compiling indexmap v1.3.2
[INFO] [stderr]    Compiling pin-project-internal v0.4.22
[INFO] [stderr]    Compiling proc-macro-nested v0.1.4
[INFO] [stderr]    Compiling crunchy v0.2.2
[INFO] [stderr]    Compiling quote v1.0.6
[INFO] [stderr]    Compiling libm v0.2.1
[INFO] [stderr]    Compiling crc32fast v1.2.0
[INFO] [stderr]    Compiling num-traits v0.2.11
[INFO] [stderr]     Checking either v1.5.3
[INFO] [stderr]    Compiling num-integer v0.1.42
[INFO] [stderr]    Compiling regex-syntax v0.6.17
[INFO] [stderr]     Checking futures v0.1.29
[INFO] [stderr]    Compiling aho-corasick v0.7.10
[INFO] [stderr]    Compiling thread_local v1.0.1
[INFO] [stderr]     Checking num_cpus v1.12.0
[INFO] [stderr]     Checking slab v0.4.2
[INFO] [stderr]    Compiling const-random-macro v0.1.8
[INFO] [stderr]     Checking smallvec v0.6.13
[INFO] [stderr]    Compiling num-bigint v0.2.6
[INFO] [stderr]    Compiling hashbrown v0.6.3
[INFO] [stderr]    Compiling tiny-keccak v2.0.2
[INFO] [stderr]     Checking rand_core v0.5.1
[INFO] [stderr]    Compiling hashbrown v0.8.0
[INFO] [stderr]    Compiling parity-util-mem v0.7.0
[INFO] [stderr]     Checking ppv-lite86 v0.2.6
[INFO] [stderr]     Checking rand_pcg v0.2.1
[INFO] [stderr]    Compiling num-rational v0.2.4
[INFO] [stderr]     Checking smallvec v1.4.1
[INFO] [stderr]     Checking arrayvec v0.5.1
[INFO] [stderr]    Compiling failure_derive v0.1.7
[INFO] [stderr]     Checking futures-core v0.3.5
[INFO] [stderr]    Compiling arrayvec v0.4.12
[INFO] [stderr]     Checking rand_chacha v0.2.2
[INFO] [stderr]     Checking futures-sink v0.3.5
[INFO] [stderr]     Checking futures-channel v0.3.5
[INFO] [stderr]     Checking opaque-debug v0.2.3
[INFO] [stderr]     Checking rand v0.7.3
[INFO] [stderr]     Checking futures-io v0.3.5
[INFO] [stderr]     Checking digest v0.8.1
[INFO] [stderr]     Checking byte-tools v0.3.1
[INFO] [stderr]     Checking fake-simd v0.1.2
[INFO] [stderr]     Checking block-padding v0.1.5
[INFO] [stderr]     Checking parking_lot_core v0.7.1
[INFO] [stderr]     Checking subtle v2.2.2
[INFO] [stderr]     Checking rustc-hex v2.1.0
[INFO] [stderr]     Checking block-buffer v0.7.3
[INFO] [stderr]     Checking radium v0.3.0
[INFO] [stderr]     Checking sha2 v0.8.1
[INFO] [stderr]     Checking byte-slice-cast v0.3.5
[INFO] [stderr]    Compiling regex v1.3.6
[INFO] [stderr]     Checking parking_lot v0.10.2
[INFO] [stderr]     Checking bitvec v0.17.4
[INFO] [stderr]     Checking unicode-normalization v0.1.12
[INFO] [stderr]     Checking keccak v0.1.0
[INFO] [stderr]     Checking uint v0.8.2
[INFO] [stderr]     Checking subtle v1.0.0
[INFO] [stderr]     Checking constant_time_eq v0.1.5
[INFO] [stderr]     Checking crypto-mac v0.7.0
[INFO] [stderr]     Checking hmac v0.7.1
[INFO] [stderr]     Checking rlp v0.4.5
[INFO] [stderr]     Checking signature v1.1.0
[INFO] [stderr]     Checking impl-rlp v0.2.1
[INFO] [stderr]     Checking ed25519 v1.0.1
[INFO] [stderr]     Checking hmac-drbg v0.2.0
[INFO] [stderr]     Checking fixed-hash v0.6.0
[INFO] [stderr]    Compiling Inflector v0.11.4
[INFO] [stderr]     Checking libsecp256k1 v0.3.5
[INFO] [stderr]     Checking stable_deref_trait v1.1.1
[INFO] [stderr]     Checking sp-std v2.0.0-rc5 (/opt/rustwide/workdir/primitives/std)
[INFO] [stderr]     Checking wasmparser v0.57.0
[INFO] [stderr]     Checking rustc-demangle v0.1.16
[INFO] [stderr]     Checking gimli v0.22.0
[INFO] [stderr]     Checking miniz_oxide v0.4.0
[INFO] [stderr]     Checking const-random v0.1.8
[INFO] [stderr]     Checking errno v0.2.5
[INFO] [stderr]     Checking ahash v0.2.18
[INFO] [stderr]    Compiling synstructure v0.12.3
[INFO] [stderr]     Checking tracing-core v0.1.12
[INFO] [stderr]     Checking ahash v0.3.8
[INFO] [stderr]     Checking lru v0.5.3
[INFO] [stderr]     Checking parity-wasm v0.41.0
[INFO] [stderr]     Checking memory_units v0.3.0
[INFO] [stderr]     Checking environmental v1.1.1
[INFO] [stderr]     Checking hash-db v0.15.2
[INFO] [stderr]     Checking addr2line v0.13.0
[INFO] [stderr]     Checking pbkdf2 v0.3.0
[INFO] [stderr]     Checking blake2-rfc v0.2.18
[INFO] [stderr]     Checking dyn-clone v1.0.2
[INFO] [stderr]     Checking twox-hash v1.5.0
[INFO] [stderr]     Checking hash256-std-hasher v0.15.2
[INFO] [stderr]     Checking base58 v0.1.0
[INFO] [stderr]     Checking hex v0.4.2
[INFO] [stderr]    Compiling jobserver v0.1.21
[INFO] [stderr]     Checking trie-db v0.22.0
[INFO] [stderr]     Checking trie-root v0.16.0
[INFO] [stderr]     Checking itertools v0.9.0
[INFO] [stderr]    Compiling serde_json v1.0.56
[INFO] [stderr]    Compiling cc v1.0.50
[INFO] [stderr]     Checking integer-sqrt v0.1.3
[INFO] [stderr]     Checking wasmi-validation v0.3.0
[INFO] [stderr]    Compiling crossbeam-utils v0.7.2
[INFO] [stderr]    Compiling nodrop v0.1.14
[INFO] [stderr]     Checking wasmi v0.6.2
[INFO] [stderr]    Compiling version_check v0.9.1
[INFO] [stderr]    Compiling anyhow v1.0.28
[INFO] [stderr]    Compiling futures-macro v0.3.5
[INFO] [stderr]    Compiling zeroize_derive v1.0.0
[INFO] [stderr]    Compiling impl-trait-for-tuples v0.1.3
[INFO] [stderr]    Compiling sp-debug-derive v2.0.0-rc5 (/opt/rustwide/workdir/primitives/debug-derive)
[INFO] [stderr]    Compiling parity-util-mem-derive v0.1.0
[INFO] [stderr]    Compiling ref-cast-impl v1.0.1
[INFO] [stderr]    Compiling rental-impl v0.5.5
[INFO] [stderr]    Compiling tracing-attributes v0.1.9
[INFO] [stderr]    Compiling derive_more v0.99.5
[INFO] [stderr]    Compiling dyn-clonable-impl v0.9.0
[INFO] [stderr]     Checking pin-project v0.4.22
[INFO] [stderr]     Checking zeroize v1.1.0
[INFO] [stderr]     Checking ref-cast v1.0.1
[INFO] [stderr]    Compiling paste-impl v0.1.10
[INFO] [stderr]     Checking dyn-clonable v0.9.0
[INFO] [stderr]     Checking curve25519-dalek v2.0.0
[INFO] [stderr]     Checking merlin v2.0.0
[INFO] [stderr]     Checking secrecy v0.6.0
[INFO] [stderr]    Compiling thiserror-impl v1.0.15
[INFO] [stderr]     Checking tracing v0.1.18
[INFO] [stderr]     Checking paste v0.1.10
[INFO] [stderr]     Checking schnorrkel v0.9.1
[INFO] [stderr]    Compiling wasm-bindgen-shared v0.2.67
[INFO] [stderr]    Compiling bytes v0.5.4
[INFO] [stderr]     Checking substrate-bip39 v0.4.1
[INFO] [stderr]    Compiling bumpalo v3.2.1
[INFO] [stderr]    Compiling ring v0.16.12
[INFO] [stderr]    Compiling wasm-bindgen-backend v0.2.67
[INFO] [stderr]    Compiling unicode-segmentation v1.6.0
[INFO] [stderr]    Compiling wasm-bindgen v0.2.67
[INFO] [stderr]    Compiling heck v0.3.1
[INFO] [stderr]    Compiling which v3.1.1
[INFO] [stderr]     Checking itoa v0.4.5
[INFO] [stderr]    Compiling itertools v0.8.2
[INFO] [stderr]    Compiling prost-build v0.6.1
[INFO] [stderr]    Compiling fixedbitset v0.2.0
[INFO] [stderr]    Compiling remove_dir_all v0.5.2
[INFO] [stderr]    Compiling tempfile v3.1.0
[INFO] [stderr]    Compiling prost-derive v0.6.1
[INFO] [stderr]    Compiling wasm-bindgen-macro-support v0.2.67
[INFO] [stderr]    Compiling generic-array v0.14.3
[INFO] [stderr]    Compiling multimap v0.8.1
[INFO] [stderr]    Compiling httparse v1.3.4
[INFO] [stderr]    Compiling asn1_der_derive v0.1.2
[INFO] [stderr]    Compiling wasm-bindgen-macro v0.2.67
[INFO] [stderr]    Compiling memoffset v0.5.4
[INFO] [stderr]     Checking fnv v1.0.6
[INFO] [stderr]    Compiling crossbeam-epoch v0.8.2
[INFO] [stderr]     Checking thiserror v1.0.15
[INFO] [stderr]    Compiling pkg-config v0.3.17
[INFO] [stderr]    Compiling tokio-macros v0.2.5
[INFO] [stderr]     Checking iovec v0.1.4
[INFO] [stderr]    Compiling libz-sys v1.0.25
[INFO] [stderr]    Compiling prost v0.6.1
[INFO] [stderr]     Checking net2 v0.2.33
[INFO] [stderr]    Compiling prometheus v0.9.0
[INFO] [stderr]    Compiling prost-types v0.6.1
[INFO] [stderr]    Compiling libp2p-core-derive v0.20.1
[INFO] [stderr]     Checking untrusted v0.7.0
[INFO] [stderr]     Checking unicode-bidi v0.3.4
[INFO] [stderr]     Checking mio v0.6.21
[INFO] [stderr]     Checking send_wrapper v0.4.0
[INFO] [stderr]     Checking sha-1 v0.8.2
[INFO] [stderr]     Checking idna v0.2.0
[INFO] [stderr]     Checking sha3 v0.8.2
[INFO] [stderr]     Checking percent-encoding v2.1.0
[INFO] [stderr]     Checking impl-serde v0.3.0
[INFO] [stderr]     Checking ed25519-dalek v1.0.0-pre.4
[INFO] [stderr]     Checking impl-serde v0.2.3
[INFO] [stderr]     Checking ethbloom v0.9.2
[INFO] [stderr]     Checking sp-storage v2.0.0-rc5 (/opt/rustwide/workdir/primitives/storage)
[INFO] [stderr]     Checking url v2.1.1
[INFO] [stderr]     Checking base64 v0.12.3
[INFO] [stderr]     Checking object v0.20.0
[INFO] [stderr]    Compiling scopeguard v1.1.0
[INFO] [stderr]    Compiling semver v0.9.0
[INFO] [stderr]    Compiling toml v0.5.6
[INFO] [stderr]     Checking rental v0.5.5
[INFO] [stderr]    Compiling rustc_version v0.2.3
[INFO] [stderr]    Compiling cranelift-entity v0.66.0
[INFO] [stderr]    Compiling target-lexicon v0.10.0
[INFO] [stderr]     Checking sp-tracing v2.0.0-rc5 (/opt/rustwide/workdir/primitives/tracing)
[INFO] [stdout] warning: using an old version of `rental`
[INFO] [stdout]   --> primitives/tracing/src/proxy.rs:32:1
[INFO] [stdout]    |
[INFO] [stdout] 32 | / rental! {
[INFO] [stdout] 33 | |     pub mod rent_span {
[INFO] [stdout] 34 | |         #[rental]
[INFO] [stdout] 35 | |         pub struct SpanAndGuard {
[INFO] [stdout] ...  |
[INFO] [stdout] 39 | |     }
[INFO] [stdout] 40 | | }
[INFO] [stdout]    | |_^
[INFO] [stdout]    |
[INFO] [stdout]    = warning: this was previously accepted by the compiler but is being phased out; it will become a hard error in a future release!
[INFO] [stdout]    = note: for more information, see issue #83125 <https://github.com/rust-lang/rust/issues/83125>
[INFO] [stdout]    = note: older versions of the `rental` crate will stop compiling in future versions of Rust; please update to `rental` v0.5.6, or switch to one of the `rental` alternatives
[INFO] [stdout]    = note: `#[warn(proc_macro_back_compat)]` on by default
[INFO] [stdout]    = note: this warning originates in the macro `rental` (in Nightly builds, run with -Z macro-backtrace for more info)
[INFO] [stdout] 
[INFO] [stdout] 
[INFO] [stderr]    Compiling parking_lot_core v0.6.2
[INFO] [stdout] warning: 1 warning emitted
[INFO] [stdout] 
[INFO] [stdout] 
[INFO] [stderr]    Compiling parking_lot v0.9.0
[INFO] [stderr]    Compiling petgraph v0.5.0
[INFO] [stderr]    Compiling snow v0.7.1
[INFO] [stderr]    Compiling cranelift-codegen-shared v0.66.0
[INFO] [stderr]     Checking js-sys v0.3.37
[INFO] [stderr]     Checking quick-error v1.2.3
[INFO] [stderr]    Compiling cranelift-codegen-meta v0.66.0
[INFO] [stderr]     Checking mio-uds v0.6.7
[INFO] [stderr]     Checking pin-project-lite v0.1.4
[INFO] [stderr]    Compiling proc-macro-crate v0.1.4
[INFO] [stderr]     Checking once_cell v1.3.1
[INFO] [stderr]     Checking futures-task v0.3.5
[INFO] [stderr]    Compiling frame-support-procedural-tools-derive v2.0.0-rc5 (/opt/rustwide/workdir/frame/support/procedural/tools/derive)
[INFO] [stderr]     Checking blake2s_simd v0.5.10
[INFO] [stderr]     Checking futures-util v0.3.5
[INFO] [stderr]     Checking backtrace v0.3.50
[INFO] [stderr]    Compiling parity-scale-codec-derive v1.2.1
[INFO] [stderr]    Compiling sp-runtime-interface-proc-macro v2.0.0-rc5 (/opt/rustwide/workdir/primitives/runtime-interface/proc-macro)
[INFO] [stderr]     Checking failure v0.1.7
[INFO] [stderr]     Checking tiny-bip39 v0.7.3
[INFO] [stderr]     Checking sp-panic-handler v2.0.0-rc5 (/opt/rustwide/workdir/primitives/panic-handler)
[INFO] [stderr]    Compiling sp-api-proc-macro v2.0.0-rc5 (/opt/rustwide/workdir/primitives/api/proc-macro)
[INFO] [stderr]    Compiling libp2p-core v0.20.1
[INFO] [stderr]    Compiling libp2p-identify v0.20.0
[INFO] [stderr]    Compiling libp2p-secio v0.20.0
[INFO] [stderr]    Compiling libp2p-kad v0.21.0
[INFO] [stderr]    Compiling libp2p-noise v0.22.0
[INFO] [stderr]     Checking web-sys v0.3.37
[INFO] [stderr]     Checking parity-scale-codec v1.3.4
[INFO] [stderr]     Checking blake2b_simd v0.5.10
[INFO] [stderr]     Checking futures-executor v0.3.5
[INFO] [stderr]     Checking unsigned-varint v0.3.3
[INFO] [stderr]     Checking futures v0.3.5
[INFO] [stderr]     Checking data-encoding v2.2.0
[INFO] [stderr]     Checking wasm-timer v0.2.4
[INFO] [stderr]     Checking futures_codec v0.4.1
[INFO] [stderr]     Checking bs58 v0.3.1
[INFO] [stderr]     Checking multihash v0.11.1
[INFO] [stderr]     Checking unsigned-varint v0.4.0
[INFO] [stderr]     Checking rw-stream-sink v0.2.1
[INFO] [stderr]    Compiling zstd-sys v1.4.15+zstd.1.4.4
[INFO] [stderr]     Checking parity-multiaddr v0.9.1
[INFO] [stderr]     Checking multistream-select v0.8.2
[INFO] [stderr]     Checking asn1_der v0.6.3
[INFO] [stderr]     Checking scoped-tls v1.0.0
[INFO] [stderr]     Checking socket2 v0.3.12
[INFO] [stderr]    Compiling frame-support-procedural-tools v2.0.0-rc5 (/opt/rustwide/workdir/frame/support/procedural/tools)
[INFO] [stderr]     Checking time v0.1.42
[INFO] [stdout] error[E0512]: cannot transmute between types of different sizes, or dependently-sized types
[INFO] [stdout]    --> /opt/rustwide/cargo-home/registry/src/index.crates.io-6f17d22bba15001f/socket2-0.3.12/src/sockaddr.rs:176:9
[INFO] [stdout]     |
[INFO] [stdout] 176 |         mem::transmute::<SocketAddrV4, sockaddr_in>(v4);
[INFO] [stdout]     |         ^^^^^^^^^^^^^^^^^^^^^^^^^^^^^^^^^^^^^^^^^^^
[INFO] [stdout]     |
[INFO] [stdout]     = note: source type: `SocketAddrV4` (48 bits)
[INFO] [stdout]     = note: target type: `sockaddr_in` (128 bits)
[INFO] [stdout] 
[INFO] [stdout] 
[INFO] [stdout] error: aborting due to previous error
[INFO] [stdout] 
[INFO] [stdout] 
[INFO] [stdout] For more information about this error, try `rustc --explain E0512`.
[INFO] [stdout] 
[INFO] [stderr] error: could not compile `socket2` (lib) due to 2 previous errors
[INFO] [stderr] warning: build failed, waiting for other jobs to finish...
[INFO] running `Command { std: "docker" "inspect" "f232188419c219d08645c6a065c44b834f4cbebcb65d98367ea8f343f14ec017", kill_on_drop: false }`
[INFO] running `Command { std: "docker" "rm" "-f" "f232188419c219d08645c6a065c44b834f4cbebcb65d98367ea8f343f14ec017", kill_on_drop: false }`
[INFO] [stdout] f232188419c219d08645c6a065c44b834f4cbebcb65d98367ea8f343f14ec017
[INFO] documenting Dengjianping/816 against beta-2023-12-22 for beta-1.76-rustdoc-1
[INFO] running `Command { std: "git" "clone" "/workspace/cache/git-repos/https%3A%2F%2Fgithub.com%2FDengjianping%2F816" "/workspace/builds/worker-0-tc2/source", kill_on_drop: false }`
[INFO] [stderr] Cloning into '/workspace/builds/worker-0-tc2/source'...
[INFO] [stderr] done.
[INFO] validating manifest of git repo https://github.com/Dengjianping/816 on toolchain beta-2023-12-22
[INFO] running `Command { std: CARGO_HOME="/workspace/cargo-home" RUSTUP_HOME="/workspace/rustup-home" "/workspace/cargo-home/bin/cargo" "+beta-2023-12-22" "metadata" "--manifest-path" "Cargo.toml" "--no-deps", kill_on_drop: false }`
[INFO] started tweaking git repo https://github.com/Dengjianping/816
[INFO] finished tweaking git repo https://github.com/Dengjianping/816
[INFO] tweaked toml for git repo https://github.com/Dengjianping/816 written to /workspace/builds/worker-0-tc2/source/Cargo.toml
[INFO] crate git repo https://github.com/Dengjianping/816 already has a lockfile, it will not be regenerated
[INFO] running `Command { std: CARGO_HOME="/workspace/cargo-home" RUSTUP_HOME="/workspace/rustup-home" "/workspace/cargo-home/bin/cargo" "+beta-2023-12-22" "fetch" "--manifest-path" "Cargo.toml", kill_on_drop: false }`
[INFO] running `Command { std: "docker" "create" "-v" "/var/lib/crater-agent-workspace/builds/worker-0-tc2/target:/opt/rustwide/target:rw,Z" "-v" "/var/lib/crater-agent-workspace/builds/worker-0-tc2/source:/opt/rustwide/workdir:ro,Z" "-v" "/var/lib/crater-agent-workspace/cargo-home:/opt/rustwide/cargo-home:ro,Z" "-v" "/var/lib/crater-agent-workspace/rustup-home:/opt/rustwide/rustup-home:ro,Z" "-e" "SOURCE_DIR=/opt/rustwide/workdir" "-e" "CARGO_TARGET_DIR=/opt/rustwide/target" "-e" "CARGO_HOME=/opt/rustwide/cargo-home" "-e" "RUSTUP_HOME=/opt/rustwide/rustup-home" "-w" "/opt/rustwide/workdir" "-m" "1610612736" "--user" "0:0" "--network" "none" "ghcr.io/rust-lang/crates-build-env/linux@sha256:2788e3201cd34a07e3172128adcd8b3090168a8e3bcc40d7c032b9dda1df7d1c" "/opt/rustwide/cargo-home/bin/cargo" "+beta-2023-12-22" "metadata" "--no-deps" "--format-version=1", kill_on_drop: false }`
[INFO] [stdout] 48b6105ec9a58aae81b273da5622d4ee4131c33fe5d0196dc23b81244235741f
[INFO] running `Command { std: "docker" "start" "-a" "48b6105ec9a58aae81b273da5622d4ee4131c33fe5d0196dc23b81244235741f", kill_on_drop: false }`
[INFO] running `Command { std: "docker" "inspect" "48b6105ec9a58aae81b273da5622d4ee4131c33fe5d0196dc23b81244235741f", kill_on_drop: false }`
[INFO] running `Command { std: "docker" "rm" "-f" "48b6105ec9a58aae81b273da5622d4ee4131c33fe5d0196dc23b81244235741f", kill_on_drop: false }`
[INFO] [stdout] 48b6105ec9a58aae81b273da5622d4ee4131c33fe5d0196dc23b81244235741f
[INFO] running `Command { std: "docker" "create" "-v" "/var/lib/crater-agent-workspace/builds/worker-0-tc2/target:/opt/rustwide/target:rw,Z" "-v" "/var/lib/crater-agent-workspace/builds/worker-0-tc2/source:/opt/rustwide/workdir:ro,Z" "-v" "/var/lib/crater-agent-workspace/cargo-home:/opt/rustwide/cargo-home:ro,Z" "-v" "/var/lib/crater-agent-workspace/rustup-home:/opt/rustwide/rustup-home:ro,Z" "-e" "SOURCE_DIR=/opt/rustwide/workdir" "-e" "CARGO_TARGET_DIR=/opt/rustwide/target" "-e" "CARGO_INCREMENTAL=0" "-e" "RUST_BACKTRACE=full" "-e" "RUSTFLAGS=--cap-lints=warn" "-e" "RUSTDOCFLAGS=--cap-lints=warn" "-e" "CARGO_HOME=/opt/rustwide/cargo-home" "-e" "RUSTUP_HOME=/opt/rustwide/rustup-home" "-w" "/opt/rustwide/workdir" "-m" "1610612736" "--user" "0:0" "--network" "none" "ghcr.io/rust-lang/crates-build-env/linux@sha256:2788e3201cd34a07e3172128adcd8b3090168a8e3bcc40d7c032b9dda1df7d1c" "/opt/rustwide/cargo-home/bin/cargo" "+beta-2023-12-22" "doc" "--frozen" "--no-deps" "--document-private-items" "--message-format=json", kill_on_drop: false }`
[INFO] [stdout] 70b8582845105eababa85cabf15c7015ba7181f369f36c70ef7dced30141c556
[INFO] running `Command { std: "docker" "start" "-a" "70b8582845105eababa85cabf15c7015ba7181f369f36c70ef7dced30141c556", kill_on_drop: false }`
[INFO] [stderr]    Compiling proc-macro2 v1.0.18
[INFO] [stderr]    Compiling syn v1.0.33
[INFO] [stderr]    Compiling libc v0.2.71
[INFO] [stderr]    Compiling serde_derive v1.0.114
[INFO] [stderr]    Compiling serde v1.0.114
[INFO] [stderr]    Compiling autocfg v1.0.0
[INFO] [stderr]    Compiling log v0.4.8
[INFO] [stderr]    Compiling byteorder v1.3.4
[INFO] [stderr]    Compiling memchr v2.3.3
[INFO] [stderr]    Compiling getrandom v0.1.14
[INFO] [stderr]    Compiling proc-macro-hack v0.5.15
[INFO] [stderr]    Compiling indexmap v1.3.2
[INFO] [stderr]    Compiling pin-project-internal v0.4.22
[INFO] [stderr]    Compiling proc-macro-nested v0.1.4
[INFO] [stderr]    Compiling crunchy v0.2.2
[INFO] [stderr]    Compiling quote v1.0.6
[INFO] [stderr]    Compiling libm v0.2.1
[INFO] [stderr]    Compiling crc32fast v1.2.0
[INFO] [stderr]    Compiling num-traits v0.2.11
[INFO] [stderr]     Checking either v1.5.3
[INFO] [stderr]    Compiling num-integer v0.1.42
[INFO] [stderr]    Compiling regex-syntax v0.6.17
[INFO] [stderr]     Checking futures v0.1.29
[INFO] [stderr]    Compiling aho-corasick v0.7.10
[INFO] [stderr]    Compiling thread_local v1.0.1
[INFO] [stderr]     Checking num_cpus v1.12.0
[INFO] [stderr]     Checking slab v0.4.2
[INFO] [stderr]    Compiling const-random-macro v0.1.8
[INFO] [stderr]     Checking smallvec v0.6.13
[INFO] [stderr]    Compiling num-bigint v0.2.6
[INFO] [stderr]    Compiling hashbrown v0.6.3
[INFO] [stderr]    Compiling tiny-keccak v2.0.2
[INFO] [stderr]     Checking rand_core v0.5.1
[INFO] [stderr]    Compiling hashbrown v0.8.0
[INFO] [stderr]     Checking ppv-lite86 v0.2.6
[INFO] [stderr]    Compiling parity-util-mem v0.7.0
[INFO] [stderr]     Checking rand_pcg v0.2.1
[INFO] [stderr]    Compiling num-rational v0.2.4
[INFO] [stderr]     Checking smallvec v1.4.1
[INFO] [stderr]     Checking arrayvec v0.5.1
[INFO] [stderr]    Compiling failure_derive v0.1.7
[INFO] [stderr]     Checking futures-core v0.3.5
[INFO] [stderr]    Compiling arrayvec v0.4.12
[INFO] [stderr]     Checking rand_chacha v0.2.2
[INFO] [stderr]     Checking futures-sink v0.3.5
[INFO] [stderr]     Checking opaque-debug v0.2.3
[INFO] [stderr]     Checking futures-channel v0.3.5
[INFO] [stderr]     Checking rand v0.7.3
[INFO] [stderr]     Checking futures-io v0.3.5
[INFO] [stderr]     Checking digest v0.8.1
[INFO] [stderr]     Checking byte-tools v0.3.1
[INFO] [stderr]     Checking block-padding v0.1.5
[INFO] [stderr]     Checking fake-simd v0.1.2
[INFO] [stderr]     Checking parking_lot_core v0.7.1
[INFO] [stderr]     Checking subtle v2.2.2
[INFO] [stderr]     Checking block-buffer v0.7.3
[INFO] [stderr]    Compiling regex v1.3.6
[INFO] [stderr]     Checking sha2 v0.8.1
[INFO] [stderr]     Checking parking_lot v0.10.2
[INFO] [stderr]     Checking radium v0.3.0
[INFO] [stderr]     Checking rustc-hex v2.1.0
[INFO] [stderr]     Checking bitvec v0.17.4
[INFO] [stderr]     Checking byte-slice-cast v0.3.5
[INFO] [stderr]     Checking unicode-normalization v0.1.12
[INFO] [stderr]     Checking keccak v0.1.0
[INFO] [stderr]     Checking uint v0.8.2
[INFO] [stderr]     Checking subtle v1.0.0
[INFO] [stderr]     Checking constant_time_eq v0.1.5
[INFO] [stderr]     Checking crypto-mac v0.7.0
[INFO] [stderr]     Checking hmac v0.7.1
[INFO] [stderr]     Checking rlp v0.4.5
[INFO] [stderr]    Compiling Inflector v0.11.4
[INFO] [stderr]     Checking signature v1.1.0
[INFO] [stderr]     Checking ed25519 v1.0.1
[INFO] [stderr]     Checking impl-rlp v0.2.1
[INFO] [stderr]     Checking hmac-drbg v0.2.0
[INFO] [stderr]     Checking fixed-hash v0.6.0
[INFO] [stderr]     Checking libsecp256k1 v0.3.5
[INFO] [stderr]     Checking stable_deref_trait v1.1.1
[INFO] [stderr]     Checking sp-std v2.0.0-rc5 (/opt/rustwide/workdir/primitives/std)
[INFO] [stderr]     Checking wasmparser v0.57.0
[INFO] [stderr]     Checking rustc-demangle v0.1.16
[INFO] [stderr]     Checking gimli v0.22.0
[INFO] [stderr]     Checking miniz_oxide v0.4.0
[INFO] [stderr]     Checking const-random v0.1.8
[INFO] [stderr]     Checking errno v0.2.5
[INFO] [stderr]    Compiling synstructure v0.12.3
[INFO] [stderr]     Checking ahash v0.2.18
[INFO] [stderr]     Checking tracing-core v0.1.12
[INFO] [stderr]     Checking ahash v0.3.8
[INFO] [stderr]     Checking lru v0.5.3
[INFO] [stderr]     Checking parity-wasm v0.41.0
[INFO] [stderr]     Checking memory_units v0.3.0
[INFO] [stderr]     Checking environmental v1.1.1
[INFO] [stderr]     Checking addr2line v0.13.0
[INFO] [stderr]     Checking hash-db v0.15.2
[INFO] [stderr]     Checking pbkdf2 v0.3.0
[INFO] [stderr]     Checking dyn-clone v1.0.2
[INFO] [stderr]     Checking twox-hash v1.5.0
[INFO] [stderr]     Checking hash256-std-hasher v0.15.2
[INFO] [stderr]     Checking blake2-rfc v0.2.18
[INFO] [stderr]     Checking hex v0.4.2
[INFO] [stderr]     Checking base58 v0.1.0
[INFO] [stderr]    Compiling jobserver v0.1.21
[INFO] [stderr]     Checking trie-db v0.22.0
[INFO] [stderr]     Checking trie-root v0.16.0
[INFO] [stderr]     Checking itertools v0.9.0
[INFO] [stderr]    Compiling cc v1.0.50
[INFO] [stderr]     Checking integer-sqrt v0.1.3
[INFO] [stderr]    Compiling serde_json v1.0.56
[INFO] [stderr]     Checking wasmi-validation v0.3.0
[INFO] [stderr]    Compiling crossbeam-utils v0.7.2
[INFO] [stderr]     Checking wasmi v0.6.2
[INFO] [stderr]    Compiling nodrop v0.1.14
[INFO] [stderr]    Compiling version_check v0.9.1
[INFO] [stderr]    Compiling anyhow v1.0.28
[INFO] [stderr]    Compiling futures-macro v0.3.5
[INFO] [stderr]    Compiling zeroize_derive v1.0.0
[INFO] [stderr]    Compiling impl-trait-for-tuples v0.1.3
[INFO] [stderr]    Compiling sp-debug-derive v2.0.0-rc5 (/opt/rustwide/workdir/primitives/debug-derive)
[INFO] [stderr]    Compiling parity-util-mem-derive v0.1.0
[INFO] [stderr]    Compiling ref-cast-impl v1.0.1
[INFO] [stderr]    Compiling rental-impl v0.5.5
[INFO] [stderr]    Compiling tracing-attributes v0.1.9
[INFO] [stderr]    Compiling derive_more v0.99.5
[INFO] [stderr]    Compiling dyn-clonable-impl v0.9.0
[INFO] [stderr]     Checking zeroize v1.1.0
[INFO] [stderr]     Checking curve25519-dalek v2.0.0
[INFO] [stderr]     Checking ref-cast v1.0.1
[INFO] [stderr]     Checking pin-project v0.4.22
[INFO] [stderr]    Compiling paste-impl v0.1.10
[INFO] [stderr]     Checking merlin v2.0.0
[INFO] [stderr]     Checking tracing v0.1.18
[INFO] [stderr]     Checking secrecy v0.6.0
[INFO] [stderr]     Checking dyn-clonable v0.9.0
[INFO] [stderr]    Compiling thiserror-impl v1.0.15
[INFO] [stderr]    Compiling bytes v0.5.4
[INFO] [stderr]     Checking schnorrkel v0.9.1
[INFO] [stderr]    Compiling wasm-bindgen-shared v0.2.67
[INFO] [stderr]     Checking paste v0.1.10
[INFO] [stderr]    Compiling bumpalo v3.2.1
[INFO] [stderr]     Checking substrate-bip39 v0.4.1
[INFO] [stderr]    Compiling ring v0.16.12
[INFO] [stderr]    Compiling wasm-bindgen-backend v0.2.67
[INFO] [stderr]    Compiling unicode-segmentation v1.6.0
[INFO] [stderr]    Compiling wasm-bindgen v0.2.67
[INFO] [stderr]    Compiling heck v0.3.1
[INFO] [stderr]    Compiling which v3.1.1
[INFO] [stderr]     Checking itoa v0.4.5
[INFO] [stderr]    Compiling itertools v0.8.2
[INFO] [stderr]    Compiling prost-build v0.6.1
[INFO] [stderr]    Compiling fixedbitset v0.2.0
[INFO] [stderr]    Compiling remove_dir_all v0.5.2
[INFO] [stderr]    Compiling tempfile v3.1.0
[INFO] [stderr]    Compiling wasm-bindgen-macro-support v0.2.67
[INFO] [stderr]    Compiling prost-derive v0.6.1
[INFO] [stderr]    Compiling generic-array v0.14.3
[INFO] [stderr]    Compiling multimap v0.8.1
[INFO] [stderr]    Compiling httparse v1.3.4
[INFO] [stderr]    Compiling asn1_der_derive v0.1.2
[INFO] [stderr]    Compiling wasm-bindgen-macro v0.2.67
[INFO] [stderr]    Compiling memoffset v0.5.4
[INFO] [stderr]     Checking fnv v1.0.6
[INFO] [stderr]    Compiling crossbeam-epoch v0.8.2
[INFO] [stderr]     Checking thiserror v1.0.15
[INFO] [stderr]    Compiling pkg-config v0.3.17
[INFO] [stderr]    Compiling tokio-macros v0.2.5
[INFO] [stderr]     Checking iovec v0.1.4
[INFO] [stderr]    Compiling semver v0.9.0
[INFO] [stderr]    Compiling toml v0.5.6
[INFO] [stderr]     Checking impl-serde v0.3.0
[INFO] [stderr]    Compiling rustc_version v0.2.3
[INFO] [stderr]     Checking ed25519-dalek v1.0.0-pre.4
[INFO] [stderr]     Checking object v0.20.0
[INFO] [stderr]     Checking ethbloom v0.9.2
[INFO] [stderr]    Compiling parking_lot_core v0.6.2
[INFO] [stderr]    Compiling parking_lot v0.9.0
[INFO] [stderr]     Checking impl-serde v0.2.3
[INFO] [stderr]     Checking sp-storage v2.0.0-rc5 (/opt/rustwide/workdir/primitives/storage)
[INFO] [stderr]    Compiling prost v0.6.1
[INFO] [stderr]    Compiling petgraph v0.5.0
[INFO] [stderr]    Compiling libz-sys v1.0.25
[INFO] [stderr]    Compiling prost-types v0.6.1
[INFO] [stderr]    Compiling proc-macro-crate v0.1.4
[INFO] [stderr]     Checking once_cell v1.3.1
[INFO] [stderr]     Checking rental v0.5.5
[INFO] [stderr]     Checking futures-task v0.3.5
[INFO] [stderr]     Checking net2 v0.2.33
[INFO] [stderr]    Compiling snow v0.7.1
[INFO] [stderr]     Checking futures-util v0.3.5
[INFO] [stderr]    Compiling parity-scale-codec-derive v1.2.1
[INFO] [stderr]    Compiling sp-runtime-interface-proc-macro v2.0.0-rc5 (/opt/rustwide/workdir/primitives/runtime-interface/proc-macro)
[INFO] [stderr]     Checking sp-tracing v2.0.0-rc5 (/opt/rustwide/workdir/primitives/tracing)
[INFO] [stderr]    Compiling sp-api-proc-macro v2.0.0-rc5 (/opt/rustwide/workdir/primitives/api/proc-macro)
[INFO] [stdout] warning: using an old version of `rental`
[INFO] [stdout]   --> primitives/tracing/src/proxy.rs:32:1
[INFO] [stdout]    |
[INFO] [stdout] 32 | / rental! {
[INFO] [stdout] 33 | |     pub mod rent_span {
[INFO] [stdout] 34 | |         #[rental]
[INFO] [stdout] 35 | |         pub struct SpanAndGuard {
[INFO] [stdout] ...  |
[INFO] [stdout] 39 | |     }
[INFO] [stdout] 40 | | }
[INFO] [stdout]    | |_^
[INFO] [stdout]    |
[INFO] [stdout]    = warning: this was previously accepted by the compiler but is being phased out; it will become a hard error in a future release!
[INFO] [stdout]    = note: for more information, see issue #83125 <https://github.com/rust-lang/rust/issues/83125>
[INFO] [stdout]    = note: older versions of the `rental` crate will stop compiling in future versions of Rust; please update to `rental` v0.5.6, or switch to one of the `rental` alternatives
[INFO] [stdout]    = note: `#[warn(proc_macro_back_compat)]` on by default
[INFO] [stdout]    = note: this warning originates in the macro `rental` (in Nightly builds, run with -Z macro-backtrace for more info)
[INFO] [stdout] 
[INFO] [stdout] 
[INFO] [stdout] warning: 1 warning emitted
[INFO] [stdout] 
[INFO] [stdout] 
[INFO] [stderr]     Checking backtrace v0.3.50
[INFO] [stderr]    Compiling prometheus v0.9.0
[INFO] [stderr]     Checking js-sys v0.3.37
[INFO] [stderr]    Compiling libp2p-core-derive v0.20.1
[INFO] [stderr]     Checking failure v0.1.7
[INFO] [stderr]     Checking tiny-bip39 v0.7.3
[INFO] [stderr]     Checking sp-panic-handler v2.0.0-rc5 (/opt/rustwide/workdir/primitives/panic-handler)
[INFO] [stderr]     Checking untrusted v0.7.0
[INFO] [stderr]     Checking matches v0.1.8
[INFO] [stderr]     Checking unicode-bidi v0.3.4
[INFO] [stderr]    Compiling libp2p-core v0.20.1
[INFO] [stderr]    Compiling libp2p-noise v0.22.0
[INFO] [stderr]     Checking futures-executor v0.3.5
[INFO] [stderr]     Checking parity-scale-codec v1.3.4
[INFO] [stderr]     Checking futures v0.3.5
[INFO] [stderr]    Compiling libp2p-secio v0.20.0
[INFO] [stderr]    Compiling libp2p-identify v0.20.0
[INFO] [stderr]    Compiling libp2p-kad v0.21.0
[INFO] [stderr]     Checking wasm-timer v0.2.4
[INFO] [stderr]     Checking web-sys v0.3.37
[INFO] [stderr]     Checking mio v0.6.21
[INFO] [stderr]     Checking send_wrapper v0.4.0
[INFO] [stderr]     Checking sha-1 v0.8.2
[INFO] [stderr]     Checking idna v0.2.0
[INFO] [stderr]     Checking sha3 v0.8.2
[INFO] [stderr]     Checking percent-encoding v2.1.0
[INFO] [stderr]    Compiling cranelift-entity v0.66.0
[INFO] [stderr]    Compiling scopeguard v1.1.0
[INFO] [stderr]     Checking base64 v0.12.3
[INFO] [stderr]    Compiling cranelift-codegen-shared v0.66.0
[INFO] [stderr]     Checking url v2.1.1
[INFO] [stderr]     Checking quick-error v1.2.3
[INFO] [stderr]    Compiling target-lexicon v0.10.0
[INFO] [stderr]    Compiling cranelift-codegen-meta v0.66.0
[INFO] [stderr]     Checking mio-uds v0.6.7
[INFO] [stderr]     Checking futures_codec v0.4.1
[INFO] [stderr]     Checking pin-project-lite v0.1.4
[INFO] [stderr]     Checking unsigned-varint v0.4.0
[INFO] [stderr]    Compiling frame-support-procedural-tools-derive v2.0.0-rc5 (/opt/rustwide/workdir/frame/support/procedural/tools/derive)
[INFO] [stderr]     Checking blake2s_simd v0.5.10
[INFO] [stderr]     Checking impl-codec v0.4.2
[INFO] [stderr]     Checking sp-wasm-interface v2.0.0-rc5 (/opt/rustwide/workdir/primitives/wasm-interface)
[INFO] [stderr]     Checking primitive-types v0.7.0
[INFO] [stderr]     Checking sp-externalities v0.8.0-rc5 (/opt/rustwide/workdir/primitives/externalities)
[INFO] [stdout] warning: trait objects without an explicit `dyn` are deprecated
[INFO] [stdout]    --> primitives/externalities/src/lib.rs:278:57
[INFO] [stdout]     |
[INFO] [stdout] 278 |         self.extension_by_type_id(TypeId::of::<T>()).and_then(Any::downcast_mut)
[INFO] [stdout]     |                                                               ^^^
[INFO] [stdout]     |
[INFO] [stdout]     = warning: this is accepted in the current edition (Rust 2018) but is a hard error in Rust 2021!
[INFO] [stdout]     = note: for more information, see <https://doc.rust-lang.org/nightly/edition-guide/rust-2021/warnings-promoted-to-error.html>
[INFO] [stdout]     = note: `#[warn(bare_trait_objects)]` on by default
[INFO] [stdout] help: use `dyn`
[INFO] [stdout]     |
[INFO] [stdout] 278 |         self.extension_by_type_id(TypeId::of::<T>()).and_then(<dyn Any>::downcast_mut)
[INFO] [stdout]     |                                                               ++++    +
[INFO] [stdout] 
[INFO] [stdout] 
[INFO] [stderr]     Checking sp-arithmetic v2.0.0-rc5 (/opt/rustwide/workdir/primitives/arithmetic)
[INFO] [stdout] warning: 1 warning emitted
[INFO] [stdout] 
[INFO] [stdout] 
[INFO] [stderr]     Checking blake2b_simd v0.5.10
[INFO] [stderr]     Checking unsigned-varint v0.3.3
[INFO] [stderr]     Checking data-encoding v2.2.0
[INFO] [stdout] error[E0283]: type annotations needed
[INFO] [stdout]     --> primitives/arithmetic/src/fixed_point.rs:541:32
[INFO] [stdout]      |
[INFO] [stdout] 541  |                   let accuracy = P::ACCURACY.saturated_into();
[INFO] [stdout]      |                                              ^^^^^^^^^^^^^^ cannot infer type
[INFO] [stdout] ...
[INFO] [stdout] 1595 | / implement_fixed!(
[INFO] [stdout] 1596 | |     FixedI64,
[INFO] [stdout] 1597 | |     test_fixed_i64,
[INFO] [stdout] 1598 | |     i64,
[INFO] [stdout] ...    |
[INFO] [stdout] 1601 | |     "_Fixed Point 64 bits signed, range = [-9223372036.854775808, 9223372036.854775807]_",
[INFO] [stdout] 1602 | | );
[INFO] [stdout]      | |_- in this macro invocation
[INFO] [stdout]      |
[INFO] [stdout]      = note: cannot satisfy `<P as PerThing>::Inner: UniqueSaturatedInto<_>`
[INFO] [stdout] note: required by a bound in `SaturatedConversion::saturated_into`
[INFO] [stdout]     --> primitives/arithmetic/src/traits.rs:183:46
[INFO] [stdout]      |
[INFO] [stdout] 183  |     fn saturated_into<T>(self) -> T where Self: UniqueSaturatedInto<T> {
[INFO] [stdout]      |                                                 ^^^^^^^^^^^^^^^^^^^^^^ required by this bound in `SaturatedConversion::saturated_into`
[INFO] [stdout]      = note: this error originates in the macro `implement_fixed` (in Nightly builds, run with -Z macro-backtrace for more info)
[INFO] [stdout] 
[INFO] [stdout] 
[INFO] [stdout] error[E0283]: type annotations needed
[INFO] [stdout]     --> primitives/arithmetic/src/fixed_point.rs:541:32
[INFO] [stdout]      |
[INFO] [stdout] 541  |                   let accuracy = P::ACCURACY.saturated_into();
[INFO] [stdout]      |                                              ^^^^^^^^^^^^^^ cannot infer type
[INFO] [stdout] ...
[INFO] [stdout] 1604 | / implement_fixed!(
[INFO] [stdout] 1605 | |     FixedI128,
[INFO] [stdout] 1606 | |     test_fixed_i128,
[INFO] [stdout] 1607 | |     i128,
[INFO] [stdout] ...    |
[INFO] [stdout] 1611 | |         [-170141183460469231731.687303715884105728, 170141183460469231731.687303715884105727]_",
[INFO] [stdout] 1612 | | );
[INFO] [stdout]      | |_- in this macro invocation
[INFO] [stdout]      |
[INFO] [stdout]      = note: cannot satisfy `<P as PerThing>::Inner: UniqueSaturatedInto<_>`
[INFO] [stdout] note: required by a bound in `SaturatedConversion::saturated_into`
[INFO] [stdout]     --> primitives/arithmetic/src/traits.rs:183:46
[INFO] [stdout]      |
[INFO] [stdout] 183  |     fn saturated_into<T>(self) -> T where Self: UniqueSaturatedInto<T> {
[INFO] [stdout]      |                                                 ^^^^^^^^^^^^^^^^^^^^^^ required by this bound in `SaturatedConversion::saturated_into`
[INFO] [stdout]      = note: this error originates in the macro `implement_fixed` (in Nightly builds, run with -Z macro-backtrace for more info)
[INFO] [stdout] 
[INFO] [stdout] 
[INFO] [stdout] error[E0283]: type annotations needed
[INFO] [stdout]     --> primitives/arithmetic/src/fixed_point.rs:541:32
[INFO] [stdout]      |
[INFO] [stdout] 541  |                   let accuracy = P::ACCURACY.saturated_into();
[INFO] [stdout]      |                                              ^^^^^^^^^^^^^^ cannot infer type
[INFO] [stdout] ...
[INFO] [stdout] 1614 | / implement_fixed!(
[INFO] [stdout] 1615 | |     FixedU128,
[INFO] [stdout] 1616 | |     test_fixed_u128,
[INFO] [stdout] 1617 | |     u128,
[INFO] [stdout] ...    |
[INFO] [stdout] 1621 | |         [0.000000000000000000, 340282366920938463463.374607431768211455]_",
[INFO] [stdout] 1622 | | );
[INFO] [stdout]      | |_- in this macro invocation
[INFO] [stdout]      |
[INFO] [stdout]      = note: cannot satisfy `<P as PerThing>::Inner: UniqueSaturatedInto<_>`
[INFO] [stdout] note: required by a bound in `SaturatedConversion::saturated_into`
[INFO] [stdout]     --> primitives/arithmetic/src/traits.rs:183:46
[INFO] [stdout]      |
[INFO] [stdout] 183  |     fn saturated_into<T>(self) -> T where Self: UniqueSaturatedInto<T> {
[INFO] [stdout]      |                                                 ^^^^^^^^^^^^^^^^^^^^^^ required by this bound in `SaturatedConversion::saturated_into`
[INFO] [stdout]      = note: this error originates in the macro `implement_fixed` (in Nightly builds, run with -Z macro-backtrace for more info)
[INFO] [stdout] 
[INFO] [stdout] 
[INFO] [stdout] error: aborting due to 3 previous errors
[INFO] [stdout] 
[INFO] [stdout] 
[INFO] [stdout] For more information about this error, try `rustc --explain E0283`.
[INFO] [stdout] 
[INFO] [stderr] error: could not compile `sp-arithmetic` (lib) due to 4 previous errors
[INFO] [stderr] warning: build failed, waiting for other jobs to finish...
[INFO] running `Command { std: "docker" "inspect" "70b8582845105eababa85cabf15c7015ba7181f369f36c70ef7dced30141c556", kill_on_drop: false }`
[INFO] running `Command { std: "docker" "rm" "-f" "70b8582845105eababa85cabf15c7015ba7181f369f36c70ef7dced30141c556", kill_on_drop: false }`
[INFO] [stdout] 70b8582845105eababa85cabf15c7015ba7181f369f36c70ef7dced30141c556
