[INFO] cloning repository https://github.com/Demy076/chat_app_rust
[INFO] running `Command { std: "git" "-c" "credential.helper=" "-c" "credential.helper=/workspace/cargo-home/bin/git-credential-null" "clone" "--bare" "https://github.com/Demy076/chat_app_rust" "/workspace/cache/git-repos/https%3A%2F%2Fgithub.com%2FDemy076%2Fchat_app_rust", kill_on_drop: false }`
[INFO] [stderr] Cloning into bare repository '/workspace/cache/git-repos/https%3A%2F%2Fgithub.com%2FDemy076%2Fchat_app_rust'...
[INFO] running `Command { std: "git" "rev-parse" "HEAD", kill_on_drop: false }`
[INFO] [stdout] 1cfe1ce92f3fbc5b609dd8b74e3ce28fd11abf19
[INFO] documenting Demy076/chat_app_rust against 1.75.0 for beta-1.76-rustdoc-1
[INFO] running `Command { std: "git" "clone" "/workspace/cache/git-repos/https%3A%2F%2Fgithub.com%2FDemy076%2Fchat_app_rust" "/workspace/builds/worker-3-tc1/source", kill_on_drop: false }`
[INFO] [stderr] Cloning into '/workspace/builds/worker-3-tc1/source'...
[INFO] [stderr] done.
[INFO] validating manifest of git repo https://github.com/Demy076/chat_app_rust on toolchain 1.75.0
[INFO] running `Command { std: CARGO_HOME="/workspace/cargo-home" RUSTUP_HOME="/workspace/rustup-home" "/workspace/cargo-home/bin/cargo" "+1.75.0" "metadata" "--manifest-path" "Cargo.toml" "--no-deps", kill_on_drop: false }`
[INFO] started tweaking git repo https://github.com/Demy076/chat_app_rust
[INFO] finished tweaking git repo https://github.com/Demy076/chat_app_rust
[INFO] tweaked toml for git repo https://github.com/Demy076/chat_app_rust written to /workspace/builds/worker-3-tc1/source/Cargo.toml
[INFO] crate git repo https://github.com/Demy076/chat_app_rust already has a lockfile, it will not be regenerated
[INFO] running `Command { std: CARGO_HOME="/workspace/cargo-home" RUSTUP_HOME="/workspace/rustup-home" "/workspace/cargo-home/bin/cargo" "+1.75.0" "fetch" "--manifest-path" "Cargo.toml", kill_on_drop: false }`
[INFO] [stderr] warning: unused manifest key: alias
[INFO] [stderr]     Updating crates.io index
[INFO] [stderr]     Updating git repository `https://github.com/Brendonovich/prisma-client-rust`
[INFO] [stderr]     Updating git repository `https://github.com/Brendonovich/prisma-engines`
[INFO] [stderr]     Updating git repository `https://github.com/Brendonovich/quaint`
[INFO] [stderr]     Updating git repository `https://github.com/prisma/graphql-parser`
[INFO] [stderr]     Updating git repository `https://github.com/prisma/mobc`
[INFO] [stderr]     Updating git repository `https://github.com/prisma/mysql_async`
[INFO] [stderr]     Updating git repository `https://github.com/pimeys/rust-postgres`
[INFO] [stderr]     Updating git repository `https://github.com/pimeys/tls`
[INFO] [stderr]  Downloading crates ...
[INFO] [stderr]   Downloaded opentls v0.2.1
[INFO] [stderr]   Downloaded forwarded-header-value v0.1.1
[INFO] [stderr]   Downloaded connection-string v0.1.14
[INFO] [stderr]   Downloaded metrics v0.19.0
[INFO] [stderr]   Downloaded tower_governor v0.1.0
[INFO] [stderr]   Downloaded borsh-derive v1.2.0
[INFO] [stderr]   Downloaded axum-client-ip v0.4.2
[INFO] [stderr]   Downloaded cuid v1.3.2
[INFO] [stderr]   Downloaded axum-extra v0.8.0
[INFO] [stderr]   Downloaded winauth v0.0.4
[INFO] [stderr]   Downloaded borsh v1.2.0
[INFO] [stderr]   Downloaded tiberius v0.11.7
[INFO] [stderr]   Downloaded mongodb v2.7.1
[INFO] [stderr]   Downloaded rusqlite v0.25.4
[INFO] [stderr]   Downloaded mysql_common v0.29.2
[INFO] [stderr]   Downloaded governor v0.6.0
[INFO] [stderr]   Downloaded async-native-tls v0.4.0
[INFO] [stderr]   Downloaded metrics-exporter-prometheus v0.10.0
[INFO] [stderr]   Downloaded atomic-shim v0.2.0
[INFO] [stderr]   Downloaded metrics-util v0.12.1
[INFO] [stderr]   Downloaded nonzero_ext v0.3.0
[INFO] [stderr]   Downloaded sketches-ddsketch v0.1.3
[INFO] [stderr]   Downloaded connection-string v0.2.0
[INFO] [stderr]   Downloaded jsonrpc-core v17.1.0
[INFO] [stderr]   Downloaded crc16 v0.4.0
[INFO] [stderr]   Downloaded metrics-util v0.13.0
[INFO] [stderr]   Downloaded lsp-types v0.91.1
[INFO] [stderr]   Downloaded rustis v0.12.1
[INFO] [stderr]   Downloaded rustrict v0.7.15
[INFO] running `Command { std: "docker" "create" "-v" "/var/lib/crater-agent-workspace/builds/worker-3-tc1/target:/opt/rustwide/target:rw,Z" "-v" "/var/lib/crater-agent-workspace/builds/worker-3-tc1/source:/opt/rustwide/workdir:ro,Z" "-v" "/var/lib/crater-agent-workspace/cargo-home:/opt/rustwide/cargo-home:ro,Z" "-v" "/var/lib/crater-agent-workspace/rustup-home:/opt/rustwide/rustup-home:ro,Z" "-e" "SOURCE_DIR=/opt/rustwide/workdir" "-e" "CARGO_TARGET_DIR=/opt/rustwide/target" "-e" "CARGO_HOME=/opt/rustwide/cargo-home" "-e" "RUSTUP_HOME=/opt/rustwide/rustup-home" "-w" "/opt/rustwide/workdir" "-m" "1610612736" "--user" "0:0" "--network" "none" "ghcr.io/rust-lang/crates-build-env/linux@sha256:2788e3201cd34a07e3172128adcd8b3090168a8e3bcc40d7c032b9dda1df7d1c" "/opt/rustwide/cargo-home/bin/cargo" "+1.75.0" "metadata" "--no-deps" "--format-version=1", kill_on_drop: false }`
[INFO] [stdout] 8f38bbb1755543dfe2e7f1b9a5424fd8adf91751677bc60b93fb70bfebfa9605
[INFO] running `Command { std: "docker" "start" "-a" "8f38bbb1755543dfe2e7f1b9a5424fd8adf91751677bc60b93fb70bfebfa9605", kill_on_drop: false }`
[INFO] running `Command { std: "docker" "inspect" "8f38bbb1755543dfe2e7f1b9a5424fd8adf91751677bc60b93fb70bfebfa9605", kill_on_drop: false }`
[INFO] running `Command { std: "docker" "rm" "-f" "8f38bbb1755543dfe2e7f1b9a5424fd8adf91751677bc60b93fb70bfebfa9605", kill_on_drop: false }`
[INFO] [stdout] 8f38bbb1755543dfe2e7f1b9a5424fd8adf91751677bc60b93fb70bfebfa9605
[INFO] running `Command { std: "docker" "create" "-v" "/var/lib/crater-agent-workspace/builds/worker-3-tc1/target:/opt/rustwide/target:rw,Z" "-v" "/var/lib/crater-agent-workspace/builds/worker-3-tc1/source:/opt/rustwide/workdir:ro,Z" "-v" "/var/lib/crater-agent-workspace/cargo-home:/opt/rustwide/cargo-home:ro,Z" "-v" "/var/lib/crater-agent-workspace/rustup-home:/opt/rustwide/rustup-home:ro,Z" "-e" "SOURCE_DIR=/opt/rustwide/workdir" "-e" "CARGO_TARGET_DIR=/opt/rustwide/target" "-e" "CARGO_INCREMENTAL=0" "-e" "RUST_BACKTRACE=full" "-e" "RUSTFLAGS=--cap-lints=warn" "-e" "RUSTDOCFLAGS=--cap-lints=warn" "-e" "CARGO_HOME=/opt/rustwide/cargo-home" "-e" "RUSTUP_HOME=/opt/rustwide/rustup-home" "-w" "/opt/rustwide/workdir" "-m" "1610612736" "--user" "0:0" "--network" "none" "ghcr.io/rust-lang/crates-build-env/linux@sha256:2788e3201cd34a07e3172128adcd8b3090168a8e3bcc40d7c032b9dda1df7d1c" "/opt/rustwide/cargo-home/bin/cargo" "+1.75.0" "doc" "--frozen" "--no-deps" "--document-private-items" "--message-format=json", kill_on_drop: false }`
[INFO] [stdout] 67ebff18d705d97b1e78adadd124e150ef18b4537e88e99ca8eb25939035f329
[INFO] running `Command { std: "docker" "start" "-a" "67ebff18d705d97b1e78adadd124e150ef18b4537e88e99ca8eb25939035f329", kill_on_drop: false }`
[INFO] [stderr] warning: unused manifest key: alias
[INFO] [stderr]    Compiling proc-macro2 v1.0.69
[INFO] [stderr]    Compiling libc v0.2.150
[INFO] [stderr]    Compiling serde v1.0.193
[INFO] [stderr]     Checking memchr v2.6.4
[INFO] [stderr]     Checking log v0.4.20
[INFO] [stderr]    Compiling thiserror v1.0.50
[INFO] [stderr]    Compiling num-traits v0.2.17
[INFO] [stderr]    Compiling lock_api v0.4.11
[INFO] [stderr]    Compiling futures-core v0.3.29
[INFO] [stderr]     Checking futures-sink v0.3.29
[INFO] [stderr]     Checking hashbrown v0.14.2
[INFO] [stderr]    Compiling parking_lot_core v0.9.9
[INFO] [stderr]     Checking futures-io v0.3.29
[INFO] [stderr]    Compiling futures-task v0.3.29
[INFO] [stderr]    Compiling futures-channel v0.3.29
[INFO] [stderr]     Checking percent-encoding v2.3.1
[INFO] [stderr]    Compiling futures-util v0.3.29
[INFO] [stderr]    Compiling quote v1.0.33
[INFO] [stderr]     Checking indexmap v2.1.0
[INFO] [stderr]    Compiling ahash v0.7.7
[INFO] [stderr]    Compiling syn v2.0.39
[INFO] [stderr]     Checking getrandom v0.2.11
[INFO] [stderr]    Compiling cc v1.0.83
[INFO] [stderr]    Compiling syn v1.0.109
[INFO] [stderr]     Checking num_cpus v1.16.0
[INFO] [stderr]     Checking rand_core v0.6.4
[INFO] [stderr]     Checking socket2 v0.5.5
[INFO] [stderr]     Checking signal-hook-registry v1.4.1
[INFO] [stderr]     Checking rand_chacha v0.3.1
[INFO] [stderr]     Checking mio v0.8.9
[INFO] [stderr]     Checking rand v0.8.5
[INFO] [stderr]     Checking form_urlencoded v1.2.1
[INFO] [stderr]    Compiling serde_json v1.0.108
[INFO] [stderr]     Checking idna v0.5.0
[INFO] [stderr]     Checking tracing-core v0.1.32
[INFO] [stderr]     Checking bitflags v2.4.1
[INFO] [stderr]    Compiling num-integer v0.1.45
[INFO] [stderr]     Checking hashbrown v0.12.3
[INFO] [stderr]    Compiling num-bigint v0.4.4
[INFO] [stderr]     Checking iana-time-zone v0.1.58
[INFO] [stderr]     Checking cpufeatures v0.2.11
[INFO] [stderr]    Compiling indexmap v1.9.3
[INFO] [stderr]    Compiling async-trait v0.1.74
[INFO] [stderr]     Checking socket2 v0.4.10
[INFO] [stderr]     Checking either v1.9.0
[INFO] [stderr]    Compiling backtrace v0.3.69
[INFO] [stderr]     Checking aho-corasick v1.1.2
[INFO] [stderr]     Checking byteorder v1.5.0
[INFO] [stderr]     Checking regex-syntax v0.8.2
[INFO] [stderr]    Compiling openssl-sys v0.9.96
[INFO] [stderr]    Compiling rustix v0.38.25
[INFO] [stderr]    Compiling ucd-trie v0.1.6
[INFO] [stderr]     Checking linux-raw-sys v0.4.11
[INFO] [stderr]    Compiling once_cell v1.18.0
[INFO] [stderr]     Checking hostname v0.3.1
[INFO] [stderr]    Compiling openssl v0.10.60
[INFO] [stderr]    Compiling indoc v1.0.9
[INFO] [stderr]     Checking gimli v0.28.1
[INFO] [stderr]     Checking object v0.32.1
[INFO] [stderr]    Compiling num-rational v0.4.1
[INFO] [stderr]     Checking is-terminal v0.4.9
[INFO] [stderr]    Compiling memoffset v0.9.0
[INFO] [stderr]     Checking colored v2.0.4
[INFO] [stderr]     Checking regex-automata v0.4.3
[INFO] [stderr]    Compiling num-iter v0.1.43
[INFO] [stderr]     Checking rustc-demangle v0.1.23
[INFO] [stderr]    Compiling unicode-xid v0.2.4
[INFO] [stderr]     Checking base64 v0.12.3
[INFO] [stderr]     Checking powerfmt v0.2.0
[INFO] [stderr]    Compiling failure_derive v0.1.8
[INFO] [stderr]     Checking deranged v0.3.9
[INFO] [stderr]    Compiling synstructure v0.12.6
[INFO] [stderr]    Compiling native-tls v0.2.11
[INFO] [stderr]     Checking sha1 v0.10.6
[INFO] [stderr]     Checking sha2 v0.10.8
[INFO] [stderr]     Checking addr2line v0.21.0
[INFO] [stderr]    Compiling crossbeam-epoch v0.9.15
[INFO] [stderr]    Compiling glob v0.3.1
[INFO] [stderr]     Checking time v0.3.30
[INFO] [stderr]    Compiling clang-sys v1.6.1
[INFO] [stderr]     Checking regex v1.10.2
[INFO] [stderr]     Checking lexical-util v0.8.5
[INFO] [stderr]     Checking itertools v0.10.5
[INFO] [stderr]     Checking num-complex v0.4.4
[INFO] [stderr]     Checking keccak v0.1.4
[INFO] [stderr]    Compiling serde_derive v1.0.193
[INFO] [stderr]    Compiling thiserror-impl v1.0.50
[INFO] [stderr]    Compiling futures-macro v0.3.29
[INFO] [stderr]    Compiling tokio-macros v2.2.0
[INFO] [stderr]    Compiling tracing-attributes v0.1.27
[INFO] [stderr]    Compiling enumflags2_derive v0.7.8
[INFO] [stderr]    Compiling pin-project-internal v1.1.3
[INFO] [stderr]    Compiling openssl-macros v0.1.1
[INFO] [stderr]     Checking enumflags2 v0.7.8
[INFO] [stderr]    Compiling pest v2.7.5
[INFO] [stderr]     Checking tracing v0.1.40
[INFO] [stderr]     Checking pin-project v1.1.3
[INFO] [stderr]    Compiling serde_repr v0.1.17
[INFO] [stderr]     Checking failure v0.1.8
[INFO] [stderr]    Compiling pest_meta v2.7.5
[INFO] [stderr]     Checking diagnostics v0.1.0 (https://github.com/Brendonovich/prisma-engines?tag=pcr-0.6.5#7cc20cc5)
[INFO] [stderr]    Compiling metrics-macros v0.5.1
[INFO] [stderr]     Checking num v0.4.1
[INFO] [stderr]     Checking sha3 v0.10.8
[INFO] [stderr]     Checking encoding_index_tests v0.1.4
[INFO] [stderr]    Compiling lazy_static v1.4.0
[INFO] [stderr]     Checking base-x v0.2.11
[INFO] [stderr]    Compiling pest_generator v2.7.5
[INFO] [stderr]     Checking cuid-util v0.1.0
[INFO] [stderr]     Checking connection-string v0.1.14
[INFO] [stderr]     Checking cuid2 v0.1.2
[INFO] [stderr]     Checking base36 v0.0.1
[INFO] [stderr]     Checking futures-executor v0.3.29
[INFO] [stderr]    Compiling nom v7.1.3
[INFO] [stderr]    Compiling libloading v0.7.4
[INFO] [stderr]     Checking hashbrown v0.11.2
[INFO] [stderr]    Compiling frunk_core v0.4.2
[INFO] [stderr]    Compiling bindgen v0.59.2
[INFO] [stderr]     Checking http v0.2.11
[INFO] [stderr]    Compiling pest_derive v2.7.5
[INFO] [stderr]     Checking futures v0.3.29
[INFO] [stderr]     Checking cuid v1.3.2
[INFO] [stderr]     Checking lexical-parse-integer v0.8.6
[INFO] [stderr]     Checking lexical-write-integer v0.8.5
[INFO] [stderr]    Compiling libz-sys v1.1.12
[INFO] [stderr]     Checking tracing-log v0.2.0
[INFO] [stderr]     Checking sharded-slab v0.1.7
[INFO] [stderr]    Compiling cexpr v0.6.0
[INFO] [stderr]     Checking schema-ast v0.1.0 (https://github.com/Brendonovich/prisma-engines?tag=pcr-0.6.5#7cc20cc5)
[INFO] [stderr]    Compiling metrics v0.18.1
[INFO] [stderr]    Compiling shlex v1.2.0
[INFO] [stderr]     Checking fallible-iterator v0.2.0
[INFO] [stderr]    Compiling frunk_proc_macro_helpers v0.1.2
[INFO] [stderr]    Compiling rustc-hash v1.1.0
[INFO] [stderr]    Compiling lazycell v1.3.0
[INFO] [stderr]    Compiling psl v0.1.0 (https://github.com/Brendonovich/prisma-engines?tag=pcr-0.6.5#7cc20cc5)
[INFO] [stderr]    Compiling peeking_take_while v0.1.2
[INFO] [stderr]     Checking lexical-write-float v0.8.5
[INFO] [stderr]     Checking lexical-parse-float v0.8.5
[INFO] [stderr]     Checking crossbeam-channel v0.5.8
[INFO] [stderr]    Compiling cmake v0.1.50
[INFO] [stderr]    Compiling subprocess v0.2.9
[INFO] [stderr]     Checking siphasher v0.3.11
[INFO] [stderr]     Checking smallvec v1.11.2
[INFO] [stderr]     Checking url v2.5.0
[INFO] [stderr]     Checking uuid v1.6.1
[INFO] [stderr]     Checking chrono v0.4.31
[INFO] [stderr]     Checking parking_lot v0.12.1
[INFO] [stderr]     Checking bigdecimal v0.3.1
[INFO] [stderr]     Checking tokio v1.34.0
[INFO] [stderr]     Checking tracing-subscriber v0.3.18
[INFO] [stderr]     Checking parser-database v0.1.0 (https://github.com/Brendonovich/prisma-engines?tag=pcr-0.6.5#7cc20cc5)
[INFO] [stderr]    Compiling rust_decimal v1.33.1
[INFO] [stderr]     Checking lsp-types v0.91.1
[INFO] [stderr]     Checking lexical-core v0.8.5
[INFO] [stderr]     Checking phf_shared v0.11.2
[INFO] [stderr]    Compiling frunk_derives v0.4.2
[INFO] [stderr]     Checking prisma-value v0.1.0 (https://github.com/Brendonovich/prisma-engines?tag=pcr-0.6.5#7cc20cc5)
[INFO] [stderr]    Compiling frunk_proc_macros v0.1.2
[INFO] [stderr]     Checking postgres-protocol v0.6.4 (https://github.com/pimeys/rust-postgres?branch=pgbouncer-mode#74f0847e)
[INFO] [stderr]    Compiling libsqlite3-sys v0.22.2
[INFO] [stderr]     Checking bit-vec v0.6.3
[INFO] [stderr]     Checking futures-timer v3.0.2
[INFO] [stderr]     Checking postgres-types v0.2.4 (https://github.com/pimeys/rust-postgres?branch=pgbouncer-mode#74f0847e)
[INFO] [stderr]     Checking flate2 v1.0.28
[INFO] [stderr]     Checking phf v0.11.2
[INFO] [stderr]     Checking crossbeam-queue v0.3.8
[INFO] [stderr]     Checking lexical v6.1.1
[INFO] [stderr]     Checking encoding-index-simpchinese v1.20141219.5
[INFO] [stderr]     Checking encoding-index-korean v1.20141219.5
[INFO] [stderr]     Checking encoding-index-tradchinese v1.20141219.5
[INFO] [stderr]     Checking encoding-index-singlebyte v1.20141219.5
[INFO] [stderr]     Checking encoding-index-japanese v1.20141219.5
[INFO] [stderr]     Checking crossbeam-deque v0.8.3
[INFO] [stderr]     Checking saturating v0.1.0
[INFO] [stderr]     Checking data-encoding v2.5.0
[INFO] [stderr]     Checking encoding v0.2.33
[INFO] [stderr]     Checking frunk v0.4.2
[INFO] [stderr]     Checking crossbeam v0.8.2
[INFO] [stderr]     Checking async-native-tls v0.4.0
[INFO] [stderr]     Checking hashlink v0.7.0
[INFO] [stderr]     Checking asynchronous-codec v0.6.2
[INFO] [stderr]     Checking twox-hash v1.6.3
[INFO] [stderr]     Checking itertools v0.11.0
[INFO] [stderr]    Compiling ring v0.17.5
[INFO] [stderr]     Checking lru v0.7.8
[INFO] [stderr]     Checking tokio-util v0.7.10
[INFO] [stderr]     Checking tokio-native-tls v0.3.1
[INFO] [stderr]     Checking tokio-native-tls v0.3.0 (https://github.com/pimeys/tls?branch=vendored-openssl#6d0e6fc7)
[INFO] [stderr]     Checking base64 v0.21.5
[INFO] [stderr]     Checking pretty-hex v0.3.0
[INFO] [stderr]     Checking connection-string v0.2.0
[INFO] [stderr]     Checking fallible-streaming-iterator v0.1.9
[INFO] [stderr]     Checking tokio-postgres v0.7.7 (https://github.com/pimeys/rust-postgres?branch=pgbouncer-mode#74f0847e)
[INFO] [stderr]     Checking tokio-util v0.6.10
[INFO] [stderr]     Checking tiberius v0.11.7
[INFO] [stderr]     Checking mobc v0.7.3 (https://github.com/prisma/mobc?tag=1.0.6#80462c48)
[INFO] [stderr]     Checking sqlformat v0.2.2
[INFO] [stderr]     Checking http-body v0.4.5
[INFO] [stderr]     Checking untrusted v0.9.0
[INFO] [stderr]     Checking spin v0.9.8
[INFO] [stderr]     Checking ipnet v2.9.0
[INFO] [stderr]    Compiling anyhow v1.0.75
[INFO] [stderr]    Compiling darling_core v0.13.4
[INFO] [stderr]    Compiling user-facing-error-macros v0.1.0 (https://github.com/Brendonovich/prisma-engines?tag=pcr-0.6.5#7cc20cc5)
[INFO] [stderr]     Checking postgres-native-tls v0.5.0 (https://github.com/pimeys/rust-postgres?branch=pgbouncer-mode#74f0847e)
[INFO] [stderr]    Compiling mysql_common v0.29.2
[INFO] [stderr]     Checking h2 v0.3.22
[INFO] [stderr]    Compiling ahash v0.8.6
[INFO] [stderr]    Compiling rustls v0.21.9
[INFO] [stderr]    Compiling enum-as-inner v0.4.0
[INFO] [stderr]     Checking raw-cpuid v10.7.0
[INFO] [stderr]     Checking zerocopy v0.7.26
[INFO] [stderr]     Checking resolv-conf v0.7.0
[INFO] [stderr]     Checking trust-dns-proto v0.21.2
[INFO] [stderr]     Checking serde_bytes v0.11.12
[INFO] [stderr]     Checking rustls-webpki v0.101.7
[INFO] [stderr]     Checking sct v0.7.1
[INFO] [stderr]     Checking psl-core v0.1.0 (https://github.com/Brendonovich/prisma-engines?tag=pcr-0.6.5#7cc20cc5)
[INFO] [stderr]    Compiling parking_lot_core v0.8.6
[INFO] [stderr]    Compiling darling_macro v0.13.4
[INFO] [stderr]    Compiling derive_more v0.99.17
[INFO] [stderr]     Checking dml v0.1.0 (https://github.com/Brendonovich/prisma-engines?tag=pcr-0.6.5#7cc20cc5)
[INFO] [stderr]     Checking builtin-psl-connectors v0.1.0 (https://github.com/Brendonovich/prisma-engines?tag=pcr-0.6.5#7cc20cc5)
[INFO] [stderr]    Compiling darling v0.13.4
[INFO] [stderr]    Compiling serde_with_macros v1.5.2
[INFO] [stderr]     Checking trust-dns-resolver v0.21.2
[INFO] [stderr]     Checking rusqlite v0.25.4
[INFO] [stderr]     Checking bson v2.7.0
[INFO] [stderr]     Checking hyper v0.14.27
[INFO] [stderr]     Checking tokio-rustls v0.24.1
[INFO] [stderr]     Checking rustls-pemfile v1.0.4
[INFO] [stderr]     Checking tracing-futures v0.2.5
[INFO] [stderr]    Compiling derivative v2.2.0
[INFO] [stderr]    Compiling typed-builder v0.10.0
[INFO] [stderr]     Checking sha-1 v0.10.1
[INFO] [stderr]     Checking mysql_async v0.30.0 (https://github.com/prisma/mysql_async?rev=e3f8bdb41d57e769412f53d0f479bf67fdcc0ee3#e3f8bdb4)
[INFO] [stderr]    Compiling getrandom v0.1.16
[INFO] [stderr]     Checking serde_with v1.14.0
[INFO] [stderr]     Checking webpki-roots v0.25.3
[INFO] [stderr]     Checking prisma-models v0.0.0 (https://github.com/Brendonovich/prisma-engines?tag=pcr-0.6.5#7cc20cc5)
[INFO] [stderr]    Compiling metrics v0.19.0
[INFO] [stderr]     Checking parking_lot v0.11.2
[INFO] [stderr]     Checking quanta v0.9.3
[INFO] [stderr]     Checking atomic-shim v0.2.0
[INFO] [stderr]     Checking sketches-ddsketch v0.1.3
[INFO] [stderr]     Checking rand_core v0.5.1
[INFO] [stderr]     Checking nibble_vec v0.1.0
[INFO] [stderr]     Checking ordered-float v2.10.1
[INFO] [stderr]     Checking endian-type v0.1.2
[INFO] [stderr]     Checking rand_chacha v0.2.2
[INFO] [stderr]     Checking metrics-util v0.13.0
[INFO] [stderr]     Checking radix_trie v0.2.1
[INFO] [stderr]     Checking aho-corasick v0.7.20
[INFO] [stderr]     Checking rand v0.7.3
[INFO] [stderr]     Checking schema v0.1.0 (https://github.com/Brendonovich/prisma-engines?tag=pcr-0.6.5#7cc20cc5)
[INFO] [stderr]     Checking opentelemetry v0.17.0
[INFO] [stderr]     Checking tracing-error v0.2.0
[INFO] [stderr]     Checking tracing-log v0.1.4
[INFO] [stderr]    Compiling adler v1.0.2
[INFO] [stderr]     Checking metrics-util v0.12.1
[INFO] [stderr]    Compiling miniz_oxide v0.7.1
[INFO] [stderr]     Checking quaint v0.2.0-alpha.13 (https://github.com/Brendonovich/quaint?tag=0.6.5#2bf0c362)
[INFO] [stderr]     Checking mongodb v2.7.1
[INFO] [stderr]     Checking schema-builder v0.1.0 (https://github.com/Brendonovich/prisma-engines?tag=pcr-0.6.5#7cc20cc5)
[INFO] [stderr]     Checking datamodel-renderer v0.1.0 (https://github.com/Brendonovich/prisma-engines?tag=pcr-0.6.5#7cc20cc5)
[INFO] [stderr]     Checking tracing-opentelemetry v0.17.4
[INFO] [stderr]     Checking serde_urlencoded v0.7.1
[INFO] [stderr]     Checking serde_path_to_error v0.1.14
[INFO] [stderr]     Checking block-buffer v0.9.0
[INFO] [stderr]     Checking metrics-exporter-prometheus v0.10.0
[INFO] [stderr]     Checking digest v0.9.0
[INFO] [stderr]     Checking fixedbitset v0.1.9
[INFO] [stderr]     Checking ordermap v0.3.5
[INFO] [stderr]     Checking convert_case v0.5.0
[INFO] [stderr]     Checking query-engine-metrics v0.1.0 (https://github.com/Brendonovich/prisma-engines?tag=pcr-0.6.5#7cc20cc5)
[INFO] [stderr]     Checking void v1.0.2
[INFO] [stderr]     Checking unreachable v1.0.0
[INFO] [stderr]     Checking petgraph v0.4.13
[INFO] [stderr]     Checking sha2 v0.9.9
[INFO] [stderr]     Checking tungstenite v0.20.1
[INFO] [stderr]    Compiling heck v0.3.3
[INFO] [stderr]    Compiling axum v0.6.20
[INFO] [stderr]     Checking headers-core v0.2.0
[INFO] [stderr]     Checking unicode-ident v1.0.12
[INFO] [stderr]     Checking ascii v0.9.3
[INFO] [stderr]     Checking combine v3.8.1
[INFO] [stderr]     Checking headers v0.3.9
[INFO] [stderr]     Checking tokio-tungstenite v0.20.1
[INFO] [stderr]     Checking axum-core v0.3.4
[INFO] [stderr]     Checking dmmf v0.1.0 (https://github.com/Brendonovich/prisma-engines?tag=pcr-0.6.5#7cc20cc5)
[INFO] [stderr]     Checking tower v0.4.13
[INFO] [stderr]    Compiling toml v0.5.11
[INFO] [stderr]    Compiling axum-macros v0.3.8
[INFO] [stderr]     Checking matchit v0.7.3
[INFO] [stderr]     Checking user-facing-errors v0.1.0 (https://github.com/Brendonovich/prisma-engines?tag=pcr-0.6.5#7cc20cc5)
[INFO] [stderr]     Checking sql-schema-describer v0.1.0 (https://github.com/Brendonovich/prisma-engines?tag=pcr-0.6.5#7cc20cc5)
[INFO] [stderr]     Checking introspection-connector v0.1.0 (https://github.com/Brendonovich/prisma-engines?tag=pcr-0.6.5#7cc20cc5)
[INFO] [stderr]     Checking query-connector v0.1.0 (https://github.com/Brendonovich/prisma-engines?tag=pcr-0.6.5#7cc20cc5)
[INFO] [stderr]     Checking migration-connector v0.1.0 (https://github.com/Brendonovich/prisma-engines?tag=pcr-0.6.5#7cc20cc5)
[INFO] [stderr]    Compiling json-rpc-api-build v0.1.0 (https://github.com/Brendonovich/prisma-engines?tag=pcr-0.6.5#7cc20cc5)
[INFO] [stderr]     Checking sql-query-connector v0.1.0 (https://github.com/Brendonovich/prisma-engines?tag=pcr-0.6.5#7cc20cc5)
[INFO] [stderr]    Compiling proc-macro-error-attr v1.0.4
[INFO] [stderr]    Compiling cookie v0.17.0
[INFO] [stderr]     Checking nonempty v0.7.0
[INFO] [stderr]     Checking sql-ddl v0.1.0 (https://github.com/Brendonovich/prisma-engines?tag=pcr-0.6.5#7cc20cc5)
[INFO] [stderr]    Compiling crc16 v0.4.0
[INFO] [stderr]     Checking graphql-parser v0.3.0 (https://github.com/prisma/graphql-parser#6a3f58bd)
[INFO] [stderr]     Checking forwarded-header-value v0.1.1
[INFO] [stderr]     Checking sql-introspection-connector v0.1.0 (https://github.com/Brendonovich/prisma-engines?tag=pcr-0.6.5#7cc20cc5)
[INFO] [stderr]    Compiling proc-macro-error v1.0.4
[INFO] [stderr]     Checking hyper-tls v0.5.0
[INFO] [stderr]    Compiling migration-core v0.1.0 (https://github.com/Brendonovich/prisma-engines?tag=pcr-0.6.5#7cc20cc5)
[INFO] [stderr]    Compiling convert_case v0.6.0
[INFO] [stderr]     Checking sql-migration-connector v0.1.0 (https://github.com/Brendonovich/prisma-engines?tag=pcr-0.6.5#7cc20cc5)
[INFO] [stderr]     Checking quanta v0.11.1
[INFO] [stderr]     Checking jsonrpc-core v17.1.0
[INFO] [stderr]     Checking dashmap v5.5.3
[INFO] [stderr]    Compiling validator_types v0.16.0
[INFO] [stderr]     Checking dirs-sys v0.3.7
[INFO] [stderr]     Checking no-std-compat v0.4.1
[INFO] [stderr]     Checking nonzero_ext v0.3.0
[INFO] [stderr]    Compiling if_chain v1.0.2
[INFO] [stderr]     Checking directories v4.0.1
[INFO] [stderr]    Compiling validator_derive v0.16.0
[INFO] [stderr]     Checking governor v0.6.0
[INFO] [stderr]     Checking reqwest v0.11.22
[INFO] [stderr]    Compiling prisma-client-rust-macros v0.6.8 (https://github.com/Brendonovich/prisma-client-rust?tag=0.6.9#895aac7b)
[INFO] [stderr]     Checking serde-value v0.7.0
[INFO] [stderr]     Checking atoi v2.0.0
[INFO] [stderr]     Checking fast-float v0.2.0
[INFO] [stderr]     Checking dtoa v1.0.9
[INFO] [stderr]     Checking base64ct v1.6.0
[INFO] [stderr]     Checking rustrict v0.7.15
[INFO] [stderr]     Checking rustis v0.12.1
[INFO] [stderr]     Checking password-hash v0.5.0
[INFO] [stderr]     Checking mongodb-client v0.1.0 (https://github.com/Brendonovich/prisma-engines?tag=pcr-0.6.5#7cc20cc5)
[INFO] [stderr]     Checking mongodb-schema-describer v0.1.0 (https://github.com/Brendonovich/prisma-engines?tag=pcr-0.6.5#7cc20cc5)
[INFO] [stderr]     Checking mongodb-query-connector v0.1.0 (https://github.com/Brendonovich/prisma-engines?tag=pcr-0.6.5#7cc20cc5)
[INFO] [stderr]     Checking tower-http v0.4.4
[INFO] [stderr]     Checking mongodb-introspection-connector v0.1.0 (https://github.com/Brendonovich/prisma-engines?tag=pcr-0.6.5#7cc20cc5)
[INFO] [stderr]     Checking quick-xml v0.31.0
[INFO] [stderr]     Checking validator v0.16.1
[INFO] [stderr]     Checking axum-extra v0.8.0
[INFO] [stderr]     Checking tower_governor v0.1.0
[INFO] [stderr]     Checking axum-client-ip v0.4.2
[INFO] [stderr]     Checking mongodb-migration-connector v0.1.0 (https://github.com/Brendonovich/prisma-engines?tag=pcr-0.6.5#7cc20cc5)
[INFO] [stderr]     Checking query-core v0.1.0 (https://github.com/Brendonovich/prisma-engines?tag=pcr-0.6.5#7cc20cc5)
[INFO] [stderr]     Checking request-handlers v0.1.0 (https://github.com/Brendonovich/prisma-engines?tag=pcr-0.6.5#7cc20cc5)
[INFO] [stderr]     Checking prisma-client-rust v0.6.8 (https://github.com/Brendonovich/prisma-client-rust?tag=0.6.9#895aac7b)
[INFO] [stderr]     Checking prisma-client-rust-sdk v0.6.8 (https://github.com/Brendonovich/prisma-client-rust?tag=0.6.9#895aac7b)
[INFO] [stderr]     Checking prisma-client-rust-cli v0.6.8 (https://github.com/Brendonovich/prisma-client-rust?tag=0.6.9#895aac7b)
[INFO] [stderr]     Checking chat_app_rust v0.1.0 (/opt/rustwide/workdir)
[INFO] [stderr]  Documenting chat_app_rust v0.1.0 (/opt/rustwide/workdir)
[INFO] [stdout] error: couldn't read /mnt/nvme/rust_tests/prisma/schema.prisma: No such file or directory (os error 2)
[INFO] [stdout]  --> src/prisma_client/client.rs:5:42
[INFO] [stdout]   |
[INFO] [stdout] 5 | pub static DATAMODEL_STR: &'static str = include_str!("/mnt/nvme/rust_tests/prisma/schema.prisma");
[INFO] [stdout]   |                                          ^^^^^^^^^^^^^^^^^^^^^^^^^^^^^^^^^^^^^^^^^^^^^^^^^^^^^^^^^
[INFO] [stdout]   |
[INFO] [stdout]   = note: this error originates in the macro `include_str` (in Nightly builds, run with -Z macro-backtrace for more info)
[INFO] [stdout] 
[INFO] [stdout] 
[INFO] [stdout] error: couldn't read /mnt/nvme/rust_tests/prisma/schema.prisma: No such file or directory (os error 2)
[INFO] [stdout]  --> src/prisma_client/client.rs:5:42
[INFO] [stdout]   |
[INFO] [stdout] 5 | pub static DATAMODEL_STR: &'static str = include_str!("/mnt/nvme/rust_tests/prisma/schema.prisma");
[INFO] [stdout]   |                                          ^^^^^^^^^^^^^^^^^^^^^^^^^^^^^^^^^^^^^^^^^^^^^^^^^^^^^^^^^
[INFO] [stdout]   |
[INFO] [stdout]   = note: this error originates in the macro `include_str` (in Nightly builds, run with -Z macro-backtrace for more info)
[INFO] [stdout] 
[INFO] [stdout] 
[INFO] [stdout] error: aborting due to previous error
[INFO] [stdout] 
[INFO] [stdout] 
[INFO] [stderr] error: could not document `chat_app_rust`
[INFO] [stderr] 
[INFO] [stderr] Caused by:
[INFO] [stderr]   process didn't exit successfully: `/opt/rustwide/rustup-home/toolchains/1.75.0-x86_64-unknown-linux-gnu/bin/rustdoc --edition=2021 --crate-type lib --crate-name chat_app_rust src/lib.rs -o /opt/rustwide/target/doc --error-format=json --json=diagnostic-rendered-ansi,artifacts,future-incompat --document-private-items -C metadata=40f15ac334fbbf9b -L dependency=/opt/rustwide/target/debug/deps --extern axum=/opt/rustwide/target/debug/deps/libaxum-74708b2d7cee9a8b.rmeta --extern axum_client_ip=/opt/rustwide/target/debug/deps/libaxum_client_ip-1a62561807352cdc.rmeta --extern axum_extra=/opt/rustwide/target/debug/deps/libaxum_extra-42aefc7661dbc9f5.rmeta --extern chrono=/opt/rustwide/target/debug/deps/libchrono-d541b27f85ef4a70.rmeta --extern dotenv=/opt/rustwide/target/debug/deps/libdotenv-5c7b155fb9ea380a.rmeta --extern futures=/opt/rustwide/target/debug/deps/libfutures-b17e7ca2a0a80c4a.rmeta --extern futures_util=/opt/rustwide/target/debug/deps/libfutures_util-508e2202fcb16961.rmeta --extern http=/opt/rustwide/target/debug/deps/libhttp-87e6de6b5b06907c.rmeta --extern once_cell=/opt/rustwide/target/debug/deps/libonce_cell-e5baef27479e0530.rmeta --extern password_hash=/opt/rustwide/target/debug/deps/libpassword_hash-6a8d2c95bb3d8468.rmeta --extern prisma_client_rust=/opt/rustwide/target/debug/deps/libprisma_client_rust-06b0794bb0129247.rmeta --extern prisma_client_rust_cli=/opt/rustwide/target/debug/deps/libprisma_client_rust_cli-ebff88cf3df1bb0a.rmeta --extern quick_xml=/opt/rustwide/target/debug/deps/libquick_xml-d0a25278ee8e1e93.rmeta --extern rustis=/opt/rustwide/target/debug/deps/librustis-233c7ce0fa1984cc.rmeta --extern rustrict=/opt/rustwide/target/debug/deps/librustrict-44bb3dfaa34e29c9.rmeta --extern serde=/opt/rustwide/target/debug/deps/libserde-12fbb63e8f074dd8.rmeta --extern serde_json=/opt/rustwide/target/debug/deps/libserde_json-215794842789d6d2.rmeta --extern time=/opt/rustwide/target/debug/deps/libtime-eeecee423cf7b816.rmeta --extern tokio=/opt/rustwide/target/debug/deps/libtokio-f805164abb311f01.rmeta --extern tower=/opt/rustwide/target/debug/deps/libtower-14db040ef61fc595.rmeta --extern tower_http=/opt/rustwide/target/debug/deps/libtower_http-6f2bb65d148e45b9.rmeta --extern tower_governor=/opt/rustwide/target/debug/deps/libtower_governor-7c72412de0eab2ae.rmeta --extern uuid=/opt/rustwide/target/debug/deps/libuuid-0af240bb4f4a9fa3.rmeta --extern validator=/opt/rustwide/target/debug/deps/libvalidator-882586ed25446f54.rmeta --cap-lints=warn --crate-version 0.1.0` (exit status: 1)
[INFO] [stderr] warning: build failed, waiting for other jobs to finish...
[INFO] [stdout] error[E0599]: no method named `unsubscribe` found for mutable reference `&mut PubSubStream` in the current scope
[INFO] [stdout]    --> src/socket/handlers/incoming_user_message.rs:184:26
[INFO] [stdout]     |
[INFO] [stdout] 183 | /                     pubsub
[INFO] [stdout] 184 | |                         .unsubscribe(&format)
[INFO] [stdout]     | |                         -^^^^^^^^^^^ help: there is a method with a similar name: `subscribe`
[INFO] [stdout]     | |_________________________|
[INFO] [stdout]     | 
[INFO] [stdout] 
[INFO] [stdout] 
[INFO] [stdout] error[E0599]: no method named `unsubscribe` found for mutable reference `&mut PubSubStream` in the current scope
[INFO] [stdout]    --> src/socket/handlers/incoming_user_message.rs:225:22
[INFO] [stdout]     |
[INFO] [stdout] 224 | /                 pubsub
[INFO] [stdout] 225 | |                     .unsubscribe(&format)
[INFO] [stdout]     | |                     -^^^^^^^^^^^ help: there is a method with a similar name: `subscribe`
[INFO] [stdout]     | |_____________________|
[INFO] [stdout]     | 
[INFO] [stdout] 
[INFO] [stdout] 
[INFO] [stdout] error[E0599]: no method named `unsubscribe` found for mutable reference `&mut PubSubStream` in the current scope
[INFO] [stdout]   --> src/socket/handlers/private_message_handler.rs:19:22
[INFO] [stdout]    |
[INFO] [stdout] 18 | /                 pubsub
[INFO] [stdout] 19 | |                     .unsubscribe(&incoming_message.queue)
[INFO] [stdout]    | |                     -^^^^^^^^^^^ help: there is a method with a similar name: `subscribe`
[INFO] [stdout]    | |_____________________|
[INFO] [stdout]    | 
[INFO] [stdout] 
[INFO] [stdout] 
[INFO] [stdout] error: aborting due to 4 previous errors
[INFO] [stdout] 
[INFO] [stdout] 
[INFO] [stdout] For more information about this error, try `rustc --explain E0599`.
[INFO] [stdout] 
[INFO] [stderr] error: could not compile `chat_app_rust` (lib) due to 5 previous errors
[INFO] running `Command { std: "docker" "inspect" "67ebff18d705d97b1e78adadd124e150ef18b4537e88e99ca8eb25939035f329", kill_on_drop: false }`
[INFO] running `Command { std: "docker" "rm" "-f" "67ebff18d705d97b1e78adadd124e150ef18b4537e88e99ca8eb25939035f329", kill_on_drop: false }`
[INFO] [stdout] 67ebff18d705d97b1e78adadd124e150ef18b4537e88e99ca8eb25939035f329
[INFO] documenting Demy076/chat_app_rust against beta-2023-12-22 for beta-1.76-rustdoc-1
[INFO] running `Command { std: "git" "clone" "/workspace/cache/git-repos/https%3A%2F%2Fgithub.com%2FDemy076%2Fchat_app_rust" "/workspace/builds/worker-3-tc2/source", kill_on_drop: false }`
[INFO] [stderr] Cloning into '/workspace/builds/worker-3-tc2/source'...
[INFO] [stderr] done.
[INFO] validating manifest of git repo https://github.com/Demy076/chat_app_rust on toolchain beta-2023-12-22
[INFO] running `Command { std: CARGO_HOME="/workspace/cargo-home" RUSTUP_HOME="/workspace/rustup-home" "/workspace/cargo-home/bin/cargo" "+beta-2023-12-22" "metadata" "--manifest-path" "Cargo.toml" "--no-deps", kill_on_drop: false }`
[INFO] started tweaking git repo https://github.com/Demy076/chat_app_rust
[INFO] finished tweaking git repo https://github.com/Demy076/chat_app_rust
[INFO] tweaked toml for git repo https://github.com/Demy076/chat_app_rust written to /workspace/builds/worker-3-tc2/source/Cargo.toml
[INFO] crate git repo https://github.com/Demy076/chat_app_rust already has a lockfile, it will not be regenerated
[INFO] running `Command { std: CARGO_HOME="/workspace/cargo-home" RUSTUP_HOME="/workspace/rustup-home" "/workspace/cargo-home/bin/cargo" "+beta-2023-12-22" "fetch" "--manifest-path" "Cargo.toml", kill_on_drop: false }`
[INFO] [stderr] warning: unused manifest key: alias
[INFO] running `Command { std: "docker" "create" "-v" "/var/lib/crater-agent-workspace/builds/worker-3-tc2/target:/opt/rustwide/target:rw,Z" "-v" "/var/lib/crater-agent-workspace/builds/worker-3-tc2/source:/opt/rustwide/workdir:ro,Z" "-v" "/var/lib/crater-agent-workspace/cargo-home:/opt/rustwide/cargo-home:ro,Z" "-v" "/var/lib/crater-agent-workspace/rustup-home:/opt/rustwide/rustup-home:ro,Z" "-e" "SOURCE_DIR=/opt/rustwide/workdir" "-e" "CARGO_TARGET_DIR=/opt/rustwide/target" "-e" "CARGO_HOME=/opt/rustwide/cargo-home" "-e" "RUSTUP_HOME=/opt/rustwide/rustup-home" "-w" "/opt/rustwide/workdir" "-m" "1610612736" "--user" "0:0" "--network" "none" "ghcr.io/rust-lang/crates-build-env/linux@sha256:2788e3201cd34a07e3172128adcd8b3090168a8e3bcc40d7c032b9dda1df7d1c" "/opt/rustwide/cargo-home/bin/cargo" "+beta-2023-12-22" "metadata" "--no-deps" "--format-version=1", kill_on_drop: false }`
[INFO] [stdout] e20c028d19212732ce7b84344f95a96cbe982872427b7b810af131543cd0c1ee
[INFO] running `Command { std: "docker" "start" "-a" "e20c028d19212732ce7b84344f95a96cbe982872427b7b810af131543cd0c1ee", kill_on_drop: false }`
[INFO] running `Command { std: "docker" "inspect" "e20c028d19212732ce7b84344f95a96cbe982872427b7b810af131543cd0c1ee", kill_on_drop: false }`
[INFO] running `Command { std: "docker" "rm" "-f" "e20c028d19212732ce7b84344f95a96cbe982872427b7b810af131543cd0c1ee", kill_on_drop: false }`
[INFO] [stdout] e20c028d19212732ce7b84344f95a96cbe982872427b7b810af131543cd0c1ee
[INFO] running `Command { std: "docker" "create" "-v" "/var/lib/crater-agent-workspace/builds/worker-3-tc2/target:/opt/rustwide/target:rw,Z" "-v" "/var/lib/crater-agent-workspace/builds/worker-3-tc2/source:/opt/rustwide/workdir:ro,Z" "-v" "/var/lib/crater-agent-workspace/cargo-home:/opt/rustwide/cargo-home:ro,Z" "-v" "/var/lib/crater-agent-workspace/rustup-home:/opt/rustwide/rustup-home:ro,Z" "-e" "SOURCE_DIR=/opt/rustwide/workdir" "-e" "CARGO_TARGET_DIR=/opt/rustwide/target" "-e" "CARGO_INCREMENTAL=0" "-e" "RUST_BACKTRACE=full" "-e" "RUSTFLAGS=--cap-lints=warn" "-e" "RUSTDOCFLAGS=--cap-lints=warn" "-e" "CARGO_HOME=/opt/rustwide/cargo-home" "-e" "RUSTUP_HOME=/opt/rustwide/rustup-home" "-w" "/opt/rustwide/workdir" "-m" "1610612736" "--user" "0:0" "--network" "none" "ghcr.io/rust-lang/crates-build-env/linux@sha256:2788e3201cd34a07e3172128adcd8b3090168a8e3bcc40d7c032b9dda1df7d1c" "/opt/rustwide/cargo-home/bin/cargo" "+beta-2023-12-22" "doc" "--frozen" "--no-deps" "--document-private-items" "--message-format=json", kill_on_drop: false }`
[INFO] [stdout] 34bf4001fbfa10680b4a6d51bea32e21dbc2d2e5b221e038193fc9d61dc439c6
[INFO] running `Command { std: "docker" "start" "-a" "34bf4001fbfa10680b4a6d51bea32e21dbc2d2e5b221e038193fc9d61dc439c6", kill_on_drop: false }`
[INFO] [stderr] warning: unused manifest key: alias
[INFO] [stderr]    Compiling proc-macro2 v1.0.69
[INFO] [stderr]    Compiling libc v0.2.150
[INFO] [stderr]    Compiling serde v1.0.193
[INFO] [stderr]     Checking memchr v2.6.4
[INFO] [stderr]     Checking log v0.4.20
[INFO] [stderr]    Compiling thiserror v1.0.50
[INFO] [stderr]    Compiling num-traits v0.2.17
[INFO] [stderr]    Compiling lock_api v0.4.11
[INFO] [stderr]    Compiling futures-core v0.3.29
[INFO] [stderr]     Checking futures-sink v0.3.29
[INFO] [stderr]    Compiling futures-task v0.3.29
[INFO] [stderr]     Checking futures-io v0.3.29
[INFO] [stderr]    Compiling futures-channel v0.3.29
[INFO] [stderr]    Compiling parking_lot_core v0.9.9
[INFO] [stderr]     Checking hashbrown v0.14.2
[INFO] [stderr]     Checking percent-encoding v2.3.1
[INFO] [stderr]    Compiling futures-util v0.3.29
[INFO] [stderr]    Compiling quote v1.0.33
[INFO] [stderr]     Checking getrandom v0.2.11
[INFO] [stderr]     Checking rand_core v0.6.4
[INFO] [stderr]    Compiling syn v2.0.39
[INFO] [stderr]    Compiling cc v1.0.83
[INFO] [stderr]    Compiling syn v1.0.109
[INFO] [stderr]     Checking indexmap v2.1.0
[INFO] [stderr]     Checking rand_chacha v0.3.1
[INFO] [stderr]     Checking num_cpus v1.16.0
[INFO] [stderr]     Checking socket2 v0.5.5
[INFO] [stderr]     Checking rand v0.8.5
[INFO] [stderr]     Checking mio v0.8.9
[INFO] [stderr]     Checking signal-hook-registry v1.4.1
[INFO] [stderr]    Compiling ahash v0.7.7
[INFO] [stderr]     Checking form_urlencoded v1.2.1
[INFO] [stderr]    Compiling serde_json v1.0.108
[INFO] [stderr]     Checking idna v0.5.0
[INFO] [stderr]     Checking tracing-core v0.1.32
[INFO] [stderr]     Checking bitflags v2.4.1
[INFO] [stderr]    Compiling num-integer v0.1.45
[INFO] [stderr]     Checking hashbrown v0.12.3
[INFO] [stderr]    Compiling num-bigint v0.4.4
[INFO] [stderr]     Checking iana-time-zone v0.1.58
[INFO] [stderr]     Checking cpufeatures v0.2.11
[INFO] [stderr]    Compiling indexmap v1.9.3
[INFO] [stderr]    Compiling async-trait v0.1.74
[INFO] [stderr]     Checking socket2 v0.4.10
[INFO] [stderr]     Checking either v1.9.0
[INFO] [stderr]    Compiling backtrace v0.3.69
[INFO] [stderr]     Checking aho-corasick v1.1.2
[INFO] [stderr]     Checking regex-syntax v0.8.2
[INFO] [stderr]     Checking byteorder v1.5.0
[INFO] [stderr]    Compiling openssl-sys v0.9.96
[INFO] [stderr]    Compiling rustix v0.38.25
[INFO] [stderr]     Checking linux-raw-sys v0.4.11
[INFO] [stderr]    Compiling ucd-trie v0.1.6
[INFO] [stderr]    Compiling once_cell v1.18.0
[INFO] [stderr]     Checking hostname v0.3.1
[INFO] [stderr]    Compiling openssl v0.10.60
[INFO] [stderr]    Compiling indoc v1.0.9
[INFO] [stderr]     Checking gimli v0.28.1
[INFO] [stderr]     Checking object v0.32.1
[INFO] [stderr]    Compiling memoffset v0.9.0
[INFO] [stderr]     Checking is-terminal v0.4.9
[INFO] [stderr]     Checking colored v2.0.4
[INFO] [stderr]    Compiling num-iter v0.1.43
[INFO] [stderr]    Compiling num-rational v0.4.1
[INFO] [stderr]     Checking powerfmt v0.2.0
[INFO] [stderr]     Checking regex-automata v0.4.3
[INFO] [stderr]     Checking base64 v0.12.3
[INFO] [stderr]    Compiling unicode-xid v0.2.4
[INFO] [stderr]    Compiling failure_derive v0.1.8
[INFO] [stderr]     Checking rustc-demangle v0.1.23
[INFO] [stderr]    Compiling synstructure v0.12.6
[INFO] [stderr]    Compiling native-tls v0.2.11
[INFO] [stderr]     Checking deranged v0.3.9
[INFO] [stderr]     Checking sha2 v0.10.8
[INFO] [stderr]     Checking sha1 v0.10.6
[INFO] [stderr]     Checking addr2line v0.21.0
[INFO] [stderr]    Compiling crossbeam-epoch v0.9.15
[INFO] [stderr]    Compiling glob v0.3.1
[INFO] [stderr]     Checking time v0.3.30
[INFO] [stderr]    Compiling serde_derive v1.0.193
[INFO] [stderr]    Compiling thiserror-impl v1.0.50
[INFO] [stderr]    Compiling futures-macro v0.3.29
[INFO] [stderr]    Compiling tokio-macros v2.2.0
[INFO] [stderr]    Compiling tracing-attributes v0.1.27
[INFO] [stderr]     Checking regex v1.10.2
[INFO] [stderr]    Compiling enumflags2_derive v0.7.8
[INFO] [stderr]    Compiling pin-project-internal v1.1.3
[INFO] [stderr]    Compiling pest v2.7.5
[INFO] [stderr]     Checking enumflags2 v0.7.8
[INFO] [stderr]    Compiling openssl-macros v0.1.1
[INFO] [stderr]     Checking tracing v0.1.40
[INFO] [stderr]    Compiling pest_meta v2.7.5
[INFO] [stderr]     Checking diagnostics v0.1.0 (https://github.com/Brendonovich/prisma-engines?tag=pcr-0.6.5#7cc20cc5)
[INFO] [stderr]    Compiling clang-sys v1.6.1
[INFO] [stderr]     Checking pin-project v1.1.3
[INFO] [stderr]    Compiling serde_repr v0.1.17
[INFO] [stderr]     Checking lexical-util v0.8.5
[INFO] [stderr]     Checking futures-executor v0.3.29
[INFO] [stderr]    Compiling pest_generator v2.7.5
[INFO] [stderr]     Checking itertools v0.10.5
[INFO] [stderr]     Checking num-complex v0.4.4
[INFO] [stderr]     Checking keccak v0.1.4
[INFO] [stderr]     Checking sha3 v0.10.8
[INFO] [stderr]     Checking num v0.4.1
[INFO] [stderr]     Checking failure v0.1.8
[INFO] [stderr]    Compiling metrics-macros v0.5.1
[INFO] [stderr]     Checking connection-string v0.1.14
[INFO] [stderr]     Checking cuid-util v0.1.0
[INFO] [stderr]     Checking encoding_index_tests v0.1.4
[INFO] [stderr]     Checking base-x v0.2.11
[INFO] [stderr]    Compiling lazy_static v1.4.0
[INFO] [stderr]    Compiling nom v7.1.3
[INFO] [stderr]     Checking cuid2 v0.1.2
[INFO] [stderr]     Checking base36 v0.0.1
[INFO] [stderr]    Compiling libloading v0.7.4
[INFO] [stderr]     Checking hashbrown v0.11.2
[INFO] [stderr]    Compiling pest_derive v2.7.5
[INFO] [stderr]    Compiling frunk_core v0.4.2
[INFO] [stderr]    Compiling bindgen v0.59.2
[INFO] [stderr]     Checking http v0.2.11
[INFO] [stderr]     Checking cuid v1.3.2
[INFO] [stderr]     Checking schema-ast v0.1.0 (https://github.com/Brendonovich/prisma-engines?tag=pcr-0.6.5#7cc20cc5)
[INFO] [stderr]     Checking lexical-parse-integer v0.8.6
[INFO] [stderr]     Checking smallvec v1.11.2
[INFO] [stderr]     Checking url v2.5.0
[INFO] [stderr]     Checking uuid v1.6.1
[INFO] [stderr]     Checking chrono v0.4.31
[INFO] [stderr]     Checking parking_lot v0.12.1
[INFO] [stderr]     Checking bigdecimal v0.3.1
[INFO] [stderr]     Checking tokio v1.34.0
[INFO] [stderr]    Compiling cexpr v0.6.0
[INFO] [stderr]     Checking lexical-write-integer v0.8.5
[INFO] [stderr]     Checking parser-database v0.1.0 (https://github.com/Brendonovich/prisma-engines?tag=pcr-0.6.5#7cc20cc5)
[INFO] [stderr]     Checking futures v0.3.29
[INFO] [stderr]    Compiling libz-sys v1.1.12
[INFO] [stderr]     Checking lsp-types v0.91.1
[INFO] [stderr]    Compiling frunk_proc_macro_helpers v0.1.2
[INFO] [stderr]     Checking tracing-log v0.2.0
[INFO] [stderr]     Checking sharded-slab v0.1.7
[INFO] [stderr]     Checking prisma-value v0.1.0 (https://github.com/Brendonovich/prisma-engines?tag=pcr-0.6.5#7cc20cc5)
[INFO] [stderr]    Compiling rustc-hash v1.1.0
[INFO] [stderr]    Compiling metrics v0.18.1
[INFO] [stderr]    Compiling shlex v1.2.0
[INFO] [stderr]     Checking fallible-iterator v0.2.0
[INFO] [stderr]    Compiling peeking_take_while v0.1.2
[INFO] [stderr]    Compiling psl v0.1.0 (https://github.com/Brendonovich/prisma-engines?tag=pcr-0.6.5#7cc20cc5)
[INFO] [stderr]    Compiling lazycell v1.3.0
[INFO] [stderr]     Checking lexical-write-float v0.8.5
[INFO] [stderr]     Checking lexical-parse-float v0.8.5
[INFO] [stderr]     Checking tracing-subscriber v0.3.18
[INFO] [stderr]     Checking crossbeam-channel v0.5.8
[INFO] [stderr]    Compiling cmake v0.1.50
[INFO] [stderr]    Compiling subprocess v0.2.9
[INFO] [stderr]    Compiling rust_decimal v1.33.1
[INFO] [stderr]     Checking siphasher v0.3.11
[INFO] [stderr]     Checking lexical-core v0.8.5
[INFO] [stderr]     Checking phf_shared v0.11.2
[INFO] [stderr]     Checking postgres-protocol v0.6.4 (https://github.com/pimeys/rust-postgres?branch=pgbouncer-mode#74f0847e)
[INFO] [stderr]    Compiling frunk_derives v0.4.2
[INFO] [stderr]    Compiling frunk_proc_macros v0.1.2
[INFO] [stderr]    Compiling libsqlite3-sys v0.22.2
[INFO] [stderr]     Checking bit-vec v0.6.3
[INFO] [stderr]     Checking futures-timer v3.0.2
[INFO] [stderr]     Checking postgres-types v0.2.4 (https://github.com/pimeys/rust-postgres?branch=pgbouncer-mode#74f0847e)
[INFO] [stderr]     Checking flate2 v1.0.28
[INFO] [stderr]     Checking phf v0.11.2
[INFO] [stderr]     Checking lexical v6.1.1
[INFO] [stderr]     Checking crossbeam-queue v0.3.8
[INFO] [stderr]     Checking tokio-util v0.7.10
[INFO] [stderr]     Checking tokio-native-tls v0.3.1
[INFO] [stderr]     Checking encoding-index-japanese v1.20141219.5
[INFO] [stderr]     Checking encoding-index-simpchinese v1.20141219.5
[INFO] [stderr]     Checking encoding-index-singlebyte v1.20141219.5
[INFO] [stderr]     Checking encoding-index-tradchinese v1.20141219.5
[INFO] [stderr]     Checking encoding-index-korean v1.20141219.5
[INFO] [stderr]     Checking crossbeam-deque v0.8.3
[INFO] [stderr]     Checking saturating v0.1.0
[INFO] [stderr]     Checking data-encoding v2.5.0
[INFO] [stderr]     Checking encoding v0.2.33
[INFO] [stderr]     Checking frunk v0.4.2
[INFO] [stderr]     Checking crossbeam v0.8.2
[INFO] [stderr]     Checking tokio-postgres v0.7.7 (https://github.com/pimeys/rust-postgres?branch=pgbouncer-mode#74f0847e)
[INFO] [stderr]     Checking tokio-native-tls v0.3.0 (https://github.com/pimeys/tls?branch=vendored-openssl#6d0e6fc7)
[INFO] [stderr]     Checking async-native-tls v0.4.0
[INFO] [stderr]     Checking hashlink v0.7.0
[INFO] [stderr]     Checking asynchronous-codec v0.6.2
[INFO] [stderr]     Checking twox-hash v1.6.3
[INFO] [stderr]     Checking itertools v0.11.0
[INFO] [stderr]    Compiling ring v0.17.5
[INFO] [stderr]     Checking lru v0.7.8
[INFO] [stderr]     Checking fallible-streaming-iterator v0.1.9
[INFO] [stderr]     Checking base64 v0.21.5
[INFO] [stderr]     Checking pretty-hex v0.3.0
[INFO] [stderr]     Checking connection-string v0.2.0
[INFO] [stderr]     Checking tiberius v0.11.7
[INFO] [stderr]     Checking tokio-util v0.6.10
[INFO] [stderr]     Checking postgres-native-tls v0.5.0 (https://github.com/pimeys/rust-postgres?branch=pgbouncer-mode#74f0847e)
[INFO] [stderr]     Checking mobc v0.7.3 (https://github.com/prisma/mobc?tag=1.0.6#80462c48)
[INFO] [stderr]     Checking http-body v0.4.5
[INFO] [stderr]     Checking sqlformat v0.2.2
[INFO] [stderr]     Checking spin v0.9.8
[INFO] [stderr]     Checking untrusted v0.9.0
[INFO] [stderr]    Compiling anyhow v1.0.75
[INFO] [stderr]     Checking ipnet v2.9.0
[INFO] [stderr]    Compiling darling_core v0.13.4
[INFO] [stderr]    Compiling user-facing-error-macros v0.1.0 (https://github.com/Brendonovich/prisma-engines?tag=pcr-0.6.5#7cc20cc5)
[INFO] [stderr]    Compiling mysql_common v0.29.2
[INFO] [stderr]     Checking h2 v0.3.22
[INFO] [stderr]    Compiling ahash v0.8.6
[INFO] [stderr]     Checking psl-core v0.1.0 (https://github.com/Brendonovich/prisma-engines?tag=pcr-0.6.5#7cc20cc5)
[INFO] [stderr]    Compiling rustls v0.21.9
[INFO] [stderr]    Compiling enum-as-inner v0.4.0
[INFO] [stderr]     Checking raw-cpuid v10.7.0
[INFO] [stderr]     Checking dml v0.1.0 (https://github.com/Brendonovich/prisma-engines?tag=pcr-0.6.5#7cc20cc5)
[INFO] [stderr]     Checking builtin-psl-connectors v0.1.0 (https://github.com/Brendonovich/prisma-engines?tag=pcr-0.6.5#7cc20cc5)
[INFO] [stderr]    Compiling darling_macro v0.13.4
[INFO] [stderr]     Checking zerocopy v0.7.26
[INFO] [stderr]     Checking resolv-conf v0.7.0
[INFO] [stderr]     Checking trust-dns-proto v0.21.2
[INFO] [stderr]     Checking serde_bytes v0.11.12
[INFO] [stderr]    Compiling parking_lot_core v0.8.6
[INFO] [stderr]     Checking sct v0.7.1
[INFO] [stderr]     Checking rustls-webpki v0.101.7
[INFO] [stderr]     Checking bson v2.7.0
[INFO] [stderr]    Compiling darling v0.13.4
[INFO] [stderr]    Compiling serde_with_macros v1.5.2
[INFO] [stderr]    Compiling derive_more v0.99.17
[INFO] [stderr]     Checking rusqlite v0.25.4
[INFO] [stderr]     Checking trust-dns-resolver v0.21.2
[INFO] [stderr]     Checking rustls-pemfile v1.0.4
[INFO] [stderr]     Checking tracing-futures v0.2.5
[INFO] [stderr]    Compiling derivative v2.2.0
[INFO] [stderr]     Checking serde_with v1.14.0
[INFO] [stderr]     Checking hyper v0.14.27
[INFO] [stderr]    Compiling typed-builder v0.10.0
[INFO] [stderr]     Checking sha-1 v0.10.1
[INFO] [stderr]     Checking tokio-rustls v0.24.1
[INFO] [stderr]     Checking webpki-roots v0.25.3
[INFO] [stderr]    Compiling getrandom v0.1.16
[INFO] [stderr]     Checking mysql_async v0.30.0 (https://github.com/prisma/mysql_async?rev=e3f8bdb41d57e769412f53d0f479bf67fdcc0ee3#e3f8bdb4)
[INFO] [stderr]     Checking prisma-models v0.0.0 (https://github.com/Brendonovich/prisma-engines?tag=pcr-0.6.5#7cc20cc5)
[INFO] [stderr]    Compiling metrics v0.19.0
[INFO] [stderr]     Checking parking_lot v0.11.2
[INFO] [stderr]     Checking quanta v0.9.3
[INFO] [stderr]     Checking atomic-shim v0.2.0
[INFO] [stderr]     Checking sketches-ddsketch v0.1.3
[INFO] [stderr]     Checking rand_core v0.5.1
[INFO] [stderr]     Checking nibble_vec v0.1.0
[INFO] [stderr]     Checking ordered-float v2.10.1
[INFO] [stderr]     Checking endian-type v0.1.2
[INFO] [stderr]     Checking radix_trie v0.2.1
[INFO] [stderr]     Checking metrics-util v0.13.0
[INFO] [stderr]     Checking rand_chacha v0.2.2
[INFO] [stderr]     Checking aho-corasick v0.7.20
[INFO] [stderr]     Checking rand v0.7.3
[INFO] [stderr]     Checking schema v0.1.0 (https://github.com/Brendonovich/prisma-engines?tag=pcr-0.6.5#7cc20cc5)
[INFO] [stderr]     Checking opentelemetry v0.17.0
[INFO] [stderr]     Checking tracing-error v0.2.0
[INFO] [stderr]     Checking tracing-log v0.1.4
[INFO] [stderr]    Compiling adler v1.0.2
[INFO] [stderr]     Checking metrics-util v0.12.1
[INFO] [stderr]    Compiling miniz_oxide v0.7.1
[INFO] [stderr]     Checking schema-builder v0.1.0 (https://github.com/Brendonovich/prisma-engines?tag=pcr-0.6.5#7cc20cc5)
[INFO] [stderr]     Checking mongodb v2.7.1
[INFO] [stderr]     Checking datamodel-renderer v0.1.0 (https://github.com/Brendonovich/prisma-engines?tag=pcr-0.6.5#7cc20cc5)
[INFO] [stderr]     Checking tracing-opentelemetry v0.17.4
[INFO] [stderr]     Checking serde_path_to_error v0.1.14
[INFO] [stderr]     Checking metrics-exporter-prometheus v0.10.0
[INFO] [stderr]     Checking quaint v0.2.0-alpha.13 (https://github.com/Brendonovich/quaint?tag=0.6.5#2bf0c362)
[INFO] [stderr]     Checking serde_urlencoded v0.7.1
[INFO] [stderr]     Checking query-engine-metrics v0.1.0 (https://github.com/Brendonovich/prisma-engines?tag=pcr-0.6.5#7cc20cc5)
[INFO] [stderr]     Checking digest v0.9.0
[INFO] [stderr]     Checking block-buffer v0.9.0
[INFO] [stderr]     Checking convert_case v0.5.0
[INFO] [stderr]     Checking fixedbitset v0.1.9
[INFO] [stderr]     Checking void v1.0.2
[INFO] [stderr]     Checking ordermap v0.3.5
[INFO] [stderr]     Checking tungstenite v0.20.1
[INFO] [stderr]     Checking petgraph v0.4.13
[INFO] [stderr]     Checking unreachable v1.0.0
[INFO] [stderr]     Checking sha2 v0.9.9
[INFO] [stderr]    Compiling heck v0.3.3
[INFO] [stderr]    Compiling axum v0.6.20
[INFO] [stderr]     Checking headers-core v0.2.0
[INFO] [stderr]     Checking ascii v0.9.3
[INFO] [stderr]     Checking unicode-ident v1.0.12
[INFO] [stderr]     Checking combine v3.8.1
[INFO] [stderr]     Checking headers v0.3.9
[INFO] [stderr]     Checking tokio-tungstenite v0.20.1
[INFO] [stderr]     Checking axum-core v0.3.4
[INFO] [stderr]     Checking dmmf v0.1.0 (https://github.com/Brendonovich/prisma-engines?tag=pcr-0.6.5#7cc20cc5)
[INFO] [stderr]     Checking tower v0.4.13
[INFO] [stderr]    Compiling toml v0.5.11
[INFO] [stderr]    Compiling axum-macros v0.3.8
[INFO] [stderr]     Checking matchit v0.7.3
[INFO] [stderr]     Checking user-facing-errors v0.1.0 (https://github.com/Brendonovich/prisma-engines?tag=pcr-0.6.5#7cc20cc5)
[INFO] [stderr]     Checking sql-schema-describer v0.1.0 (https://github.com/Brendonovich/prisma-engines?tag=pcr-0.6.5#7cc20cc5)
[INFO] [stderr]     Checking query-connector v0.1.0 (https://github.com/Brendonovich/prisma-engines?tag=pcr-0.6.5#7cc20cc5)
[INFO] [stderr]     Checking introspection-connector v0.1.0 (https://github.com/Brendonovich/prisma-engines?tag=pcr-0.6.5#7cc20cc5)
[INFO] [stderr]     Checking migration-connector v0.1.0 (https://github.com/Brendonovich/prisma-engines?tag=pcr-0.6.5#7cc20cc5)
[INFO] [stderr]    Compiling json-rpc-api-build v0.1.0 (https://github.com/Brendonovich/prisma-engines?tag=pcr-0.6.5#7cc20cc5)
[INFO] [stderr]     Checking sql-query-connector v0.1.0 (https://github.com/Brendonovich/prisma-engines?tag=pcr-0.6.5#7cc20cc5)
[INFO] [stderr]     Checking graphql-parser v0.3.0 (https://github.com/prisma/graphql-parser#6a3f58bd)
[INFO] [stderr]    Compiling proc-macro-error-attr v1.0.4
[INFO] [stderr]    Compiling cookie v0.17.0
[INFO] [stderr]    Compiling crc16 v0.4.0
[INFO] [stderr]     Checking sql-ddl v0.1.0 (https://github.com/Brendonovich/prisma-engines?tag=pcr-0.6.5#7cc20cc5)
[INFO] [stderr]     Checking sql-introspection-connector v0.1.0 (https://github.com/Brendonovich/prisma-engines?tag=pcr-0.6.5#7cc20cc5)
[INFO] [stderr]     Checking nonempty v0.7.0
[INFO] [stderr]     Checking forwarded-header-value v0.1.1
[INFO] [stderr]    Compiling proc-macro-error v1.0.4
[INFO] [stderr]    Compiling migration-core v0.1.0 (https://github.com/Brendonovich/prisma-engines?tag=pcr-0.6.5#7cc20cc5)
[INFO] [stderr]     Checking hyper-tls v0.5.0
[INFO] [stderr]     Checking sql-migration-connector v0.1.0 (https://github.com/Brendonovich/prisma-engines?tag=pcr-0.6.5#7cc20cc5)
[INFO] [stderr]    Compiling convert_case v0.6.0
[INFO] [stderr]     Checking quanta v0.11.1
[INFO] [stderr]     Checking jsonrpc-core v17.1.0
[INFO] [stderr]     Checking dashmap v5.5.3
[INFO] [stderr]    Compiling validator_types v0.16.0
[INFO] [stderr]     Checking dirs-sys v0.3.7
[INFO] [stderr]     Checking nonzero_ext v0.3.0
[INFO] [stderr]     Checking no-std-compat v0.4.1
[INFO] [stderr]    Compiling if_chain v1.0.2
[INFO] [stderr]     Checking reqwest v0.11.22
[INFO] [stderr]     Checking governor v0.6.0
[INFO] [stderr]    Compiling validator_derive v0.16.0
[INFO] [stderr]     Checking directories v4.0.1
[INFO] [stderr]    Compiling prisma-client-rust-macros v0.6.8 (https://github.com/Brendonovich/prisma-client-rust?tag=0.6.9#895aac7b)
[INFO] [stderr]     Checking serde-value v0.7.0
[INFO] [stderr]     Checking atoi v2.0.0
[INFO] [stderr]     Checking mongodb-client v0.1.0 (https://github.com/Brendonovich/prisma-engines?tag=pcr-0.6.5#7cc20cc5)
[INFO] [stderr]     Checking mongodb-schema-describer v0.1.0 (https://github.com/Brendonovich/prisma-engines?tag=pcr-0.6.5#7cc20cc5)
[INFO] [stderr]     Checking fast-float v0.2.0
[INFO] [stderr]     Checking mongodb-query-connector v0.1.0 (https://github.com/Brendonovich/prisma-engines?tag=pcr-0.6.5#7cc20cc5)
[INFO] [stderr]     Checking dtoa v1.0.9
[INFO] [stderr]     Checking base64ct v1.6.0
[INFO] [stderr]     Checking mongodb-introspection-connector v0.1.0 (https://github.com/Brendonovich/prisma-engines?tag=pcr-0.6.5#7cc20cc5)
[INFO] [stderr]     Checking tower-http v0.4.4
[INFO] [stderr]     Checking password-hash v0.5.0
[INFO] [stderr]     Checking rustis v0.12.1
[INFO] [stderr]     Checking rustrict v0.7.15
[INFO] [stderr]     Checking quick-xml v0.31.0
[INFO] [stderr]     Checking mongodb-migration-connector v0.1.0 (https://github.com/Brendonovich/prisma-engines?tag=pcr-0.6.5#7cc20cc5)
[INFO] [stderr]     Checking validator v0.16.1
[INFO] [stderr]     Checking axum-client-ip v0.4.2
[INFO] [stderr]     Checking tower_governor v0.1.0
[INFO] [stderr]     Checking axum-extra v0.8.0
[INFO] [stderr]     Checking query-core v0.1.0 (https://github.com/Brendonovich/prisma-engines?tag=pcr-0.6.5#7cc20cc5)
[INFO] [stderr]     Checking request-handlers v0.1.0 (https://github.com/Brendonovich/prisma-engines?tag=pcr-0.6.5#7cc20cc5)
[INFO] [stderr]     Checking prisma-client-rust v0.6.8 (https://github.com/Brendonovich/prisma-client-rust?tag=0.6.9#895aac7b)
[INFO] [stderr]     Checking prisma-client-rust-sdk v0.6.8 (https://github.com/Brendonovich/prisma-client-rust?tag=0.6.9#895aac7b)
[INFO] [stderr]     Checking prisma-client-rust-cli v0.6.8 (https://github.com/Brendonovich/prisma-client-rust?tag=0.6.9#895aac7b)
[INFO] [stderr]     Checking chat_app_rust v0.1.0 (/opt/rustwide/workdir)
[INFO] [stderr]  Documenting chat_app_rust v0.1.0 (/opt/rustwide/workdir)
[INFO] [stdout] error: couldn't read /mnt/nvme/rust_tests/prisma/schema.prisma: No such file or directory (os error 2)
[INFO] [stdout]  --> src/prisma_client/client.rs:5:42
[INFO] [stdout]   |
[INFO] [stdout] 5 | pub static DATAMODEL_STR: &'static str = include_str!("/mnt/nvme/rust_tests/prisma/schema.prisma");
[INFO] [stdout]   |                                          ^^^^^^^^^^^^^^^^^^^^^^^^^^^^^^^^^^^^^^^^^^^^^^^^^^^^^^^^^
[INFO] [stdout]   |
[INFO] [stdout]   = note: this error originates in the macro `include_str` (in Nightly builds, run with -Z macro-backtrace for more info)
[INFO] [stdout] 
[INFO] [stdout] 
[INFO] [stdout] error: couldn't read /mnt/nvme/rust_tests/prisma/schema.prisma: No such file or directory (os error 2)
[INFO] [stdout]  --> src/prisma_client/client.rs:5:42
[INFO] [stdout]   |
[INFO] [stdout] 5 | pub static DATAMODEL_STR: &'static str = include_str!("/mnt/nvme/rust_tests/prisma/schema.prisma");
[INFO] [stdout]   |                                          ^^^^^^^^^^^^^^^^^^^^^^^^^^^^^^^^^^^^^^^^^^^^^^^^^^^^^^^^^
[INFO] [stdout]   |
[INFO] [stdout]   = note: this error originates in the macro `include_str` (in Nightly builds, run with -Z macro-backtrace for more info)
[INFO] [stdout] 
[INFO] [stdout] 
[INFO] [stdout] error: aborting due to 1 previous error
[INFO] [stdout] 
[INFO] [stdout] 
[INFO] [stderr] error: could not document `chat_app_rust`
[INFO] [stderr] 
[INFO] [stderr] Caused by:
[INFO] [stderr]   process didn't exit successfully: `/opt/rustwide/rustup-home/toolchains/beta-2023-12-22-x86_64-unknown-linux-gnu/bin/rustdoc --edition=2021 --crate-type lib --crate-name chat_app_rust src/lib.rs -o /opt/rustwide/target/doc --error-format=json --json=diagnostic-rendered-ansi,artifacts,future-incompat --document-private-items -C metadata=fe86996875ff4a9c -L dependency=/opt/rustwide/target/debug/deps --extern axum=/opt/rustwide/target/debug/deps/libaxum-23d62256820a222d.rmeta --extern axum_client_ip=/opt/rustwide/target/debug/deps/libaxum_client_ip-5cf236ee11097892.rmeta --extern axum_extra=/opt/rustwide/target/debug/deps/libaxum_extra-0a94a55e911774fb.rmeta --extern chrono=/opt/rustwide/target/debug/deps/libchrono-2e835a0194de5f51.rmeta --extern dotenv=/opt/rustwide/target/debug/deps/libdotenv-f0e4f3654fb7f16b.rmeta --extern futures=/opt/rustwide/target/debug/deps/libfutures-8dd89265636df268.rmeta --extern futures_util=/opt/rustwide/target/debug/deps/libfutures_util-1f06702c744bcae7.rmeta --extern http=/opt/rustwide/target/debug/deps/libhttp-2fa7278c91990f5a.rmeta --extern once_cell=/opt/rustwide/target/debug/deps/libonce_cell-33db0ec0a7ee114f.rmeta --extern password_hash=/opt/rustwide/target/debug/deps/libpassword_hash-174bd92ce94dff39.rmeta --extern prisma_client_rust=/opt/rustwide/target/debug/deps/libprisma_client_rust-b96bcb0140fe67c0.rmeta --extern prisma_client_rust_cli=/opt/rustwide/target/debug/deps/libprisma_client_rust_cli-905982e94d619b05.rmeta --extern quick_xml=/opt/rustwide/target/debug/deps/libquick_xml-599110c35e2fec9f.rmeta --extern rustis=/opt/rustwide/target/debug/deps/librustis-0500088bf5d4b712.rmeta --extern rustrict=/opt/rustwide/target/debug/deps/librustrict-f9ffe84f44b13c2c.rmeta --extern serde=/opt/rustwide/target/debug/deps/libserde-043815322e035f7e.rmeta --extern serde_json=/opt/rustwide/target/debug/deps/libserde_json-24627091e0b7a300.rmeta --extern time=/opt/rustwide/target/debug/deps/libtime-b3a9f627c12402f3.rmeta --extern tokio=/opt/rustwide/target/debug/deps/libtokio-7c35848dd6abb398.rmeta --extern tower=/opt/rustwide/target/debug/deps/libtower-433069cb6906d8bc.rmeta --extern tower_http=/opt/rustwide/target/debug/deps/libtower_http-17fd524c08fc56de.rmeta --extern tower_governor=/opt/rustwide/target/debug/deps/libtower_governor-fb6ef565d347acaa.rmeta --extern uuid=/opt/rustwide/target/debug/deps/libuuid-21641693bcb4256d.rmeta --extern validator=/opt/rustwide/target/debug/deps/libvalidator-7efd83ca99fb0204.rmeta --cap-lints=warn --crate-version 0.1.0` (exit status: 1)
[INFO] [stderr] warning: build failed, waiting for other jobs to finish...
[INFO] [stdout] error[E0599]: no method named `unsubscribe` found for mutable reference `&mut PubSubStream` in the current scope
[INFO] [stdout]    --> src/socket/handlers/incoming_user_message.rs:184:26
[INFO] [stdout]     |
[INFO] [stdout] 183 | /                     pubsub
[INFO] [stdout] 184 | |                         .unsubscribe(&format)
[INFO] [stdout]     | |                         -^^^^^^^^^^^ help: there is a method with a similar name: `subscribe`
[INFO] [stdout]     | |_________________________|
[INFO] [stdout]     | 
[INFO] [stdout] 
[INFO] [stdout] 
[INFO] [stdout] error[E0599]: no method named `unsubscribe` found for mutable reference `&mut PubSubStream` in the current scope
[INFO] [stdout]    --> src/socket/handlers/incoming_user_message.rs:225:22
[INFO] [stdout]     |
[INFO] [stdout] 224 | /                 pubsub
[INFO] [stdout] 225 | |                     .unsubscribe(&format)
[INFO] [stdout]     | |                     -^^^^^^^^^^^ help: there is a method with a similar name: `subscribe`
[INFO] [stdout]     | |_____________________|
[INFO] [stdout]     | 
[INFO] [stdout] 
[INFO] [stdout] 
[INFO] [stdout] error[E0599]: no method named `unsubscribe` found for mutable reference `&mut PubSubStream` in the current scope
[INFO] [stdout]   --> src/socket/handlers/private_message_handler.rs:19:22
[INFO] [stdout]    |
[INFO] [stdout] 18 | /                 pubsub
[INFO] [stdout] 19 | |                     .unsubscribe(&incoming_message.queue)
[INFO] [stdout]    | |                     -^^^^^^^^^^^ help: there is a method with a similar name: `subscribe`
[INFO] [stdout]    | |_____________________|
[INFO] [stdout]    | 
[INFO] [stdout] 
[INFO] [stdout] 
[INFO] [stdout] error: aborting due to 4 previous errors
[INFO] [stdout] 
[INFO] [stdout] 
[INFO] [stdout] For more information about this error, try `rustc --explain E0599`.
[INFO] [stdout] 
[INFO] [stderr] error: could not compile `chat_app_rust` (lib) due to 5 previous errors
[INFO] running `Command { std: "docker" "inspect" "34bf4001fbfa10680b4a6d51bea32e21dbc2d2e5b221e038193fc9d61dc439c6", kill_on_drop: false }`
[INFO] running `Command { std: "docker" "rm" "-f" "34bf4001fbfa10680b4a6d51bea32e21dbc2d2e5b221e038193fc9d61dc439c6", kill_on_drop: false }`
[INFO] [stdout] 34bf4001fbfa10680b4a6d51bea32e21dbc2d2e5b221e038193fc9d61dc439c6
