[INFO] cloning repository https://github.com/DelphinusLab/halo2gategen
[INFO] running `Command { std: "git" "-c" "credential.helper=" "-c" "credential.helper=/workspace/cargo-home/bin/git-credential-null" "clone" "--bare" "https://github.com/DelphinusLab/halo2gategen" "/workspace/cache/git-repos/https%3A%2F%2Fgithub.com%2FDelphinusLab%2Fhalo2gategen", kill_on_drop: false }`
[INFO] [stderr] Cloning into bare repository '/workspace/cache/git-repos/https%3A%2F%2Fgithub.com%2FDelphinusLab%2Fhalo2gategen'...
[INFO] running `Command { std: "git" "rev-parse" "HEAD", kill_on_drop: false }`
[INFO] [stdout] 506f904a2e678c5e7a3f9ea2ba2e7c78b126fc7a
[INFO] documenting DelphinusLab/halo2gategen against 1.75.0 for beta-1.76-rustdoc-1
[INFO] running `Command { std: "git" "clone" "/workspace/cache/git-repos/https%3A%2F%2Fgithub.com%2FDelphinusLab%2Fhalo2gategen" "/workspace/builds/worker-5-tc1/source", kill_on_drop: false }`
[INFO] [stderr] Cloning into '/workspace/builds/worker-5-tc1/source'...
[INFO] [stderr] done.
[INFO] validating manifest of git repo https://github.com/DelphinusLab/halo2gategen on toolchain 1.75.0
[INFO] running `Command { std: CARGO_HOME="/workspace/cargo-home" RUSTUP_HOME="/workspace/rustup-home" "/workspace/cargo-home/bin/cargo" "+1.75.0" "metadata" "--manifest-path" "Cargo.toml" "--no-deps", kill_on_drop: false }`
[INFO] started tweaking git repo https://github.com/DelphinusLab/halo2gategen
[INFO] finished tweaking git repo https://github.com/DelphinusLab/halo2gategen
[INFO] tweaked toml for git repo https://github.com/DelphinusLab/halo2gategen written to /workspace/builds/worker-5-tc1/source/Cargo.toml
[INFO] crate git repo https://github.com/DelphinusLab/halo2gategen already has a lockfile, it will not be regenerated
[INFO] running `Command { std: CARGO_HOME="/workspace/cargo-home" RUSTUP_HOME="/workspace/rustup-home" "/workspace/cargo-home/bin/cargo" "+1.75.0" "fetch" "--manifest-path" "Cargo.toml", kill_on_drop: false }`
[INFO] [stderr]     Updating git repository `https://github.com/scroll-tech/halo2.git`
[INFO] [stderr]     Updating git repository `https://github.com/scroll-tech/halo2curves.git`
[INFO] [stderr]     Updating git repository `https://github.com/scroll-tech/poseidon.git`
[INFO] [stderr]     Updating git repository `https://github.com/privacy-scaling-explorations/halo2curves`
[INFO] [stderr]  Downloading crates ...
[INFO] [stderr]   Downloaded pasta_curves v0.4.1
[INFO] running `Command { std: "docker" "create" "-v" "/var/lib/crater-agent-workspace/builds/worker-5-tc1/target:/opt/rustwide/target:rw,Z" "-v" "/var/lib/crater-agent-workspace/builds/worker-5-tc1/source:/opt/rustwide/workdir:ro,Z" "-v" "/var/lib/crater-agent-workspace/cargo-home:/opt/rustwide/cargo-home:ro,Z" "-v" "/var/lib/crater-agent-workspace/rustup-home:/opt/rustwide/rustup-home:ro,Z" "-e" "SOURCE_DIR=/opt/rustwide/workdir" "-e" "CARGO_TARGET_DIR=/opt/rustwide/target" "-e" "CARGO_HOME=/opt/rustwide/cargo-home" "-e" "RUSTUP_HOME=/opt/rustwide/rustup-home" "-w" "/opt/rustwide/workdir" "-m" "1610612736" "--user" "0:0" "--network" "none" "ghcr.io/rust-lang/crates-build-env/linux@sha256:2788e3201cd34a07e3172128adcd8b3090168a8e3bcc40d7c032b9dda1df7d1c" "/opt/rustwide/cargo-home/bin/cargo" "+1.75.0" "metadata" "--no-deps" "--format-version=1", kill_on_drop: false }`
[INFO] [stdout] 13eaf44a0ace0da6ff74cb2125468e23bf0488e0706190c4dc3f3e398c70b4da
[INFO] running `Command { std: "docker" "start" "-a" "13eaf44a0ace0da6ff74cb2125468e23bf0488e0706190c4dc3f3e398c70b4da", kill_on_drop: false }`
[INFO] running `Command { std: "docker" "inspect" "13eaf44a0ace0da6ff74cb2125468e23bf0488e0706190c4dc3f3e398c70b4da", kill_on_drop: false }`
[INFO] running `Command { std: "docker" "rm" "-f" "13eaf44a0ace0da6ff74cb2125468e23bf0488e0706190c4dc3f3e398c70b4da", kill_on_drop: false }`
[INFO] [stdout] 13eaf44a0ace0da6ff74cb2125468e23bf0488e0706190c4dc3f3e398c70b4da
[INFO] running `Command { std: "docker" "create" "-v" "/var/lib/crater-agent-workspace/builds/worker-5-tc1/target:/opt/rustwide/target:rw,Z" "-v" "/var/lib/crater-agent-workspace/builds/worker-5-tc1/source:/opt/rustwide/workdir:ro,Z" "-v" "/var/lib/crater-agent-workspace/cargo-home:/opt/rustwide/cargo-home:ro,Z" "-v" "/var/lib/crater-agent-workspace/rustup-home:/opt/rustwide/rustup-home:ro,Z" "-e" "SOURCE_DIR=/opt/rustwide/workdir" "-e" "CARGO_TARGET_DIR=/opt/rustwide/target" "-e" "CARGO_INCREMENTAL=0" "-e" "RUST_BACKTRACE=full" "-e" "RUSTFLAGS=--cap-lints=warn" "-e" "RUSTDOCFLAGS=--cap-lints=warn" "-e" "CARGO_HOME=/opt/rustwide/cargo-home" "-e" "RUSTUP_HOME=/opt/rustwide/rustup-home" "-w" "/opt/rustwide/workdir" "-m" "1610612736" "--user" "0:0" "--network" "none" "ghcr.io/rust-lang/crates-build-env/linux@sha256:2788e3201cd34a07e3172128adcd8b3090168a8e3bcc40d7c032b9dda1df7d1c" "/opt/rustwide/cargo-home/bin/cargo" "+1.75.0" "doc" "--frozen" "--no-deps" "--document-private-items" "--message-format=json", kill_on_drop: false }`
[INFO] [stdout] 2550b0c1606a4a7ca86a71c591fd955d021d6a69b163ddb4fb99afd1db954cb9
[INFO] running `Command { std: "docker" "start" "-a" "2550b0c1606a4a7ca86a71c591fd955d021d6a69b163ddb4fb99afd1db954cb9", kill_on_drop: false }`
[INFO] [stderr]    Compiling libc v0.2.144
[INFO] [stderr]    Compiling proc-macro2 v1.0.57
[INFO] [stderr]    Compiling quote v1.0.27
[INFO] [stderr]    Compiling radium v0.7.0
[INFO] [stderr]     Checking tap v1.0.1
[INFO] [stderr]    Compiling crossbeam-utils v0.8.16
[INFO] [stderr]    Compiling num-traits v0.2.15
[INFO] [stderr]     Checking funty v2.0.0
[INFO] [stderr]     Checking wyz v0.5.1
[INFO] [stderr]     Checking ppv-lite86 v0.2.17
[INFO] [stderr]    Compiling memoffset v0.9.0
[INFO] [stderr]     Checking subtle v2.5.0
[INFO] [stderr]     Checking bitvec v1.0.1
[INFO] [stderr]    Compiling crossbeam-epoch v0.9.15
[INFO] [stderr]    Compiling num-integer v0.1.45
[INFO] [stderr]    Compiling typenum v1.16.0
[INFO] [stderr]    Compiling syn v2.0.16
[INFO] [stderr]    Compiling version_check v0.9.4
[INFO] [stderr]     Checking getrandom v0.2.9
[INFO] [stderr]    Compiling num-bigint v0.4.3
[INFO] [stderr]     Checking arrayvec v0.7.2
[INFO] [stderr]    Compiling generic-array v0.14.7
[INFO] [stderr]     Checking rand_core v0.6.4
[INFO] [stderr]     Checking constant_time_eq v0.2.5
[INFO] [stderr]     Checking arrayref v0.3.7
[INFO] [stderr]     Checking rand_chacha v0.3.1
[INFO] [stderr]     Checking blake2b_simd v1.0.1
[INFO] [stderr]     Checking rand v0.8.5
[INFO] [stderr]    Compiling serde v1.0.163
[INFO] [stderr]     Checking static_assertions v1.1.0
[INFO] [stderr]     Checking aho-corasick v1.0.2
[INFO] [stderr]     Checking crossbeam-deque v0.8.3
[INFO] [stderr]     Checking crossbeam-channel v0.5.8
[INFO] [stderr]    Compiling rayon-core v1.11.0
[INFO] [stderr]    Compiling crossbeam-queue v0.3.8
[INFO] [stderr]     Checking regex-syntax v0.7.3
[INFO] [stderr]    Compiling halo2curves v0.3.1 (https://github.com/privacy-scaling-explorations/halo2curves?tag=0.3.1#9b67e19b)
[INFO] [stderr]    Compiling paste v1.0.13
[INFO] [stderr]     Checking num_cpus v1.16.0
[INFO] [stderr]     Checking ff v0.12.1
[INFO] [stderr]     Checking once_cell v1.18.0
[INFO] [stderr]     Checking group v0.12.1
[INFO] [stderr]    Compiling halo2curves v0.3.1 (https://github.com/scroll-tech/halo2curves.git?branch=0.3.1-derive-serde#969f1e44)
[INFO] [stderr]     Checking block-padding v0.2.1
[INFO] [stderr]     Checking tracing-core v0.1.31
[INFO] [stderr]     Checking block-buffer v0.9.0
[INFO] [stderr]     Checking pasta_curves v0.4.1
[INFO] [stderr]     Checking digest v0.9.0
[INFO] [stderr]     Checking atty v0.2.14
[INFO] [stderr]     Checking termcolor v1.2.0
[INFO] [stderr]     Checking pin-project-lite v0.2.10
[INFO] [stderr]     Checking humantime v2.1.0
[INFO] [stderr]     Checking either v1.8.1
[INFO] [stderr]     Checking regex-automata v0.3.2
[INFO] [stderr]     Checking keccak v0.1.4
[INFO] [stderr]     Checking log v0.4.19
[INFO] [stderr]     Checking opaque-debug v0.3.0
[INFO] [stderr]     Checking rayon v1.7.0
[INFO] [stderr]     Checking crossbeam v0.8.2
[INFO] [stderr]    Compiling syn v1.0.109
[INFO] [stderr]     Checking ark-std v0.3.0
[INFO] [stderr]     Checking sha3 v0.9.1
[INFO] [stderr]     Checking cfg-if v0.1.10
[INFO] [stderr]     Checking ff v0.13.0
[INFO] [stderr]     Checking strum v0.24.1
[INFO] [stderr]     Checking poseidon v0.2.0 (https://github.com/scroll-tech/poseidon.git?branch=scroll-dev-0220#2fb4a238)
[INFO] [stderr]    Compiling serde_derive v1.0.163
[INFO] [stderr]    Compiling tracing-attributes v0.1.26
[INFO] [stderr]     Checking regex v1.9.1
[INFO] [stderr]     Checking env_logger v0.8.4
[INFO] [stderr]    Compiling strum_macros v0.24.3
[INFO] [stderr]     Checking tracing v0.1.37
[INFO] [stderr]     Checking serde_json v1.0.96
[INFO] [stdout] error[E0583]: file not found for module `table`
[INFO] [stdout]  --> /opt/rustwide/cargo-home/git/checkouts/halo2curves-7825ac469f67e4ff/969f1e4/src/bn256/fr.rs:8:1
[INFO] [stdout]   |
[INFO] [stdout] 8 | mod table;
[INFO] [stdout]   | ^^^^^^^^^^
[INFO] [stdout]   |
[INFO] [stdout]   = help: to create the module `table`, create file "/opt/rustwide/cargo-home/git/checkouts/halo2curves-7825ac469f67e4ff/969f1e4/src/bn256/fr/table.rs" or "/opt/rustwide/cargo-home/git/checkouts/halo2curves-7825ac469f67e4ff/969f1e4/src/bn256/fr/table/mod.rs"
[INFO] [stdout]   = note: if there is a `mod table` elsewhere in the crate already, import it with `use crate::...` instead
[INFO] [stdout] 
[INFO] [stdout] 
[INFO] [stdout] error[E0432]: unresolved import `table::FR_TABLE`
[INFO] [stdout]   --> /opt/rustwide/cargo-home/git/checkouts/halo2curves-7825ac469f67e4ff/969f1e4/src/bn256/fr.rs:16:9
[INFO] [stdout]    |
[INFO] [stdout] 16 | pub use table::FR_TABLE;
[INFO] [stdout]    |         ^^^^^^^^^^^^^^^ no `FR_TABLE` in `bn256::fr::table`
[INFO] [stdout] 
[INFO] [stdout] 
[INFO] [stdout] error: aborting due to 2 previous errors
[INFO] [stdout] 
[INFO] [stdout] 
[INFO] [stdout] Some errors have detailed explanations: E0432, E0583.
[INFO] [stdout] 
[INFO] [stdout] For more information about an error, try `rustc --explain E0432`.
[INFO] [stdout] 
[INFO] [stderr] error: could not compile `halo2curves` (lib) due to 3 previous errors
[INFO] [stderr] warning: build failed, waiting for other jobs to finish...
[INFO] running `Command { std: "docker" "inspect" "2550b0c1606a4a7ca86a71c591fd955d021d6a69b163ddb4fb99afd1db954cb9", kill_on_drop: false }`
[INFO] running `Command { std: "docker" "rm" "-f" "2550b0c1606a4a7ca86a71c591fd955d021d6a69b163ddb4fb99afd1db954cb9", kill_on_drop: false }`
[INFO] [stdout] 2550b0c1606a4a7ca86a71c591fd955d021d6a69b163ddb4fb99afd1db954cb9
[INFO] documenting DelphinusLab/halo2gategen against beta-2023-12-22 for beta-1.76-rustdoc-1
[INFO] running `Command { std: "git" "clone" "/workspace/cache/git-repos/https%3A%2F%2Fgithub.com%2FDelphinusLab%2Fhalo2gategen" "/workspace/builds/worker-5-tc2/source", kill_on_drop: false }`
[INFO] [stderr] Cloning into '/workspace/builds/worker-5-tc2/source'...
[INFO] [stderr] done.
[INFO] validating manifest of git repo https://github.com/DelphinusLab/halo2gategen on toolchain beta-2023-12-22
[INFO] running `Command { std: CARGO_HOME="/workspace/cargo-home" RUSTUP_HOME="/workspace/rustup-home" "/workspace/cargo-home/bin/cargo" "+beta-2023-12-22" "metadata" "--manifest-path" "Cargo.toml" "--no-deps", kill_on_drop: false }`
[INFO] started tweaking git repo https://github.com/DelphinusLab/halo2gategen
[INFO] finished tweaking git repo https://github.com/DelphinusLab/halo2gategen
[INFO] tweaked toml for git repo https://github.com/DelphinusLab/halo2gategen written to /workspace/builds/worker-5-tc2/source/Cargo.toml
[INFO] crate git repo https://github.com/DelphinusLab/halo2gategen already has a lockfile, it will not be regenerated
[INFO] running `Command { std: CARGO_HOME="/workspace/cargo-home" RUSTUP_HOME="/workspace/rustup-home" "/workspace/cargo-home/bin/cargo" "+beta-2023-12-22" "fetch" "--manifest-path" "Cargo.toml", kill_on_drop: false }`
[INFO] running `Command { std: "docker" "create" "-v" "/var/lib/crater-agent-workspace/builds/worker-5-tc2/target:/opt/rustwide/target:rw,Z" "-v" "/var/lib/crater-agent-workspace/builds/worker-5-tc2/source:/opt/rustwide/workdir:ro,Z" "-v" "/var/lib/crater-agent-workspace/cargo-home:/opt/rustwide/cargo-home:ro,Z" "-v" "/var/lib/crater-agent-workspace/rustup-home:/opt/rustwide/rustup-home:ro,Z" "-e" "SOURCE_DIR=/opt/rustwide/workdir" "-e" "CARGO_TARGET_DIR=/opt/rustwide/target" "-e" "CARGO_HOME=/opt/rustwide/cargo-home" "-e" "RUSTUP_HOME=/opt/rustwide/rustup-home" "-w" "/opt/rustwide/workdir" "-m" "1610612736" "--user" "0:0" "--network" "none" "ghcr.io/rust-lang/crates-build-env/linux@sha256:2788e3201cd34a07e3172128adcd8b3090168a8e3bcc40d7c032b9dda1df7d1c" "/opt/rustwide/cargo-home/bin/cargo" "+beta-2023-12-22" "metadata" "--no-deps" "--format-version=1", kill_on_drop: false }`
[INFO] [stdout] 3a894798466f7a057c735bd8eb03854f95593e251cf8c2dfd9b88f02c89faef4
[INFO] running `Command { std: "docker" "start" "-a" "3a894798466f7a057c735bd8eb03854f95593e251cf8c2dfd9b88f02c89faef4", kill_on_drop: false }`
[INFO] running `Command { std: "docker" "inspect" "3a894798466f7a057c735bd8eb03854f95593e251cf8c2dfd9b88f02c89faef4", kill_on_drop: false }`
[INFO] running `Command { std: "docker" "rm" "-f" "3a894798466f7a057c735bd8eb03854f95593e251cf8c2dfd9b88f02c89faef4", kill_on_drop: false }`
[INFO] [stdout] 3a894798466f7a057c735bd8eb03854f95593e251cf8c2dfd9b88f02c89faef4
[INFO] running `Command { std: "docker" "create" "-v" "/var/lib/crater-agent-workspace/builds/worker-5-tc2/target:/opt/rustwide/target:rw,Z" "-v" "/var/lib/crater-agent-workspace/builds/worker-5-tc2/source:/opt/rustwide/workdir:ro,Z" "-v" "/var/lib/crater-agent-workspace/cargo-home:/opt/rustwide/cargo-home:ro,Z" "-v" "/var/lib/crater-agent-workspace/rustup-home:/opt/rustwide/rustup-home:ro,Z" "-e" "SOURCE_DIR=/opt/rustwide/workdir" "-e" "CARGO_TARGET_DIR=/opt/rustwide/target" "-e" "CARGO_INCREMENTAL=0" "-e" "RUST_BACKTRACE=full" "-e" "RUSTFLAGS=--cap-lints=warn" "-e" "RUSTDOCFLAGS=--cap-lints=warn" "-e" "CARGO_HOME=/opt/rustwide/cargo-home" "-e" "RUSTUP_HOME=/opt/rustwide/rustup-home" "-w" "/opt/rustwide/workdir" "-m" "1610612736" "--user" "0:0" "--network" "none" "ghcr.io/rust-lang/crates-build-env/linux@sha256:2788e3201cd34a07e3172128adcd8b3090168a8e3bcc40d7c032b9dda1df7d1c" "/opt/rustwide/cargo-home/bin/cargo" "+beta-2023-12-22" "doc" "--frozen" "--no-deps" "--document-private-items" "--message-format=json", kill_on_drop: false }`
[INFO] [stdout] dd8f7ee6205da1ce36f452d559c5b50ac95103b5f67d6d4dfdf3e7fe2829671e
[INFO] running `Command { std: "docker" "start" "-a" "dd8f7ee6205da1ce36f452d559c5b50ac95103b5f67d6d4dfdf3e7fe2829671e", kill_on_drop: false }`
[INFO] [stderr]    Compiling libc v0.2.144
[INFO] [stderr]    Compiling proc-macro2 v1.0.57
[INFO] [stderr]    Compiling quote v1.0.27
[INFO] [stderr]    Compiling radium v0.7.0
[INFO] [stderr]    Compiling crossbeam-utils v0.8.16
[INFO] [stderr]     Checking tap v1.0.1
[INFO] [stderr]    Compiling num-traits v0.2.15
[INFO] [stderr]     Checking funty v2.0.0
[INFO] [stderr]     Checking wyz v0.5.1
[INFO] [stderr]     Checking ppv-lite86 v0.2.17
[INFO] [stderr]    Compiling memoffset v0.9.0
[INFO] [stderr]     Checking subtle v2.5.0
[INFO] [stderr]    Compiling num-integer v0.1.45
[INFO] [stderr]    Compiling crossbeam-epoch v0.9.15
[INFO] [stderr]    Compiling version_check v0.9.4
[INFO] [stderr]    Compiling typenum v1.16.0
[INFO] [stderr]     Checking bitvec v1.0.1
[INFO] [stderr]    Compiling num-bigint v0.4.3
[INFO] [stderr]    Compiling generic-array v0.14.7
[INFO] [stderr]     Checking getrandom v0.2.9
[INFO] [stderr]     Checking rand_core v0.6.4
[INFO] [stderr]    Compiling syn v2.0.16
[INFO] [stderr]     Checking constant_time_eq v0.2.5
[INFO] [stderr]     Checking arrayvec v0.7.2
[INFO] [stderr]     Checking arrayref v0.3.7
[INFO] [stderr]     Checking blake2b_simd v1.0.1
[INFO] [stderr]     Checking rand_chacha v0.3.1
[INFO] [stderr]     Checking static_assertions v1.1.0
[INFO] [stderr]    Compiling serde v1.0.163
[INFO] [stderr]     Checking aho-corasick v1.0.2
[INFO] [stderr]     Checking rand v0.8.5
[INFO] [stderr]     Checking crossbeam-deque v0.8.3
[INFO] [stderr]     Checking crossbeam-channel v0.5.8
[INFO] [stderr]    Compiling crossbeam-queue v0.3.8
[INFO] [stderr]    Compiling rayon-core v1.11.0
[INFO] [stderr]    Compiling halo2curves v0.3.1 (https://github.com/privacy-scaling-explorations/halo2curves?tag=0.3.1#9b67e19b)
[INFO] [stderr]    Compiling paste v1.0.13
[INFO] [stderr]     Checking regex-syntax v0.7.3
[INFO] [stderr]     Checking num_cpus v1.16.0
[INFO] [stderr]     Checking once_cell v1.18.0
[INFO] [stderr]    Compiling halo2curves v0.3.1 (https://github.com/scroll-tech/halo2curves.git?branch=0.3.1-derive-serde#969f1e44)
[INFO] [stderr]     Checking block-padding v0.2.1
[INFO] [stderr]     Checking tracing-core v0.1.31
[INFO] [stderr]     Checking digest v0.9.0
[INFO] [stderr]     Checking block-buffer v0.9.0
[INFO] [stderr]     Checking ff v0.12.1
[INFO] [stderr]     Checking group v0.12.1
[INFO] [stderr]     Checking atty v0.2.14
[INFO] [stderr]     Checking pin-project-lite v0.2.10
[INFO] [stderr]     Checking log v0.4.19
[INFO] [stderr]     Checking pasta_curves v0.4.1
[INFO] [stderr]     Checking humantime v2.1.0
[INFO] [stderr]     Checking termcolor v1.2.0
[INFO] [stderr]     Checking keccak v0.1.4
[INFO] [stderr]     Checking either v1.8.1
[INFO] [stderr]     Checking opaque-debug v0.3.0
[INFO] [stderr]     Checking crossbeam v0.8.2
[INFO] [stderr]     Checking rayon v1.7.0
[INFO] [stderr]    Compiling syn v1.0.109
[INFO] [stderr]     Checking sha3 v0.9.1
[INFO] [stderr]     Checking ark-std v0.3.0
[INFO] [stderr]     Checking cfg-if v0.1.10
[INFO] [stderr]     Checking regex-automata v0.3.2
[INFO] [stderr]     Checking ff v0.13.0
[INFO] [stderr]     Checking strum v0.24.1
[INFO] [stderr]     Checking poseidon v0.2.0 (https://github.com/scroll-tech/poseidon.git?branch=scroll-dev-0220#2fb4a238)
[INFO] [stderr]     Checking regex v1.9.1
[INFO] [stderr]     Checking env_logger v0.8.4
[INFO] [stderr]    Compiling serde_derive v1.0.163
[INFO] [stderr]    Compiling tracing-attributes v0.1.26
[INFO] [stderr]    Compiling strum_macros v0.24.3
[INFO] [stderr]     Checking tracing v0.1.37
[INFO] [stderr]     Checking serde_json v1.0.96
[INFO] [stdout] error[E0583]: file not found for module `table`
[INFO] [stdout]  --> /opt/rustwide/cargo-home/git/checkouts/halo2curves-7825ac469f67e4ff/969f1e4/src/bn256/fr.rs:8:1
[INFO] [stdout]   |
[INFO] [stdout] 8 | mod table;
[INFO] [stdout]   | ^^^^^^^^^^
[INFO] [stdout]   |
[INFO] [stdout]   = help: to create the module `table`, create file "/opt/rustwide/cargo-home/git/checkouts/halo2curves-7825ac469f67e4ff/969f1e4/src/bn256/fr/table.rs" or "/opt/rustwide/cargo-home/git/checkouts/halo2curves-7825ac469f67e4ff/969f1e4/src/bn256/fr/table/mod.rs"
[INFO] [stdout]   = note: if there is a `mod table` elsewhere in the crate already, import it with `use crate::...` instead
[INFO] [stdout] 
[INFO] [stdout] 
[INFO] [stdout] error[E0432]: unresolved import `table::FR_TABLE`
[INFO] [stdout]   --> /opt/rustwide/cargo-home/git/checkouts/halo2curves-7825ac469f67e4ff/969f1e4/src/bn256/fr.rs:16:9
[INFO] [stdout]    |
[INFO] [stdout] 16 | pub use table::FR_TABLE;
[INFO] [stdout]    |         ^^^^^^^^^^^^^^^ no `FR_TABLE` in `bn256::fr::table`
[INFO] [stdout] 
[INFO] [stdout] 
[INFO] [stdout] error: aborting due to 2 previous errors
[INFO] [stdout] 
[INFO] [stdout] 
[INFO] [stdout] Some errors have detailed explanations: E0432, E0583.
[INFO] [stdout] 
[INFO] [stdout] For more information about an error, try `rustc --explain E0432`.
[INFO] [stdout] 
[INFO] [stderr] error: could not compile `halo2curves` (lib) due to 3 previous errors
[INFO] [stderr] warning: build failed, waiting for other jobs to finish...
[INFO] running `Command { std: "docker" "inspect" "dd8f7ee6205da1ce36f452d559c5b50ac95103b5f67d6d4dfdf3e7fe2829671e", kill_on_drop: false }`
[INFO] running `Command { std: "docker" "rm" "-f" "dd8f7ee6205da1ce36f452d559c5b50ac95103b5f67d6d4dfdf3e7fe2829671e", kill_on_drop: false }`
[INFO] [stdout] dd8f7ee6205da1ce36f452d559c5b50ac95103b5f67d6d4dfdf3e7fe2829671e
