[INFO] cloning repository https://github.com/DefiCake/rust-training
[INFO] running `Command { std: "git" "-c" "credential.helper=" "-c" "credential.helper=/workspace/cargo-home/bin/git-credential-null" "clone" "--bare" "https://github.com/DefiCake/rust-training" "/workspace/cache/git-repos/https%3A%2F%2Fgithub.com%2FDefiCake%2Frust-training", kill_on_drop: false }`
[INFO] [stderr] Cloning into bare repository '/workspace/cache/git-repos/https%3A%2F%2Fgithub.com%2FDefiCake%2Frust-training'...
[INFO] running `Command { std: "git" "rev-parse" "HEAD", kill_on_drop: false }`
[INFO] [stdout] 3259bb8856f1f5a82b16c27547c78aa0e96f6cfa
[INFO] documenting DefiCake/rust-training against 1.75.0 for beta-1.76-rustdoc-1
[INFO] running `Command { std: "git" "clone" "/workspace/cache/git-repos/https%3A%2F%2Fgithub.com%2FDefiCake%2Frust-training" "/workspace/builds/worker-0-tc1/source", kill_on_drop: false }`
[INFO] [stderr] Cloning into '/workspace/builds/worker-0-tc1/source'...
[INFO] [stderr] done.
[INFO] validating manifest of git repo https://github.com/DefiCake/rust-training on toolchain 1.75.0
[INFO] running `Command { std: CARGO_HOME="/workspace/cargo-home" RUSTUP_HOME="/workspace/rustup-home" "/workspace/cargo-home/bin/cargo" "+1.75.0" "metadata" "--manifest-path" "Cargo.toml" "--no-deps", kill_on_drop: false }`
[INFO] started tweaking git repo https://github.com/DefiCake/rust-training
[INFO] finished tweaking git repo https://github.com/DefiCake/rust-training
[INFO] tweaked toml for git repo https://github.com/DefiCake/rust-training written to /workspace/builds/worker-0-tc1/source/Cargo.toml
[INFO] crate git repo https://github.com/DefiCake/rust-training already has a lockfile, it will not be regenerated
[INFO] running `Command { std: CARGO_HOME="/workspace/cargo-home" RUSTUP_HOME="/workspace/rustup-home" "/workspace/cargo-home/bin/cargo" "+1.75.0" "fetch" "--manifest-path" "Cargo.toml", kill_on_drop: false }`
[INFO] [stderr] warning: virtual workspace defaulting to `resolver = "1"` despite one or more workspace members being on edition 2021 which implies `resolver = "2"`
[INFO] [stderr] note: to keep the current resolver, specify `workspace.resolver = "1"` in the workspace root's manifest
[INFO] [stderr] note: to use the edition 2021 resolver, specify `workspace.resolver = "2"` in the workspace root's manifest
[INFO] [stderr] note: for more details see https://doc.rust-lang.org/cargo/reference/resolver.html#resolver-versions
[INFO] [stderr]     Updating git repository `https://github.com/hjiayz/p12.git`
[INFO] [stderr]     Updating crates.io index
[INFO] [stderr]  Downloading crates ...
[INFO] [stderr]   Downloaded fuel-core-relayer v0.21.0
[INFO] [stderr]   Downloaded which v5.0.0
[INFO] [stderr]   Downloaded fuels-test-helpers v0.53.0
[INFO] [stderr]   Downloaded flagset v0.4.3
[INFO] [stderr]   Downloaded fuel-asm v0.43.1
[INFO] [stderr]   Downloaded derive_arbitrary v1.3.1
[INFO] [stderr]   Downloaded x509-cert v0.2.4
[INFO] [stderr]   Downloaded fuel-core-executor v0.21.0
[INFO] [stderr]   Downloaded parity-scale-codec-derive v3.6.1
[INFO] [stderr]   Downloaded ethers-contract-derive v2.0.7
[INFO] [stderr]   Downloaded ethers v2.0.7
[INFO] [stderr]   Downloaded ethers-addressbook v2.0.7
[INFO] [stderr]   Downloaded sha256 v1.1.4
[INFO] [stderr]   Downloaded fuel-core-poa v0.21.0
[INFO] [stderr]   Downloaded fuels-programs v0.53.0
[INFO] [stderr]   Downloaded ethers-contract-abigen v2.0.7
[INFO] [stderr]   Downloaded solang-parser v0.3.0
[INFO] [stderr]   Downloaded const-oid v0.9.3
[INFO] [stderr]   Downloaded ethers-core v2.0.7
[INFO] [stderr]   Downloaded fiat-crypto v0.2.3
[INFO] [stderr]   Downloaded libz-sys v1.1.10
[INFO] [stderr]   Downloaded fuel-vm v0.43.1
[INFO] [stderr]   Downloaded openssl-src v111.27.0+1.1.1v
[INFO] [stderr]   Downloaded fuel-core-producer v0.21.0
[INFO] [stderr]   Downloaded fuel-core-importer v0.21.0
[INFO] [stderr]   Downloaded fuel-storage v0.43.1
[INFO] [stderr]   Downloaded fuel-core-txpool v0.21.0
[INFO] [stderr]   Downloaded fuels v0.53.0
[INFO] [stderr]   Downloaded fuel-core-consensus-module v0.21.0
[INFO] [stderr]   Downloaded fuel-crypto v0.43.1
[INFO] [stderr]   Downloaded fuels-macros v0.53.0
[INFO] [stderr]   Downloaded fuel-core-database v0.21.0
[INFO] [stderr]   Downloaded postcard v1.0.6
[INFO] [stderr]   Downloaded fuel-abi-types v0.3.0
[INFO] [stderr]   Downloaded ethers-solc v2.0.7
[INFO] [stderr]   Downloaded fuel-tx v0.43.1
[INFO] [stderr]   Downloaded ethers-providers v2.0.7
[INFO] [stderr]   Downloaded fuel-merkle v0.43.1
[INFO] [stderr]   Downloaded fuels-core v0.53.0
[INFO] [stderr]   Downloaded fuel-core-client v0.21.0
[INFO] [stderr]   Downloaded fuel-core v0.21.0
[INFO] [stderr]   Downloaded fuel-types v0.43.1
[INFO] [stderr]   Downloaded ethers-middleware v2.0.7
[INFO] [stderr]   Downloaded parity-scale-codec v3.6.1
[INFO] [stderr]   Downloaded ethers-signers v2.0.7
[INFO] [stderr]   Downloaded sec1 v0.7.2
[INFO] [stderr]   Downloaded schemafy_lib v0.5.2
[INFO] [stderr]   Downloaded fuels-code-gen v0.53.0
[INFO] [stderr]   Downloaded fuels-accounts v0.53.0
[INFO] [stderr]   Downloaded ethers-etherscan v2.0.7
[INFO] [stderr]   Downloaded ethers-contract v2.0.7
[INFO] [stderr]   Downloaded fuel-derive v0.43.1
[INFO] [stderr]   Downloaded schemafy_core v0.5.2
[INFO] running `Command { std: "docker" "create" "-v" "/var/lib/crater-agent-workspace/builds/worker-0-tc1/target:/opt/rustwide/target:rw,Z" "-v" "/var/lib/crater-agent-workspace/builds/worker-0-tc1/source:/opt/rustwide/workdir:ro,Z" "-v" "/var/lib/crater-agent-workspace/cargo-home:/opt/rustwide/cargo-home:ro,Z" "-v" "/var/lib/crater-agent-workspace/rustup-home:/opt/rustwide/rustup-home:ro,Z" "-e" "SOURCE_DIR=/opt/rustwide/workdir" "-e" "CARGO_TARGET_DIR=/opt/rustwide/target" "-e" "CARGO_HOME=/opt/rustwide/cargo-home" "-e" "RUSTUP_HOME=/opt/rustwide/rustup-home" "-w" "/opt/rustwide/workdir" "-m" "1610612736" "--user" "0:0" "--network" "none" "ghcr.io/rust-lang/crates-build-env/linux@sha256:2788e3201cd34a07e3172128adcd8b3090168a8e3bcc40d7c032b9dda1df7d1c" "/opt/rustwide/cargo-home/bin/cargo" "+1.75.0" "metadata" "--no-deps" "--format-version=1", kill_on_drop: false }`
[INFO] [stdout] b8bab2412311b406b966ca62b5dda1c58e42b423eee22ba53c7f39c5fcde1e49
[INFO] running `Command { std: "docker" "start" "-a" "b8bab2412311b406b966ca62b5dda1c58e42b423eee22ba53c7f39c5fcde1e49", kill_on_drop: false }`
[INFO] running `Command { std: "docker" "inspect" "b8bab2412311b406b966ca62b5dda1c58e42b423eee22ba53c7f39c5fcde1e49", kill_on_drop: false }`
[INFO] running `Command { std: "docker" "rm" "-f" "b8bab2412311b406b966ca62b5dda1c58e42b423eee22ba53c7f39c5fcde1e49", kill_on_drop: false }`
[INFO] [stdout] b8bab2412311b406b966ca62b5dda1c58e42b423eee22ba53c7f39c5fcde1e49
[INFO] running `Command { std: "docker" "create" "-v" "/var/lib/crater-agent-workspace/builds/worker-0-tc1/target:/opt/rustwide/target:rw,Z" "-v" "/var/lib/crater-agent-workspace/builds/worker-0-tc1/source:/opt/rustwide/workdir:ro,Z" "-v" "/var/lib/crater-agent-workspace/cargo-home:/opt/rustwide/cargo-home:ro,Z" "-v" "/var/lib/crater-agent-workspace/rustup-home:/opt/rustwide/rustup-home:ro,Z" "-e" "SOURCE_DIR=/opt/rustwide/workdir" "-e" "CARGO_TARGET_DIR=/opt/rustwide/target" "-e" "CARGO_INCREMENTAL=0" "-e" "RUST_BACKTRACE=full" "-e" "RUSTFLAGS=--cap-lints=warn" "-e" "RUSTDOCFLAGS=--cap-lints=warn" "-e" "CARGO_HOME=/opt/rustwide/cargo-home" "-e" "RUSTUP_HOME=/opt/rustwide/rustup-home" "-w" "/opt/rustwide/workdir" "-m" "1610612736" "--user" "0:0" "--network" "none" "ghcr.io/rust-lang/crates-build-env/linux@sha256:2788e3201cd34a07e3172128adcd8b3090168a8e3bcc40d7c032b9dda1df7d1c" "/opt/rustwide/cargo-home/bin/cargo" "+1.75.0" "doc" "--frozen" "--no-deps" "--document-private-items" "--message-format=json", kill_on_drop: false }`
[INFO] [stdout] d4ffba5bf948851239b6931f176980d75b890e729dfa074d4df8c6ce14692263
[INFO] running `Command { std: "docker" "start" "-a" "d4ffba5bf948851239b6931f176980d75b890e729dfa074d4df8c6ce14692263", kill_on_drop: false }`
[INFO] [stderr] warning: virtual workspace defaulting to `resolver = "1"` despite one or more workspace members being on edition 2021 which implies `resolver = "2"`
[INFO] [stderr] note: to keep the current resolver, specify `workspace.resolver = "1"` in the workspace root's manifest
[INFO] [stderr] note: to use the edition 2021 resolver, specify `workspace.resolver = "2"` in the workspace root's manifest
[INFO] [stderr] note: for more details see https://doc.rust-lang.org/cargo/reference/resolver.html#resolver-versions
[INFO] [stderr]    Compiling proc-macro2 v1.0.69
[INFO] [stderr]    Compiling unicode-ident v1.0.9
[INFO] [stderr]    Compiling libc v0.2.150
[INFO] [stderr]    Compiling serde v1.0.192
[INFO] [stderr]    Compiling version_check v0.9.4
[INFO] [stderr]     Checking cfg-if v1.0.0
[INFO] [stderr]    Compiling autocfg v1.1.0
[INFO] [stderr]    Compiling typenum v1.16.0
[INFO] [stderr]    Compiling syn v1.0.109
[INFO] [stderr]     Checking once_cell v1.17.2
[INFO] [stderr]    Compiling thiserror v1.0.50
[INFO] [stderr]     Checking itoa v1.0.8
[INFO] [stderr]     Checking subtle v2.4.1
[INFO] [stderr]     Checking memchr v2.6.4
[INFO] [stderr]    Compiling serde_json v1.0.108
[INFO] [stderr]    Compiling allocator-api2 v0.2.16
[INFO] [stderr]    Compiling equivalent v1.0.0
[INFO] [stderr]    Compiling winnow v0.4.9
[INFO] [stderr]     Checking log v0.4.19
[INFO] [stderr]     Checking scopeguard v1.1.0
[INFO] [stderr]     Checking pin-project-lite v0.2.13
[INFO] [stderr]     Checking cpufeatures v0.2.9
[INFO] [stderr]    Compiling crunchy v0.2.2
[INFO] [stderr]    Compiling semver v1.0.20
[INFO] [stderr]     Checking ppv-lite86 v0.2.17
[INFO] [stderr]    Compiling futures-core v0.3.28
[INFO] [stderr]    Compiling generic-array v0.14.7
[INFO] [stderr]    Compiling ahash v0.8.3
[INFO] [stderr]    Compiling lock_api v0.4.10
[INFO] [stderr]    Compiling convert_case v0.4.0
[INFO] [stderr]     Checking base64ct v1.6.0
[INFO] [stderr]    Compiling parking_lot_core v0.9.8
[INFO] [stderr]     Checking flagset v0.4.3
[INFO] [stderr]     Checking futures-sink v0.3.28
[INFO] [stderr]     Checking ryu v1.0.14
[INFO] [stderr]    Compiling futures-channel v0.3.28
[INFO] [stderr]     Checking smallvec v1.11.0
[INFO] [stderr]    Compiling heck v0.4.1
[INFO] [stderr]     Checking byteorder v1.4.3
[INFO] [stderr]     Checking pem-rfc7468 v0.7.0
[INFO] [stderr]    Compiling futures-task v0.3.28
[INFO] [stderr]    Compiling slab v0.4.8
[INFO] [stderr]     Checking tracing-core v0.1.31
[INFO] [stderr]    Compiling quote v1.0.33
[INFO] [stderr]    Compiling futures-util v0.3.28
[INFO] [stderr]     Checking base16ct v0.2.0
[INFO] [stderr]     Checking pin-utils v0.1.0
[INFO] [stderr]     Checking futures-io v0.3.28
[INFO] [stderr]    Compiling rustversion v1.0.13
[INFO] [stderr]    Compiling unicode-xid v0.2.4
[INFO] [stderr]    Compiling num-traits v0.2.15
[INFO] [stderr]    Compiling indexmap v1.9.3
[INFO] [stderr]     Checking static_assertions v1.1.0
[INFO] [stderr]    Compiling syn v2.0.39
[INFO] [stderr]     Checking percent-encoding v2.3.0
[INFO] [stderr]     Checking rustc-hex v2.1.0
[INFO] [stderr]     Checking untrusted v0.7.1
[INFO] [stderr]     Checking keccak v0.1.4
[INFO] [stderr]     Checking spin v0.5.2
[INFO] [stderr]     Checking fnv v1.0.7
[INFO] [stderr]     Checking arrayvec v0.7.4
[INFO] [stderr]     Checking byte-slice-cast v1.2.2
[INFO] [stderr]     Checking aho-corasick v1.0.2
[INFO] [stderr]     Checking base64 v0.21.2
[INFO] [stderr]     Checking regex-syntax v0.8.2
[INFO] [stderr]    Compiling httparse v1.8.0
[INFO] [stderr]     Checking either v1.8.1
[INFO] [stderr]     Checking hashbrown v0.12.3
[INFO] [stderr]    Compiling async-trait v0.1.74
[INFO] [stderr]     Checking tower-service v0.3.2
[INFO] [stderr]    Compiling anyhow v1.0.72
[INFO] [stderr]     Checking bitflags v1.3.2
[INFO] [stderr]     Checking getrandom v0.2.10
[INFO] [stderr]     Checking signal-hook-registry v1.4.1
[INFO] [stderr]     Checking num_cpus v1.16.0
[INFO] [stderr]     Checking mio v0.8.9
[INFO] [stderr]     Checking rand_core v0.6.4
[INFO] [stderr]     Checking socket2 v0.5.5
[INFO] [stderr]     Checking opaque-debug v0.3.0
[INFO] [stderr]    Compiling jobserver v0.1.26
[INFO] [stderr]     Checking parking_lot v0.12.1
[INFO] [stderr]     Checking rand_chacha v0.3.1
[INFO] [stderr]     Checking ff v0.13.0
[INFO] [stderr]    Compiling cc v1.0.79
[INFO] [stderr]     Checking group v0.13.0
[INFO] [stderr]     Checking form_urlencoded v1.2.0
[INFO] [stderr]     Checking rand v0.8.5
[INFO] [stderr]     Checking try-lock v0.2.4
[INFO] [stderr]     Checking want v0.3.1
[INFO] [stderr]     Checking socket2 v0.4.9
[INFO] [stderr]     Checking httpdate v1.0.2
[INFO] [stderr]    Compiling tiny-keccak v2.0.2
[INFO] [stderr]    Compiling lazy_static v1.4.0
[INFO] [stderr]     Checking bech32 v0.7.3
[INFO] [stderr]     Checking radium v0.3.0
[INFO] [stderr]     Checking mime v0.3.17
[INFO] [stderr]     Checking tinyvec_macros v0.1.1
[INFO] [stderr]     Checking bitvec v0.17.4
[INFO] [stderr]     Checking tinyvec v1.6.0
[INFO] [stderr]    Compiling time-core v0.1.1
[INFO] [stderr]    Compiling ident_case v1.0.1
[INFO] [stderr]    Compiling strsim v0.10.0
[INFO] [stderr]    Compiling platforms v3.2.0
[INFO] [stderr]    Compiling time-macros v0.2.10
[INFO] [stderr]    Compiling rustix v0.38.21
[INFO] [stderr]     Checking unicode-bidi v0.3.13
[INFO] [stderr]     Checking fixed-hash v0.8.0
[INFO] [stderr]    Compiling proc-macro-error-attr v1.0.4
[INFO] [stderr]    Compiling proc-macro-error v1.0.4
[INFO] [stderr]    Compiling io-lifetimes v1.0.11
[INFO] [stderr]    Compiling rustls v0.21.3
[INFO] [stderr]    Compiling camino v1.1.4
[INFO] [stderr]     Checking regex-automata v0.4.3
[INFO] [stderr]    Compiling ring v0.16.20
[INFO] [stderr]     Checking unicode-normalization v0.1.22
[INFO] [stderr]    Compiling secp256k1-sys v0.8.1
[INFO] [stderr]     Checking hashbrown v0.13.2
[INFO] [stderr]     Checking itertools v0.10.5
[INFO] [stderr]     Checking openssl-probe v0.1.5
[INFO] [stderr]    Compiling paste v1.0.14
[INFO] [stderr]     Checking fuel-storage v0.43.1
[INFO] [stderr]    Compiling libm v0.2.8
[INFO] [stderr]    Compiling rustix v0.37.19
[INFO] [stderr]     Checking idna v0.4.0
[INFO] [stderr]     Checking base64 v0.13.1
[INFO] [stderr]     Checking linux-raw-sys v0.3.8
[INFO] [stderr]    Compiling prettyplease v0.2.10
[INFO] [stderr]    Compiling cookie v0.16.2
[INFO] [stderr]     Checking url v2.4.0
[INFO] [stderr]     Checking ethnum v1.3.2
[INFO] [stderr]     Checking time v0.3.23
[INFO] [stderr]     Checking idna v0.3.0
[INFO] [stderr]     Checking rustls-pemfile v1.0.3
[INFO] [stderr]     Checking encoding_rs v0.8.32
[INFO] [stderr]     Checking psl-types v2.0.11
[INFO] [stderr]    Compiling synstructure v0.13.0
[INFO] [stderr]     Checking matches v0.1.10
[INFO] [stderr]    Compiling wasm-bindgen-shared v0.2.87
[INFO] [stderr]     Checking linux-raw-sys v0.4.11
[INFO] [stderr]     Checking iana-time-zone v0.1.57
[INFO] [stderr]     Checking publicsuffix v2.2.3
[INFO] [stderr]     Checking idna v0.2.3
[INFO] [stderr]     Checking chrono v0.4.31
[INFO] [stderr]     Checking regex v1.10.2
[INFO] [stderr]     Checking rustls-native-certs v0.6.3
[INFO] [stderr]     Checking ipnet v2.8.0
[INFO] [stderr]     Checking fastrand v2.0.1
[INFO] [stderr]    Compiling bumpalo v3.13.0
[INFO] [stderr]    Compiling darling_core v0.13.4
[INFO] [stderr]    Compiling wasm-bindgen-backend v0.2.87
[INFO] [stderr]     Checking spin v0.9.8
[INFO] [stderr]     Checking is-terminal v0.4.7
[INFO] [stderr]    Compiling wasm-bindgen v0.2.87
[INFO] [stderr]     Checking tower-layer v0.3.2
[INFO] [stderr]    Compiling eyre v0.6.8
[INFO] [stderr]    Compiling crossbeam-utils v0.8.16
[INFO] [stderr]     Checking hash32 v0.2.1
[INFO] [stderr]    Compiling memoffset v0.9.0
[INFO] [stderr]     Checking data-encoding v2.4.0
[INFO] [stderr]     Checking stable_deref_trait v1.2.0
[INFO] [stderr]    Compiling crossbeam-epoch v0.9.15
[INFO] [stderr]    Compiling void v1.0.2
[INFO] [stderr]    Compiling Inflector v0.11.4
[INFO] [stderr]     Checking dtoa v1.0.9
[INFO] [stderr]     Checking http-range-header v0.3.1
[INFO] [stderr]     Checking utf8parse v0.2.1
[INFO] [stderr]     Checking cobs v0.2.3
[INFO] [stderr]    Compiling prometheus-client v0.20.0
[INFO] [stderr]    Compiling glob v0.3.1
[INFO] [stderr]     Checking anstyle-parse v0.2.0
[INFO] [stderr]    Compiling wasm-bindgen-macro-support v0.2.87
[INFO] [stderr]    Compiling unreachable v1.0.0
[INFO] [stderr]     Checking matchit v0.5.0
[INFO] [stderr]    Compiling indenter v0.3.3
[INFO] [stderr]     Checking anstyle v1.0.0
[INFO] [stderr]     Checking bech32 v0.9.1
[INFO] [stderr]    Compiling same-file v1.0.6
[INFO] [stderr]     Checking sync_wrapper v0.1.2
[INFO] [stderr]    Compiling ascii v0.9.3
[INFO] [stderr]     Checking colorchoice v1.0.0
[INFO] [stderr]     Checking anstyle-query v1.0.0
[INFO] [stderr]     Checking utf-8 v0.7.6
[INFO] [stderr]    Compiling walkdir v2.3.3
[INFO] [stderr]     Checking anstream v0.3.2
[INFO] [stderr]     Checking sct v0.7.0
[INFO] [stderr]     Checking rustls-webpki v0.101.1
[INFO] [stderr]     Checking rustls-webpki v0.100.1
[INFO] [stderr]     Checking webpki v0.22.0
[INFO] [stderr]     Checking sct v0.6.1
[INFO] [stderr]    Compiling clang-sys v1.6.1
[INFO] [stderr]     Checking webpki v0.21.4
[INFO] [stderr]    Compiling combine v3.8.1
[INFO] [stderr]     Checking webpki-roots v0.22.6
[INFO] [stderr]     Checking webpki-roots v0.23.1
[INFO] [stderr]     Checking fxhash v0.2.1
[INFO] [stderr]     Checking rustls v0.19.1
[INFO] [stderr]    Compiling minimal-lexical v0.2.1
[INFO] [stderr]     Checking clap_lex v0.5.0
[INFO] [stderr]    Compiling rayon-core v1.11.0
[INFO] [stderr]    Compiling dunce v1.0.4
[INFO] [stderr]     Checking send_wrapper v0.4.0
[INFO] [stderr]     Checking clap_builder v4.3.19
[INFO] [stderr]     Checking crossbeam-deque v0.8.3
[INFO] [stderr]    Compiling nom v7.1.3
[INFO] [stderr]     Checking hashers v1.0.1
[INFO] [stderr]     Checking crossbeam-channel v0.5.8
[INFO] [stderr]    Compiling counter v0.5.7
[INFO] [stderr]    Compiling serde_derive v1.0.192
[INFO] [stderr]    Compiling zeroize_derive v1.4.2
[INFO] [stderr]    Compiling derive_arbitrary v1.3.1
[INFO] [stderr]    Compiling thiserror-impl v1.0.50
[INFO] [stderr]    Compiling der_derive v0.7.2
[INFO] [stderr]    Compiling tokio-macros v2.2.0
[INFO] [stderr]    Compiling tracing-attributes v0.1.26
[INFO] [stderr]    Compiling futures-macro v0.3.28
[INFO] [stderr]    Compiling impl-trait-for-tuples v0.2.2
[INFO] [stderr]    Compiling rlp-derive v0.1.0
[INFO] [stderr]    Compiling derive_more v0.99.17
[INFO] [stderr]     Checking zeroize v1.6.0
[INFO] [stderr]    Compiling strum_macros v0.24.3
[INFO] [stderr]     Checking arbitrary v1.3.0
[INFO] [stderr]    Compiling pin-project-internal v1.1.2
[INFO] [stderr]    Compiling fuel-derive v0.43.1
[INFO] [stderr]    Compiling curve25519-dalek-derive v0.1.1
[INFO] [stderr]     Checking crypto-common v0.1.6
[INFO] [stderr]     Checking block-buffer v0.10.4
[INFO] [stderr]     Checking crypto-bigint v0.5.2
[INFO] [stderr]     Checking block-buffer v0.9.0
[INFO] [stderr]     Checking digest v0.9.0
[INFO] [stderr]     Checking const-oid v0.9.3
[INFO] [stderr]     Checking sha2 v0.9.9
[INFO] [stderr]     Checking block-padding v0.3.3
[INFO] [stderr]     Checking bs58 v0.4.0
[INFO] [stderr]     Checking tracing v0.1.37
[INFO] [stderr]    Compiling derivative v2.2.0
[INFO] [stderr]     Checking inout v0.1.3
[INFO] [stderr]    Compiling auto_impl v1.1.0
[INFO] [stderr]     Checking cipher v0.4.4
[INFO] [stderr]     Checking secrecy v0.8.0
[INFO] [stderr]    Compiling darling_macro v0.13.4
[INFO] [stderr]    Compiling wasm-bindgen-macro v0.2.87
[INFO] [stderr]    Compiling prometheus-client-derive-encode v0.4.1
[INFO] [stderr]    Compiling prometheus-client-derive-text-encode v0.3.0
[INFO] [stderr]     Checking digest v0.10.7
[INFO] [stderr]     Checking der v0.7.7
[INFO] [stderr]     Checking pin-project v1.1.2
[INFO] [stderr]     Checking sha2 v0.10.8
[INFO] [stderr]     Checking hmac v0.12.1
[INFO] [stderr]     Checking signature v2.1.0
[INFO] [stderr]     Checking rfc6979 v0.4.0
[INFO] [stderr]     Checking sha3 v0.10.8
[INFO] [stderr]     Checking strum v0.24.1
[INFO] [stderr]     Checking ripemd v0.1.3
[INFO] [stderr]     Checking pbkdf2 v0.12.2
[INFO] [stderr]     Checking ed25519 v2.2.3
[INFO] [stderr]    Compiling darling v0.13.4
[INFO] [stderr]     Checking sha1 v0.10.5
[INFO] [stderr]    Compiling serde_with_macros v1.5.2
[INFO] [stderr]     Checking prometheus-client v0.18.1
[INFO] [stderr]     Checking pbkdf2 v0.11.0
[INFO] [stderr]     Checking salsa20 v0.10.2
[INFO] [stderr]    Compiling graphql-parser v0.4.0
[INFO] [stderr]     Checking scrypt v0.10.0
[INFO] [stderr]     Checking ctr v0.9.2
[INFO] [stderr]     Checking aes v0.8.3
[INFO] [stderr]    Compiling clap_derive v4.3.12
[INFO] [stderr]    Compiling libloading v0.7.4
[INFO] [stderr]     Checking spki v0.7.2
[INFO] [stderr]     Checking sec1 v0.7.2
[INFO] [stderr]     Checking instant v0.1.12
[INFO] [stderr]    Compiling bindgen v0.65.1
[INFO] [stderr]     Checking pkcs8 v0.10.2
[INFO] [stderr]     Checking js-sys v0.3.64
[INFO] [stderr]     Checking elliptic-curve v0.13.6
[INFO] [stderr]     Checking futures-executor v0.3.28
[INFO] [stderr]    Compiling cexpr v0.6.0
[INFO] [stderr]     Checking rustls-native-certs v0.5.0
[INFO] [stderr]     Checking futures v0.3.28
[INFO] [stderr]     Checking tracing-futures v0.2.5
[INFO] [stderr]     Checking ecdsa v0.16.7
[INFO] [stderr]     Checking primeorder v0.13.3
[INFO] [stderr]     Checking ct-logs v0.8.0
[INFO] [stderr]    Compiling lz4-sys v1.9.4
[INFO] [stderr]    Compiling lazycell v1.3.0
[INFO] [stderr]    Compiling shlex v1.1.0
[INFO] [stderr]    Compiling rustc-hash v1.1.0
[INFO] [stderr]    Compiling peeking_take_while v0.1.2
[INFO] [stderr]     Checking k256 v0.13.1
[INFO] [stderr]     Checking p256 v0.13.2
[INFO] [stderr]     Checking rayon v1.7.0
[INFO] [stderr]    Compiling itertools v0.12.0
[INFO] [stderr]    Compiling darling_core v0.14.4
[INFO] [stderr]     Checking humantime v2.1.0
[INFO] [stderr]    Compiling ucd-trie v0.1.6
[INFO] [stderr]     Checking termcolor v1.2.0
[INFO] [stderr]    Compiling multer v2.1.0
[INFO] [stderr]    Compiling cynic-codegen v2.2.8
[INFO] [stderr]     Checking env_logger v0.10.0
[INFO] [stderr]    Compiling pest v2.7.1
[INFO] [stderr]    Compiling async-stream-impl v0.3.5
[INFO] [stderr]    Compiling synstructure v0.12.6
[INFO] [stderr]    Compiling openssl-src v111.27.0+1.1.1v
[INFO] [stderr]     Checking gloo-timers v0.2.6
[INFO] [stderr]     Checking futures-timer v3.0.2
[INFO] [stderr]    Compiling num-integer v0.1.45
[INFO] [stderr]    Compiling pkg-config v0.3.27
[INFO] [stderr]     Checking bytes v1.5.0
[INFO] [stderr]     Checking hex v0.4.3
[INFO] [stderr]     Checking bitflags v2.4.1
[INFO] [stderr]     Checking impl-serde v0.4.0
[INFO] [stderr]     Checking uint v0.9.5
[INFO] [stderr]     Checking hashbrown v0.14.0
[INFO] [stderr]     Checking coins-core v0.8.3
[INFO] [stderr]     Checking bincode v1.3.3
[INFO] [stderr]     Checking serde_urlencoded v0.7.1
[INFO] [stderr]     Checking tokio v1.34.0
[INFO] [stderr]     Checking rlp v0.5.2
[INFO] [stderr]    Compiling toml_datetime v0.6.3
[INFO] [stderr]    Compiling serde_spanned v0.6.3
[INFO] [stderr]     Checking http v0.2.9
[INFO] [stderr]     Checking impl-rlp v0.3.0
[INFO] [stderr]     Checking coins-bip32 v0.8.3
[INFO] [stderr]     Checking fuel-types v0.43.1
[INFO] [stderr]     Checking fuel-merkle v0.43.1
[INFO] [stderr]    Compiling rustc_version v0.4.0
[INFO] [stderr]     Checking tai64 v4.0.0
[INFO] [stderr]     Checking cookie_store v0.16.2
[INFO] [stderr]    Compiling indexmap v2.0.0
[INFO] [stderr]     Checking coins-bip39 v0.8.6
[INFO] [stderr]    Compiling curve25519-dalek v4.1.1
[INFO] [stderr]    Compiling open-fastrlp-derive v0.1.1
[INFO] [stderr]     Checking fuel-asm v0.43.1
[INFO] [stderr]     Checking http-body v0.4.5
[INFO] [stderr]     Checking cargo-platform v0.1.2
[INFO] [stderr]    Compiling heapless v0.7.16
[INFO] [stderr]     Checking axum-core v0.2.9
[INFO] [stderr]    Compiling toml_edit v0.19.12
[INFO] [stderr]     Checking cargo_metadata v0.15.4
[INFO] [stderr]     Checking ed25519-dalek v2.0.0
[INFO] [stderr]     Checking serde_with v1.14.0
[INFO] [stderr]     Checking tungstenite v0.19.0
[INFO] [stderr]     Checking postcard v1.0.6
[INFO] [stderr]    Compiling schemafy_core v0.5.2
[INFO] [stderr]     Checking enr v0.8.1
[INFO] [stderr]     Checking uuid v0.8.2
[INFO] [stderr]     Checking tempfile v3.8.1
[INFO] [stderr]     Checking eth-keystore v0.5.0
[INFO] [stderr]    Compiling schemafy_lib v0.5.2
[INFO] [stderr]     Checking clap v4.3.19
[INFO] [stderr]    Compiling fuel-abi-types v0.3.0
[INFO] [stderr]    Compiling darling_macro v0.14.4
[INFO] [stderr]     Checking async-graphql-value v4.0.16
[INFO] [stderr]    Compiling vcpkg v0.2.15
[INFO] [stderr]     Checking async-graphql-parser v4.0.16
[INFO] [stderr]    Compiling proc-macro-crate v1.3.1
[INFO] [stderr]    Compiling toml v0.7.6
[INFO] [stderr]    Compiling fuels-code-gen v0.53.0
[INFO] [stderr]    Compiling openssl-sys v0.9.91
[INFO] [stderr]    Compiling darling v0.14.4
[INFO] [stderr]    Compiling fuel-core-client v0.21.0
[INFO] [stderr]     Checking rusticata-macros v4.1.0
[INFO] [stderr]     Checking async-stream v0.3.5
[INFO] [stderr]    Compiling asn1-rs-derive v0.4.0
[INFO] [stderr]    Compiling asn1-rs-impl v0.1.0
[INFO] [stderr]    Compiling displaydoc v0.2.4
[INFO] [stderr]    Compiling enum-iterator-derive v1.2.1
[INFO] [stderr]    Compiling num-bigint v0.4.3
[INFO] [stderr]    Compiling portable-atomic v1.3.3
[INFO] [stderr]     Checking uuid v1.4.1
[INFO] [stderr]     Checking tokio-util v0.7.8
[INFO] [stderr]     Checking tokio-rustls v0.24.1
[INFO] [stderr]     Checking tower v0.4.13
[INFO] [stderr]     Checking tokio-io-timeout v1.2.0
[INFO] [stderr]     Checking tokio-rustls v0.22.0
[INFO] [stderr]     Checking tokio-rayon v2.1.0
[INFO] [stderr]     Checking tokio-tungstenite v0.19.0
[INFO] [stderr]     Checking unicode-width v0.1.10
[INFO] [stderr]    Compiling oid-registry v0.6.1
[INFO] [stderr]    Compiling signal-hook v0.3.17
[INFO] [stderr]     Checking h2 v0.3.20
[INFO] [stderr]     Checking tokio-stream v0.1.14
[INFO] [stderr]     Checking tower-http v0.3.5
[INFO] [stderr]     Checking home v0.5.5
[INFO] [stderr]     Checking which v5.0.0
[INFO] [stderr]     Checking console v0.15.7
[INFO] [stderr]    Compiling cynic-proc-macros v2.2.8
[INFO] [stderr]     Checking serde_with v3.4.0
[INFO] [stderr]     Checking portpicker v0.1.1
[INFO] [stderr]    Compiling fuels-macros v0.53.0
[INFO] [stderr]     Checking asn1-rs v0.5.2
[INFO] [stderr]     Checking dirs-sys v0.3.7
[INFO] [stderr]     Checking enum-iterator v1.4.1
[INFO] [stderr]     Checking futures-locks v0.7.1
[INFO] [stderr]     Checking foreign-types-shared v0.1.1
[INFO] [stderr]    Compiling openssl v0.10.55
[INFO] [stderr]     Checking number_prefix v0.4.0
[INFO] [stderr]     Checking foreign-types v0.3.2
[INFO] [stderr]    Compiling parity-scale-codec-derive v3.6.1
[INFO] [stderr]    Compiling scale-info-derive v2.9.0
[INFO] [stderr]    Compiling num_enum_derive v0.6.1
[INFO] [stderr]     Checking indicatif v0.17.7
[INFO] [stderr]     Checking directories v4.0.1
[INFO] [stderr]     Checking toml v0.5.11
[INFO] [stderr]     Checking cbc v0.1.2
[INFO] [stderr]     Checking rc2 v0.8.1
[INFO] [stderr]     Checking des v0.8.1
[INFO] [stderr]    Compiling openssl-macros v0.1.1
[INFO] [stderr]     Checking yasna v0.5.2
[INFO] [stderr]     Checking sha256 v1.1.4
[INFO] [stderr]     Checking x509-cert v0.2.4
[INFO] [stderr]     Checking der-parser v8.2.0
[INFO] [stderr]     Checking exitcode v1.1.2
[INFO] [stderr]     Checking p12 v0.6.3 (https://github.com/hjiayz/p12.git?rev=0b3b2e1a141c7c2384e85f3737dcc4d4ab4e8b9c#0b3b2e1a)
[INFO] [stderr]  Documenting error-codes v0.1.0 (/opt/rustwide/workdir/getting-started/error-codes)
[INFO] [stderr]     Checking confy v0.5.1
[INFO] [stderr]  Documenting signals v0.1.0 (/opt/rustwide/workdir/getting-started/signals)
[INFO] [stderr]  Documenting loader v0.1.0 (/opt/rustwide/workdir/getting-started/loader)
[INFO] [stderr]  Documenting config v0.1.0 (/opt/rustwide/workdir/getting-started/config)
[INFO] [stderr]  Documenting cli v0.1.0 (/opt/rustwide/workdir/getting-started/cli)
[INFO] [stderr]    Compiling librocksdb-sys v0.11.0+8.1.1
[INFO] [stderr]    Compiling async-graphql-derive v4.0.16
[INFO] [stderr]     Checking x509-parser v0.15.1
[INFO] [stderr]  Documenting output v0.1.0 (/opt/rustwide/workdir/getting-started/output)
[INFO] [stderr]  Documenting automated_testing v0.1.0 (/opt/rustwide/workdir/getting-started/automated_testing)
[INFO] [stderr]  Documenting logging v0.1.0 (/opt/rustwide/workdir/getting-started/logging)
[INFO] [stderr]  Documenting merge v0.1.0 (/opt/rustwide/workdir/cph/sorting/merge)
[INFO] [stderr]  Documenting bubble v0.1.0 (/opt/rustwide/workdir/cph/sorting/bubble)
[INFO] [stderr]     Checking num_enum v0.6.1
[INFO] [stderr]  Documenting binary1 v0.1.0 (/opt/rustwide/workdir/cph/search/binary1)
[INFO] [stderr]  Documenting set v0.1.0 (/opt/rustwide/workdir/cph/structures/set)
[INFO] [stderr]  Documenting map v0.1.0 (/opt/rustwide/workdir/cph/structures/map)
[INFO] [stderr]  Documenting luhn v0.1.0 (/opt/rustwide/workdir/gcr/day_1/luhn)
[INFO] [stderr]  Documenting health v0.1.0 (/opt/rustwide/workdir/gcr/day_2/health)
[INFO] [stderr]  Documenting blob v0.1.0 (/opt/rustwide/workdir/fuel/blob)
[INFO] [stderr]  Documenting library v0.1.0 (/opt/rustwide/workdir/gcr/day_2/library)
[INFO] [stderr]  Documenting iterators v0.1.0 (/opt/rustwide/workdir/gcr/day_2/iterators)
[INFO] [stderr]  Documenting array v0.1.0 (/opt/rustwide/workdir/gcr/day_1/array)
[INFO] [stderr]     Checking parity-scale-codec v3.6.1
[INFO] [stderr]     Checking hyper v0.14.27
[INFO] [stderr]     Checking scale-info v2.9.0
[INFO] [stderr]     Checking impl-codec v0.6.0
[INFO] [stderr]     Checking primitive-types v0.12.1
[INFO] [stderr]     Checking ethbloom v0.13.0
[INFO] [stderr]     Checking ethereum-types v0.14.1
[INFO] [stderr]     Checking open-fastrlp v0.1.4
[INFO] [stderr]     Checking secp256k1 v0.26.0
[INFO] [stderr]     Checking ethabi v18.0.0
[INFO] [stderr]     Checking fuel-crypto v0.43.1
[INFO] [stderr]     Checking fuel-tx v0.43.1
[INFO] [stderr]     Checking ethers-core v2.0.7
[INFO] [stderr]     Checking hyper-rustls v0.24.1
[INFO] [stderr]     Checking axum v0.5.17
[INFO] [stderr]     Checking reqwest v0.11.18
[INFO] [stderr]     Checking hyper-rustls v0.22.1
[INFO] [stderr]     Checking hyper-timeout v0.4.1
[INFO] [stderr]     Checking cynic v2.2.8
[INFO] [stderr]     Checking eventsource-client v0.10.2
[INFO] [stderr]     Checking fuel-core-metrics v0.21.0
[INFO] [stderr]     Checking async-graphql v4.0.16
[INFO] [stderr]     Checking fuel-vm v0.43.1
[INFO] [stderr]     Checking fuel-core-services v0.21.0
[INFO] [stderr]     Checking ethers-contract-abigen v2.0.7
[INFO] [stderr]     Checking ethers-providers v2.0.7
[INFO] [stderr]     Checking fuel-core-types v0.21.0
[INFO] [stderr]     Checking ethers-signers v2.0.7
[INFO] [stderr]     Checking ethers-etherscan v2.0.7
[INFO] [stderr]     Checking ethers-addressbook v2.0.7
[INFO] [stderr]     Checking fuel-core-storage v0.21.0
[INFO] [stderr]     Checking fuel-core-chain-config v0.21.0
[INFO] [stderr]     Checking fuel-core-poa v0.21.0
[INFO] [stderr]     Checking fuel-core-consensus-module v0.21.0
[INFO] [stderr]     Checking fuel-core-txpool v0.21.0
[INFO] [stderr]     Checking fuel-core-executor v0.21.0
[INFO] [stderr]     Checking fuel-core-database v0.21.0
[INFO] [stderr]     Checking fuel-core-producer v0.21.0
[INFO] [stderr]     Checking fuel-core-importer v0.21.0
[INFO] [stderr]    Compiling ethers-contract-derive v2.0.7
[INFO] [stderr] error: could not compile `fuel-core-client` (lib)
[INFO] [stderr] 
[INFO] [stderr] Caused by:
[INFO] [stderr]   process didn't exit successfully: `/opt/rustwide/rustup-home/toolchains/1.75.0-x86_64-unknown-linux-gnu/bin/rustc --crate-name fuel_core_client --edition=2021 /opt/rustwide/cargo-home/registry/src/index.crates.io-6f17d22bba15001f/fuel-core-client-0.21.0/src/lib.rs --error-format=json --json=diagnostic-rendered-ansi,artifacts,future-incompat --crate-type lib --emit=dep-info,metadata -C embed-bitcode=no -C debuginfo=2 --cfg 'feature="default"' --cfg 'feature="eventsource-client"' --cfg 'feature="futures"' --cfg 'feature="hyper-rustls"' --cfg 'feature="subscriptions"' -C metadata=b3f8d8c7d29e4c19 -C extra-filename=-b3f8d8c7d29e4c19 --out-dir /opt/rustwide/target/debug/deps -L dependency=/opt/rustwide/target/debug/deps --extern anyhow=/opt/rustwide/target/debug/deps/libanyhow-999548557896fa19.rmeta --extern cynic=/opt/rustwide/target/debug/deps/libcynic-0f68f663c6243ab6.rmeta --extern derive_more=/opt/rustwide/target/debug/deps/libderive_more-8480fbbd451c895a.so --extern eventsource_client=/opt/rustwide/target/debug/deps/libeventsource_client-6631273e08649eab.rmeta --extern fuel_core_types=/opt/rustwide/target/debug/deps/libfuel_core_types-f4e4ce8c101420f1.rmeta --extern futures=/opt/rustwide/target/debug/deps/libfutures-81a105694522a4ad.rmeta --extern hex=/opt/rustwide/target/debug/deps/libhex-2f0747ef4940cf33.rmeta --extern hyper_rustls=/opt/rustwide/target/debug/deps/libhyper_rustls-f2c33dd2b4766df0.rmeta --extern itertools=/opt/rustwide/target/debug/deps/libitertools-7257c9d5e05a5377.rmeta --extern reqwest=/opt/rustwide/target/debug/deps/libreqwest-01ec3c3970e024be.rmeta --extern serde=/opt/rustwide/target/debug/deps/libserde-80b8d834d04f8482.rmeta --extern serde_json=/opt/rustwide/target/debug/deps/libserde_json-81f5fe118ce2bd40.rmeta --extern tai64=/opt/rustwide/target/debug/deps/libtai64-706982e3b383cb5a.rmeta --extern thiserror=/opt/rustwide/target/debug/deps/libthiserror-40900b59dc881a95.rmeta --extern tracing=/opt/rustwide/target/debug/deps/libtracing-c070dd4d09e6d3e7.rmeta --cap-lints allow --cap-lints=warn -L native=/opt/rustwide/target/debug/build/ring-ae352902e3bd2ce6/out -L native=/opt/rustwide/target/debug/build/secp256k1-sys-dcd23b67e4348578/out` (signal: 9, SIGKILL: kill)
[INFO] [stderr] warning: build failed, waiting for other jobs to finish...
[INFO] [stderr] The following warnings were emitted during compilation:
[INFO] [stderr] 
[INFO] [stderr] warning: librocksdb-sys@0.11.0+8.1.1: c++: fatal error: Killed signal terminated program cc1plus
[INFO] [stderr] warning: librocksdb-sys@0.11.0+8.1.1: compilation terminated.
[INFO] [stderr] warning: librocksdb-sys@0.11.0+8.1.1: c++: fatal error: Killed signal terminated program cc1plus
[INFO] [stderr] warning: librocksdb-sys@0.11.0+8.1.1: compilation terminated.
[INFO] [stderr] warning: librocksdb-sys@0.11.0+8.1.1: c++: fatal error: Killed signal terminated program cc1plus
[INFO] [stderr] warning: librocksdb-sys@0.11.0+8.1.1: compilation terminated.
[INFO] [stderr] 
[INFO] [stderr] error: failed to run custom build command for `librocksdb-sys v0.11.0+8.1.1`
[INFO] [stderr] note: To improve backtraces for build dependencies, set the CARGO_PROFILE_DEV_BUILD_OVERRIDE_DEBUG=true environment variable to enable debug information generation.
[INFO] [stderr] 
[INFO] [stderr] Caused by:
[INFO] [stderr]   process didn't exit successfully: `/opt/rustwide/target/debug/build/librocksdb-sys-ecec4ed51d02d4b6/build-script-build` (exit status: 1)
[INFO] [stderr]   --- stdout
[INFO] [stderr]   cargo:rerun-if-env-changed=ROCKSDB_COMPILE
[INFO] [stderr]   cargo:rerun-if-env-changed=ROCKSDB_LIB_DIR
[INFO] [stderr]   cargo:rerun-if-env-changed=ROCKSDB_STATIC
[INFO] [stderr]   cargo:rerun-if-changed=rocksdb/
[INFO] [stderr]   TARGET = Some("x86_64-unknown-linux-gnu")
[INFO] [stderr]   OPT_LEVEL = Some("0")
[INFO] [stderr]   HOST = Some("x86_64-unknown-linux-gnu")
[INFO] [stderr]   cargo:rerun-if-env-changed=CXX_x86_64-unknown-linux-gnu
[INFO] [stderr]   CXX_x86_64-unknown-linux-gnu = None
[INFO] [stderr]   cargo:rerun-if-env-changed=CXX_x86_64_unknown_linux_gnu
[INFO] [stderr]   CXX_x86_64_unknown_linux_gnu = None
[INFO] [stderr]   cargo:rerun-if-env-changed=HOST_CXX
[INFO] [stderr]   HOST_CXX = None
[INFO] [stderr]   cargo:rerun-if-env-changed=CXX
[INFO] [stderr]   CXX = None
[INFO] [stderr]   cargo:rerun-if-env-changed=CXXFLAGS_x86_64-unknown-linux-gnu
[INFO] [stderr]   CXXFLAGS_x86_64-unknown-linux-gnu = None
[INFO] [stderr]   cargo:rerun-if-env-changed=CXXFLAGS_x86_64_unknown_linux_gnu
[INFO] [stderr]   CXXFLAGS_x86_64_unknown_linux_gnu = None
[INFO] [stderr]   cargo:rerun-if-env-changed=HOST_CXXFLAGS
[INFO] [stderr]   HOST_CXXFLAGS = None
[INFO] [stderr]   cargo:rerun-if-env-changed=CXXFLAGS
[INFO] [stderr]   CXXFLAGS = None
[INFO] [stderr]   cargo:rerun-if-env-changed=CRATE_CC_NO_DEFAULTS
[INFO] [stderr]   CRATE_CC_NO_DEFAULTS = None
[INFO] [stderr]   DEBUG = Some("true")
[INFO] [stderr]   CARGO_CFG_TARGET_FEATURE = Some("fxsr,sse,sse2")
[INFO] [stderr]   cargo:rerun-if-env-changed=CXX_x86_64-unknown-linux-gnu
[INFO] [stderr]   CXX_x86_64-unknown-linux-gnu = None
[INFO] [stderr]   cargo:rerun-if-env-changed=CXX_x86_64_unknown_linux_gnu
[INFO] [stderr]   CXX_x86_64_unknown_linux_gnu = None
[INFO] [stderr]   cargo:rerun-if-env-changed=HOST_CXX
[INFO] [stderr]   HOST_CXX = None
[INFO] [stderr]   cargo:rerun-if-env-changed=CXX
[INFO] [stderr]   CXX = None
[INFO] [stderr]   cargo:rerun-if-env-changed=CXXFLAGS_x86_64-unknown-linux-gnu
[INFO] [stderr]   CXXFLAGS_x86_64-unknown-linux-gnu = None
[INFO] [stderr]   cargo:rerun-if-env-changed=CXXFLAGS_x86_64_unknown_linux_gnu
[INFO] [stderr]   CXXFLAGS_x86_64_unknown_linux_gnu = None
[INFO] [stderr]   cargo:rerun-if-env-changed=HOST_CXXFLAGS
[INFO] [stderr]   HOST_CXXFLAGS = None
[INFO] [stderr]   cargo:rerun-if-env-changed=CXXFLAGS
[INFO] [stderr]   CXXFLAGS = None
[INFO] [stderr]   cargo:rerun-if-env-changed=CRATE_CC_NO_DEFAULTS
[INFO] [stderr]   CRATE_CC_NO_DEFAULTS = None
[INFO] [stderr]   CARGO_CFG_TARGET_FEATURE = Some("fxsr,sse,sse2")
[INFO] [stderr]   cargo:rerun-if-env-changed=CXX_x86_64-unknown-linux-gnu
[INFO] [stderr]   CXX_x86_64-unknown-linux-gnu = None
[INFO] [stderr]   cargo:rerun-if-env-changed=CXX_x86_64_unknown_linux_gnu
[INFO] [stderr]   CXX_x86_64_unknown_linux_gnu = None
[INFO] [stderr]   cargo:rerun-if-env-changed=HOST_CXX
[INFO] [stderr]   HOST_CXX = None
[INFO] [stderr]   cargo:rerun-if-env-changed=CXX
[INFO] [stderr]   CXX = None
[INFO] [stderr]   cargo:rerun-if-env-changed=CXXFLAGS_x86_64-unknown-linux-gnu
[INFO] [stderr]   CXXFLAGS_x86_64-unknown-linux-gnu = None
[INFO] [stderr]   cargo:rerun-if-env-changed=CXXFLAGS_x86_64_unknown_linux_gnu
[INFO] [stderr]   CXXFLAGS_x86_64_unknown_linux_gnu = None
[INFO] [stderr]   cargo:rerun-if-env-changed=HOST_CXXFLAGS
[INFO] [stderr]   HOST_CXXFLAGS = None
[INFO] [stderr]   cargo:rerun-if-env-changed=CXXFLAGS
[INFO] [stderr]   CXXFLAGS = None
[INFO] [stderr]   cargo:rerun-if-env-changed=CRATE_CC_NO_DEFAULTS
[INFO] [stderr]   CRATE_CC_NO_DEFAULTS = None
[INFO] [stderr]   CARGO_CFG_TARGET_FEATURE = Some("fxsr,sse,sse2")
[INFO] [stderr]   running: "c++" "-O0" "-ffunction-sections" "-fdata-sections" "-fPIC" "-gdwarf-4" "-fno-omit-frame-pointer" "-m64" "-I" "rocksdb/include/" "-I" "rocksdb/" "-I" "rocksdb/third-party/gtest-1.8.1/fused-src/" "-I" "/opt/rustwide/target/debug/build/lz4-sys-6d1d489571eef6d5/out/include" "-I" "." "-Wall" "-Wextra" "-std=c++17" "-Wsign-compare" "-Wshadow" "-Wno-unused-parameter" "-Wno-unused-variable" "-Woverloaded-virtual" "-Wnon-virtual-dtor" "-Wno-missing-field-initializers" "-Wno-strict-aliasing" "-Wno-invalid-offsetof" "-msse2" "-std=c++17" "-DLZ4=1" "-DNDEBUG=1" "-DOS_LINUX" "-DROCKSDB_PLATFORM_POSIX" "-DROCKSDB_LIB_IO_POSIX" "-DROCKSDB_SUPPORT_THREAD_LOCAL" "-o" "/opt/rustwide/target/debug/build/librocksdb-sys-e91a9ad484f7ecb3/out/rocksdb/cache/cache.o" "-c" "rocksdb/cache/cache.cc"
[INFO] [stderr]   running: "c++" "-O0" "-ffunction-sections" "-fdata-sections" "-fPIC" "-gdwarf-4" "-fno-omit-frame-pointer" "-m64" "-I" "rocksdb/include/" "-I" "rocksdb/" "-I" "rocksdb/third-party/gtest-1.8.1/fused-src/" "-I" "/opt/rustwide/target/debug/build/lz4-sys-6d1d489571eef6d5/out/include" "-I" "." "-Wall" "-Wextra" "-std=c++17" "-Wsign-compare" "-Wshadow" "-Wno-unused-parameter" "-Wno-unused-variable" "-Woverloaded-virtual" "-Wnon-virtual-dtor" "-Wno-missing-field-initializers" "-Wno-strict-aliasing" "-Wno-invalid-offsetof" "-msse2" "-std=c++17" "-DLZ4=1" "-DNDEBUG=1" "-DOS_LINUX" "-DROCKSDB_PLATFORM_POSIX" "-DROCKSDB_LIB_IO_POSIX" "-DROCKSDB_SUPPORT_THREAD_LOCAL" "-o" "/opt/rustwide/target/debug/build/librocksdb-sys-e91a9ad484f7ecb3/out/rocksdb/cache/cache_entry_roles.o" "-c" "rocksdb/cache/cache_entry_roles.cc"
[INFO] [stderr]   exit status: 0
[INFO] [stderr]   running: "c++" "-O0" "-ffunction-sections" "-fdata-sections" "-fPIC" "-gdwarf-4" "-fno-omit-frame-pointer" "-m64" "-I" "rocksdb/include/" "-I" "rocksdb/" "-I" "rocksdb/third-party/gtest-1.8.1/fused-src/" "-I" "/opt/rustwide/target/debug/build/lz4-sys-6d1d489571eef6d5/out/include" "-I" "." "-Wall" "-Wextra" "-std=c++17" "-Wsign-compare" "-Wshadow" "-Wno-unused-parameter" "-Wno-unused-variable" "-Woverloaded-virtual" "-Wnon-virtual-dtor" "-Wno-missing-field-initializers" "-Wno-strict-aliasing" "-Wno-invalid-offsetof" "-msse2" "-std=c++17" "-DLZ4=1" "-DNDEBUG=1" "-DOS_LINUX" "-DROCKSDB_PLATFORM_POSIX" "-DROCKSDB_LIB_IO_POSIX" "-DROCKSDB_SUPPORT_THREAD_LOCAL" "-o" "/opt/rustwide/target/debug/build/librocksdb-sys-e91a9ad484f7ecb3/out/rocksdb/cache/cache_key.o" "-c" "rocksdb/cache/cache_key.cc"
[INFO] [stderr]   running: "c++" "-O0" "-ffunction-sections" "-fdata-sections" "-fPIC" "-gdwarf-4" "-fno-omit-frame-pointer" "-m64" "-I" "rocksdb/include/" "-I" "rocksdb/" "-I" "rocksdb/third-party/gtest-1.8.1/fused-src/" "-I" "/opt/rustwide/target/debug/build/lz4-sys-6d1d489571eef6d5/out/include" "-I" "." "-Wall" "-Wextra" "-std=c++17" "-Wsign-compare" "-Wshadow" "-Wno-unused-parameter" "-Wno-unused-variable" "-Woverloaded-virtual" "-Wnon-virtual-dtor" "-Wno-missing-field-initializers" "-Wno-strict-aliasing" "-Wno-invalid-offsetof" "-msse2" "-std=c++17" "-DLZ4=1" "-DNDEBUG=1" "-DOS_LINUX" "-DROCKSDB_PLATFORM_POSIX" "-DROCKSDB_LIB_IO_POSIX" "-DROCKSDB_SUPPORT_THREAD_LOCAL" "-o" "/opt/rustwide/target/debug/build/librocksdb-sys-e91a9ad484f7ecb3/out/rocksdb/cache/cache_helpers.o" "-c" "rocksdb/cache/cache_helpers.cc"
[INFO] [stderr]   running: "c++" "-O0" "-ffunction-sections" "-fdata-sections" "-fPIC" "-gdwarf-4" "-fno-omit-frame-pointer" "-m64" "-I" "rocksdb/include/" "-I" "rocksdb/" "-I" "rocksdb/third-party/gtest-1.8.1/fused-src/" "-I" "/opt/rustwide/target/debug/build/lz4-sys-6d1d489571eef6d5/out/include" "-I" "." "-Wall" "-Wextra" "-std=c++17" "-Wsign-compare" "-Wshadow" "-Wno-unused-parameter" "-Wno-unused-variable" "-Woverloaded-virtual" "-Wnon-virtual-dtor" "-Wno-missing-field-initializers" "-Wno-strict-aliasing" "-Wno-invalid-offsetof" "-msse2" "-std=c++17" "-DLZ4=1" "-DNDEBUG=1" "-DOS_LINUX" "-DROCKSDB_PLATFORM_POSIX" "-DROCKSDB_LIB_IO_POSIX" "-DROCKSDB_SUPPORT_THREAD_LOCAL" "-o" "/opt/rustwide/target/debug/build/librocksdb-sys-e91a9ad484f7ecb3/out/rocksdb/cache/cache_reservation_manager.o" "-c" "rocksdb/cache/cache_reservation_manager.cc"
[INFO] [stderr]   exit status: 0
[INFO] [stderr]   running: "c++" "-O0" "-ffunction-sections" "-fdata-sections" "-fPIC" "-gdwarf-4" "-fno-omit-frame-pointer" "-m64" "-I" "rocksdb/include/" "-I" "rocksdb/" "-I" "rocksdb/third-party/gtest-1.8.1/fused-src/" "-I" "/opt/rustwide/target/debug/build/lz4-sys-6d1d489571eef6d5/out/include" "-I" "." "-Wall" "-Wextra" "-std=c++17" "-Wsign-compare" "-Wshadow" "-Wno-unused-parameter" "-Wno-unused-variable" "-Woverloaded-virtual" "-Wnon-virtual-dtor" "-Wno-missing-field-initializers" "-Wno-strict-aliasing" "-Wno-invalid-offsetof" "-msse2" "-std=c++17" "-DLZ4=1" "-DNDEBUG=1" "-DOS_LINUX" "-DROCKSDB_PLATFORM_POSIX" "-DROCKSDB_LIB_IO_POSIX" "-DROCKSDB_SUPPORT_THREAD_LOCAL" "-o" "/opt/rustwide/target/debug/build/librocksdb-sys-e91a9ad484f7ecb3/out/rocksdb/cache/charged_cache.o" "-c" "rocksdb/cache/charged_cache.cc"
[INFO] [stderr]   running: "c++" "-O0" "-ffunction-sections" "-fdata-sections" "-fPIC" "-gdwarf-4" "-fno-omit-frame-pointer" "-m64" "-I" "rocksdb/include/" "-I" "rocksdb/" "-I" "rocksdb/third-party/gtest-1.8.1/fused-src/" "-I" "/opt/rustwide/target/debug/build/lz4-sys-6d1d489571eef6d5/out/include" "-I" "." "-Wall" "-Wextra" "-std=c++17" "-Wsign-compare" "-Wshadow" "-Wno-unused-parameter" "-Wno-unused-variable" "-Woverloaded-virtual" "-Wnon-virtual-dtor" "-Wno-missing-field-initializers" "-Wno-strict-aliasing" "-Wno-invalid-offsetof" "-msse2" "-std=c++17" "-DLZ4=1" "-DNDEBUG=1" "-DOS_LINUX" "-DROCKSDB_PLATFORM_POSIX" "-DROCKSDB_LIB_IO_POSIX" "-DROCKSDB_SUPPORT_THREAD_LOCAL" "-o" "/opt/rustwide/target/debug/build/librocksdb-sys-e91a9ad484f7ecb3/out/rocksdb/cache/clock_cache.o" "-c" "rocksdb/cache/clock_cache.cc"
[INFO] [stderr]   exit status: 0
[INFO] [stderr]   exit status: 0
[INFO] [stderr]   exit status: 0
[INFO] [stderr]   exit status: 0
[INFO] [stderr]   running: "c++" "-O0" "-ffunction-sections" "-fdata-sections" "-fPIC" "-gdwarf-4" "-fno-omit-frame-pointer" "-m64" "-I" "rocksdb/include/" "-I" "rocksdb/" "-I" "rocksdb/third-party/gtest-1.8.1/fused-src/" "-I" "/opt/rustwide/target/debug/build/lz4-sys-6d1d489571eef6d5/out/include" "-I" "." "-Wall" "-Wextra" "-std=c++17" "-Wsign-compare" "-Wshadow" "-Wno-unused-parameter" "-Wno-unused-variable" "-Woverloaded-virtual" "-Wnon-virtual-dtor" "-Wno-missing-field-initializers" "-Wno-strict-aliasing" "-Wno-invalid-offsetof" "-msse2" "-std=c++17" "-DLZ4=1" "-DNDEBUG=1" "-DOS_LINUX" "-DROCKSDB_PLATFORM_POSIX" "-DROCKSDB_LIB_IO_POSIX" "-DROCKSDB_SUPPORT_THREAD_LOCAL" "-o" "/opt/rustwide/target/debug/build/librocksdb-sys-e91a9ad484f7ecb3/out/rocksdb/cache/lru_cache.o" "-c" "rocksdb/cache/lru_cache.cc"
[INFO] [stderr]   running: "c++" "-O0" "-ffunction-sections" "-fdata-sections" "-fPIC" "-gdwarf-4" "-fno-omit-frame-pointer" "-m64" "-I" "rocksdb/include/" "-I" "rocksdb/" "-I" "rocksdb/third-party/gtest-1.8.1/fused-src/" "-I" "/opt/rustwide/target/debug/build/lz4-sys-6d1d489571eef6d5/out/include" "-I" "." "-Wall" "-Wextra" "-std=c++17" "-Wsign-compare" "-Wshadow" "-Wno-unused-parameter" "-Wno-unused-variable" "-Woverloaded-virtual" "-Wnon-virtual-dtor" "-Wno-missing-field-initializers" "-Wno-strict-aliasing" "-Wno-invalid-offsetof" "-msse2" "-std=c++17" "-DLZ4=1" "-DNDEBUG=1" "-DOS_LINUX" "-DROCKSDB_PLATFORM_POSIX" "-DROCKSDB_LIB_IO_POSIX" "-DROCKSDB_SUPPORT_THREAD_LOCAL" "-o" "/opt/rustwide/target/debug/build/librocksdb-sys-e91a9ad484f7ecb3/out/rocksdb/cache/compressed_secondary_cache.o" "-c" "rocksdb/cache/compressed_secondary_cache.cc"
[INFO] [stderr]   running: "c++" "-O0" "-ffunction-sections" "-fdata-sections" "-fPIC" "-gdwarf-4" "-fno-omit-frame-pointer" "-m64" "-I" "rocksdb/include/" "-I" "rocksdb/" "-I" "rocksdb/third-party/gtest-1.8.1/fused-src/" "-I" "/opt/rustwide/target/debug/build/lz4-sys-6d1d489571eef6d5/out/include" "-I" "." "-Wall" "-Wextra" "-std=c++17" "-Wsign-compare" "-Wshadow" "-Wno-unused-parameter" "-Wno-unused-variable" "-Woverloaded-virtual" "-Wnon-virtual-dtor" "-Wno-missing-field-initializers" "-Wno-strict-aliasing" "-Wno-invalid-offsetof" "-msse2" "-std=c++17" "-DLZ4=1" "-DNDEBUG=1" "-DOS_LINUX" "-DROCKSDB_PLATFORM_POSIX" "-DROCKSDB_LIB_IO_POSIX" "-DROCKSDB_SUPPORT_THREAD_LOCAL" "-o" "/opt/rustwide/target/debug/build/librocksdb-sys-e91a9ad484f7ecb3/out/rocksdb/cache/secondary_cache.o" "-c" "rocksdb/cache/secondary_cache.cc"
[INFO] [stderr]   running: "c++" "-O0" "-ffunction-sections" "-fdata-sections" "-fPIC" "-gdwarf-4" "-fno-omit-frame-pointer" "-m64" "-I" "rocksdb/include/" "-I" "rocksdb/" "-I" "rocksdb/third-party/gtest-1.8.1/fused-src/" "-I" "/opt/rustwide/target/debug/build/lz4-sys-6d1d489571eef6d5/out/include" "-I" "." "-Wall" "-Wextra" "-std=c++17" "-Wsign-compare" "-Wshadow" "-Wno-unused-parameter" "-Wno-unused-variable" "-Woverloaded-virtual" "-Wnon-virtual-dtor" "-Wno-missing-field-initializers" "-Wno-strict-aliasing" "-Wno-invalid-offsetof" "-msse2" "-std=c++17" "-DLZ4=1" "-DNDEBUG=1" "-DOS_LINUX" "-DROCKSDB_PLATFORM_POSIX" "-DROCKSDB_LIB_IO_POSIX" "-DROCKSDB_SUPPORT_THREAD_LOCAL" "-o" "/opt/rustwide/target/debug/build/librocksdb-sys-e91a9ad484f7ecb3/out/rocksdb/cache/secondary_cache_adapter.o" "-c" "rocksdb/cache/secondary_cache_adapter.cc"
[INFO] [stderr]   running: "c++" "-O0" "-ffunction-sections" "-fdata-sections" "-fPIC" "-gdwarf-4" "-fno-omit-frame-pointer" "-m64" "-I" "rocksdb/include/" "-I" "rocksdb/" "-I" "rocksdb/third-party/gtest-1.8.1/fused-src/" "-I" "/opt/rustwide/target/debug/build/lz4-sys-6d1d489571eef6d5/out/include" "-I" "." "-Wall" "-Wextra" "-std=c++17" "-Wsign-compare" "-Wshadow" "-Wno-unused-parameter" "-Wno-unused-variable" "-Woverloaded-virtual" "-Wnon-virtual-dtor" "-Wno-missing-field-initializers" "-Wno-strict-aliasing" "-Wno-invalid-offsetof" "-msse2" "-std=c++17" "-DLZ4=1" "-DNDEBUG=1" "-DOS_LINUX" "-DROCKSDB_PLATFORM_POSIX" "-DROCKSDB_LIB_IO_POSIX" "-DROCKSDB_SUPPORT_THREAD_LOCAL" "-o" "/opt/rustwide/target/debug/build/librocksdb-sys-e91a9ad484f7ecb3/out/rocksdb/cache/sharded_cache.o" "-c" "rocksdb/cache/sharded_cache.cc"
[INFO] [stderr]   running: "c++" "-O0" "-ffunction-sections" "-fdata-sections" "-fPIC" "-gdwarf-4" "-fno-omit-frame-pointer" "-m64" "-I" "rocksdb/include/" "-I" "rocksdb/" "-I" "rocksdb/third-party/gtest-1.8.1/fused-src/" "-I" "/opt/rustwide/target/debug/build/lz4-sys-6d1d489571eef6d5/out/include" "-I" "." "-Wall" "-Wextra" "-std=c++17" "-Wsign-compare" "-Wshadow" "-Wno-unused-parameter" "-Wno-unused-variable" "-Woverloaded-virtual" "-Wnon-virtual-dtor" "-Wno-missing-field-initializers" "-Wno-strict-aliasing" "-Wno-invalid-offsetof" "-msse2" "-std=c++17" "-DLZ4=1" "-DNDEBUG=1" "-DOS_LINUX" "-DROCKSDB_PLATFORM_POSIX" "-DROCKSDB_LIB_IO_POSIX" "-DROCKSDB_SUPPORT_THREAD_LOCAL" "-o" "/opt/rustwide/target/debug/build/librocksdb-sys-e91a9ad484f7ecb3/out/rocksdb/db/arena_wrapped_db_iter.o" "-c" "rocksdb/db/arena_wrapped_db_iter.cc"
[INFO] [stderr]   running: "c++" "-O0" "-ffunction-sections" "-fdata-sections" "-fPIC" "-gdwarf-4" "-fno-omit-frame-pointer" "-m64" "-I" "rocksdb/include/" "-I" "rocksdb/" "-I" "rocksdb/third-party/gtest-1.8.1/fused-src/" "-I" "/opt/rustwide/target/debug/build/lz4-sys-6d1d489571eef6d5/out/include" "-I" "." "-Wall" "-Wextra" "-std=c++17" "-Wsign-compare" "-Wshadow" "-Wno-unused-parameter" "-Wno-unused-variable" "-Woverloaded-virtual" "-Wnon-virtual-dtor" "-Wno-missing-field-initializers" "-Wno-strict-aliasing" "-Wno-invalid-offsetof" "-msse2" "-std=c++17" "-DLZ4=1" "-DNDEBUG=1" "-DOS_LINUX" "-DROCKSDB_PLATFORM_POSIX" "-DROCKSDB_LIB_IO_POSIX" "-DROCKSDB_SUPPORT_THREAD_LOCAL" "-o" "/opt/rustwide/target/debug/build/librocksdb-sys-e91a9ad484f7ecb3/out/rocksdb/db/blob/blob_contents.o" "-c" "rocksdb/db/blob/blob_contents.cc"
[INFO] [stderr]   running: "c++" "-O0" "-ffunction-sections" "-fdata-sections" "-fPIC" "-gdwarf-4" "-fno-omit-frame-pointer" "-m64" "-I" "rocksdb/include/" "-I" "rocksdb/" "-I" "rocksdb/third-party/gtest-1.8.1/fused-src/" "-I" "/opt/rustwide/target/debug/build/lz4-sys-6d1d489571eef6d5/out/include" "-I" "." "-Wall" "-Wextra" "-std=c++17" "-Wsign-compare" "-Wshadow" "-Wno-unused-parameter" "-Wno-unused-variable" "-Woverloaded-virtual" "-Wnon-virtual-dtor" "-Wno-missing-field-initializers" "-Wno-strict-aliasing" "-Wno-invalid-offsetof" "-msse2" "-std=c++17" "-DLZ4=1" "-DNDEBUG=1" "-DOS_LINUX" "-DROCKSDB_PLATFORM_POSIX" "-DROCKSDB_LIB_IO_POSIX" "-DROCKSDB_SUPPORT_THREAD_LOCAL" "-o" "/opt/rustwide/target/debug/build/librocksdb-sys-e91a9ad484f7ecb3/out/rocksdb/db/blob/blob_fetcher.o" "-c" "rocksdb/db/blob/blob_fetcher.cc"
[INFO] [stderr]   running: "c++" "-O0" "-ffunction-sections" "-fdata-sections" "-fPIC" "-gdwarf-4" "-fno-omit-frame-pointer" "-m64" "-I" "rocksdb/include/" "-I" "rocksdb/" "-I" "rocksdb/third-party/gtest-1.8.1/fused-src/" "-I" "/opt/rustwide/target/debug/build/lz4-sys-6d1d489571eef6d5/out/include" "-I" "." "-Wall" "-Wextra" "-std=c++17" "-Wsign-compare" "-Wshadow" "-Wno-unused-parameter" "-Wno-unused-variable" "-Woverloaded-virtual" "-Wnon-virtual-dtor" "-Wno-missing-field-initializers" "-Wno-strict-aliasing" "-Wno-invalid-offsetof" "-msse2" "-std=c++17" "-DLZ4=1" "-DNDEBUG=1" "-DOS_LINUX" "-DROCKSDB_PLATFORM_POSIX" "-DROCKSDB_LIB_IO_POSIX" "-DROCKSDB_SUPPORT_THREAD_LOCAL" "-o" "/opt/rustwide/target/debug/build/librocksdb-sys-e91a9ad484f7ecb3/out/rocksdb/db/blob/blob_file_addition.o" "-c" "rocksdb/db/blob/blob_file_addition.cc"
[INFO] [stderr]   running: "c++" "-O0" "-ffunction-sections" "-fdata-sections" "-fPIC" "-gdwarf-4" "-fno-omit-frame-pointer" "-m64" "-I" "rocksdb/include/" "-I" "rocksdb/" "-I" "rocksdb/third-party/gtest-1.8.1/fused-src/" "-I" "/opt/rustwide/target/debug/build/lz4-sys-6d1d489571eef6d5/out/include" "-I" "." "-Wall" "-Wextra" "-std=c++17" "-Wsign-compare" "-Wshadow" "-Wno-unused-parameter" "-Wno-unused-variable" "-Woverloaded-virtual" "-Wnon-virtual-dtor" "-Wno-missing-field-initializers" "-Wno-strict-aliasing" "-Wno-invalid-offsetof" "-msse2" "-std=c++17" "-DLZ4=1" "-DNDEBUG=1" "-DOS_LINUX" "-DROCKSDB_PLATFORM_POSIX" "-DROCKSDB_LIB_IO_POSIX" "-DROCKSDB_SUPPORT_THREAD_LOCAL" "-o" "/opt/rustwide/target/debug/build/librocksdb-sys-e91a9ad484f7ecb3/out/rocksdb/db/blob/blob_file_builder.o" "-c" "rocksdb/db/blob/blob_file_builder.cc"
[INFO] [stderr]   running: "c++" "-O0" "-ffunction-sections" "-fdata-sections" "-fPIC" "-gdwarf-4" "-fno-omit-frame-pointer" "-m64" "-I" "rocksdb/include/" "-I" "rocksdb/" "-I" "rocksdb/third-party/gtest-1.8.1/fused-src/" "-I" "/opt/rustwide/target/debug/build/lz4-sys-6d1d489571eef6d5/out/include" "-I" "." "-Wall" "-Wextra" "-std=c++17" "-Wsign-compare" "-Wshadow" "-Wno-unused-parameter" "-Wno-unused-variable" "-Woverloaded-virtual" "-Wnon-virtual-dtor" "-Wno-missing-field-initializers" "-Wno-strict-aliasing" "-Wno-invalid-offsetof" "-msse2" "-std=c++17" "-DLZ4=1" "-DNDEBUG=1" "-DOS_LINUX" "-DROCKSDB_PLATFORM_POSIX" "-DROCKSDB_LIB_IO_POSIX" "-DROCKSDB_SUPPORT_THREAD_LOCAL" "-o" "/opt/rustwide/target/debug/build/librocksdb-sys-e91a9ad484f7ecb3/out/rocksdb/db/blob/blob_file_cache.o" "-c" "rocksdb/db/blob/blob_file_cache.cc"
[INFO] [stderr]   running: "c++" "-O0" "-ffunction-sections" "-fdata-sections" "-fPIC" "-gdwarf-4" "-fno-omit-frame-pointer" "-m64" "-I" "rocksdb/include/" "-I" "rocksdb/" "-I" "rocksdb/third-party/gtest-1.8.1/fused-src/" "-I" "/opt/rustwide/target/debug/build/lz4-sys-6d1d489571eef6d5/out/include" "-I" "." "-Wall" "-Wextra" "-std=c++17" "-Wsign-compare" "-Wshadow" "-Wno-unused-parameter" "-Wno-unused-variable" "-Woverloaded-virtual" "-Wnon-virtual-dtor" "-Wno-missing-field-initializers" "-Wno-strict-aliasing" "-Wno-invalid-offsetof" "-msse2" "-std=c++17" "-DLZ4=1" "-DNDEBUG=1" "-DOS_LINUX" "-DROCKSDB_PLATFORM_POSIX" "-DROCKSDB_LIB_IO_POSIX" "-DROCKSDB_SUPPORT_THREAD_LOCAL" "-o" "/opt/rustwide/target/debug/build/librocksdb-sys-e91a9ad484f7ecb3/out/rocksdb/db/blob/blob_file_garbage.o" "-c" "rocksdb/db/blob/blob_file_garbage.cc"
[INFO] [stderr]   exit status: 0
[INFO] [stderr]   exit status: 0
[INFO] [stderr]   running: "c++" "-O0" "-ffunction-sections" "-fdata-sections" "-fPIC" "-gdwarf-4" "-fno-omit-frame-pointer" "-m64" "-I" "rocksdb/include/" "-I" "rocksdb/" "-I" "rocksdb/third-party/gtest-1.8.1/fused-src/" "-I" "/opt/rustwide/target/debug/build/lz4-sys-6d1d489571eef6d5/out/include" "-I" "." "-Wall" "-Wextra" "-std=c++17" "-Wsign-compare" "-Wshadow" "-Wno-unused-parameter" "-Wno-unused-variable" "-Woverloaded-virtual" "-Wnon-virtual-dtor" "-Wno-missing-field-initializers" "-Wno-strict-aliasing" "-Wno-invalid-offsetof" "-msse2" "-std=c++17" "-DLZ4=1" "-DNDEBUG=1" "-DOS_LINUX" "-DROCKSDB_PLATFORM_POSIX" "-DROCKSDB_LIB_IO_POSIX" "-DROCKSDB_SUPPORT_THREAD_LOCAL" "-o" "/opt/rustwide/target/debug/build/librocksdb-sys-e91a9ad484f7ecb3/out/rocksdb/db/blob/blob_file_meta.o" "-c" "rocksdb/db/blob/blob_file_meta.cc"
[INFO] [stderr]   exit status: 0
[INFO] [stderr]   running: "c++" "-O0" "-ffunction-sections" "-fdata-sections" "-fPIC" "-gdwarf-4" "-fno-omit-frame-pointer" "-m64" "-I" "rocksdb/include/" "-I" "rocksdb/" "-I" "rocksdb/third-party/gtest-1.8.1/fused-src/" "-I" "/opt/rustwide/target/debug/build/lz4-sys-6d1d489571eef6d5/out/include" "-I" "." "-Wall" "-Wextra" "-std=c++17" "-Wsign-compare" "-Wshadow" "-Wno-unused-parameter" "-Wno-unused-variable" "-Woverloaded-virtual" "-Wnon-virtual-dtor" "-Wno-missing-field-initializers" "-Wno-strict-aliasing" "-Wno-invalid-offsetof" "-msse2" "-std=c++17" "-DLZ4=1" "-DNDEBUG=1" "-DOS_LINUX" "-DROCKSDB_PLATFORM_POSIX" "-DROCKSDB_LIB_IO_POSIX" "-DROCKSDB_SUPPORT_THREAD_LOCAL" "-o" "/opt/rustwide/target/debug/build/librocksdb-sys-e91a9ad484f7ecb3/out/rocksdb/db/blob/blob_file_reader.o" "-c" "rocksdb/db/blob/blob_file_reader.cc"
[INFO] [stderr]   exit status: 0
[INFO] [stderr]   running: "c++" "-O0" "-ffunction-sections" "-fdata-sections" "-fPIC" "-gdwarf-4" "-fno-omit-frame-pointer" "-m64" "-I" "rocksdb/include/" "-I" "rocksdb/" "-I" "rocksdb/third-party/gtest-1.8.1/fused-src/" "-I" "/opt/rustwide/target/debug/build/lz4-sys-6d1d489571eef6d5/out/include" "-I" "." "-Wall" "-Wextra" "-std=c++17" "-Wsign-compare" "-Wshadow" "-Wno-unused-parameter" "-Wno-unused-variable" "-Woverloaded-virtual" "-Wnon-virtual-dtor" "-Wno-missing-field-initializers" "-Wno-strict-aliasing" "-Wno-invalid-offsetof" "-msse2" "-std=c++17" "-DLZ4=1" "-DNDEBUG=1" "-DOS_LINUX" "-DROCKSDB_PLATFORM_POSIX" "-DROCKSDB_LIB_IO_POSIX" "-DROCKSDB_SUPPORT_THREAD_LOCAL" "-o" "/opt/rustwide/target/debug/build/librocksdb-sys-e91a9ad484f7ecb3/out/rocksdb/db/blob/blob_garbage_meter.o" "-c" "rocksdb/db/blob/blob_garbage_meter.cc"
[INFO] [stderr]   running: "c++" "-O0" "-ffunction-sections" "-fdata-sections" "-fPIC" "-gdwarf-4" "-fno-omit-frame-pointer" "-m64" "-I" "rocksdb/include/" "-I" "rocksdb/" "-I" "rocksdb/third-party/gtest-1.8.1/fused-src/" "-I" "/opt/rustwide/target/debug/build/lz4-sys-6d1d489571eef6d5/out/include" "-I" "." "-Wall" "-Wextra" "-std=c++17" "-Wsign-compare" "-Wshadow" "-Wno-unused-parameter" "-Wno-unused-variable" "-Woverloaded-virtual" "-Wnon-virtual-dtor" "-Wno-missing-field-initializers" "-Wno-strict-aliasing" "-Wno-invalid-offsetof" "-msse2" "-std=c++17" "-DLZ4=1" "-DNDEBUG=1" "-DOS_LINUX" "-DROCKSDB_PLATFORM_POSIX" "-DROCKSDB_LIB_IO_POSIX" "-DROCKSDB_SUPPORT_THREAD_LOCAL" "-o" "/opt/rustwide/target/debug/build/librocksdb-sys-e91a9ad484f7ecb3/out/rocksdb/db/blob/blob_log_format.o" "-c" "rocksdb/db/blob/blob_log_format.cc"
[INFO] [stderr]   running: "c++" "-O0" "-ffunction-sections" "-fdata-sections" "-fPIC" "-gdwarf-4" "-fno-omit-frame-pointer" "-m64" "-I" "rocksdb/include/" "-I" "rocksdb/" "-I" "rocksdb/third-party/gtest-1.8.1/fused-src/" "-I" "/opt/rustwide/target/debug/build/lz4-sys-6d1d489571eef6d5/out/include" "-I" "." "-Wall" "-Wextra" "-std=c++17" "-Wsign-compare" "-Wshadow" "-Wno-unused-parameter" "-Wno-unused-variable" "-Woverloaded-virtual" "-Wnon-virtual-dtor" "-Wno-missing-field-initializers" "-Wno-strict-aliasing" "-Wno-invalid-offsetof" "-msse2" "-std=c++17" "-DLZ4=1" "-DNDEBUG=1" "-DOS_LINUX" "-DROCKSDB_PLATFORM_POSIX" "-DROCKSDB_LIB_IO_POSIX" "-DROCKSDB_SUPPORT_THREAD_LOCAL" "-o" "/opt/rustwide/target/debug/build/librocksdb-sys-e91a9ad484f7ecb3/out/rocksdb/db/blob/blob_log_sequential_reader.o" "-c" "rocksdb/db/blob/blob_log_sequential_reader.cc"
[INFO] [stderr]   cargo:warning=c++: fatal error: Killed signal terminated program cc1plus
[INFO] [stderr]   cargo:warning=compilation terminated.
[INFO] [stderr]   exit status: 1
[INFO] [stderr]   running: "c++" "-O0" "-ffunction-sections" "-fdata-sections" "-fPIC" "-gdwarf-4" "-fno-omit-frame-pointer" "-m64" "-I" "rocksdb/include/" "-I" "rocksdb/" "-I" "rocksdb/third-party/gtest-1.8.1/fused-src/" "-I" "/opt/rustwide/target/debug/build/lz4-sys-6d1d489571eef6d5/out/include" "-I" "." "-Wall" "-Wextra" "-std=c++17" "-Wsign-compare" "-Wshadow" "-Wno-unused-parameter" "-Wno-unused-variable" "-Woverloaded-virtual" "-Wnon-virtual-dtor" "-Wno-missing-field-initializers" "-Wno-strict-aliasing" "-Wno-invalid-offsetof" "-msse2" "-std=c++17" "-DLZ4=1" "-DNDEBUG=1" "-DOS_LINUX" "-DROCKSDB_PLATFORM_POSIX" "-DROCKSDB_LIB_IO_POSIX" "-DROCKSDB_SUPPORT_THREAD_LOCAL" "-o" "/opt/rustwide/target/debug/build/librocksdb-sys-e91a9ad484f7ecb3/out/rocksdb/db/blob/blob_log_writer.o" "-c" "rocksdb/db/blob/blob_log_writer.cc"
[INFO] [stderr]   exit status: 0
[INFO] [stderr]   exit status: 0
[INFO] [stderr]   exit status: 0
[INFO] [stderr]   exit status: 0
[INFO] [stderr]   cargo:warning=c++: fatal error: Killed signal terminated program cc1plus
[INFO] [stderr]   cargo:warning=compilation terminated.
[INFO] [stderr]   exit status: 1
[INFO] [stderr]   cargo:warning=c++: fatal error: Killed signal terminated program cc1plus
[INFO] [stderr]   cargo:warning=compilation terminated.
[INFO] [stderr]   exit status: 1
[INFO] [stderr]   exit status: 0
[INFO] [stderr]   exit status: 0
[INFO] [stderr]   exit status: 0
[INFO] [stderr]   exit status: 0
[INFO] [stderr]   exit status: 0
[INFO] [stderr]   exit status: 0
[INFO] [stderr]   exit status: 0
[INFO] [stderr]   exit status: 0
[INFO] [stderr] 
[INFO] [stderr]   --- stderr
[INFO] [stderr]   error: 'rustfmt' is not installed for the toolchain '1.75.0-x86_64-unknown-linux-gnu'
[INFO] [stderr]   To install, run `rustup component add rustfmt --toolchain 1.75.0-x86_64-unknown-linux-gnu`
[INFO] [stderr]   Failed to run rustfmt: Internal rustfmt error (non-fatal, continuing)
[INFO] [stderr] 
[INFO] [stderr] 
[INFO] [stderr]   error occurred: Command "c++" "-O0" "-ffunction-sections" "-fdata-sections" "-fPIC" "-gdwarf-4" "-fno-omit-frame-pointer" "-m64" "-I" "rocksdb/include/" "-I" "rocksdb/" "-I" "rocksdb/third-party/gtest-1.8.1/fused-src/" "-I" "/opt/rustwide/target/debug/build/lz4-sys-6d1d489571eef6d5/out/include" "-I" "." "-Wall" "-Wextra" "-std=c++17" "-Wsign-compare" "-Wshadow" "-Wno-unused-parameter" "-Wno-unused-variable" "-Woverloaded-virtual" "-Wnon-virtual-dtor" "-Wno-missing-field-initializers" "-Wno-strict-aliasing" "-Wno-invalid-offsetof" "-msse2" "-std=c++17" "-DLZ4=1" "-DNDEBUG=1" "-DOS_LINUX" "-DROCKSDB_PLATFORM_POSIX" "-DROCKSDB_LIB_IO_POSIX" "-DROCKSDB_SUPPORT_THREAD_LOCAL" "-o" "/opt/rustwide/target/debug/build/librocksdb-sys-e91a9ad484f7ecb3/out/rocksdb/cache/compressed_secondary_cache.o" "-c" "rocksdb/cache/compressed_secondary_cache.cc" with args "c++" did not execute successfully (status code exit status: 1).
[INFO] [stderr] 
[INFO] [stderr] 
[INFO] running `Command { std: "docker" "inspect" "d4ffba5bf948851239b6931f176980d75b890e729dfa074d4df8c6ce14692263", kill_on_drop: false }`
[INFO] running `Command { std: "docker" "rm" "-f" "d4ffba5bf948851239b6931f176980d75b890e729dfa074d4df8c6ce14692263", kill_on_drop: false }`
[INFO] [stdout] d4ffba5bf948851239b6931f176980d75b890e729dfa074d4df8c6ce14692263
[INFO] documenting DefiCake/rust-training against beta-2023-12-22 for beta-1.76-rustdoc-1
[INFO] running `Command { std: "git" "clone" "/workspace/cache/git-repos/https%3A%2F%2Fgithub.com%2FDefiCake%2Frust-training" "/workspace/builds/worker-0-tc2/source", kill_on_drop: false }`
[INFO] [stderr] Cloning into '/workspace/builds/worker-0-tc2/source'...
[INFO] [stderr] done.
[INFO] validating manifest of git repo https://github.com/DefiCake/rust-training on toolchain beta-2023-12-22
[INFO] running `Command { std: CARGO_HOME="/workspace/cargo-home" RUSTUP_HOME="/workspace/rustup-home" "/workspace/cargo-home/bin/cargo" "+beta-2023-12-22" "metadata" "--manifest-path" "Cargo.toml" "--no-deps", kill_on_drop: false }`
[INFO] started tweaking git repo https://github.com/DefiCake/rust-training
[INFO] finished tweaking git repo https://github.com/DefiCake/rust-training
[INFO] tweaked toml for git repo https://github.com/DefiCake/rust-training written to /workspace/builds/worker-0-tc2/source/Cargo.toml
[INFO] crate git repo https://github.com/DefiCake/rust-training already has a lockfile, it will not be regenerated
[INFO] running `Command { std: CARGO_HOME="/workspace/cargo-home" RUSTUP_HOME="/workspace/rustup-home" "/workspace/cargo-home/bin/cargo" "+beta-2023-12-22" "fetch" "--manifest-path" "Cargo.toml", kill_on_drop: false }`
[INFO] [stderr] warning: virtual workspace defaulting to `resolver = "1"` despite one or more workspace members being on edition 2021 which implies `resolver = "2"`
[INFO] [stderr] note: to keep the current resolver, specify `workspace.resolver = "1"` in the workspace root's manifest
[INFO] [stderr] note: to use the edition 2021 resolver, specify `workspace.resolver = "2"` in the workspace root's manifest
[INFO] [stderr] note: for more details see https://doc.rust-lang.org/cargo/reference/resolver.html#resolver-versions
[INFO] [stderr]     Blocking waiting for file lock on package cache
[INFO] [stderr]     Blocking waiting for file lock on package cache
[INFO] running `Command { std: "docker" "create" "-v" "/var/lib/crater-agent-workspace/builds/worker-0-tc2/target:/opt/rustwide/target:rw,Z" "-v" "/var/lib/crater-agent-workspace/builds/worker-0-tc2/source:/opt/rustwide/workdir:ro,Z" "-v" "/var/lib/crater-agent-workspace/cargo-home:/opt/rustwide/cargo-home:ro,Z" "-v" "/var/lib/crater-agent-workspace/rustup-home:/opt/rustwide/rustup-home:ro,Z" "-e" "SOURCE_DIR=/opt/rustwide/workdir" "-e" "CARGO_TARGET_DIR=/opt/rustwide/target" "-e" "CARGO_HOME=/opt/rustwide/cargo-home" "-e" "RUSTUP_HOME=/opt/rustwide/rustup-home" "-w" "/opt/rustwide/workdir" "-m" "1610612736" "--user" "0:0" "--network" "none" "ghcr.io/rust-lang/crates-build-env/linux@sha256:2788e3201cd34a07e3172128adcd8b3090168a8e3bcc40d7c032b9dda1df7d1c" "/opt/rustwide/cargo-home/bin/cargo" "+beta-2023-12-22" "metadata" "--no-deps" "--format-version=1", kill_on_drop: false }`
[INFO] [stdout] 261af6c55b9d8c06a7f04f1fcaf6c642dd2616596a58ad3d071b369275877170
[INFO] running `Command { std: "docker" "start" "-a" "261af6c55b9d8c06a7f04f1fcaf6c642dd2616596a58ad3d071b369275877170", kill_on_drop: false }`
[INFO] running `Command { std: "docker" "inspect" "261af6c55b9d8c06a7f04f1fcaf6c642dd2616596a58ad3d071b369275877170", kill_on_drop: false }`
[INFO] running `Command { std: "docker" "rm" "-f" "261af6c55b9d8c06a7f04f1fcaf6c642dd2616596a58ad3d071b369275877170", kill_on_drop: false }`
[INFO] [stdout] 261af6c55b9d8c06a7f04f1fcaf6c642dd2616596a58ad3d071b369275877170
[INFO] running `Command { std: "docker" "create" "-v" "/var/lib/crater-agent-workspace/builds/worker-0-tc2/target:/opt/rustwide/target:rw,Z" "-v" "/var/lib/crater-agent-workspace/builds/worker-0-tc2/source:/opt/rustwide/workdir:ro,Z" "-v" "/var/lib/crater-agent-workspace/cargo-home:/opt/rustwide/cargo-home:ro,Z" "-v" "/var/lib/crater-agent-workspace/rustup-home:/opt/rustwide/rustup-home:ro,Z" "-e" "SOURCE_DIR=/opt/rustwide/workdir" "-e" "CARGO_TARGET_DIR=/opt/rustwide/target" "-e" "CARGO_INCREMENTAL=0" "-e" "RUST_BACKTRACE=full" "-e" "RUSTFLAGS=--cap-lints=warn" "-e" "RUSTDOCFLAGS=--cap-lints=warn" "-e" "CARGO_HOME=/opt/rustwide/cargo-home" "-e" "RUSTUP_HOME=/opt/rustwide/rustup-home" "-w" "/opt/rustwide/workdir" "-m" "1610612736" "--user" "0:0" "--network" "none" "ghcr.io/rust-lang/crates-build-env/linux@sha256:2788e3201cd34a07e3172128adcd8b3090168a8e3bcc40d7c032b9dda1df7d1c" "/opt/rustwide/cargo-home/bin/cargo" "+beta-2023-12-22" "doc" "--frozen" "--no-deps" "--document-private-items" "--message-format=json", kill_on_drop: false }`
[INFO] [stdout] aa6750498ba71d7c7e64d1e4a197ac6ca48d01abe67857bf3f59784b04675bde
[INFO] running `Command { std: "docker" "start" "-a" "aa6750498ba71d7c7e64d1e4a197ac6ca48d01abe67857bf3f59784b04675bde", kill_on_drop: false }`
[INFO] [stderr] warning: virtual workspace defaulting to `resolver = "1"` despite one or more workspace members being on edition 2021 which implies `resolver = "2"`
[INFO] [stderr] note: to keep the current resolver, specify `workspace.resolver = "1"` in the workspace root's manifest
[INFO] [stderr] note: to use the edition 2021 resolver, specify `workspace.resolver = "2"` in the workspace root's manifest
[INFO] [stderr] note: for more details see https://doc.rust-lang.org/cargo/reference/resolver.html#resolver-versions
[INFO] [stderr]    Compiling proc-macro2 v1.0.69
[INFO] [stderr]    Compiling unicode-ident v1.0.9
[INFO] [stderr]    Compiling libc v0.2.150
[INFO] [stderr]    Compiling serde v1.0.192
[INFO] [stderr]    Compiling version_check v0.9.4
[INFO] [stderr]     Checking cfg-if v1.0.0
[INFO] [stderr]    Compiling autocfg v1.1.0
[INFO] [stderr]    Compiling typenum v1.16.0
[INFO] [stderr]    Compiling syn v1.0.109
[INFO] [stderr]     Checking once_cell v1.17.2
[INFO] [stderr]    Compiling thiserror v1.0.50
[INFO] [stderr]     Checking itoa v1.0.8
[INFO] [stderr]     Checking subtle v2.4.1
[INFO] [stderr]     Checking memchr v2.6.4
[INFO] [stderr]    Compiling serde_json v1.0.108
[INFO] [stderr]    Compiling allocator-api2 v0.2.16
[INFO] [stderr]    Compiling equivalent v1.0.0
[INFO] [stderr]    Compiling winnow v0.4.9
[INFO] [stderr]     Checking log v0.4.19
[INFO] [stderr]     Checking scopeguard v1.1.0
[INFO] [stderr]     Checking cpufeatures v0.2.9
[INFO] [stderr]     Checking pin-project-lite v0.2.13
[INFO] [stderr]    Compiling crunchy v0.2.2
[INFO] [stderr]     Checking ppv-lite86 v0.2.17
[INFO] [stderr]    Compiling futures-core v0.3.28
[INFO] [stderr]    Compiling semver v1.0.20
[INFO] [stderr]    Compiling convert_case v0.4.0
[INFO] [stderr]     Checking base64ct v1.6.0
[INFO] [stderr]    Compiling generic-array v0.14.7
[INFO] [stderr]    Compiling ahash v0.8.3
[INFO] [stderr]    Compiling lock_api v0.4.10
[INFO] [stderr]     Checking futures-sink v0.3.28
[INFO] [stderr]     Checking ryu v1.0.14
[INFO] [stderr]     Checking flagset v0.4.3
[INFO] [stderr]    Compiling parking_lot_core v0.9.8
[INFO] [stderr]    Compiling heck v0.4.1
[INFO] [stderr]     Checking smallvec v1.11.0
[INFO] [stderr]    Compiling futures-channel v0.3.28
[INFO] [stderr]     Checking pem-rfc7468 v0.7.0
[INFO] [stderr]     Checking byteorder v1.4.3
[INFO] [stderr]    Compiling futures-task v0.3.28
[INFO] [stderr]    Compiling slab v0.4.8
[INFO] [stderr]     Checking tracing-core v0.1.31
[INFO] [stderr]     Checking base16ct v0.2.0
[INFO] [stderr]    Compiling futures-util v0.3.28
[INFO] [stderr]    Compiling quote v1.0.33
[INFO] [stderr]    Compiling unicode-xid v0.2.4
[INFO] [stderr]    Compiling rustversion v1.0.13
[INFO] [stderr]     Checking futures-io v0.3.28
[INFO] [stderr]     Checking pin-utils v0.1.0
[INFO] [stderr]    Compiling num-traits v0.2.15
[INFO] [stderr]    Compiling indexmap v1.9.3
[INFO] [stderr]     Checking untrusted v0.7.1
[INFO] [stderr]    Compiling syn v2.0.39
[INFO] [stderr]     Checking spin v0.5.2
[INFO] [stderr]     Checking keccak v0.1.4
[INFO] [stderr]     Checking rustc-hex v2.1.0
[INFO] [stderr]     Checking static_assertions v1.1.0
[INFO] [stderr]     Checking percent-encoding v2.3.0
[INFO] [stderr]     Checking byte-slice-cast v1.2.2
[INFO] [stderr]     Checking fnv v1.0.7
[INFO] [stderr]     Checking arrayvec v0.7.4
[INFO] [stderr]     Checking aho-corasick v1.0.2
[INFO] [stderr]     Checking base64 v0.21.2
[INFO] [stderr]     Checking regex-syntax v0.8.2
[INFO] [stderr]    Compiling httparse v1.8.0
[INFO] [stderr]     Checking hashbrown v0.12.3
[INFO] [stderr]     Checking either v1.8.1
[INFO] [stderr]    Compiling async-trait v0.1.74
[INFO] [stderr]     Checking tower-service v0.3.2
[INFO] [stderr]    Compiling anyhow v1.0.72
[INFO] [stderr]     Checking bitflags v1.3.2
[INFO] [stderr]     Checking opaque-debug v0.3.0
[INFO] [stderr]     Checking form_urlencoded v1.2.0
[INFO] [stderr]     Checking getrandom v0.2.10
[INFO] [stderr]     Checking signal-hook-registry v1.4.1
[INFO] [stderr]     Checking num_cpus v1.16.0
[INFO] [stderr]     Checking rand_core v0.6.4
[INFO] [stderr]     Checking socket2 v0.5.5
[INFO] [stderr]     Checking mio v0.8.9
[INFO] [stderr]     Checking try-lock v0.2.4
[INFO] [stderr]    Compiling jobserver v0.1.26
[INFO] [stderr]     Checking parking_lot v0.12.1
[INFO] [stderr]     Checking rand_chacha v0.3.1
[INFO] [stderr]     Checking ff v0.13.0
[INFO] [stderr]     Checking group v0.13.0
[INFO] [stderr]    Compiling cc v1.0.79
[INFO] [stderr]     Checking want v0.3.1
[INFO] [stderr]     Checking rand v0.8.5
[INFO] [stderr]     Checking socket2 v0.4.9
[INFO] [stderr]    Compiling lazy_static v1.4.0
[INFO] [stderr]    Compiling tiny-keccak v2.0.2
[INFO] [stderr]     Checking bech32 v0.7.3
[INFO] [stderr]     Checking httpdate v1.0.2
[INFO] [stderr]     Checking radium v0.3.0
[INFO] [stderr]     Checking tinyvec_macros v0.1.1
[INFO] [stderr]     Checking mime v0.3.17
[INFO] [stderr]     Checking tinyvec v1.6.0
[INFO] [stderr]     Checking bitvec v0.17.4
[INFO] [stderr]    Compiling platforms v3.2.0
[INFO] [stderr]    Compiling strsim v0.10.0
[INFO] [stderr]    Compiling time-core v0.1.1
[INFO] [stderr]    Compiling ident_case v1.0.1
[INFO] [stderr]    Compiling time-macros v0.2.10
[INFO] [stderr]     Checking unicode-bidi v0.3.13
[INFO] [stderr]    Compiling rustix v0.38.21
[INFO] [stderr]    Compiling proc-macro-error-attr v1.0.4
[INFO] [stderr]     Checking fixed-hash v0.8.0
[INFO] [stderr]    Compiling proc-macro-error v1.0.4
[INFO] [stderr]    Compiling camino v1.1.4
[INFO] [stderr]     Checking regex-automata v0.4.3
[INFO] [stderr]    Compiling io-lifetimes v1.0.11
[INFO] [stderr]    Compiling rustls v0.21.3
[INFO] [stderr]     Checking unicode-normalization v0.1.22
[INFO] [stderr]     Checking hashbrown v0.13.2
[INFO] [stderr]     Checking itertools v0.10.5
[INFO] [stderr]     Checking openssl-probe v0.1.5
[INFO] [stderr]    Compiling rustix v0.37.19
[INFO] [stderr]    Compiling libm v0.2.8
[INFO] [stderr]    Compiling ring v0.16.20
[INFO] [stderr]    Compiling secp256k1-sys v0.8.1
[INFO] [stderr]     Checking fuel-storage v0.43.1
[INFO] [stderr]    Compiling paste v1.0.14
[INFO] [stderr]     Checking idna v0.4.0
[INFO] [stderr]     Checking base64 v0.13.1
[INFO] [stderr]    Compiling prettyplease v0.2.10
[INFO] [stderr]     Checking linux-raw-sys v0.3.8
[INFO] [stderr]     Checking url v2.4.0
[INFO] [stderr]    Compiling cookie v0.16.2
[INFO] [stderr]     Checking time v0.3.23
[INFO] [stderr]     Checking ethnum v1.3.2
[INFO] [stderr]     Checking idna v0.3.0
[INFO] [stderr]     Checking rustls-pemfile v1.0.3
[INFO] [stderr]     Checking encoding_rs v0.8.32
[INFO] [stderr]    Compiling synstructure v0.13.0
[INFO] [stderr]     Checking matches v0.1.10
[INFO] [stderr]    Compiling wasm-bindgen-shared v0.2.87
[INFO] [stderr]     Checking psl-types v2.0.11
[INFO] [stderr]     Checking linux-raw-sys v0.4.11
[INFO] [stderr]     Checking iana-time-zone v0.1.57
[INFO] [stderr]     Checking regex v1.10.2
[INFO] [stderr]     Checking idna v0.2.3
[INFO] [stderr]     Checking chrono v0.4.31
[INFO] [stderr]     Checking publicsuffix v2.2.3
[INFO] [stderr]     Checking rustls-native-certs v0.6.3
[INFO] [stderr]    Compiling bumpalo v3.13.0
[INFO] [stderr]     Checking fastrand v2.0.1
[INFO] [stderr]     Checking ipnet v2.8.0
[INFO] [stderr]    Compiling darling_core v0.13.4
[INFO] [stderr]     Checking is-terminal v0.4.7
[INFO] [stderr]    Compiling wasm-bindgen-backend v0.2.87
[INFO] [stderr]     Checking spin v0.9.8
[INFO] [stderr]     Checking tower-layer v0.3.2
[INFO] [stderr]    Compiling wasm-bindgen v0.2.87
[INFO] [stderr]    Compiling crossbeam-utils v0.8.16
[INFO] [stderr]    Compiling Inflector v0.11.4
[INFO] [stderr]    Compiling eyre v0.6.8
[INFO] [stderr]     Checking hash32 v0.2.1
[INFO] [stderr]    Compiling memoffset v0.9.0
[INFO] [stderr]     Checking data-encoding v2.4.0
[INFO] [stderr]     Checking stable_deref_trait v1.2.0
[INFO] [stderr]    Compiling crossbeam-epoch v0.9.15
[INFO] [stderr]     Checking dtoa v1.0.9
[INFO] [stderr]     Checking utf8parse v0.2.1
[INFO] [stderr]    Compiling glob v0.3.1
[INFO] [stderr]    Compiling prometheus-client v0.20.0
[INFO] [stderr]    Compiling wasm-bindgen-macro-support v0.2.87
[INFO] [stderr]    Compiling void v1.0.2
[INFO] [stderr]     Checking cobs v0.2.3
[INFO] [stderr]     Checking http-range-header v0.3.1
[INFO] [stderr]    Compiling unreachable v1.0.0
[INFO] [stderr]     Checking anstyle-parse v0.2.0
[INFO] [stderr]    Compiling same-file v1.0.6
[INFO] [stderr]    Compiling ascii v0.9.3
[INFO] [stderr]     Checking sync_wrapper v0.1.2
[INFO] [stderr]     Checking anstyle v1.0.0
[INFO] [stderr]     Checking matchit v0.5.0
[INFO] [stderr]     Checking bech32 v0.9.1
[INFO] [stderr]     Checking anstyle-query v1.0.0
[INFO] [stderr]     Checking colorchoice v1.0.0
[INFO] [stderr]    Compiling indenter v0.3.3
[INFO] [stderr]    Compiling clang-sys v1.6.1
[INFO] [stderr]     Checking utf-8 v0.7.6
[INFO] [stderr]     Checking anstream v0.3.2
[INFO] [stderr]    Compiling combine v3.8.1
[INFO] [stderr]    Compiling walkdir v2.3.3
[INFO] [stderr]     Checking fxhash v0.2.1
[INFO] [stderr]     Checking clap_lex v0.5.0
[INFO] [stderr]     Checking send_wrapper v0.4.0
[INFO] [stderr]    Compiling dunce v1.0.4
[INFO] [stderr]    Compiling rayon-core v1.11.0
[INFO] [stderr]    Compiling minimal-lexical v0.2.1
[INFO] [stderr]     Checking crossbeam-deque v0.8.3
[INFO] [stderr]     Checking clap_builder v4.3.19
[INFO] [stderr]     Checking rustls-webpki v0.101.1
[INFO] [stderr]     Checking sct v0.7.0
[INFO] [stderr]     Checking rustls-webpki v0.100.1
[INFO] [stderr]     Checking webpki v0.22.0
[INFO] [stderr]     Checking sct v0.6.1
[INFO] [stderr]     Checking webpki v0.21.4
[INFO] [stderr]    Compiling nom v7.1.3
[INFO] [stderr]     Checking hashers v1.0.1
[INFO] [stderr]     Checking rustls v0.19.1
[INFO] [stderr]     Checking webpki-roots v0.22.6
[INFO] [stderr]     Checking crossbeam-channel v0.5.8
[INFO] [stderr]     Checking webpki-roots v0.23.1
[INFO] [stderr]    Compiling counter v0.5.7
[INFO] [stderr]    Compiling libloading v0.7.4
[INFO] [stderr]    Compiling serde_derive v1.0.192
[INFO] [stderr]    Compiling zeroize_derive v1.4.2
[INFO] [stderr]    Compiling derive_arbitrary v1.3.1
[INFO] [stderr]    Compiling thiserror-impl v1.0.50
[INFO] [stderr]    Compiling der_derive v0.7.2
[INFO] [stderr]    Compiling tokio-macros v2.2.0
[INFO] [stderr]    Compiling tracing-attributes v0.1.26
[INFO] [stderr]    Compiling futures-macro v0.3.28
[INFO] [stderr]    Compiling pin-project-internal v1.1.2
[INFO] [stderr]    Compiling impl-trait-for-tuples v0.2.2
[INFO] [stderr]     Checking zeroize v1.6.0
[INFO] [stderr]    Compiling rlp-derive v0.1.0
[INFO] [stderr]     Checking arbitrary v1.3.0
[INFO] [stderr]    Compiling derive_more v0.99.17
[INFO] [stderr]    Compiling strum_macros v0.24.3
[INFO] [stderr]    Compiling curve25519-dalek-derive v0.1.1
[INFO] [stderr]     Checking crypto-common v0.1.6
[INFO] [stderr]     Checking block-buffer v0.10.4
[INFO] [stderr]     Checking crypto-bigint v0.5.2
[INFO] [stderr]     Checking digest v0.9.0
[INFO] [stderr]     Checking block-buffer v0.9.0
[INFO] [stderr]     Checking const-oid v0.9.3
[INFO] [stderr]    Compiling fuel-derive v0.43.1
[INFO] [stderr]     Checking sha2 v0.9.9
[INFO] [stderr]     Checking block-padding v0.3.3
[INFO] [stderr]    Compiling derivative v2.2.0
[INFO] [stderr]     Checking tracing v0.1.37
[INFO] [stderr]     Checking bs58 v0.4.0
[INFO] [stderr]     Checking pin-project v1.1.2
[INFO] [stderr]     Checking inout v0.1.3
[INFO] [stderr]    Compiling auto_impl v1.1.0
[INFO] [stderr]     Checking secrecy v0.8.0
[INFO] [stderr]     Checking cipher v0.4.4
[INFO] [stderr]    Compiling darling_macro v0.13.4
[INFO] [stderr]    Compiling wasm-bindgen-macro v0.2.87
[INFO] [stderr]    Compiling prometheus-client-derive-text-encode v0.3.0
[INFO] [stderr]    Compiling prometheus-client-derive-encode v0.4.1
[INFO] [stderr]     Checking salsa20 v0.10.2
[INFO] [stderr]     Checking digest v0.10.7
[INFO] [stderr]     Checking der v0.7.7
[INFO] [stderr]    Compiling graphql-parser v0.4.0
[INFO] [stderr]     Checking sha2 v0.10.8
[INFO] [stderr]     Checking hmac v0.12.1
[INFO] [stderr]     Checking signature v2.1.0
[INFO] [stderr]     Checking sha3 v0.10.8
[INFO] [stderr]     Checking ripemd v0.1.3
[INFO] [stderr]     Checking rfc6979 v0.4.0
[INFO] [stderr]     Checking pbkdf2 v0.12.2
[INFO] [stderr]     Checking ed25519 v2.2.3
[INFO] [stderr]     Checking strum v0.24.1
[INFO] [stderr]    Compiling darling v0.13.4
[INFO] [stderr]     Checking sha1 v0.10.5
[INFO] [stderr]    Compiling serde_with_macros v1.5.2
[INFO] [stderr]     Checking prometheus-client v0.18.1
[INFO] [stderr]     Checking pbkdf2 v0.11.0
[INFO] [stderr]     Checking ctr v0.9.2
[INFO] [stderr]     Checking scrypt v0.10.0
[INFO] [stderr]     Checking aes v0.8.3
[INFO] [stderr]    Compiling clap_derive v4.3.12
[INFO] [stderr]     Checking instant v0.1.12
[INFO] [stderr]     Checking spki v0.7.2
[INFO] [stderr]     Checking sec1 v0.7.2
[INFO] [stderr]    Compiling bindgen v0.65.1
[INFO] [stderr]     Checking js-sys v0.3.64
[INFO] [stderr]    Compiling cexpr v0.6.0
[INFO] [stderr]     Checking pkcs8 v0.10.2
[INFO] [stderr]     Checking rustls-native-certs v0.5.0
[INFO] [stderr]     Checking elliptic-curve v0.13.6
[INFO] [stderr]     Checking futures-executor v0.3.28
[INFO] [stderr]     Checking ct-logs v0.8.0
[INFO] [stderr]     Checking futures v0.3.28
[INFO] [stderr]     Checking tracing-futures v0.2.5
[INFO] [stderr]     Checking ecdsa v0.16.7
[INFO] [stderr]     Checking primeorder v0.13.3
[INFO] [stderr]    Compiling lz4-sys v1.9.4
[INFO] [stderr]    Compiling cynic-codegen v2.2.8
[INFO] [stderr]     Checking k256 v0.13.1
[INFO] [stderr]     Checking p256 v0.13.2
[INFO] [stderr]    Compiling rustc-hash v1.1.0
[INFO] [stderr]    Compiling peeking_take_while v0.1.2
[INFO] [stderr]    Compiling shlex v1.1.0
[INFO] [stderr]    Compiling lazycell v1.3.0
[INFO] [stderr]     Checking rayon v1.7.0
[INFO] [stderr]    Compiling itertools v0.12.0
[INFO] [stderr]    Compiling darling_core v0.14.4
[INFO] [stderr]     Checking termcolor v1.2.0
[INFO] [stderr]     Checking humantime v2.1.0
[INFO] [stderr]    Compiling ucd-trie v0.1.6
[INFO] [stderr]    Compiling pest v2.7.1
[INFO] [stderr]     Checking env_logger v0.10.0
[INFO] [stderr]    Compiling multer v2.1.0
[INFO] [stderr]    Compiling async-stream-impl v0.3.5
[INFO] [stderr]    Compiling synstructure v0.12.6
[INFO] [stderr]    Compiling openssl-src v111.27.0+1.1.1v
[INFO] [stderr]     Checking gloo-timers v0.2.6
[INFO] [stderr]     Checking futures-timer v3.0.2
[INFO] [stderr]    Compiling num-integer v0.1.45
[INFO] [stderr] error: could not compile `clang-sys` (lib)
[INFO] [stderr] 
[INFO] [stderr] Caused by:
[INFO] [stderr]   process didn't exit successfully: `/opt/rustwide/rustup-home/toolchains/beta-2023-12-22-x86_64-unknown-linux-gnu/bin/rustc --crate-name clang_sys /opt/rustwide/cargo-home/registry/src/index.crates.io-6f17d22bba15001f/clang-sys-1.6.1/src/lib.rs --error-format=json --json=diagnostic-rendered-ansi,artifacts,future-incompat --crate-type lib --emit=dep-info,metadata,link -C embed-bitcode=no --cfg 'feature="clang_3_5"' --cfg 'feature="clang_3_6"' --cfg 'feature="clang_3_7"' --cfg 'feature="clang_3_8"' --cfg 'feature="clang_3_9"' --cfg 'feature="clang_4_0"' --cfg 'feature="clang_5_0"' --cfg 'feature="clang_6_0"' --cfg 'feature="libloading"' --cfg 'feature="runtime"' -C metadata=562dbe3d31cc410f -C extra-filename=-562dbe3d31cc410f --out-dir /opt/rustwide/target/debug/deps -L dependency=/opt/rustwide/target/debug/deps --extern glob=/opt/rustwide/target/debug/deps/libglob-45d6adf54ca59f02.rmeta --extern libc=/opt/rustwide/target/debug/deps/liblibc-6fa0919f009163e7.rmeta --extern libloading=/opt/rustwide/target/debug/deps/liblibloading-9eff043bfe448c69.rmeta --cap-lints allow --cap-lints=warn` (signal: 9, SIGKILL: kill)
[INFO] [stderr] warning: build failed, waiting for other jobs to finish...
[INFO] running `Command { std: "docker" "inspect" "aa6750498ba71d7c7e64d1e4a197ac6ca48d01abe67857bf3f59784b04675bde", kill_on_drop: false }`
[INFO] running `Command { std: "docker" "rm" "-f" "aa6750498ba71d7c7e64d1e4a197ac6ca48d01abe67857bf3f59784b04675bde", kill_on_drop: false }`
[INFO] [stdout] aa6750498ba71d7c7e64d1e4a197ac6ca48d01abe67857bf3f59784b04675bde
