[INFO] cloning repository https://github.com/DecklynKern/chess
[INFO] running `Command { std: "git" "-c" "credential.helper=" "-c" "credential.helper=/workspace/cargo-home/bin/git-credential-null" "clone" "--bare" "https://github.com/DecklynKern/chess" "/workspace/cache/git-repos/https%3A%2F%2Fgithub.com%2FDecklynKern%2Fchess", kill_on_drop: false }`
[INFO] [stderr] Cloning into bare repository '/workspace/cache/git-repos/https%3A%2F%2Fgithub.com%2FDecklynKern%2Fchess'...
[INFO] running `Command { std: "git" "rev-parse" "HEAD", kill_on_drop: false }`
[INFO] [stdout] 9804e9c5c484c79294b6c91e3ba3b3fa17e12d02
[INFO] documenting DecklynKern/chess against 1.75.0 for beta-1.76-rustdoc-1
[INFO] running `Command { std: "git" "clone" "/workspace/cache/git-repos/https%3A%2F%2Fgithub.com%2FDecklynKern%2Fchess" "/workspace/builds/worker-6-tc1/source", kill_on_drop: false }`
[INFO] [stderr] Cloning into '/workspace/builds/worker-6-tc1/source'...
[INFO] [stderr] done.
[INFO] validating manifest of git repo https://github.com/DecklynKern/chess on toolchain 1.75.0
[INFO] running `Command { std: CARGO_HOME="/workspace/cargo-home" RUSTUP_HOME="/workspace/rustup-home" "/workspace/cargo-home/bin/cargo" "+1.75.0" "metadata" "--manifest-path" "Cargo.toml" "--no-deps", kill_on_drop: false }`
[INFO] started tweaking git repo https://github.com/DecklynKern/chess
[INFO] finished tweaking git repo https://github.com/DecklynKern/chess
[INFO] tweaked toml for git repo https://github.com/DecklynKern/chess written to /workspace/builds/worker-6-tc1/source/Cargo.toml
[INFO] crate git repo https://github.com/DecklynKern/chess already has a lockfile, it will not be regenerated
[INFO] running `Command { std: CARGO_HOME="/workspace/cargo-home" RUSTUP_HOME="/workspace/rustup-home" "/workspace/cargo-home/bin/cargo" "+1.75.0" "fetch" "--manifest-path" "Cargo.toml", kill_on_drop: false }`
[INFO] [stderr]     Blocking waiting for file lock on package cache
[INFO] [stderr]  Downloading crates ...
[INFO] [stderr]   Downloaded array-init v2.0.1
[INFO] running `Command { std: "docker" "create" "-v" "/var/lib/crater-agent-workspace/builds/worker-6-tc1/target:/opt/rustwide/target:rw,Z" "-v" "/var/lib/crater-agent-workspace/builds/worker-6-tc1/source:/opt/rustwide/workdir:ro,Z" "-v" "/var/lib/crater-agent-workspace/cargo-home:/opt/rustwide/cargo-home:ro,Z" "-v" "/var/lib/crater-agent-workspace/rustup-home:/opt/rustwide/rustup-home:ro,Z" "-e" "SOURCE_DIR=/opt/rustwide/workdir" "-e" "CARGO_TARGET_DIR=/opt/rustwide/target" "-e" "CARGO_HOME=/opt/rustwide/cargo-home" "-e" "RUSTUP_HOME=/opt/rustwide/rustup-home" "-w" "/opt/rustwide/workdir" "-m" "1610612736" "--user" "0:0" "--network" "none" "ghcr.io/rust-lang/crates-build-env/linux@sha256:2788e3201cd34a07e3172128adcd8b3090168a8e3bcc40d7c032b9dda1df7d1c" "/opt/rustwide/cargo-home/bin/cargo" "+1.75.0" "metadata" "--no-deps" "--format-version=1", kill_on_drop: false }`
[INFO] [stdout] 006ed5a8c1bc595a1f21d6649513bd55fb15c11fbd405dc91aef6b0c3d0a1896
[INFO] running `Command { std: "docker" "start" "-a" "006ed5a8c1bc595a1f21d6649513bd55fb15c11fbd405dc91aef6b0c3d0a1896", kill_on_drop: false }`
[INFO] running `Command { std: "docker" "inspect" "006ed5a8c1bc595a1f21d6649513bd55fb15c11fbd405dc91aef6b0c3d0a1896", kill_on_drop: false }`
[INFO] running `Command { std: "docker" "rm" "-f" "006ed5a8c1bc595a1f21d6649513bd55fb15c11fbd405dc91aef6b0c3d0a1896", kill_on_drop: false }`
[INFO] [stdout] 006ed5a8c1bc595a1f21d6649513bd55fb15c11fbd405dc91aef6b0c3d0a1896
[INFO] running `Command { std: "docker" "create" "-v" "/var/lib/crater-agent-workspace/builds/worker-6-tc1/target:/opt/rustwide/target:rw,Z" "-v" "/var/lib/crater-agent-workspace/builds/worker-6-tc1/source:/opt/rustwide/workdir:ro,Z" "-v" "/var/lib/crater-agent-workspace/cargo-home:/opt/rustwide/cargo-home:ro,Z" "-v" "/var/lib/crater-agent-workspace/rustup-home:/opt/rustwide/rustup-home:ro,Z" "-e" "SOURCE_DIR=/opt/rustwide/workdir" "-e" "CARGO_TARGET_DIR=/opt/rustwide/target" "-e" "CARGO_INCREMENTAL=0" "-e" "RUST_BACKTRACE=full" "-e" "RUSTFLAGS=--cap-lints=warn" "-e" "RUSTDOCFLAGS=--cap-lints=warn" "-e" "CARGO_HOME=/opt/rustwide/cargo-home" "-e" "RUSTUP_HOME=/opt/rustwide/rustup-home" "-w" "/opt/rustwide/workdir" "-m" "1610612736" "--user" "0:0" "--network" "none" "ghcr.io/rust-lang/crates-build-env/linux@sha256:2788e3201cd34a07e3172128adcd8b3090168a8e3bcc40d7c032b9dda1df7d1c" "/opt/rustwide/cargo-home/bin/cargo" "+1.75.0" "doc" "--frozen" "--no-deps" "--document-private-items" "--message-format=json", kill_on_drop: false }`
[INFO] [stdout] 88500cb026aa07d778917703e43d83e2879266afd6cb7f852b488557f0838a9b
[INFO] running `Command { std: "docker" "start" "-a" "88500cb026aa07d778917703e43d83e2879266afd6cb7f852b488557f0838a9b", kill_on_drop: false }`
[INFO] [stderr]    Compiling libc v0.2.132
[INFO] [stderr]     Checking cfg-if v1.0.0
[INFO] [stderr]     Checking ppv-lite86 v0.2.16
[INFO] [stderr]     Checking array-init v2.0.1
[INFO] [stderr]     Checking getrandom v0.2.7
[INFO] [stderr]     Checking rand_core v0.6.3
[INFO] [stderr]     Checking rand_chacha v0.3.1
[INFO] [stderr]     Checking rand v0.8.5
[INFO] [stderr]  Documenting chess v0.1.0 (/opt/rustwide/workdir)
[INFO] [stderr]     Checking chess v0.1.0 (/opt/rustwide/workdir)
[INFO] [stdout] error: expected `;`, found keyword `if`
[INFO] [stdout]   --> src/player/iterativedeepening.rs:97:14
[INFO] [stdout]    |
[INFO] [stdout] 97 |             }
[INFO] [stdout]    |              ^ help: add `;` here
[INFO] [stdout] 98 |
[INFO] [stdout] 99 |             if move_score > score {
[INFO] [stdout]    |             -- unexpected token
[INFO] [stdout] 
[INFO] [stdout] 
[INFO] [stdout] error: expected `;`, found keyword `if`
[INFO] [stdout]   --> src/player/iterativedeepening.rs:97:14
[INFO] [stdout]    |
[INFO] [stdout] 97 |             }
[INFO] [stdout]    |              ^ help: add `;` here
[INFO] [stdout] 98 |
[INFO] [stdout] 99 |             if move_score > score {
[INFO] [stdout]    |             -- unexpected token
[INFO] [stdout] 
[INFO] [stdout] 
[INFO] [stdout] error[E0277]: the trait bound `r#move::Move: Default` is not satisfied
[INFO] [stdout]   --> src/player/iterativedeepening.rs:12:15
[INFO] [stdout]    |
[INFO] [stdout] 12 |     pv_table: hash::HashTable<game::Move>,
[INFO] [stdout]    |               ^^^^^^^^^^^^^^^^^^^^^^^^^^^ the trait `Default` is not implemented for `r#move::Move`
[INFO] [stdout]    |
[INFO] [stdout] note: required by a bound in `hashtable::HashTable`
[INFO] [stdout]   --> src/hash/hashtable.rs:18:25
[INFO] [stdout]    |
[INFO] [stdout] 18 | pub struct HashTable<T: Default + Copy + Sized> {
[INFO] [stdout]    |                         ^^^^^^^ required by this bound in `HashTable`
[INFO] [stdout] 
[INFO] [stdout] 
[INFO] [stdout] error[E0277]: the trait bound `game::r#move::Move: std::default::Default` is not satisfied
[INFO] [stdout]   --> src/player/iterativedeepening.rs:12:15
[INFO] [stdout]    |
[INFO] [stdout] 12 |     pv_table: hash::HashTable<game::Move>,
[INFO] [stdout]    |               ^^^^^^^^^^^^^^^^^^^^^^^^^^^ the trait `std::default::Default` is not implemented for `game::r#move::Move`
[INFO] [stdout]    |
[INFO] [stdout] note: required by a bound in `hash::hashtable::HashTable`
[INFO] [stdout]   --> src/hash/hashtable.rs:18:25
[INFO] [stdout]    |
[INFO] [stdout] 18 | pub struct HashTable<T: Default + Copy + Sized> {
[INFO] [stdout]    |                         ^^^^^^^ required by this bound in `HashTable`
[INFO] [stdout] 
[INFO] [stdout] 
[INFO] [stdout] error[E0277]: the trait bound `r#move::Move: Copy` is not satisfied
[INFO] [stdout]   --> src/player/iterativedeepening.rs:12:15
[INFO] [stdout]    |
[INFO] [stdout] 12 |     pv_table: hash::HashTable<game::Move>,
[INFO] [stdout]    |               ^^^^^^^^^^^^^^^^^^^^^^^^^^^ the trait `Copy` is not implemented for `r#move::Move`
[INFO] [stdout]    |
[INFO] [stdout] note: required by a bound in `hashtable::HashTable`
[INFO] [stdout]   --> src/hash/hashtable.rs:18:35
[INFO] [stdout]    |
[INFO] [stdout] 18 | pub struct HashTable<T: Default + Copy + Sized> {
[INFO] [stdout]    |                                   ^^^^ required by this bound in `HashTable`
[INFO] [stdout] help: consider annotating `r#move::Move` with `#[derive(Copy)]`
[INFO] [stdout]   --> src/game/move.rs:15:1
[INFO] [stdout]    |
[INFO] [stdout] 15 + #[derive(Copy)]
[INFO] [stdout] 16 | pub struct Move {
[INFO] [stdout]    |
[INFO] [stdout] 
[INFO] [stdout] 
[INFO] [stdout] error[E0277]: the trait bound `game::r#move::Move: std::marker::Copy` is not satisfied
[INFO] [stdout]   --> src/player/iterativedeepening.rs:12:15
[INFO] [stdout]    |
[INFO] [stdout] 12 |     pv_table: hash::HashTable<game::Move>,
[INFO] [stdout]    |               ^^^^^^^^^^^^^^^^^^^^^^^^^^^ the trait `std::marker::Copy` is not implemented for `game::r#move::Move`
[INFO] [stdout]    |
[INFO] [stdout] note: required by a bound in `hash::hashtable::HashTable`
[INFO] [stdout]   --> src/hash/hashtable.rs:18:35
[INFO] [stdout]    |
[INFO] [stdout] 18 | pub struct HashTable<T: Default + Copy + Sized> {
[INFO] [stdout]    |                                   ^^^^ required by this bound in `HashTable`
[INFO] [stdout] help: consider annotating `game::r#move::Move` with `#[derive(Copy)]`
[INFO] [stdout]   --> src/game/move.rs:15:1
[INFO] [stdout]    |
[INFO] [stdout] 15 + #[derive(Copy)]
[INFO] [stdout] 16 | pub struct Move {
[INFO] [stdout]    |
[INFO] [stdout] 
[INFO] [stdout] 
[INFO] [stdout] error: aborting due to 3 previous errors
[INFO] [stdout] 
[INFO] [stdout] 
[INFO] [stdout] For more information about this error, try `rustc --explain E0277`.
[INFO] [stdout] 
[INFO] [stdout] error: aborting due to 3 previous errors
[INFO] [stdout] 
[INFO] [stdout] 
[INFO] [stdout] For more information about this error, try `rustc --explain E0277`.
[INFO] [stdout] 
[INFO] [stderr] error: could not compile `chess` (lib) due to 4 previous errors
[INFO] [stderr] warning: build failed, waiting for other jobs to finish...
[INFO] [stderr] error: could not document `chess`
[INFO] [stderr] 
[INFO] [stderr] Caused by:
[INFO] [stderr]   process didn't exit successfully: `/opt/rustwide/rustup-home/toolchains/1.75.0-x86_64-unknown-linux-gnu/bin/rustdoc --edition=2021 --crate-type lib --crate-name chess src/lib.rs -o /opt/rustwide/target/doc --cfg 'feature="default"' --cfg 'feature="random"' --error-format=json --json=diagnostic-rendered-ansi,artifacts,future-incompat --document-private-items -C metadata=b98096b1ecaa6d7e -L dependency=/opt/rustwide/target/debug/deps --extern array_init=/opt/rustwide/target/debug/deps/libarray_init-cbe0add8e3c35f5e.rmeta --extern rand=/opt/rustwide/target/debug/deps/librand-cae11652eb1c3b5b.rmeta --cap-lints=warn --crate-version 0.1.0` (exit status: 1)
[INFO] running `Command { std: "docker" "inspect" "88500cb026aa07d778917703e43d83e2879266afd6cb7f852b488557f0838a9b", kill_on_drop: false }`
[INFO] running `Command { std: "docker" "rm" "-f" "88500cb026aa07d778917703e43d83e2879266afd6cb7f852b488557f0838a9b", kill_on_drop: false }`
[INFO] [stdout] 88500cb026aa07d778917703e43d83e2879266afd6cb7f852b488557f0838a9b
[INFO] documenting DecklynKern/chess against beta-2023-12-22 for beta-1.76-rustdoc-1
[INFO] running `Command { std: "git" "clone" "/workspace/cache/git-repos/https%3A%2F%2Fgithub.com%2FDecklynKern%2Fchess" "/workspace/builds/worker-6-tc2/source", kill_on_drop: false }`
[INFO] [stderr] Cloning into '/workspace/builds/worker-6-tc2/source'...
[INFO] [stderr] done.
[INFO] validating manifest of git repo https://github.com/DecklynKern/chess on toolchain beta-2023-12-22
[INFO] running `Command { std: CARGO_HOME="/workspace/cargo-home" RUSTUP_HOME="/workspace/rustup-home" "/workspace/cargo-home/bin/cargo" "+beta-2023-12-22" "metadata" "--manifest-path" "Cargo.toml" "--no-deps", kill_on_drop: false }`
[INFO] started tweaking git repo https://github.com/DecklynKern/chess
[INFO] finished tweaking git repo https://github.com/DecklynKern/chess
[INFO] tweaked toml for git repo https://github.com/DecklynKern/chess written to /workspace/builds/worker-6-tc2/source/Cargo.toml
[INFO] crate git repo https://github.com/DecklynKern/chess already has a lockfile, it will not be regenerated
[INFO] running `Command { std: CARGO_HOME="/workspace/cargo-home" RUSTUP_HOME="/workspace/rustup-home" "/workspace/cargo-home/bin/cargo" "+beta-2023-12-22" "fetch" "--manifest-path" "Cargo.toml", kill_on_drop: false }`
[INFO] [stderr]     Blocking waiting for file lock on package cache
[INFO] running `Command { std: "docker" "create" "-v" "/var/lib/crater-agent-workspace/builds/worker-6-tc2/target:/opt/rustwide/target:rw,Z" "-v" "/var/lib/crater-agent-workspace/builds/worker-6-tc2/source:/opt/rustwide/workdir:ro,Z" "-v" "/var/lib/crater-agent-workspace/cargo-home:/opt/rustwide/cargo-home:ro,Z" "-v" "/var/lib/crater-agent-workspace/rustup-home:/opt/rustwide/rustup-home:ro,Z" "-e" "SOURCE_DIR=/opt/rustwide/workdir" "-e" "CARGO_TARGET_DIR=/opt/rustwide/target" "-e" "CARGO_HOME=/opt/rustwide/cargo-home" "-e" "RUSTUP_HOME=/opt/rustwide/rustup-home" "-w" "/opt/rustwide/workdir" "-m" "1610612736" "--user" "0:0" "--network" "none" "ghcr.io/rust-lang/crates-build-env/linux@sha256:2788e3201cd34a07e3172128adcd8b3090168a8e3bcc40d7c032b9dda1df7d1c" "/opt/rustwide/cargo-home/bin/cargo" "+beta-2023-12-22" "metadata" "--no-deps" "--format-version=1", kill_on_drop: false }`
[INFO] [stdout] 9315fc11d3a41e61f2b8b315801908e1054ca69a804baccebfcd80c315bf5b43
[INFO] running `Command { std: "docker" "start" "-a" "9315fc11d3a41e61f2b8b315801908e1054ca69a804baccebfcd80c315bf5b43", kill_on_drop: false }`
[INFO] running `Command { std: "docker" "inspect" "9315fc11d3a41e61f2b8b315801908e1054ca69a804baccebfcd80c315bf5b43", kill_on_drop: false }`
[INFO] running `Command { std: "docker" "rm" "-f" "9315fc11d3a41e61f2b8b315801908e1054ca69a804baccebfcd80c315bf5b43", kill_on_drop: false }`
[INFO] [stdout] 9315fc11d3a41e61f2b8b315801908e1054ca69a804baccebfcd80c315bf5b43
[INFO] running `Command { std: "docker" "create" "-v" "/var/lib/crater-agent-workspace/builds/worker-6-tc2/target:/opt/rustwide/target:rw,Z" "-v" "/var/lib/crater-agent-workspace/builds/worker-6-tc2/source:/opt/rustwide/workdir:ro,Z" "-v" "/var/lib/crater-agent-workspace/cargo-home:/opt/rustwide/cargo-home:ro,Z" "-v" "/var/lib/crater-agent-workspace/rustup-home:/opt/rustwide/rustup-home:ro,Z" "-e" "SOURCE_DIR=/opt/rustwide/workdir" "-e" "CARGO_TARGET_DIR=/opt/rustwide/target" "-e" "CARGO_INCREMENTAL=0" "-e" "RUST_BACKTRACE=full" "-e" "RUSTFLAGS=--cap-lints=warn" "-e" "RUSTDOCFLAGS=--cap-lints=warn" "-e" "CARGO_HOME=/opt/rustwide/cargo-home" "-e" "RUSTUP_HOME=/opt/rustwide/rustup-home" "-w" "/opt/rustwide/workdir" "-m" "1610612736" "--user" "0:0" "--network" "none" "ghcr.io/rust-lang/crates-build-env/linux@sha256:2788e3201cd34a07e3172128adcd8b3090168a8e3bcc40d7c032b9dda1df7d1c" "/opt/rustwide/cargo-home/bin/cargo" "+beta-2023-12-22" "doc" "--frozen" "--no-deps" "--document-private-items" "--message-format=json", kill_on_drop: false }`
[INFO] [stdout] 86e51da372779d6e8aa907534f29f1f33ada580317994db8e6e33a6d5596d50a
[INFO] running `Command { std: "docker" "start" "-a" "86e51da372779d6e8aa907534f29f1f33ada580317994db8e6e33a6d5596d50a", kill_on_drop: false }`
[INFO] [stderr]    Compiling libc v0.2.132
[INFO] [stderr]     Checking cfg-if v1.0.0
[INFO] [stderr]     Checking ppv-lite86 v0.2.16
[INFO] [stderr]     Checking array-init v2.0.1
[INFO] [stderr]     Checking getrandom v0.2.7
[INFO] [stderr]     Checking rand_core v0.6.3
[INFO] [stderr]     Checking rand_chacha v0.3.1
[INFO] [stderr]     Checking rand v0.8.5
[INFO] [stderr]     Checking chess v0.1.0 (/opt/rustwide/workdir)
[INFO] [stderr]  Documenting chess v0.1.0 (/opt/rustwide/workdir)
[INFO] [stdout] error: expected `;`, found keyword `if`
[INFO] [stdout]   --> src/player/iterativedeepening.rs:97:14
[INFO] [stdout]    |
[INFO] [stdout] 97 |             }
[INFO] [stdout]    |              ^ help: add `;` here
[INFO] [stdout] 98 |
[INFO] [stdout] 99 |             if move_score > score {
[INFO] [stdout]    |             -- unexpected token
[INFO] [stdout] 
[INFO] [stdout] 
[INFO] [stdout] error: expected `;`, found keyword `if`
[INFO] [stdout]   --> src/player/iterativedeepening.rs:97:14
[INFO] [stdout]    |
[INFO] [stdout] 97 |             }
[INFO] [stdout]    |              ^ help: add `;` here
[INFO] [stdout] 98 |
[INFO] [stdout] 99 |             if move_score > score {
[INFO] [stdout]    |             -- unexpected token
[INFO] [stdout] 
[INFO] [stdout] 
[INFO] [stdout] error[E0277]: the trait bound `game::r#move::Move: std::default::Default` is not satisfied
[INFO] [stdout]   --> src/player/iterativedeepening.rs:12:15
[INFO] [stdout]    |
[INFO] [stdout] 12 |     pv_table: hash::HashTable<game::Move>,
[INFO] [stdout]    |               ^^^^^^^^^^^^^^^^^^^^^^^^^^^ the trait `std::default::Default` is not implemented for `game::r#move::Move`
[INFO] [stdout]    |
[INFO] [stdout] note: required by a bound in `hash::hashtable::HashTable`
[INFO] [stdout]   --> src/hash/hashtable.rs:18:25
[INFO] [stdout]    |
[INFO] [stdout] 18 | pub struct HashTable<T: Default + Copy + Sized> {
[INFO] [stdout]    |                         ^^^^^^^ required by this bound in `HashTable`
[INFO] [stdout] 
[INFO] [stdout] 
[INFO] [stdout] error[E0277]: the trait bound `r#move::Move: Default` is not satisfied
[INFO] [stdout]   --> src/player/iterativedeepening.rs:12:15
[INFO] [stdout]    |
[INFO] [stdout] 12 |     pv_table: hash::HashTable<game::Move>,
[INFO] [stdout]    |               ^^^^^^^^^^^^^^^^^^^^^^^^^^^ the trait `Default` is not implemented for `r#move::Move`
[INFO] [stdout]    |
[INFO] [stdout] note: required by a bound in `hashtable::HashTable`
[INFO] [stdout]   --> src/hash/hashtable.rs:18:25
[INFO] [stdout]    |
[INFO] [stdout] 18 | pub struct HashTable<T: Default + Copy + Sized> {
[INFO] [stdout]    |                         ^^^^^^^ required by this bound in `HashTable`
[INFO] [stdout] 
[INFO] [stdout] 
[INFO] [stdout] error[E0277]: the trait bound `r#move::Move: Copy` is not satisfied
[INFO] [stdout]   --> src/player/iterativedeepening.rs:12:15
[INFO] [stdout]    |
[INFO] [stdout] 12 |     pv_table: hash::HashTable<game::Move>,
[INFO] [stdout]    |               ^^^^^^^^^^^^^^^^^^^^^^^^^^^ the trait `Copy` is not implemented for `r#move::Move`
[INFO] [stdout]    |
[INFO] [stdout] note: required by a bound in `hashtable::HashTable`
[INFO] [stdout]   --> src/hash/hashtable.rs:18:35
[INFO] [stdout]    |
[INFO] [stdout] 18 | pub struct HashTable<T: Default + Copy + Sized> {
[INFO] [stdout]    |                                   ^^^^ required by this bound in `HashTable`
[INFO] [stdout] help: consider annotating `r#move::Move` with `#[derive(Copy)]`
[INFO] [stdout]   --> src/game/move.rs:15:1
[INFO] [stdout]    |
[INFO] [stdout] 15 + #[derive(Copy)]
[INFO] [stdout] 16 | pub struct Move {
[INFO] [stdout]    |
[INFO] [stdout] 
[INFO] [stdout] 
[INFO] [stdout] error[E0277]: the trait bound `game::r#move::Move: std::marker::Copy` is not satisfied
[INFO] [stdout]   --> src/player/iterativedeepening.rs:12:15
[INFO] [stdout]    |
[INFO] [stdout] 12 |     pv_table: hash::HashTable<game::Move>,
[INFO] [stdout]    |               ^^^^^^^^^^^^^^^^^^^^^^^^^^^ the trait `std::marker::Copy` is not implemented for `game::r#move::Move`
[INFO] [stdout]    |
[INFO] [stdout] note: required by a bound in `hash::hashtable::HashTable`
[INFO] [stdout]   --> src/hash/hashtable.rs:18:35
[INFO] [stdout]    |
[INFO] [stdout] 18 | pub struct HashTable<T: Default + Copy + Sized> {
[INFO] [stdout]    |                                   ^^^^ required by this bound in `HashTable`
[INFO] [stdout] help: consider annotating `game::r#move::Move` with `#[derive(Copy)]`
[INFO] [stdout]   --> src/game/move.rs:15:1
[INFO] [stdout]    |
[INFO] [stdout] 15 + #[derive(Copy)]
[INFO] [stdout] 16 | pub struct Move {
[INFO] [stdout]    |
[INFO] [stdout] 
[INFO] [stdout] 
[INFO] [stdout] error: aborting due to 3 previous errors
[INFO] [stdout] 
[INFO] [stdout] 
[INFO] [stdout] For more information about this error, try `rustc --explain E0277`.
[INFO] [stdout] 
[INFO] [stderr] error: could not compile `chess` (lib) due to 4 previous errors
[INFO] [stderr] warning: build failed, waiting for other jobs to finish...
[INFO] [stdout] error: aborting due to 3 previous errors
[INFO] [stdout] 
[INFO] [stdout] 
[INFO] [stdout] For more information about this error, try `rustc --explain E0277`.
[INFO] [stdout] 
[INFO] [stderr] error: could not document `chess`
[INFO] [stderr] 
[INFO] [stderr] Caused by:
[INFO] [stderr]   process didn't exit successfully: `/opt/rustwide/rustup-home/toolchains/beta-2023-12-22-x86_64-unknown-linux-gnu/bin/rustdoc --edition=2021 --crate-type lib --crate-name chess src/lib.rs -o /opt/rustwide/target/doc --cfg 'feature="default"' --cfg 'feature="random"' --error-format=json --json=diagnostic-rendered-ansi,artifacts,future-incompat --document-private-items -C metadata=3cc7b08e06fad967 -L dependency=/opt/rustwide/target/debug/deps --extern array_init=/opt/rustwide/target/debug/deps/libarray_init-9a880c2acb650bf4.rmeta --extern rand=/opt/rustwide/target/debug/deps/librand-ecc9efdef1a6faee.rmeta --cap-lints=warn --crate-version 0.1.0` (exit status: 1)
[INFO] running `Command { std: "docker" "inspect" "86e51da372779d6e8aa907534f29f1f33ada580317994db8e6e33a6d5596d50a", kill_on_drop: false }`
[INFO] running `Command { std: "docker" "rm" "-f" "86e51da372779d6e8aa907534f29f1f33ada580317994db8e6e33a6d5596d50a", kill_on_drop: false }`
[INFO] [stdout] 86e51da372779d6e8aa907534f29f1f33ada580317994db8e6e33a6d5596d50a
