[INFO] cloning repository https://github.com/Day-Daybov/Aleo-HQ
[INFO] running `Command { std: "git" "-c" "credential.helper=" "-c" "credential.helper=/workspace/cargo-home/bin/git-credential-null" "clone" "--bare" "https://github.com/Day-Daybov/Aleo-HQ" "/workspace/cache/git-repos/https%3A%2F%2Fgithub.com%2FDay-Daybov%2FAleo-HQ", kill_on_drop: false }`
[INFO] [stderr] Cloning into bare repository '/workspace/cache/git-repos/https%3A%2F%2Fgithub.com%2FDay-Daybov%2FAleo-HQ'...
[INFO] running `Command { std: "git" "rev-parse" "HEAD", kill_on_drop: false }`
[INFO] [stdout] f93330d537d75f2743c9611a167c775853304e04
[INFO] documenting Day-Daybov/Aleo-HQ against 1.75.0 for beta-1.76-rustdoc-1
[INFO] running `Command { std: "git" "clone" "/workspace/cache/git-repos/https%3A%2F%2Fgithub.com%2FDay-Daybov%2FAleo-HQ" "/workspace/builds/worker-6-tc1/source", kill_on_drop: false }`
[INFO] [stderr] Cloning into '/workspace/builds/worker-6-tc1/source'...
[INFO] [stderr] done.
[INFO] validating manifest of git repo https://github.com/Day-Daybov/Aleo-HQ on toolchain 1.75.0
[INFO] running `Command { std: CARGO_HOME="/workspace/cargo-home" RUSTUP_HOME="/workspace/rustup-home" "/workspace/cargo-home/bin/cargo" "+1.75.0" "metadata" "--manifest-path" "Cargo.toml" "--no-deps", kill_on_drop: false }`
[INFO] started tweaking git repo https://github.com/Day-Daybov/Aleo-HQ
[INFO] finished tweaking git repo https://github.com/Day-Daybov/Aleo-HQ
[INFO] tweaked toml for git repo https://github.com/Day-Daybov/Aleo-HQ written to /workspace/builds/worker-6-tc1/source/Cargo.toml
[INFO] crate git repo https://github.com/Day-Daybov/Aleo-HQ already has a lockfile, it will not be regenerated
[INFO] running `Command { std: CARGO_HOME="/workspace/cargo-home" RUSTUP_HOME="/workspace/rustup-home" "/workspace/cargo-home/bin/cargo" "+1.75.0" "fetch" "--manifest-path" "Cargo.toml", kill_on_drop: false }`
[INFO] [stderr]     Blocking waiting for file lock on package cache
[INFO] [stderr]     Updating crates.io index
[INFO] [stderr]     Blocking waiting for file lock on package cache
[INFO] [stderr]  Downloading crates ...
[INFO] [stderr]   Downloaded snarkvm-console-account v0.10.1
[INFO] [stderr]   Downloaded snarkvm-console-types-address v0.10.1
[INFO] [stderr]   Downloaded snarkvm-utilities-derives v0.10.1
[INFO] [stderr]   Downloaded tikv-jemallocator v0.5.0
[INFO] [stderr]   Downloaded snarkvm-console-network v0.10.1
[INFO] [stderr]   Downloaded tracing-test-macro v0.1.0
[INFO] [stderr]   Downloaded aleo-std v0.1.15
[INFO] [stderr]   Downloaded metrics-macros v0.6.0
[INFO] [stderr]   Downloaded serial_test v1.0.0
[INFO] [stderr]   Downloaded tracing-test v0.2.4
[INFO] [stderr]   Downloaded peak_alloc v0.1.0
[INFO] [stderr]   Downloaded deadline v0.2.0
[INFO] [stderr]   Downloaded snarkvm-console-types v0.10.1
[INFO] [stderr]   Downloaded snarkvm-console-types-scalar v0.10.1
[INFO] [stderr]   Downloaded serial_test_derive v1.0.0
[INFO] [stderr]   Downloaded tracing-test-macro v0.2.4
[INFO] [stderr]   Downloaded constant_time_eq v0.2.5
[INFO] [stderr]   Downloaded tracing-test v0.1.0
[INFO] [stderr]   Downloaded kadmium v0.6.0
[INFO] [stderr]   Downloaded snarkvm-circuit-types-integers v0.10.1
[INFO] [stderr]   Downloaded snarkvm-curves v0.10.1
[INFO] [stderr]   Downloaded pea2pea v0.45.0
[INFO] [stderr]   Downloaded openssl v0.10.50
[INFO] [stderr]   Downloaded snarkvm-algorithms v0.10.1
[INFO] [stderr]   Downloaded snarkvm-synthesizer v0.10.1
[INFO] [stderr]   Downloaded curl-sys v0.4.61+curl-8.0.1
[INFO] [stderr]   Downloaded snarkvm-circuit-types-boolean v0.10.1
[INFO] [stderr]   Downloaded librocksdb-sys v0.10.0+7.9.2
[INFO] [stderr]   Downloaded snarkvm-parameters v0.10.1
[INFO] [stderr]   Downloaded snarkvm-circuit-types-group v0.10.1
[INFO] [stderr]   Downloaded snarkvm-circuit-types-scalar v0.10.1
[INFO] [stderr]   Downloaded snarkvm-circuit-types-string v0.10.1
[INFO] [stderr]   Downloaded snarkvm-circuit-environment-witness v0.10.1
[INFO] [stderr]   Downloaded snarkvm-circuit-environment v0.10.1
[INFO] [stderr]   Downloaded rocksdb v0.20.1
[INFO] [stderr]   Downloaded snarkvm-circuit-account v0.10.1
[INFO] [stderr]   Downloaded openssl-sys v0.9.85
[INFO] [stderr]   Downloaded snarkvm-console-algorithms v0.10.1
[INFO] [stderr]   Downloaded metrics-exporter-prometheus v0.11.0
[INFO] [stderr]   Downloaded metrics v0.20.1
[INFO] [stderr]   Downloaded snarkvm-console-collections v0.10.1
[INFO] [stderr]   Downloaded snarkvm-circuit-program v0.10.1
[INFO] [stderr]   Downloaded snarkvm-utilities v0.10.1
[INFO] [stderr]   Downloaded metrics-util v0.14.0
[INFO] [stderr]   Downloaded snarkvm v0.10.1
[INFO] [stderr]   Downloaded snarkvm-console-program v0.10.1
[INFO] [stderr]   Downloaded quanta v0.10.1
[INFO] [stderr]   Downloaded self_update v0.36.0
[INFO] [stderr]   Downloaded self_update v0.35.0
[INFO] [stderr]   Downloaded snarkvm-circuit-types-field v0.10.1
[INFO] [stderr]   Downloaded snarkvm-circuit-collections v0.10.1
[INFO] [stderr]   Downloaded sketches-ddsketch v0.2.1
[INFO] [stderr]   Downloaded aleo-std-cpu v0.1.3
[INFO] [stderr]   Downloaded snarkvm-console-types-field v0.10.1
[INFO] [stderr]   Downloaded snarkvm-circuit-types v0.10.1
[INFO] [stderr]   Downloaded snarkvm-circuit-types-address v0.10.1
[INFO] [stderr]   Downloaded snarkvm-console-types-string v0.10.1
[INFO] [stderr]   Downloaded snarkvm-console-types-integers v0.10.1
[INFO] [stderr]   Downloaded snarkvm-console-types-group v0.10.1
[INFO] [stderr]   Downloaded snarkvm-circuit-network v0.10.1
[INFO] [stderr]   Downloaded snarkvm-console-types-boolean v0.10.1
[INFO] [stderr]   Downloaded snarkvm-circuit v0.10.1
[INFO] [stderr]   Downloaded snarkvm-fields v0.10.1
[INFO] [stderr]   Downloaded snarkvm-r1cs v0.10.1
[INFO] [stderr]   Downloaded aleo-std-time v0.1.1
[INFO] [stderr]   Downloaded aleo-std-profiler v0.1.14
[INFO] [stderr]   Downloaded snarkvm-console v0.10.1
[INFO] [stderr]   Downloaded snarkvm-console-network-environment v0.10.1
[INFO] [stderr]   Downloaded snarkvm-circuit-algorithms v0.10.1
[INFO] running `Command { std: "docker" "create" "-v" "/var/lib/crater-agent-workspace/builds/worker-6-tc1/target:/opt/rustwide/target:rw,Z" "-v" "/var/lib/crater-agent-workspace/builds/worker-6-tc1/source:/opt/rustwide/workdir:ro,Z" "-v" "/var/lib/crater-agent-workspace/cargo-home:/opt/rustwide/cargo-home:ro,Z" "-v" "/var/lib/crater-agent-workspace/rustup-home:/opt/rustwide/rustup-home:ro,Z" "-e" "SOURCE_DIR=/opt/rustwide/workdir" "-e" "CARGO_TARGET_DIR=/opt/rustwide/target" "-e" "CARGO_HOME=/opt/rustwide/cargo-home" "-e" "RUSTUP_HOME=/opt/rustwide/rustup-home" "-w" "/opt/rustwide/workdir" "-m" "1610612736" "--user" "0:0" "--network" "none" "ghcr.io/rust-lang/crates-build-env/linux@sha256:2788e3201cd34a07e3172128adcd8b3090168a8e3bcc40d7c032b9dda1df7d1c" "/opt/rustwide/cargo-home/bin/cargo" "+1.75.0" "metadata" "--no-deps" "--format-version=1", kill_on_drop: false }`
[INFO] [stdout] 338c36cd61f3480046b6db515391005e6956a0937b457eceb8bf81958059c552
[INFO] running `Command { std: "docker" "start" "-a" "338c36cd61f3480046b6db515391005e6956a0937b457eceb8bf81958059c552", kill_on_drop: false }`
[INFO] running `Command { std: "docker" "inspect" "338c36cd61f3480046b6db515391005e6956a0937b457eceb8bf81958059c552", kill_on_drop: false }`
[INFO] running `Command { std: "docker" "rm" "-f" "338c36cd61f3480046b6db515391005e6956a0937b457eceb8bf81958059c552", kill_on_drop: false }`
[INFO] [stdout] 338c36cd61f3480046b6db515391005e6956a0937b457eceb8bf81958059c552
[INFO] running `Command { std: "docker" "create" "-v" "/var/lib/crater-agent-workspace/builds/worker-6-tc1/target:/opt/rustwide/target:rw,Z" "-v" "/var/lib/crater-agent-workspace/builds/worker-6-tc1/source:/opt/rustwide/workdir:ro,Z" "-v" "/var/lib/crater-agent-workspace/cargo-home:/opt/rustwide/cargo-home:ro,Z" "-v" "/var/lib/crater-agent-workspace/rustup-home:/opt/rustwide/rustup-home:ro,Z" "-e" "SOURCE_DIR=/opt/rustwide/workdir" "-e" "CARGO_TARGET_DIR=/opt/rustwide/target" "-e" "CARGO_INCREMENTAL=0" "-e" "RUST_BACKTRACE=full" "-e" "RUSTFLAGS=--cap-lints=warn" "-e" "RUSTDOCFLAGS=--cap-lints=warn" "-e" "CARGO_HOME=/opt/rustwide/cargo-home" "-e" "RUSTUP_HOME=/opt/rustwide/rustup-home" "-w" "/opt/rustwide/workdir" "-m" "1610612736" "--user" "0:0" "--network" "none" "ghcr.io/rust-lang/crates-build-env/linux@sha256:2788e3201cd34a07e3172128adcd8b3090168a8e3bcc40d7c032b9dda1df7d1c" "/opt/rustwide/cargo-home/bin/cargo" "+1.75.0" "doc" "--frozen" "--no-deps" "--document-private-items" "--message-format=json", kill_on_drop: false }`
[INFO] [stdout] 56340aa5e4e1c5386d26a65725ea4889ea7dd11449da494be6f0ce136bce1c9f
[INFO] running `Command { std: "docker" "start" "-a" "56340aa5e4e1c5386d26a65725ea4889ea7dd11449da494be6f0ce136bce1c9f", kill_on_drop: false }`
[INFO] [stderr]    Compiling libc v0.2.141
[INFO] [stderr]     Checking cfg-if v1.0.0
[INFO] [stderr]    Compiling proc-macro2 v1.0.56
[INFO] [stderr]    Compiling unicode-ident v1.0.8
[INFO] [stderr]    Compiling quote v1.0.26
[INFO] [stderr]    Compiling autocfg v1.1.0
[INFO] [stderr]    Compiling serde_derive v1.0.160
[INFO] [stderr]    Compiling serde v1.0.160
[INFO] [stderr]    Compiling version_check v0.9.4
[INFO] [stderr]     Checking scopeguard v1.1.0
[INFO] [stderr]    Compiling syn v1.0.109
[INFO] [stderr]     Checking smallvec v1.10.0
[INFO] [stderr]    Compiling parking_lot_core v0.9.7
[INFO] [stderr]     Checking itoa v1.0.6
[INFO] [stderr]    Compiling crossbeam-utils v0.8.15
[INFO] [stderr]    Compiling rayon-core v1.11.0
[INFO] [stderr]    Compiling memchr v2.5.0
[INFO] [stderr]     Checking either v1.8.1
[INFO] [stderr]     Checking hashbrown v0.12.3
[INFO] [stderr]    Compiling typenum v1.16.0
[INFO] [stderr]     Checking ryu v1.0.13
[INFO] [stderr]    Compiling serde_json v1.0.96
[INFO] [stderr]     Checking ppv-lite86 v0.2.17
[INFO] [stderr]    Compiling thiserror v1.0.40
[INFO] [stderr]    Compiling generic-array v0.14.7
[INFO] [stderr]    Compiling proc-macro2 v0.4.30
[INFO] [stderr]    Compiling pkg-config v0.3.26
[INFO] [stderr]    Compiling memoffset v0.8.0
[INFO] [stderr]    Compiling crossbeam-epoch v0.9.14
[INFO] [stderr]    Compiling indexmap v1.9.3
[INFO] [stderr]    Compiling lock_api v0.4.9
[INFO] [stderr]    Compiling num-traits v0.2.15
[INFO] [stderr]    Compiling num-integer v0.1.45
[INFO] [stderr]    Compiling unicode-xid v0.1.0
[INFO] [stderr]    Compiling num-bigint v0.4.3
[INFO] [stderr]    Compiling syn v0.15.44
[INFO] [stderr]    Compiling anyhow v1.0.70
[INFO] [stderr]     Checking crossbeam-channel v0.5.8
[INFO] [stderr]     Checking aleo-std-profiler v0.1.14
[INFO] [stderr]     Checking subtle v2.4.1
[INFO] [stderr]     Checking aleo-std-timer v0.1.2
[INFO] [stderr]     Checking aleo-std-cpu v0.1.3
[INFO] [stderr]     Checking itertools v0.10.5
[INFO] [stderr]     Checking cpufeatures v0.2.6
[INFO] [stderr]     Checking minimal-lexical v0.2.1
[INFO] [stderr]     Checking crossbeam-deque v0.8.3
[INFO] [stderr]     Checking bech32 v0.9.1
[INFO] [stderr]    Compiling syn v2.0.15
[INFO] [stderr]    Compiling jobserver v0.1.26
[INFO] [stderr]    Compiling quote v0.6.13
[INFO] [stderr]    Compiling log v0.4.17
[INFO] [stderr]     Checking lazy_static v1.4.0
[INFO] [stderr]     Checking openssl-probe v0.1.5
[INFO] [stderr]     Checking byteorder v1.4.3
[INFO] [stderr]    Compiling ahash v0.8.3
[INFO] [stderr]     Checking nom v7.1.3
[INFO] [stderr]    Compiling paste v1.0.12
[INFO] [stderr]    Compiling curl v0.4.44
[INFO] [stderr]    Compiling cc v1.0.79
[INFO] [stderr]     Checking arrayvec v0.7.2
[INFO] [stderr]     Checking arrayref v0.3.7
[INFO] [stderr]     Checking constant_time_eq v0.2.5
[INFO] [stderr]     Checking pin-project-lite v0.2.9
[INFO] [stderr]     Checking fxhash v0.2.1
[INFO] [stderr]     Checking hex v0.4.3
[INFO] [stderr]    Compiling futures-core v0.3.28
[INFO] [stderr]    Compiling tokio v1.27.0
[INFO] [stderr]     Checking bitflags v1.3.2
[INFO] [stderr]    Compiling snarkvm-circuit-environment-witness v0.10.1
[INFO] [stderr]    Compiling snarkvm-circuit-types-boolean v0.10.1
[INFO] [stderr]     Checking blake2s_simd v1.0.1
[INFO] [stderr]    Compiling snarkvm-circuit-types-field v0.10.1
[INFO] [stderr]     Checking num_cpus v1.15.0
[INFO] [stderr]     Checking getrandom v0.2.9
[INFO] [stderr]     Checking dirs-sys v0.3.7
[INFO] [stderr]     Checking once_cell v1.17.1
[INFO] [stderr]     Checking parking_lot v0.12.1
[INFO] [stderr]     Checking socket2 v0.4.9
[INFO] [stderr]     Checking atty v0.2.14
[INFO] [stderr]     Checking dirs v4.0.0
[INFO] [stderr]     Checking signal-hook-registry v1.4.1
[INFO] [stderr]     Checking rand_core v0.6.4
[INFO] [stderr]     Checking colored v2.0.0
[INFO] [stderr]     Checking crypto-common v0.1.6
[INFO] [stderr]     Checking aleo-std-storage v0.1.3
[INFO] [stderr]     Checking block-buffer v0.10.4
[INFO] [stderr]     Checking mio v0.8.6
[INFO] [stderr]     Checking rand_chacha v0.3.1
[INFO] [stderr]     Checking rand_xorshift v0.3.0
[INFO] [stderr]     Checking digest v0.10.6
[INFO] [stderr]     Checking futures-sink v0.3.28
[INFO] [stderr]     Checking tracing-core v0.1.30
[INFO] [stderr]    Compiling slab v0.4.8
[INFO] [stderr]    Compiling futures-channel v0.3.28
[INFO] [stderr]    Compiling futures-task v0.3.28
[INFO] [stderr]    Compiling futures-util v0.3.28
[INFO] [stderr]     Checking hashbrown v0.13.2
[INFO] [stderr]     Checking rand v0.8.5
[INFO] [stderr]     Checking sha2 v0.10.6
[INFO] [stderr]    Compiling openssl-sys v0.9.85
[INFO] [stderr]    Compiling libz-sys v1.1.8
[INFO] [stderr]    Compiling curl-sys v0.4.61+curl-8.0.1
[INFO] [stderr]     Checking rayon v1.7.0
[INFO] [stderr]     Checking fnv v1.0.7
[INFO] [stderr]     Checking pin-utils v0.1.0
[INFO] [stderr]     Checking futures-io v0.3.28
[INFO] [stderr]     Checking tinyvec_macros v0.1.1
[INFO] [stderr]    Compiling snarkvm-circuit-types-scalar v0.10.1
[INFO] [stderr]    Compiling snarkvm-circuit-types-group v0.10.1
[INFO] [stderr]    Compiling httparse v1.8.0
[INFO] [stderr]     Checking tinyvec v1.6.0
[INFO] [stderr]     Checking percent-encoding v2.2.0
[INFO] [stderr]    Compiling snarkvm-circuit-types-integers v0.10.1
[INFO] [stderr]     Checking form_urlencoded v1.1.0
[INFO] [stderr]    Compiling ring v0.16.20
[INFO] [stderr]    Compiling snarkvm-circuit-types-string v0.10.1
[INFO] [stderr]    Compiling snarkvm-circuit-types-address v0.10.1
[INFO] [stderr]    Compiling semver v1.0.17
[INFO] [stderr]     Checking unicode-bidi v0.3.13
[INFO] [stderr]    Compiling snarkvm-circuit-algorithms v0.10.1
[INFO] [stderr]     Checking untrusted v0.7.1
[INFO] [stderr]    Compiling unicode-xid v0.0.4
[INFO] [stderr]    Compiling openssl v0.10.50
[INFO] [stderr]     Checking spin v0.5.2
[INFO] [stderr]     Checking base64 v0.13.1
[INFO] [stderr]     Checking try-lock v0.2.4
[INFO] [stderr]     Checking foreign-types-shared v0.1.1
[INFO] [stderr]    Compiling synom v0.11.3
[INFO] [stderr]    Compiling quote v0.3.15
[INFO] [stderr]    Compiling snarkvm-circuit-collections v0.10.1
[INFO] [stderr]     Checking bs58 v0.4.0
[INFO] [stderr]     Checking foreign-types v0.3.2
[INFO] [stderr]    Compiling native-tls v0.2.11
[INFO] [stderr]     Checking httpdate v1.0.2
[INFO] [stderr]     Checking want v0.3.0
[INFO] [stderr]     Checking tower-service v0.3.2
[INFO] [stderr]    Compiling snarkvm-circuit-network v0.10.1
[INFO] [stderr]     Checking regex-syntax v0.6.29
[INFO] [stderr]    Compiling syn v0.11.11
[INFO] [stderr]     Checking mime v0.3.17
[INFO] [stderr]    Compiling io-lifetimes v1.0.10
[INFO] [stderr]     Checking base64 v0.21.0
[INFO] [stderr]     Checking unicode-normalization v0.1.22
[INFO] [stderr]    Compiling proc-macro-error-attr v1.0.4
[INFO] [stderr]    Compiling rustix v0.37.11
[INFO] [stderr]     Checking unicode-width v0.1.10
[INFO] [stderr]    Compiling crc32fast v1.3.2
[INFO] [stderr]    Compiling portable-atomic v0.3.19
[INFO] [stderr]     Checking enum_index v0.2.0
[INFO] [stderr]    Compiling snarkvm-circuit-account v0.10.1
[INFO] [stderr]     Checking aho-corasick v0.7.20
[INFO] [stderr]    Compiling proc-macro-error v1.0.4
[INFO] [stderr]    Compiling rustls v0.20.8
[INFO] [stderr]     Checking adler v1.0.2
[INFO] [stderr]     Checking linux-raw-sys v0.3.1
[INFO] [stderr]    Compiling snarkvm-circuit-program v0.10.1
[INFO] [stderr]     Checking idna v0.3.0
[INFO] [stderr]     Checking miniz_oxide v0.6.2
[INFO] [stderr]     Checking console v0.15.5
[INFO] [stderr]     Checking encoding_rs v0.8.32
[INFO] [stderr]     Checking ipnet v2.7.2
[INFO] [stderr]     Checking number_prefix v0.4.0
[INFO] [stderr]     Checking url v2.3.1
[INFO] [stderr]     Checking fastrand v1.9.0
[INFO] [stderr]     Checking flate2 v1.0.25
[INFO] [stderr]     Checking indicatif v0.17.3
[INFO] [stderr]     Checking blake2 v0.10.6
[INFO] [stderr]     Checking quick-xml v0.23.1
[INFO] [stderr]     Checking os_str_bytes v6.5.0
[INFO] [stderr]    Compiling heck v0.4.1
[INFO] [stderr]    Compiling self_update v0.36.0
[INFO] [stderr]     Checking termcolor v1.2.0
[INFO] [stderr]     Checking strsim v0.10.0
[INFO] [stderr]     Checking clap_lex v0.2.4
[INFO] [stderr]    Compiling enum_index_derive v0.2.0
[INFO] [stderr]     Checking urlencoding v2.1.2
[INFO] [stderr]     Checking textwrap v0.16.0
[INFO] [stderr]     Checking opaque-debug v0.3.0
[INFO] [stderr]    Compiling glob v0.3.1
[INFO] [stderr]     Checking universal-hash v0.4.1
[INFO] [stderr]     Checking cipher v0.3.0
[INFO] [stderr]     Checking num-format v0.4.4
[INFO] [stderr]    Compiling unicase v2.6.0
[INFO] [stderr]    Compiling platforms v3.0.2
[INFO] [stderr]    Compiling time-core v0.1.0
[INFO] [stderr]    Compiling time-macros v0.2.8
[INFO] [stderr]     Checking regex v1.7.3
[INFO] [stderr]    Compiling libloading v0.7.4
[INFO] [stderr]     Checking zeroize v1.6.0
[INFO] [stderr]    Compiling clang-sys v1.6.1
[INFO] [stderr]    Compiling bindgen v0.64.0
[INFO] [stderr]    Compiling async-trait v0.1.68
[INFO] [stderr]    Compiling rustc_version v0.4.0
[INFO] [stderr]    Compiling aleo-std-time v0.1.1
[INFO] [stderr]    Compiling curve25519-dalek v4.0.0-rc.1
[INFO] [stderr]     Checking polyval v0.5.3
[INFO] [stderr]    Compiling lz4-sys v1.9.4
[INFO] [stderr]     Checking aead v0.4.3
[INFO] [stderr]    Compiling peeking_take_while v0.1.2
[INFO] [stderr]    Compiling lazycell v1.3.0
[INFO] [stderr]    Compiling shlex v1.1.0
[INFO] [stderr]    Compiling rustc-hash v1.1.0
[INFO] [stderr]    Compiling virtue v0.0.13
[INFO] [stderr]    Compiling snow v0.9.2
[INFO] [stderr]     Checking ghash v0.4.4
[INFO] [stderr]     Checking chacha20 v0.8.2
[INFO] [stderr]    Compiling thiserror-impl v1.0.40
[INFO] [stderr]    Compiling snarkvm-utilities-derives v0.10.1
[INFO] [stderr]    Compiling tokio-macros v2.0.0
[INFO] [stderr]    Compiling futures-macro v0.3.28
[INFO] [stderr]    Compiling openssl-macros v0.1.1
[INFO] [stderr]     Checking aes v0.7.5
[INFO] [stderr]     Checking tempfile v3.5.0
[INFO] [stderr]    Compiling bincode_derive v2.0.0-rc.3
[INFO] [stderr]     Checking ctr v0.8.0
[INFO] [stderr]     Checking poly1305 v0.7.2
[INFO] [stderr]     Checking sha1 v0.10.5
[INFO] [stderr]    Compiling signal-hook v0.3.15
[INFO] [stderr]     Checking aes-gcm v0.9.4
[INFO] [stderr]     Checking chacha20poly1305 v0.9.1
[INFO] [stderr]    Compiling mime_guess v2.0.4
[INFO] [stderr]     Checking utf-8 v0.7.6
[INFO] [stderr]     Checking time v0.3.20
[INFO] [stderr]     Checking rustls-pemfile v1.0.2
[INFO] [stderr]    Compiling cexpr v0.6.0
[INFO] [stderr]     Checking signal-hook-mio v0.2.3
[INFO] [stderr]     Checking pem v1.1.1
[INFO] [stderr]     Checking instant v0.1.12
[INFO] [stderr]     Checking linked-hash-map v0.5.6
[INFO] [stderr]     Checking scoped-tls v1.0.1
[INFO] [stderr]    Compiling memoffset v0.7.1
[INFO] [stderr]     Checking crossterm v0.25.0
[INFO] [stderr]     Checking regex-automata v0.1.10
[INFO] [stderr]    Compiling tikv-jemalloc-sys v0.5.3+5.3.0-patched
[INFO] [stderr]    Compiling aleo-std-timed v0.1.2
[INFO] [stderr]    Compiling derivative v2.2.0
[INFO] [stderr]    Compiling tracing-attributes v0.1.23
[INFO] [stderr]    Compiling num-derive v0.3.3
[INFO] [stderr]    Compiling clap_derive v3.2.18
[INFO] [stderr]    Compiling pin-project-internal v1.0.12
[INFO] [stderr]    Compiling same-file v1.0.6
[INFO] [stderr]    Compiling self_update v0.35.0
[INFO] [stderr]     Checking overload v0.1.1
[INFO] [stderr]     Checking unicode-segmentation v1.10.1
[INFO] [stderr]     Checking cassowary v0.3.0
[INFO] [stderr]     Checking simple_asn1 v0.6.2
[INFO] [stderr]     Checking aleo-std v0.1.15
[INFO] [stderr]     Checking webpki v0.22.0
[INFO] [stderr]     Checking sct v0.7.0
[INFO] [stderr]     Checking nu-ansi-term v0.46.0
[INFO] [stderr]     Checking matchers v0.1.0
[INFO] [stderr]    Compiling walkdir v2.3.3
[INFO] [stderr]     Checking webpki-roots v0.22.6
[INFO] [stderr]     Checking tui v0.19.0
[INFO] [stderr]     Checking crossterm v0.26.1
[INFO] [stderr]     Checking tracing-log v0.1.3
[INFO] [stderr]     Checking thread_local v1.1.7
[INFO] [stderr]     Checking sharded-slab v0.1.4
[INFO] [stderr]     Checking static_assertions v1.1.0
[INFO] [stderr]     Checking nix v0.26.2
[INFO] [stderr]    Compiling snarkos v2.0.2 (/opt/rustwide/workdir)
[INFO] [stderr]     Checking pin-project v1.0.12
[INFO] [stderr]     Checking futures-executor v0.3.28
[INFO] [stderr]     Checking futures v0.3.28
[INFO] [stderr]     Checking tracing v0.1.37
[INFO] [stderr]     Checking tracing-subscriber v0.3.16
[INFO] [stderr]    Compiling librocksdb-sys v0.10.0+7.9.2
[INFO] [stderr]     Checking bincode v1.3.3
[INFO] [stderr]     Checking bytes v1.4.0
[INFO] [stderr]     Checking serde_urlencoded v0.7.1
[INFO] [stderr]     Checking bincode v2.0.0-rc.3
[INFO] [stderr]     Checking http v0.2.9
[INFO] [stderr]     Checking multiparty v0.1.0
[INFO] [stderr]     Checking clap v3.2.23
[INFO] [stderr]     Checking http-body v0.4.5
[INFO] [stderr]     Checking tungstenite v0.18.0
[INFO] [stderr]     Checking headers-core v0.2.0
[INFO] [stderr]     Checking headers v0.3.8
[INFO] [stderr]     Checking snarkvm-utilities v0.10.1
[INFO] [stderr]     Checking ureq v2.6.2
[INFO] [stderr]     Checking jsonwebtoken v8.3.0
[INFO] [stderr]     Checking snarkvm-fields v0.10.1
[INFO] [stderr]     Checking snarkvm-curves v0.10.1
[INFO] [stderr]     Checking snarkvm-console-network-environment v0.10.1
[INFO] [stderr]     Checking snarkvm-parameters v0.10.1
[INFO] [stderr]     Checking snarkvm-r1cs v0.10.1
[INFO] [stderr]     Checking snarkvm-console-types-boolean v0.10.1
[INFO] [stderr]     Checking snarkvm-console-types-field v0.10.1
[INFO] [stderr]     Checking snarkvm-console-types-scalar v0.10.1
[INFO] [stderr]     Checking snarkvm-console-types-integers v0.10.1
[INFO] [stderr]     Checking snarkvm-console-types-group v0.10.1
[INFO] [stderr]     Checking snarkvm-console-types-string v0.10.1
[INFO] [stderr]     Checking snarkvm-algorithms v0.10.1
[INFO] [stderr]     Checking snarkvm-console-types-address v0.10.1
[INFO] [stderr]     Checking tokio-util v0.7.7
[INFO] [stderr]     Checking tokio-native-tls v0.3.1
[INFO] [stderr]     Checking tokio-stream v0.1.12
[INFO] [stderr]     Checking tokio-tungstenite v0.18.0
[INFO] [stderr]     Checking backoff v0.4.0
[INFO] [stderr]     Checking snarkvm-console-types v0.10.1
[INFO] [stderr]     Checking snarkvm-console-algorithms v0.10.1
[INFO] [stderr]     Checking snarkvm-console-collections v0.10.1
[INFO] [stderr]     Checking h2 v0.3.17
[INFO] [stderr]     Checking kadmium v0.6.0
[INFO] [stderr]     Checking snarkos-node-tcp v2.0.2 (/opt/rustwide/workdir/node/tcp)
[INFO] [stderr] error: could not compile `h2` (lib)
[INFO] [stderr] 
[INFO] [stderr] Caused by:
[INFO] [stderr]   process didn't exit successfully: `/opt/rustwide/rustup-home/toolchains/1.75.0-x86_64-unknown-linux-gnu/bin/rustc --crate-name h2 --edition=2018 /opt/rustwide/cargo-home/registry/src/index.crates.io-6f17d22bba15001f/h2-0.3.17/src/lib.rs --error-format=json --json=diagnostic-rendered-ansi,artifacts,future-incompat --crate-type lib --emit=dep-info,metadata -C opt-level=2 -C linker-plugin-lto -C debuginfo=2 -C debug-assertions=on -C metadata=e3f750373397a07d -C extra-filename=-e3f750373397a07d --out-dir /opt/rustwide/target/debug/deps -L dependency=/opt/rustwide/target/debug/deps --extern bytes=/opt/rustwide/target/debug/deps/libbytes-df4090f4080ba633.rmeta --extern fnv=/opt/rustwide/target/debug/deps/libfnv-6254e300b0f3d743.rmeta --extern futures_core=/opt/rustwide/target/debug/deps/libfutures_core-8b74d85df0a74aaf.rmeta --extern futures_sink=/opt/rustwide/target/debug/deps/libfutures_sink-23d77f0298e2237f.rmeta --extern futures_util=/opt/rustwide/target/debug/deps/libfutures_util-cad47ef7d8325200.rmeta --extern http=/opt/rustwide/target/debug/deps/libhttp-f870d943b1efa2ad.rmeta --extern indexmap=/opt/rustwide/target/debug/deps/libindexmap-8f30efb8f7a7f577.rmeta --extern slab=/opt/rustwide/target/debug/deps/libslab-8bce7ac53ca90628.rmeta --extern tokio=/opt/rustwide/target/debug/deps/libtokio-710aad4fc0800d1f.rmeta --extern tokio_util=/opt/rustwide/target/debug/deps/libtokio_util-cdfd5ac4cfbfb313.rmeta --extern tracing=/opt/rustwide/target/debug/deps/libtracing-d2555d8b355087ff.rmeta --cap-lints allow --cap-lints=warn` (signal: 9, SIGKILL: kill)
[INFO] [stderr] warning: build failed, waiting for other jobs to finish...
[INFO] [stderr] error: could not compile `snarkvm-algorithms` (lib)
[INFO] [stderr] 
[INFO] [stderr] Caused by:
[INFO] [stderr]   process didn't exit successfully: `/opt/rustwide/rustup-home/toolchains/1.75.0-x86_64-unknown-linux-gnu/bin/rustc --crate-name snarkvm_algorithms --edition=2021 /opt/rustwide/cargo-home/registry/src/index.crates.io-6f17d22bba15001f/snarkvm-algorithms-0.10.1/src/lib.rs --error-format=json --json=diagnostic-rendered-ansi,artifacts,future-incompat --crate-type lib --emit=dep-info,metadata -C opt-level=2 -C linker-plugin-lto -C debuginfo=2 -C debug-assertions=on --cfg 'feature="crypto_hash"' --cfg 'feature="default"' --cfg 'feature="fft"' --cfg 'feature="full"' --cfg 'feature="msm"' --cfg 'feature="polycommit"' --cfg 'feature="polycommit_full"' --cfg 'feature="rand_core"' --cfg 'feature="snark"' --cfg 'feature="snarkvm-parameters"' -C metadata=6821455f9c57326e -C extra-filename=-6821455f9c57326e --out-dir /opt/rustwide/target/debug/deps -L dependency=/opt/rustwide/target/debug/deps --extern aleo_std=/opt/rustwide/target/debug/deps/libaleo_std-2dcc024a882334f8.rmeta --extern anyhow=/opt/rustwide/target/debug/deps/libanyhow-9382fa0e23634eba.rmeta --extern hashbrown=/opt/rustwide/target/debug/deps/libhashbrown-77ff54c018f50935.rmeta --extern hex=/opt/rustwide/target/debug/deps/libhex-9ebae270408edd00.rmeta --extern itertools=/opt/rustwide/target/debug/deps/libitertools-d255d6f0fcbed868.rmeta --extern parking_lot=/opt/rustwide/target/debug/deps/libparking_lot-b0239acf20bcd3c1.rmeta --extern rand=/opt/rustwide/target/debug/deps/librand-ba767bb014fff01f.rmeta --extern rand_chacha=/opt/rustwide/target/debug/deps/librand_chacha-cd68e7398a38a482.rmeta --extern rand_core=/opt/rustwide/target/debug/deps/librand_core-062e869027d055f4.rmeta --extern rayon=/opt/rustwide/target/debug/deps/librayon-1210047983a660da.rmeta --extern serde=/opt/rustwide/target/debug/deps/libserde-1bce09da345df467.rmeta --extern sha2=/opt/rustwide/target/debug/deps/libsha2-ae03686e345327fd.rmeta --extern smallvec=/opt/rustwide/target/debug/deps/libsmallvec-5faebd4d6104045c.rmeta --extern snarkvm_curves=/opt/rustwide/target/debug/deps/libsnarkvm_curves-1f7644d3b9ad7e50.rmeta --extern snarkvm_fields=/opt/rustwide/target/debug/deps/libsnarkvm_fields-8cb16494f4b20312.rmeta --extern snarkvm_parameters=/opt/rustwide/target/debug/deps/libsnarkvm_parameters-8eb87ee35e345f96.rmeta --extern snarkvm_r1cs=/opt/rustwide/target/debug/deps/libsnarkvm_r1cs-5ad5a2d53328c4b1.rmeta --extern snarkvm_utilities=/opt/rustwide/target/debug/deps/libsnarkvm_utilities-47bc92bc4eb34a40.rmeta --extern thiserror=/opt/rustwide/target/debug/deps/libthiserror-902aadd81eb97269.rmeta --cap-lints allow --cap-lints=warn -L native=/usr/lib/x86_64-linux-gnu` (signal: 9, SIGKILL: kill)
[INFO] [stderr] The following warnings were emitted during compilation:
[INFO] [stderr] 
[INFO] [stderr] warning: librocksdb-sys@0.10.0+7.9.2: c++: fatal error: Killed signal terminated program cc1plus
[INFO] [stderr] warning: librocksdb-sys@0.10.0+7.9.2: compilation terminated.
[INFO] [stderr] warning: librocksdb-sys@0.10.0+7.9.2: c++: fatal error: Killed signal terminated program cc1plus
[INFO] [stderr] warning: librocksdb-sys@0.10.0+7.9.2: compilation terminated.
[INFO] [stderr] warning: librocksdb-sys@0.10.0+7.9.2: c++: fatal error: Killed signal terminated program cc1plus
[INFO] [stderr] warning: librocksdb-sys@0.10.0+7.9.2: compilation terminated.
[INFO] [stderr] warning: librocksdb-sys@0.10.0+7.9.2: c++: fatal error: Killed signal terminated program cc1plus
[INFO] [stderr] warning: librocksdb-sys@0.10.0+7.9.2: compilation terminated.
[INFO] [stderr] warning: librocksdb-sys@0.10.0+7.9.2: c++: fatal error: Killed signal terminated program cc1plus
[INFO] [stderr] warning: librocksdb-sys@0.10.0+7.9.2: compilation terminated.
[INFO] [stderr] warning: librocksdb-sys@0.10.0+7.9.2: c++: fatal error: Killed signal terminated program cc1plus
[INFO] [stderr] warning: librocksdb-sys@0.10.0+7.9.2: compilation terminated.
[INFO] [stderr] 
[INFO] [stderr] error: failed to run custom build command for `librocksdb-sys v0.10.0+7.9.2`
[INFO] [stderr] note: To improve backtraces for build dependencies, set the CARGO_PROFILE_DEV_BUILD_OVERRIDE_DEBUG=true environment variable to enable debug information generation.
[INFO] [stderr] 
[INFO] [stderr] Caused by:
[INFO] [stderr]   process didn't exit successfully: `/opt/rustwide/target/debug/build/librocksdb-sys-d011ee5aa64e3634/build-script-build` (exit status: 1)
[INFO] [stderr]   --- stdout
[INFO] [stderr]   cargo:rerun-if-env-changed=ROCKSDB_COMPILE
[INFO] [stderr]   cargo:rerun-if-env-changed=ROCKSDB_LIB_DIR
[INFO] [stderr]   cargo:rerun-if-env-changed=ROCKSDB_STATIC
[INFO] [stderr]   cargo:rerun-if-changed=rocksdb/
[INFO] [stderr]   TARGET = Some("x86_64-unknown-linux-gnu")
[INFO] [stderr]   OPT_LEVEL = Some("2")
[INFO] [stderr]   HOST = Some("x86_64-unknown-linux-gnu")
[INFO] [stderr]   cargo:rerun-if-env-changed=CXX_x86_64-unknown-linux-gnu
[INFO] [stderr]   CXX_x86_64-unknown-linux-gnu = None
[INFO] [stderr]   cargo:rerun-if-env-changed=CXX_x86_64_unknown_linux_gnu
[INFO] [stderr]   CXX_x86_64_unknown_linux_gnu = None
[INFO] [stderr]   cargo:rerun-if-env-changed=HOST_CXX
[INFO] [stderr]   HOST_CXX = None
[INFO] [stderr]   cargo:rerun-if-env-changed=CXX
[INFO] [stderr]   CXX = None
[INFO] [stderr]   cargo:rerun-if-env-changed=CXXFLAGS_x86_64-unknown-linux-gnu
[INFO] [stderr]   CXXFLAGS_x86_64-unknown-linux-gnu = None
[INFO] [stderr]   cargo:rerun-if-env-changed=CXXFLAGS_x86_64_unknown_linux_gnu
[INFO] [stderr]   CXXFLAGS_x86_64_unknown_linux_gnu = None
[INFO] [stderr]   cargo:rerun-if-env-changed=HOST_CXXFLAGS
[INFO] [stderr]   HOST_CXXFLAGS = None
[INFO] [stderr]   cargo:rerun-if-env-changed=CXXFLAGS
[INFO] [stderr]   CXXFLAGS = None
[INFO] [stderr]   cargo:rerun-if-env-changed=CRATE_CC_NO_DEFAULTS
[INFO] [stderr]   CRATE_CC_NO_DEFAULTS = None
[INFO] [stderr]   DEBUG = Some("true")
[INFO] [stderr]   CARGO_CFG_TARGET_FEATURE = Some("fxsr,sse,sse2")
[INFO] [stderr]   cargo:rerun-if-env-changed=CXX_x86_64-unknown-linux-gnu
[INFO] [stderr]   CXX_x86_64-unknown-linux-gnu = None
[INFO] [stderr]   cargo:rerun-if-env-changed=CXX_x86_64_unknown_linux_gnu
[INFO] [stderr]   CXX_x86_64_unknown_linux_gnu = None
[INFO] [stderr]   cargo:rerun-if-env-changed=HOST_CXX
[INFO] [stderr]   HOST_CXX = None
[INFO] [stderr]   cargo:rerun-if-env-changed=CXX
[INFO] [stderr]   CXX = None
[INFO] [stderr]   cargo:rerun-if-env-changed=CXXFLAGS_x86_64-unknown-linux-gnu
[INFO] [stderr]   CXXFLAGS_x86_64-unknown-linux-gnu = None
[INFO] [stderr]   cargo:rerun-if-env-changed=CXXFLAGS_x86_64_unknown_linux_gnu
[INFO] [stderr]   CXXFLAGS_x86_64_unknown_linux_gnu = None
[INFO] [stderr]   cargo:rerun-if-env-changed=HOST_CXXFLAGS
[INFO] [stderr]   HOST_CXXFLAGS = None
[INFO] [stderr]   cargo:rerun-if-env-changed=CXXFLAGS
[INFO] [stderr]   CXXFLAGS = None
[INFO] [stderr]   cargo:rerun-if-env-changed=CRATE_CC_NO_DEFAULTS
[INFO] [stderr]   CRATE_CC_NO_DEFAULTS = None
[INFO] [stderr]   CARGO_CFG_TARGET_FEATURE = Some("fxsr,sse,sse2")
[INFO] [stderr]   cargo:rerun-if-env-changed=CXX_x86_64-unknown-linux-gnu
[INFO] [stderr]   CXX_x86_64-unknown-linux-gnu = None
[INFO] [stderr]   cargo:rerun-if-env-changed=CXX_x86_64_unknown_linux_gnu
[INFO] [stderr]   CXX_x86_64_unknown_linux_gnu = None
[INFO] [stderr]   cargo:rerun-if-env-changed=HOST_CXX
[INFO] [stderr]   HOST_CXX = None
[INFO] [stderr]   cargo:rerun-if-env-changed=CXX
[INFO] [stderr]   CXX = None
[INFO] [stderr]   cargo:rerun-if-env-changed=CXXFLAGS_x86_64-unknown-linux-gnu
[INFO] [stderr]   CXXFLAGS_x86_64-unknown-linux-gnu = None
[INFO] [stderr]   cargo:rerun-if-env-changed=CXXFLAGS_x86_64_unknown_linux_gnu
[INFO] [stderr]   CXXFLAGS_x86_64_unknown_linux_gnu = None
[INFO] [stderr]   cargo:rerun-if-env-changed=HOST_CXXFLAGS
[INFO] [stderr]   HOST_CXXFLAGS = None
[INFO] [stderr]   cargo:rerun-if-env-changed=CXXFLAGS
[INFO] [stderr]   CXXFLAGS = None
[INFO] [stderr]   cargo:rerun-if-env-changed=CRATE_CC_NO_DEFAULTS
[INFO] [stderr]   CRATE_CC_NO_DEFAULTS = None
[INFO] [stderr]   CARGO_CFG_TARGET_FEATURE = Some("fxsr,sse,sse2")
[INFO] [stderr]   running: "c++" "-O2" "-ffunction-sections" "-fdata-sections" "-fPIC" "-gdwarf-4" "-fno-omit-frame-pointer" "-m64" "-I" "rocksdb/include/" "-I" "rocksdb/" "-I" "rocksdb/third-party/gtest-1.8.1/fused-src/" "-I" "/opt/rustwide/target/debug/build/lz4-sys-0503b37175e220c9/out/include" "-I" "." "-Wall" "-Wextra" "-std=c++17" "-Wsign-compare" "-Wshadow" "-Wno-unused-parameter" "-Wno-unused-variable" "-Woverloaded-virtual" "-Wnon-virtual-dtor" "-Wno-missing-field-initializers" "-Wno-strict-aliasing" "-Wno-invalid-offsetof" "-msse2" "-std=c++17" "-DLZ4=1" "-DNDEBUG=1" "-DOS_LINUX" "-DROCKSDB_PLATFORM_POSIX" "-DROCKSDB_LIB_IO_POSIX" "-DROCKSDB_SUPPORT_THREAD_LOCAL" "-o" "/opt/rustwide/target/debug/build/librocksdb-sys-a0773468ad7de9fb/out/rocksdb/cache/cache.o" "-c" "rocksdb/cache/cache.cc"
[INFO] [stderr]   running: "c++" "-O2" "-ffunction-sections" "-fdata-sections" "-fPIC" "-gdwarf-4" "-fno-omit-frame-pointer" "-m64" "-I" "rocksdb/include/" "-I" "rocksdb/" "-I" "rocksdb/third-party/gtest-1.8.1/fused-src/" "-I" "/opt/rustwide/target/debug/build/lz4-sys-0503b37175e220c9/out/include" "-I" "." "-Wall" "-Wextra" "-std=c++17" "-Wsign-compare" "-Wshadow" "-Wno-unused-parameter" "-Wno-unused-variable" "-Woverloaded-virtual" "-Wnon-virtual-dtor" "-Wno-missing-field-initializers" "-Wno-strict-aliasing" "-Wno-invalid-offsetof" "-msse2" "-std=c++17" "-DLZ4=1" "-DNDEBUG=1" "-DOS_LINUX" "-DROCKSDB_PLATFORM_POSIX" "-DROCKSDB_LIB_IO_POSIX" "-DROCKSDB_SUPPORT_THREAD_LOCAL" "-o" "/opt/rustwide/target/debug/build/librocksdb-sys-a0773468ad7de9fb/out/rocksdb/cache/cache_key.o" "-c" "rocksdb/cache/cache_key.cc"
[INFO] [stderr]   running: "c++" "-O2" "-ffunction-sections" "-fdata-sections" "-fPIC" "-gdwarf-4" "-fno-omit-frame-pointer" "-m64" "-I" "rocksdb/include/" "-I" "rocksdb/" "-I" "rocksdb/third-party/gtest-1.8.1/fused-src/" "-I" "/opt/rustwide/target/debug/build/lz4-sys-0503b37175e220c9/out/include" "-I" "." "-Wall" "-Wextra" "-std=c++17" "-Wsign-compare" "-Wshadow" "-Wno-unused-parameter" "-Wno-unused-variable" "-Woverloaded-virtual" "-Wnon-virtual-dtor" "-Wno-missing-field-initializers" "-Wno-strict-aliasing" "-Wno-invalid-offsetof" "-msse2" "-std=c++17" "-DLZ4=1" "-DNDEBUG=1" "-DOS_LINUX" "-DROCKSDB_PLATFORM_POSIX" "-DROCKSDB_LIB_IO_POSIX" "-DROCKSDB_SUPPORT_THREAD_LOCAL" "-o" "/opt/rustwide/target/debug/build/librocksdb-sys-a0773468ad7de9fb/out/rocksdb/cache/charged_cache.o" "-c" "rocksdb/cache/charged_cache.cc"
[INFO] [stderr]   running: "c++" "-O2" "-ffunction-sections" "-fdata-sections" "-fPIC" "-gdwarf-4" "-fno-omit-frame-pointer" "-m64" "-I" "rocksdb/include/" "-I" "rocksdb/" "-I" "rocksdb/third-party/gtest-1.8.1/fused-src/" "-I" "/opt/rustwide/target/debug/build/lz4-sys-0503b37175e220c9/out/include" "-I" "." "-Wall" "-Wextra" "-std=c++17" "-Wsign-compare" "-Wshadow" "-Wno-unused-parameter" "-Wno-unused-variable" "-Woverloaded-virtual" "-Wnon-virtual-dtor" "-Wno-missing-field-initializers" "-Wno-strict-aliasing" "-Wno-invalid-offsetof" "-msse2" "-std=c++17" "-DLZ4=1" "-DNDEBUG=1" "-DOS_LINUX" "-DROCKSDB_PLATFORM_POSIX" "-DROCKSDB_LIB_IO_POSIX" "-DROCKSDB_SUPPORT_THREAD_LOCAL" "-o" "/opt/rustwide/target/debug/build/librocksdb-sys-a0773468ad7de9fb/out/rocksdb/cache/cache_reservation_manager.o" "-c" "rocksdb/cache/cache_reservation_manager.cc"
[INFO] [stderr]   running: "c++" "-O2" "-ffunction-sections" "-fdata-sections" "-fPIC" "-gdwarf-4" "-fno-omit-frame-pointer" "-m64" "-I" "rocksdb/include/" "-I" "rocksdb/" "-I" "rocksdb/third-party/gtest-1.8.1/fused-src/" "-I" "/opt/rustwide/target/debug/build/lz4-sys-0503b37175e220c9/out/include" "-I" "." "-Wall" "-Wextra" "-std=c++17" "-Wsign-compare" "-Wshadow" "-Wno-unused-parameter" "-Wno-unused-variable" "-Woverloaded-virtual" "-Wnon-virtual-dtor" "-Wno-missing-field-initializers" "-Wno-strict-aliasing" "-Wno-invalid-offsetof" "-msse2" "-std=c++17" "-DLZ4=1" "-DNDEBUG=1" "-DOS_LINUX" "-DROCKSDB_PLATFORM_POSIX" "-DROCKSDB_LIB_IO_POSIX" "-DROCKSDB_SUPPORT_THREAD_LOCAL" "-o" "/opt/rustwide/target/debug/build/librocksdb-sys-a0773468ad7de9fb/out/rocksdb/cache/lru_cache.o" "-c" "rocksdb/cache/lru_cache.cc"
[INFO] [stderr]   running: "c++" "-O2" "-ffunction-sections" "-fdata-sections" "-fPIC" "-gdwarf-4" "-fno-omit-frame-pointer" "-m64" "-I" "rocksdb/include/" "-I" "rocksdb/" "-I" "rocksdb/third-party/gtest-1.8.1/fused-src/" "-I" "/opt/rustwide/target/debug/build/lz4-sys-0503b37175e220c9/out/include" "-I" "." "-Wall" "-Wextra" "-std=c++17" "-Wsign-compare" "-Wshadow" "-Wno-unused-parameter" "-Wno-unused-variable" "-Woverloaded-virtual" "-Wnon-virtual-dtor" "-Wno-missing-field-initializers" "-Wno-strict-aliasing" "-Wno-invalid-offsetof" "-msse2" "-std=c++17" "-DLZ4=1" "-DNDEBUG=1" "-DOS_LINUX" "-DROCKSDB_PLATFORM_POSIX" "-DROCKSDB_LIB_IO_POSIX" "-DROCKSDB_SUPPORT_THREAD_LOCAL" "-o" "/opt/rustwide/target/debug/build/librocksdb-sys-a0773468ad7de9fb/out/rocksdb/cache/compressed_secondary_cache.o" "-c" "rocksdb/cache/compressed_secondary_cache.cc"
[INFO] [stderr]   running: "c++" "-O2" "-ffunction-sections" "-fdata-sections" "-fPIC" "-gdwarf-4" "-fno-omit-frame-pointer" "-m64" "-I" "rocksdb/include/" "-I" "rocksdb/" "-I" "rocksdb/third-party/gtest-1.8.1/fused-src/" "-I" "/opt/rustwide/target/debug/build/lz4-sys-0503b37175e220c9/out/include" "-I" "." "-Wall" "-Wextra" "-std=c++17" "-Wsign-compare" "-Wshadow" "-Wno-unused-parameter" "-Wno-unused-variable" "-Woverloaded-virtual" "-Wnon-virtual-dtor" "-Wno-missing-field-initializers" "-Wno-strict-aliasing" "-Wno-invalid-offsetof" "-msse2" "-std=c++17" "-DLZ4=1" "-DNDEBUG=1" "-DOS_LINUX" "-DROCKSDB_PLATFORM_POSIX" "-DROCKSDB_LIB_IO_POSIX" "-DROCKSDB_SUPPORT_THREAD_LOCAL" "-o" "/opt/rustwide/target/debug/build/librocksdb-sys-a0773468ad7de9fb/out/rocksdb/cache/secondary_cache.o" "-c" "rocksdb/cache/secondary_cache.cc"
[INFO] [stderr]   running: "c++" "-O2" "-ffunction-sections" "-fdata-sections" "-fPIC" "-gdwarf-4" "-fno-omit-frame-pointer" "-m64" "-I" "rocksdb/include/" "-I" "rocksdb/" "-I" "rocksdb/third-party/gtest-1.8.1/fused-src/" "-I" "/opt/rustwide/target/debug/build/lz4-sys-0503b37175e220c9/out/include" "-I" "." "-Wall" "-Wextra" "-std=c++17" "-Wsign-compare" "-Wshadow" "-Wno-unused-parameter" "-Wno-unused-variable" "-Woverloaded-virtual" "-Wnon-virtual-dtor" "-Wno-missing-field-initializers" "-Wno-strict-aliasing" "-Wno-invalid-offsetof" "-msse2" "-std=c++17" "-DLZ4=1" "-DNDEBUG=1" "-DOS_LINUX" "-DROCKSDB_PLATFORM_POSIX" "-DROCKSDB_LIB_IO_POSIX" "-DROCKSDB_SUPPORT_THREAD_LOCAL" "-o" "/opt/rustwide/target/debug/build/librocksdb-sys-a0773468ad7de9fb/out/rocksdb/db/arena_wrapped_db_iter.o" "-c" "rocksdb/db/arena_wrapped_db_iter.cc"
[INFO] [stderr]   running: "c++" "-O2" "-ffunction-sections" "-fdata-sections" "-fPIC" "-gdwarf-4" "-fno-omit-frame-pointer" "-m64" "-I" "rocksdb/include/" "-I" "rocksdb/" "-I" "rocksdb/third-party/gtest-1.8.1/fused-src/" "-I" "/opt/rustwide/target/debug/build/lz4-sys-0503b37175e220c9/out/include" "-I" "." "-Wall" "-Wextra" "-std=c++17" "-Wsign-compare" "-Wshadow" "-Wno-unused-parameter" "-Wno-unused-variable" "-Woverloaded-virtual" "-Wnon-virtual-dtor" "-Wno-missing-field-initializers" "-Wno-strict-aliasing" "-Wno-invalid-offsetof" "-msse2" "-std=c++17" "-DLZ4=1" "-DNDEBUG=1" "-DOS_LINUX" "-DROCKSDB_PLATFORM_POSIX" "-DROCKSDB_LIB_IO_POSIX" "-DROCKSDB_SUPPORT_THREAD_LOCAL" "-o" "/opt/rustwide/target/debug/build/librocksdb-sys-a0773468ad7de9fb/out/rocksdb/cache/sharded_cache.o" "-c" "rocksdb/cache/sharded_cache.cc"
[INFO] [stderr]   running: "c++" "-O2" "-ffunction-sections" "-fdata-sections" "-fPIC" "-gdwarf-4" "-fno-omit-frame-pointer" "-m64" "-I" "rocksdb/include/" "-I" "rocksdb/" "-I" "rocksdb/third-party/gtest-1.8.1/fused-src/" "-I" "/opt/rustwide/target/debug/build/lz4-sys-0503b37175e220c9/out/include" "-I" "." "-Wall" "-Wextra" "-std=c++17" "-Wsign-compare" "-Wshadow" "-Wno-unused-parameter" "-Wno-unused-variable" "-Woverloaded-virtual" "-Wnon-virtual-dtor" "-Wno-missing-field-initializers" "-Wno-strict-aliasing" "-Wno-invalid-offsetof" "-msse2" "-std=c++17" "-DLZ4=1" "-DNDEBUG=1" "-DOS_LINUX" "-DROCKSDB_PLATFORM_POSIX" "-DROCKSDB_LIB_IO_POSIX" "-DROCKSDB_SUPPORT_THREAD_LOCAL" "-o" "/opt/rustwide/target/debug/build/librocksdb-sys-a0773468ad7de9fb/out/rocksdb/cache/clock_cache.o" "-c" "rocksdb/cache/clock_cache.cc"
[INFO] [stderr]   running: "c++" "-O2" "-ffunction-sections" "-fdata-sections" "-fPIC" "-gdwarf-4" "-fno-omit-frame-pointer" "-m64" "-I" "rocksdb/include/" "-I" "rocksdb/" "-I" "rocksdb/third-party/gtest-1.8.1/fused-src/" "-I" "/opt/rustwide/target/debug/build/lz4-sys-0503b37175e220c9/out/include" "-I" "." "-Wall" "-Wextra" "-std=c++17" "-Wsign-compare" "-Wshadow" "-Wno-unused-parameter" "-Wno-unused-variable" "-Woverloaded-virtual" "-Wnon-virtual-dtor" "-Wno-missing-field-initializers" "-Wno-strict-aliasing" "-Wno-invalid-offsetof" "-msse2" "-std=c++17" "-DLZ4=1" "-DNDEBUG=1" "-DOS_LINUX" "-DROCKSDB_PLATFORM_POSIX" "-DROCKSDB_LIB_IO_POSIX" "-DROCKSDB_SUPPORT_THREAD_LOCAL" "-o" "/opt/rustwide/target/debug/build/librocksdb-sys-a0773468ad7de9fb/out/rocksdb/cache/cache_entry_roles.o" "-c" "rocksdb/cache/cache_entry_roles.cc"
[INFO] [stderr]   running: "c++" "-O2" "-ffunction-sections" "-fdata-sections" "-fPIC" "-gdwarf-4" "-fno-omit-frame-pointer" "-m64" "-I" "rocksdb/include/" "-I" "rocksdb/" "-I" "rocksdb/third-party/gtest-1.8.1/fused-src/" "-I" "/opt/rustwide/target/debug/build/lz4-sys-0503b37175e220c9/out/include" "-I" "." "-Wall" "-Wextra" "-std=c++17" "-Wsign-compare" "-Wshadow" "-Wno-unused-parameter" "-Wno-unused-variable" "-Woverloaded-virtual" "-Wnon-virtual-dtor" "-Wno-missing-field-initializers" "-Wno-strict-aliasing" "-Wno-invalid-offsetof" "-msse2" "-std=c++17" "-DLZ4=1" "-DNDEBUG=1" "-DOS_LINUX" "-DROCKSDB_PLATFORM_POSIX" "-DROCKSDB_LIB_IO_POSIX" "-DROCKSDB_SUPPORT_THREAD_LOCAL" "-o" "/opt/rustwide/target/debug/build/librocksdb-sys-a0773468ad7de9fb/out/rocksdb/db/blob/blob_contents.o" "-c" "rocksdb/db/blob/blob_contents.cc"
[INFO] [stderr]   running: "c++" "-O2" "-ffunction-sections" "-fdata-sections" "-fPIC" "-gdwarf-4" "-fno-omit-frame-pointer" "-m64" "-I" "rocksdb/include/" "-I" "rocksdb/" "-I" "rocksdb/third-party/gtest-1.8.1/fused-src/" "-I" "/opt/rustwide/target/debug/build/lz4-sys-0503b37175e220c9/out/include" "-I" "." "-Wall" "-Wextra" "-std=c++17" "-Wsign-compare" "-Wshadow" "-Wno-unused-parameter" "-Wno-unused-variable" "-Woverloaded-virtual" "-Wnon-virtual-dtor" "-Wno-missing-field-initializers" "-Wno-strict-aliasing" "-Wno-invalid-offsetof" "-msse2" "-std=c++17" "-DLZ4=1" "-DNDEBUG=1" "-DOS_LINUX" "-DROCKSDB_PLATFORM_POSIX" "-DROCKSDB_LIB_IO_POSIX" "-DROCKSDB_SUPPORT_THREAD_LOCAL" "-o" "/opt/rustwide/target/debug/build/librocksdb-sys-a0773468ad7de9fb/out/rocksdb/db/blob/blob_fetcher.o" "-c" "rocksdb/db/blob/blob_fetcher.cc"
[INFO] [stderr]   running: "c++" "-O2" "-ffunction-sections" "-fdata-sections" "-fPIC" "-gdwarf-4" "-fno-omit-frame-pointer" "-m64" "-I" "rocksdb/include/" "-I" "rocksdb/" "-I" "rocksdb/third-party/gtest-1.8.1/fused-src/" "-I" "/opt/rustwide/target/debug/build/lz4-sys-0503b37175e220c9/out/include" "-I" "." "-Wall" "-Wextra" "-std=c++17" "-Wsign-compare" "-Wshadow" "-Wno-unused-parameter" "-Wno-unused-variable" "-Woverloaded-virtual" "-Wnon-virtual-dtor" "-Wno-missing-field-initializers" "-Wno-strict-aliasing" "-Wno-invalid-offsetof" "-msse2" "-std=c++17" "-DLZ4=1" "-DNDEBUG=1" "-DOS_LINUX" "-DROCKSDB_PLATFORM_POSIX" "-DROCKSDB_LIB_IO_POSIX" "-DROCKSDB_SUPPORT_THREAD_LOCAL" "-o" "/opt/rustwide/target/debug/build/librocksdb-sys-a0773468ad7de9fb/out/rocksdb/db/blob/blob_file_addition.o" "-c" "rocksdb/db/blob/blob_file_addition.cc"
[INFO] [stderr]   exit status: 0
[INFO] [stderr]   running: "c++" "-O2" "-ffunction-sections" "-fdata-sections" "-fPIC" "-gdwarf-4" "-fno-omit-frame-pointer" "-m64" "-I" "rocksdb/include/" "-I" "rocksdb/" "-I" "rocksdb/third-party/gtest-1.8.1/fused-src/" "-I" "/opt/rustwide/target/debug/build/lz4-sys-0503b37175e220c9/out/include" "-I" "." "-Wall" "-Wextra" "-std=c++17" "-Wsign-compare" "-Wshadow" "-Wno-unused-parameter" "-Wno-unused-variable" "-Woverloaded-virtual" "-Wnon-virtual-dtor" "-Wno-missing-field-initializers" "-Wno-strict-aliasing" "-Wno-invalid-offsetof" "-msse2" "-std=c++17" "-DLZ4=1" "-DNDEBUG=1" "-DOS_LINUX" "-DROCKSDB_PLATFORM_POSIX" "-DROCKSDB_LIB_IO_POSIX" "-DROCKSDB_SUPPORT_THREAD_LOCAL" "-o" "/opt/rustwide/target/debug/build/librocksdb-sys-a0773468ad7de9fb/out/rocksdb/db/blob/blob_file_builder.o" "-c" "rocksdb/db/blob/blob_file_builder.cc"
[INFO] [stderr]   exit status: 0
[INFO] [stderr]   running: "c++" "-O2" "-ffunction-sections" "-fdata-sections" "-fPIC" "-gdwarf-4" "-fno-omit-frame-pointer" "-m64" "-I" "rocksdb/include/" "-I" "rocksdb/" "-I" "rocksdb/third-party/gtest-1.8.1/fused-src/" "-I" "/opt/rustwide/target/debug/build/lz4-sys-0503b37175e220c9/out/include" "-I" "." "-Wall" "-Wextra" "-std=c++17" "-Wsign-compare" "-Wshadow" "-Wno-unused-parameter" "-Wno-unused-variable" "-Woverloaded-virtual" "-Wnon-virtual-dtor" "-Wno-missing-field-initializers" "-Wno-strict-aliasing" "-Wno-invalid-offsetof" "-msse2" "-std=c++17" "-DLZ4=1" "-DNDEBUG=1" "-DOS_LINUX" "-DROCKSDB_PLATFORM_POSIX" "-DROCKSDB_LIB_IO_POSIX" "-DROCKSDB_SUPPORT_THREAD_LOCAL" "-o" "/opt/rustwide/target/debug/build/librocksdb-sys-a0773468ad7de9fb/out/rocksdb/db/blob/blob_file_cache.o" "-c" "rocksdb/db/blob/blob_file_cache.cc"
[INFO] [stderr]   exit status: 0
[INFO] [stderr]   running: "c++" "-O2" "-ffunction-sections" "-fdata-sections" "-fPIC" "-gdwarf-4" "-fno-omit-frame-pointer" "-m64" "-I" "rocksdb/include/" "-I" "rocksdb/" "-I" "rocksdb/third-party/gtest-1.8.1/fused-src/" "-I" "/opt/rustwide/target/debug/build/lz4-sys-0503b37175e220c9/out/include" "-I" "." "-Wall" "-Wextra" "-std=c++17" "-Wsign-compare" "-Wshadow" "-Wno-unused-parameter" "-Wno-unused-variable" "-Woverloaded-virtual" "-Wnon-virtual-dtor" "-Wno-missing-field-initializers" "-Wno-strict-aliasing" "-Wno-invalid-offsetof" "-msse2" "-std=c++17" "-DLZ4=1" "-DNDEBUG=1" "-DOS_LINUX" "-DROCKSDB_PLATFORM_POSIX" "-DROCKSDB_LIB_IO_POSIX" "-DROCKSDB_SUPPORT_THREAD_LOCAL" "-o" "/opt/rustwide/target/debug/build/librocksdb-sys-a0773468ad7de9fb/out/rocksdb/db/blob/blob_file_garbage.o" "-c" "rocksdb/db/blob/blob_file_garbage.cc"
[INFO] [stderr]   running: "c++" "-O2" "-ffunction-sections" "-fdata-sections" "-fPIC" "-gdwarf-4" "-fno-omit-frame-pointer" "-m64" "-I" "rocksdb/include/" "-I" "rocksdb/" "-I" "rocksdb/third-party/gtest-1.8.1/fused-src/" "-I" "/opt/rustwide/target/debug/build/lz4-sys-0503b37175e220c9/out/include" "-I" "." "-Wall" "-Wextra" "-std=c++17" "-Wsign-compare" "-Wshadow" "-Wno-unused-parameter" "-Wno-unused-variable" "-Woverloaded-virtual" "-Wnon-virtual-dtor" "-Wno-missing-field-initializers" "-Wno-strict-aliasing" "-Wno-invalid-offsetof" "-msse2" "-std=c++17" "-DLZ4=1" "-DNDEBUG=1" "-DOS_LINUX" "-DROCKSDB_PLATFORM_POSIX" "-DROCKSDB_LIB_IO_POSIX" "-DROCKSDB_SUPPORT_THREAD_LOCAL" "-o" "/opt/rustwide/target/debug/build/librocksdb-sys-a0773468ad7de9fb/out/rocksdb/db/blob/blob_file_meta.o" "-c" "rocksdb/db/blob/blob_file_meta.cc"
[INFO] [stderr]   cargo:warning=c++: fatal error: Killed signal terminated program cc1plus
[INFO] [stderr]   cargo:warning=compilation terminated.
[INFO] [stderr]   exit status: 1
[INFO] [stderr]   running: "c++" "-O2" "-ffunction-sections" "-fdata-sections" "-fPIC" "-gdwarf-4" "-fno-omit-frame-pointer" "-m64" "-I" "rocksdb/include/" "-I" "rocksdb/" "-I" "rocksdb/third-party/gtest-1.8.1/fused-src/" "-I" "/opt/rustwide/target/debug/build/lz4-sys-0503b37175e220c9/out/include" "-I" "." "-Wall" "-Wextra" "-std=c++17" "-Wsign-compare" "-Wshadow" "-Wno-unused-parameter" "-Wno-unused-variable" "-Woverloaded-virtual" "-Wnon-virtual-dtor" "-Wno-missing-field-initializers" "-Wno-strict-aliasing" "-Wno-invalid-offsetof" "-msse2" "-std=c++17" "-DLZ4=1" "-DNDEBUG=1" "-DOS_LINUX" "-DROCKSDB_PLATFORM_POSIX" "-DROCKSDB_LIB_IO_POSIX" "-DROCKSDB_SUPPORT_THREAD_LOCAL" "-o" "/opt/rustwide/target/debug/build/librocksdb-sys-a0773468ad7de9fb/out/rocksdb/db/blob/blob_file_reader.o" "-c" "rocksdb/db/blob/blob_file_reader.cc"
[INFO] [stderr]   exit status: 0
[INFO] [stderr]   cargo:warning=c++: fatal error: Killed signal terminated program cc1plus
[INFO] [stderr]   cargo:warning=compilation terminated.
[INFO] [stderr]   exit status: 1
[INFO] [stderr]   exit status: 0
[INFO] [stderr]   cargo:warning=c++: fatal error: Killed signal terminated program cc1plus
[INFO] [stderr]   cargo:warning=compilation terminated.
[INFO] [stderr]   exit status: 1
[INFO] [stderr]   cargo:warning=c++: fatal error: Killed signal terminated program cc1plus
[INFO] [stderr]   cargo:warning=compilation terminated.
[INFO] [stderr]   exit status: 1
[INFO] [stderr]   cargo:warning=c++: fatal error: Killed signal terminated program cc1plus
[INFO] [stderr]   cargo:warning=compilation terminated.
[INFO] [stderr]   exit status: 1
[INFO] [stderr]   exit status: 0
[INFO] [stderr]   exit status: 0
[INFO] [stderr]   exit status: 0
[INFO] [stderr]   exit status: 0
[INFO] [stderr]   exit status: 0
[INFO] [stderr]   exit status: 0
[INFO] [stderr]   cargo:warning=c++: fatal error: Killed signal terminated program cc1plus
[INFO] [stderr]   cargo:warning=compilation terminated.
[INFO] [stderr]   exit status: 1
[INFO] [stderr]   exit status: 0
[INFO] [stderr]   exit status: 0
[INFO] [stderr] 
[INFO] [stderr]   --- stderr
[INFO] [stderr]   error: 'rustfmt' is not installed for the toolchain '1.75.0-x86_64-unknown-linux-gnu'
[INFO] [stderr]   To install, run `rustup component add rustfmt --toolchain 1.75.0-x86_64-unknown-linux-gnu`
[INFO] [stderr]   Failed to run rustfmt: Internal rustfmt error (non-fatal, continuing)
[INFO] [stderr] 
[INFO] [stderr] 
[INFO] [stderr]   error occurred: Command "c++" "-O2" "-ffunction-sections" "-fdata-sections" "-fPIC" "-gdwarf-4" "-fno-omit-frame-pointer" "-m64" "-I" "rocksdb/include/" "-I" "rocksdb/" "-I" "rocksdb/third-party/gtest-1.8.1/fused-src/" "-I" "/opt/rustwide/target/debug/build/lz4-sys-0503b37175e220c9/out/include" "-I" "." "-Wall" "-Wextra" "-std=c++17" "-Wsign-compare" "-Wshadow" "-Wno-unused-parameter" "-Wno-unused-variable" "-Woverloaded-virtual" "-Wnon-virtual-dtor" "-Wno-missing-field-initializers" "-Wno-strict-aliasing" "-Wno-invalid-offsetof" "-msse2" "-std=c++17" "-DLZ4=1" "-DNDEBUG=1" "-DOS_LINUX" "-DROCKSDB_PLATFORM_POSIX" "-DROCKSDB_LIB_IO_POSIX" "-DROCKSDB_SUPPORT_THREAD_LOCAL" "-o" "/opt/rustwide/target/debug/build/librocksdb-sys-a0773468ad7de9fb/out/rocksdb/cache/cache.o" "-c" "rocksdb/cache/cache.cc" with args "c++" did not execute successfully (status code exit status: 1).
[INFO] [stderr] 
[INFO] [stderr] 
[INFO] running `Command { std: "docker" "inspect" "56340aa5e4e1c5386d26a65725ea4889ea7dd11449da494be6f0ce136bce1c9f", kill_on_drop: false }`
[INFO] running `Command { std: "docker" "rm" "-f" "56340aa5e4e1c5386d26a65725ea4889ea7dd11449da494be6f0ce136bce1c9f", kill_on_drop: false }`
[INFO] [stdout] 56340aa5e4e1c5386d26a65725ea4889ea7dd11449da494be6f0ce136bce1c9f
