[INFO] cloning repository https://github.com/DaviRain-Su/all-in-one-news
[INFO] running `Command { std: "git" "-c" "credential.helper=" "-c" "credential.helper=/workspace/cargo-home/bin/git-credential-null" "clone" "--bare" "https://github.com/DaviRain-Su/all-in-one-news" "/workspace/cache/git-repos/https%3A%2F%2Fgithub.com%2FDaviRain-Su%2Fall-in-one-news", kill_on_drop: false }`
[INFO] [stderr] Cloning into bare repository '/workspace/cache/git-repos/https%3A%2F%2Fgithub.com%2FDaviRain-Su%2Fall-in-one-news'...
[INFO] running `Command { std: "git" "rev-parse" "HEAD", kill_on_drop: false }`
[INFO] [stdout] 82581460c86da48bfb0ff847badaf73f7f6ebc04
[INFO] documenting DaviRain-Su/all-in-one-news against 1.75.0 for beta-1.76-rustdoc-1
[INFO] running `Command { std: "git" "clone" "/workspace/cache/git-repos/https%3A%2F%2Fgithub.com%2FDaviRain-Su%2Fall-in-one-news" "/workspace/builds/worker-7-tc1/source", kill_on_drop: false }`
[INFO] [stderr] Cloning into '/workspace/builds/worker-7-tc1/source'...
[INFO] [stderr] done.
[INFO] validating manifest of git repo https://github.com/DaviRain-Su/all-in-one-news on toolchain 1.75.0
[INFO] running `Command { std: CARGO_HOME="/workspace/cargo-home" RUSTUP_HOME="/workspace/rustup-home" "/workspace/cargo-home/bin/cargo" "+1.75.0" "metadata" "--manifest-path" "Cargo.toml" "--no-deps", kill_on_drop: false }`
[INFO] started tweaking git repo https://github.com/DaviRain-Su/all-in-one-news
[INFO] finished tweaking git repo https://github.com/DaviRain-Su/all-in-one-news
[INFO] tweaked toml for git repo https://github.com/DaviRain-Su/all-in-one-news written to /workspace/builds/worker-7-tc1/source/Cargo.toml
[INFO] crate git repo https://github.com/DaviRain-Su/all-in-one-news already has a lockfile, it will not be regenerated
[INFO] running `Command { std: CARGO_HOME="/workspace/cargo-home" RUSTUP_HOME="/workspace/rustup-home" "/workspace/cargo-home/bin/cargo" "+1.75.0" "fetch" "--manifest-path" "Cargo.toml", kill_on_drop: false }`
[INFO] [stderr]     Updating crates.io index
[INFO] [stderr]  Downloading crates ...
[INFO] [stderr]   Downloaded retry v2.0.0
[INFO] [stderr]   Downloaded unidecode v0.3.0
[INFO] [stderr]   Downloaded reqwest-eventsource v0.4.0
[INFO] [stderr]   Downloaded eventsource-stream v0.2.3
[INFO] [stderr]   Downloaded fake v2.8.0
[INFO] [stderr]   Downloaded tracing-bunyan-formatter v0.3.9
[INFO] [stderr]   Downloaded markup5ever_rcdom v0.2.0
[INFO] [stderr]   Downloaded select v0.6.0
[INFO] [stderr]   Downloaded proptest v1.3.1
[INFO] [stderr]   Downloaded linkify v0.10.0
[INFO] [stderr]   Downloaded sha256 v1.4.0
[INFO] [stderr]   Downloaded async-openai v0.14.3
[INFO] running `Command { std: "docker" "create" "-v" "/var/lib/crater-agent-workspace/builds/worker-7-tc1/target:/opt/rustwide/target:rw,Z" "-v" "/var/lib/crater-agent-workspace/builds/worker-7-tc1/source:/opt/rustwide/workdir:ro,Z" "-v" "/var/lib/crater-agent-workspace/cargo-home:/opt/rustwide/cargo-home:ro,Z" "-v" "/var/lib/crater-agent-workspace/rustup-home:/opt/rustwide/rustup-home:ro,Z" "-e" "SOURCE_DIR=/opt/rustwide/workdir" "-e" "CARGO_TARGET_DIR=/opt/rustwide/target" "-e" "CARGO_HOME=/opt/rustwide/cargo-home" "-e" "RUSTUP_HOME=/opt/rustwide/rustup-home" "-w" "/opt/rustwide/workdir" "-m" "1610612736" "--user" "0:0" "--network" "none" "ghcr.io/rust-lang/crates-build-env/linux@sha256:2788e3201cd34a07e3172128adcd8b3090168a8e3bcc40d7c032b9dda1df7d1c" "/opt/rustwide/cargo-home/bin/cargo" "+1.75.0" "metadata" "--no-deps" "--format-version=1", kill_on_drop: false }`
[INFO] [stdout] ae6e4489f4d2fb3aae6e6909ebc75af36fae27f6ee2ef1033211ff03e27beab4
[INFO] running `Command { std: "docker" "start" "-a" "ae6e4489f4d2fb3aae6e6909ebc75af36fae27f6ee2ef1033211ff03e27beab4", kill_on_drop: false }`
[INFO] running `Command { std: "docker" "inspect" "ae6e4489f4d2fb3aae6e6909ebc75af36fae27f6ee2ef1033211ff03e27beab4", kill_on_drop: false }`
[INFO] running `Command { std: "docker" "rm" "-f" "ae6e4489f4d2fb3aae6e6909ebc75af36fae27f6ee2ef1033211ff03e27beab4", kill_on_drop: false }`
[INFO] [stdout] ae6e4489f4d2fb3aae6e6909ebc75af36fae27f6ee2ef1033211ff03e27beab4
[INFO] running `Command { std: "docker" "create" "-v" "/var/lib/crater-agent-workspace/builds/worker-7-tc1/target:/opt/rustwide/target:rw,Z" "-v" "/var/lib/crater-agent-workspace/builds/worker-7-tc1/source:/opt/rustwide/workdir:ro,Z" "-v" "/var/lib/crater-agent-workspace/cargo-home:/opt/rustwide/cargo-home:ro,Z" "-v" "/var/lib/crater-agent-workspace/rustup-home:/opt/rustwide/rustup-home:ro,Z" "-e" "SOURCE_DIR=/opt/rustwide/workdir" "-e" "CARGO_TARGET_DIR=/opt/rustwide/target" "-e" "CARGO_INCREMENTAL=0" "-e" "RUST_BACKTRACE=full" "-e" "RUSTFLAGS=--cap-lints=warn" "-e" "RUSTDOCFLAGS=--cap-lints=warn" "-e" "CARGO_HOME=/opt/rustwide/cargo-home" "-e" "RUSTUP_HOME=/opt/rustwide/rustup-home" "-w" "/opt/rustwide/workdir" "-m" "1610612736" "--user" "0:0" "--network" "none" "ghcr.io/rust-lang/crates-build-env/linux@sha256:2788e3201cd34a07e3172128adcd8b3090168a8e3bcc40d7c032b9dda1df7d1c" "/opt/rustwide/cargo-home/bin/cargo" "+1.75.0" "doc" "--frozen" "--no-deps" "--document-private-items" "--message-format=json", kill_on_drop: false }`
[INFO] [stdout] 584afc53e6120dc7f742e2da4c499c8edb08abe0c4e82c73e1fb80fde9269266
[INFO] running `Command { std: "docker" "start" "-a" "584afc53e6120dc7f742e2da4c499c8edb08abe0c4e82c73e1fb80fde9269266", kill_on_drop: false }`
[INFO] [stderr]    Compiling libc v0.2.148
[INFO] [stderr]    Compiling proc-macro2 v1.0.67
[INFO] [stderr]    Compiling serde v1.0.188
[INFO] [stderr]    Compiling syn v1.0.109
[INFO] [stderr]     Checking memchr v2.6.3
[INFO] [stderr]     Checking bytes v1.5.0
[INFO] [stderr]    Compiling ppv-lite86 v0.2.17
[INFO] [stderr]    Compiling serde_json v1.0.107
[INFO] [stderr]    Compiling once_cell v1.18.0
[INFO] [stderr]    Compiling futures-channel v0.3.28
[INFO] [stderr]     Checking tracing-core v0.1.31
[INFO] [stderr]    Compiling futures-util v0.3.28
[INFO] [stderr]     Checking futures-io v0.3.28
[INFO] [stderr]    Compiling unicase v2.7.0
[INFO] [stderr]    Compiling subtle v2.5.0
[INFO] [stderr]     Checking siphasher v0.3.11
[INFO] [stderr]     Checking http v0.2.9
[INFO] [stderr]    Compiling quote v1.0.33
[INFO] [stderr]    Compiling digest v0.10.7
[INFO] [stderr]     Checking bitflags v2.4.0
[INFO] [stderr]    Compiling syn v2.0.36
[INFO] [stderr]    Compiling jobserver v0.1.26
[INFO] [stderr]     Checking getrandom v0.2.10
[INFO] [stderr]     Checking parking_lot_core v0.9.8
[INFO] [stderr]     Checking num_cpus v1.16.0
[INFO] [stderr]     Checking mio v0.8.8
[INFO] [stderr]    Compiling cc v1.0.83
[INFO] [stderr]     Checking parking_lot v0.12.1
[INFO] [stderr]    Compiling rand_core v0.6.4
[INFO] [stderr]     Checking signal-hook-registry v1.4.1
[INFO] [stderr]     Checking socket2 v0.5.4
[INFO] [stderr]     Checking ahash v0.7.6
[INFO] [stderr]    Compiling rand_chacha v0.3.1
[INFO] [stderr]    Compiling crossbeam-utils v0.8.16
[INFO] [stderr]     Checking hashbrown v0.12.3
[INFO] [stderr]    Compiling mime_guess v2.0.4
[INFO] [stderr]    Compiling rand v0.8.5
[INFO] [stderr]     Checking http-body v0.4.5
[INFO] [stderr]     Checking ahash v0.8.3
[INFO] [stderr]     Checking unicode-bidi v0.3.13
[INFO] [stderr]    Compiling rustls v0.21.7
[INFO] [stderr]    Compiling cpufeatures v0.2.9
[INFO] [stderr]     Checking new_debug_unreachable v1.0.4
[INFO] [stderr]     Checking indexmap v1.9.3
[INFO] [stderr]     Checking phf_shared v0.10.0
[INFO] [stderr]    Compiling num-traits v0.2.16
[INFO] [stderr]    Compiling crossbeam-queue v0.3.8
[INFO] [stderr]    Compiling untrusted v0.7.1
[INFO] [stderr]    Compiling phf_generator v0.10.0
[INFO] [stderr]    Compiling phf_codegen v0.10.0
[INFO] [stderr]     Checking base64 v0.21.4
[INFO] [stderr]    Compiling tinyvec_macros v0.1.1
[INFO] [stderr]    Compiling spin v0.5.2
[INFO] [stderr]    Compiling tinyvec v1.6.0
[INFO] [stderr]    Compiling string_cache_codegen v0.5.2
[INFO] [stderr]     Checking idna v0.4.0
[INFO] [stderr]    Compiling ring v0.16.20
[INFO] [stderr]    Compiling openssl-sys v0.9.93
[INFO] [stderr]    Compiling sha2 v0.10.7
[INFO] [stderr]     Checking socket2 v0.4.9
[INFO] [stderr]    Compiling futures-core v0.3.28
[INFO] [stderr]     Checking mac v0.1.1
[INFO] [stderr]    Compiling openssl v0.10.57
[INFO] [stderr]    Compiling minimal-lexical v0.2.1
[INFO] [stderr]     Checking precomputed-hash v0.1.1
[INFO] [stderr]    Compiling byteorder v1.4.3
[INFO] [stderr]    Compiling async-trait v0.1.73
[INFO] [stderr]     Checking nom v7.1.3
[INFO] [stderr]    Compiling unicode-normalization v0.1.22
[INFO] [stderr]     Checking futf v0.1.5
[INFO] [stderr]     Checking url v2.4.1
[INFO] [stderr]    Compiling markup5ever v0.11.0
[INFO] [stderr]     Checking rustls-pemfile v1.0.3
[INFO] [stderr]     Checking phf v0.10.1
[INFO] [stderr]     Checking allocator-api2 v0.2.16
[INFO] [stderr]    Compiling smallvec v1.11.0
[INFO] [stderr]    Compiling rkyv v0.7.42
[INFO] [stderr]    Compiling lock_api v0.4.10
[INFO] [stderr]     Checking tendril v0.4.3
[INFO] [stderr]    Compiling hashbrown v0.14.0
[INFO] [stderr]    Compiling native-tls v0.2.11
[INFO] [stderr]     Checking rustls-webpki v0.101.5
[INFO] [stderr]     Checking sct v0.7.0
[INFO] [stderr]    Compiling phf_shared v0.11.2
[INFO] [stderr]    Compiling percent-encoding v2.3.0
[INFO] [stderr]     Checking seahash v4.1.0
[INFO] [stderr]    Compiling futures-sink v0.3.28
[INFO] [stderr]    Compiling tokio v1.32.0
[INFO] [stderr]    Compiling darling_core v0.14.4
[INFO] [stderr]    Compiling serde_derive v1.0.188
[INFO] [stderr]    Compiling tracing-attributes v0.1.26
[INFO] [stderr]    Compiling tokio-macros v2.1.0
[INFO] [stderr]    Compiling futures-macro v0.3.28
[INFO] [stderr]    Compiling thiserror-impl v1.0.50
[INFO] [stderr]    Compiling ptr_meta_derive v0.1.4
[INFO] [stderr]    Compiling openssl-macros v0.1.1
[INFO] [stderr]     Checking tracing v0.1.37
[INFO] [stderr]    Compiling thiserror v1.0.50
[INFO] [stderr]     Checking ptr_meta v0.1.4
[INFO] [stderr]    Compiling rkyv_derive v0.7.42
[INFO] [stderr]    Compiling html5ever v0.26.0
[INFO] [stderr]    Compiling form_urlencoded v1.2.0
[INFO] [stderr]    Compiling phf_generator v0.11.2
[INFO] [stderr]     Checking tokio-util v0.7.8
[INFO] [stderr]    Compiling zstd-sys v2.0.8+zstd.1.5.5
[INFO] [stderr]     Checking h2 v0.3.21
[INFO] [stderr]    Compiling futures-task v0.3.28
[INFO] [stderr]    Compiling slab v0.4.9
[INFO] [stderr]    Compiling ryu v1.0.15
[INFO] [stderr]    Compiling crc-catalog v2.2.0
[INFO] [stderr]    Compiling unicode_categories v0.1.1
[INFO] [stderr]    Compiling rustix v0.38.13
[INFO] [stderr]     Checking equivalent v1.0.1
[INFO] [stderr]    Compiling iana-time-zone v0.1.57
[INFO] [stderr]    Compiling chrono v0.4.31
[INFO] [stderr]    Compiling crc v3.0.1
[INFO] [stderr]    Compiling indexmap v2.0.0
[INFO] [stderr]     Checking string_cache v0.8.7
[INFO] [stderr]     Checking serde_urlencoded v0.7.1
[INFO] [stderr]     Checking either v1.9.0
[INFO] [stderr]    Compiling itertools v0.11.0
[INFO] [stderr]     Checking tokio-native-tls v0.3.1
[INFO] [stderr]     Checking tokio-rustls v0.24.1
[INFO] [stderr]    Compiling futures-intrusive v0.5.0
[INFO] [stderr]    Compiling phf_macros v0.11.2
[INFO] [stderr]    Compiling tokio-stream v0.1.14
[INFO] [stderr]     Checking hyper v0.14.27
[INFO] [stderr]    Compiling darling_macro v0.14.4
[INFO] [stderr]    Compiling sqlformat v0.2.2
[INFO] [stderr]    Compiling webpki-roots v0.24.0
[INFO] [stderr]    Compiling atoi v2.0.0
[INFO] [stderr]    Compiling hashlink v0.8.4
[INFO] [stderr]    Compiling hmac v0.12.1
[INFO] [stderr]    Compiling event-listener v2.5.3
[INFO] [stderr]     Checking dtoa v1.0.9
[INFO] [stderr]    Compiling adler v1.0.2
[INFO] [stderr]    Compiling linux-raw-sys v0.4.7
[INFO] [stderr]    Compiling uuid v1.4.1
[INFO] [stderr]    Compiling finl_unicode v1.2.0
[INFO] [stderr]    Compiling dotenvy v0.15.7
[INFO] [stderr]    Compiling ucd-trie v0.1.6
[INFO] [stderr]    Compiling stringprep v0.1.4
[INFO] [stderr]    Compiling darling v0.14.4
[INFO] [stderr]     Checking dtoa-short v0.3.4
[INFO] [stderr]    Compiling pest v2.7.3
[INFO] [stderr]    Compiling miniz_oxide v0.7.1
[INFO] [stderr]     Checking phf v0.11.2
[INFO] [stderr]    Compiling sqlx-core v0.7.2
[INFO] [stderr]    Compiling hkdf v0.12.3
[INFO] [stderr]    Compiling cssparser-macros v0.6.1
[INFO] [stderr]    Compiling pin-project-internal v1.1.3
[INFO] [stderr]     Checking rustls-native-certs v0.6.3
[INFO] [stderr]    Compiling selectors v0.25.0
[INFO] [stderr]    Compiling sha1 v0.10.5
[INFO] [stderr]    Compiling dirs-sys v0.3.7
[INFO] [stderr]    Compiling md-5 v0.10.5
[INFO] [stderr]    Compiling aho-corasick v1.0.5
[INFO] [stderr]     Checking tower-layer v0.3.2
[INFO] [stderr]    Compiling whoami v1.4.1
[INFO] [stderr]     Checking stable_deref_trait v1.2.0
[INFO] [stderr]    Compiling same-file v1.0.6
[INFO] [stderr]    Compiling fastrand v2.0.0
[INFO] [stderr]    Compiling home v0.5.5
[INFO] [stderr]     Checking hyper-rustls v0.24.1
[INFO] [stderr]     Checking hyper-tls v0.5.0
[INFO] [stderr]    Compiling zstd-safe v6.0.6
[INFO] [stderr]     Checking webpki-roots v0.25.2
[INFO] [stderr]    Compiling unicode-segmentation v1.10.1
[INFO] [stderr]    Compiling tempfile v3.8.0
[INFO] [stderr]     Checking reqwest v0.11.20
[INFO] [stderr]    Compiling sqlx-postgres v0.7.2
[INFO] [stderr]     Checking regex-automata v0.4.3
[INFO] [stderr]    Compiling heck v0.4.1
[INFO] [stderr]     Checking pin-project v1.1.3
[INFO] [stderr]    Compiling walkdir v2.4.0
[INFO] [stderr]     Checking servo_arc v0.3.0
[INFO] [stderr]    Compiling dirs v4.0.0
[INFO] [stderr]     Checking cssparser v0.31.2
[INFO] [stderr]    Compiling flate2 v1.0.27
[INFO] [stderr]    Compiling pest_meta v2.7.3
[INFO] [stderr]    Compiling proc-macro-error-attr v1.0.4
[INFO] [stderr]    Compiling derive_builder_core v0.12.0
[INFO] [stderr]     Checking xml5ever v0.17.0
[INFO] [stderr]    Compiling axum-core v0.3.4
[INFO] [stderr]    Compiling derive_more v0.99.17
[INFO] [stderr]     Checking fxhash v0.2.1
[INFO] [stderr]    Compiling libm v0.2.7
[INFO] [stderr]     Checking bit-vec v0.6.3
[INFO] [stderr]     Checking regex-syntax v0.6.29
[INFO] [stderr]     Checking getopts v0.2.21
[INFO] [stderr]    Compiling derive_builder_macro v0.12.0
[INFO] [stderr]    Compiling regex v1.10.2
[INFO] [stderr]     Checking bit-set v0.5.3
[INFO] [stderr]    Compiling sqlx-macros-core v0.7.2
[INFO] [stderr]     Checking markup5ever_rcdom v0.2.0
[INFO] [stderr]    Compiling proc-macro-error v1.0.4
[INFO] [stderr]    Compiling pest_generator v2.7.3
[INFO] [stderr]    Compiling zip v0.6.6
[INFO] [stderr]    Compiling shellexpand v2.1.2
[INFO] [stderr]    Compiling rust-embed-utils v7.8.1
[INFO] [stderr]     Checking regex-automata v0.1.10
[INFO] [stderr]     Checking tower v0.4.13
[INFO] [stderr]    Compiling axum v0.6.20
[INFO] [stderr]     Checking futures-executor v0.3.28
[INFO] [stderr]     Checking eventsource-stream v0.2.3
[INFO] [stderr]     Checking ego-tree v0.6.2
[INFO] [stderr]     Checking overload v0.1.1
[INFO] [stderr]    Compiling mime v0.3.17
[INFO] [stderr]     Checking futures-timer v3.0.2
[INFO] [stderr]     Checking dlv-list v0.3.0
[INFO] [stderr]     Checking scraper v0.17.1
[INFO] [stderr]    Compiling utoipa-swagger-ui v3.1.5
[INFO] [stderr]     Checking reqwest-eventsource v0.4.0
[INFO] [stderr]     Checking ordered-multimap v0.4.3
[INFO] [stderr]     Checking nu-ansi-term v0.46.0
[INFO] [stderr]     Checking backoff v0.4.0
[INFO] [stderr]     Checking matchers v0.1.0
[INFO] [stderr]     Checking futures v0.3.28
[INFO] [stderr]    Compiling pest_derive v2.7.3
[INFO] [stderr]     Checking brotli v3.3.4
[INFO] [stderr]    Compiling rust-embed-impl v6.8.1
[INFO] [stderr]    Compiling utoipa-gen v3.5.0
[INFO] [stderr]     Checking select v0.6.0
[INFO] [stderr]     Checking derive_builder v0.12.0
[INFO] [stderr]     Checking tracing-log v0.1.3
[INFO] [stderr]    Compiling sqlx-macros v0.7.2
[INFO] [stderr]    Compiling basic-toml v0.1.4
[INFO] [stderr]     Checking serde_path_to_error v0.1.14
[INFO] [stderr]     Checking retry v2.0.0
[INFO] [stderr]     Checking async-convert v1.0.0
[INFO] [stderr]     Checking thread_local v1.1.7
[INFO] [stderr]     Checking sync_wrapper v0.1.2
[INFO] [stderr]     Checking matchit v0.7.2
[INFO] [stderr]     Checking ron v0.7.1
[INFO] [stderr]     Checking tracing-subscriber v0.3.17
[INFO] [stderr]     Checking time v0.3.28
[INFO] [stderr]    Compiling askama_derive v0.12.1
[INFO] [stderr]     Checking aion-parse v0.1.0 (/opt/rustwide/workdir/crates/parse)
[INFO] [stderr]     Checking async-openai v0.14.3
[INFO] [stderr]     Checking humansize v2.1.3
[INFO] [stderr]     Checking rust-embed v6.8.1
[INFO] [stderr]     Checking json5 v0.4.1
[INFO] [stderr]     Checking rust-ini v0.18.0
[INFO] [stderr]     Checking sha256 v1.4.0
[INFO] [stderr]     Checking toml v0.5.11
[INFO] [stderr]     Checking gethostname v0.2.3
[INFO] [stderr]     Checking http-range-header v0.3.1
[INFO] [stderr]     Checking askama_escape v0.10.3
[INFO] [stderr]     Checking pathdiff v0.2.1
[INFO] [stderr]     Checking iri-string v0.7.0
[INFO] [stderr]     Checking zeroize v1.6.0
[INFO] [stderr]     Checking sqlx v0.7.2
[INFO] [stderr]     Checking tracing-bunyan-formatter v0.3.9
[INFO] [stderr]     Checking secrecy v0.8.0
[INFO] [stderr]     Checking validator v0.16.1
[INFO] [stderr]     Checking serde-aux v4.2.0
[INFO] [stderr]     Checking config v0.13.3
[INFO] [stderr]     Checking aion-types v0.1.0 (/opt/rustwide/workdir/crates/aion-types)
[INFO] [stderr]     Checking askama v0.12.1
[INFO] [stderr]     Checking utoipa v3.5.0
[INFO] [stderr]     Checking zstd v0.12.4
[INFO] [stderr]     Checking async-compression v0.4.3
[INFO] [stderr]     Checking tower-http v0.4.4
[INFO] [stderr]  Documenting all-in-one-news v0.1.0 (/opt/rustwide/workdir)
[INFO] [stderr]     Checking all-in-one-news v0.1.0 (/opt/rustwide/workdir)
[INFO] [stdout] error: error communicating with database: Cannot assign requested address (os error 99)
[INFO] [stdout]   --> src/routes/rebase/query_all.rs:28:18
[INFO] [stdout]    |
[INFO] [stdout] 28 |       let result = query_as!(
[INFO] [stdout]    |  __________________^
[INFO] [stdout] 29 | |         ListAllItemsResponse,
[INFO] [stdout] 30 | |         "SELECT id, hash, author, episode, introduce, time, title, url, tag FROM new_rebase_daily ORDER BY time DESC OFFSET $1 LIMIT $2",
[INFO] [stdout] 31 | |         offset,
[INFO] [stdout] 32 | |         limit
[INFO] [stdout] 33 | |     )
[INFO] [stdout]    | |_____^
[INFO] [stdout]    |
[INFO] [stdout]    = note: this error originates in the macro `$crate::sqlx_macros::expand_query` which comes from the expansion of the macro `query_as` (in Nightly builds, run with -Z macro-backtrace for more info)
[INFO] [stdout] 
[INFO] [stdout] 
[INFO] [stdout] error: error communicating with database: Cannot assign requested address (os error 99)
[INFO] [stdout]   --> src/routes/rebase/query_all.rs:28:18
[INFO] [stdout]    |
[INFO] [stdout] 28 |       let result = query_as!(
[INFO] [stdout]    |  __________________^
[INFO] [stdout] 29 | |         ListAllItemsResponse,
[INFO] [stdout] 30 | |         "SELECT id, hash, author, episode, introduce, time, title, url, tag FROM new_rebase_daily ORDER BY time DESC OFFSET $1 LIMIT $2",
[INFO] [stdout] 31 | |         offset,
[INFO] [stdout] 32 | |         limit
[INFO] [stdout] 33 | |     )
[INFO] [stdout]    | |_____^
[INFO] [stdout]    |
[INFO] [stdout]    = note: this error originates in the macro `$crate::sqlx_macros::expand_query` which comes from the expansion of the macro `query_as` (in Nightly builds, run with -Z macro-backtrace for more info)
[INFO] [stdout] 
[INFO] [stdout] 
[INFO] [stdout] error: error communicating with database: Cannot assign requested address (os error 99)
[INFO] [stdout]   --> src/routes/rebase/query_all.rs:50:18
[INFO] [stdout]    |
[INFO] [stdout] 50 |       let result = query_as!(
[INFO] [stdout]    |  __________________^
[INFO] [stdout] 51 | |         ListAllItemsResponse,
[INFO] [stdout] 52 | |         "SELECT id, hash, author, episode, introduce, time, title, url, tag FROM new_rebase_daily ORDER BY time DESC",
[INFO] [stdout] 53 | |     )
[INFO] [stdout]    | |_____^
[INFO] [stdout]    |
[INFO] [stdout]    = note: this error originates in the macro `$crate::sqlx_macros::expand_query` which comes from the expansion of the macro `query_as` (in Nightly builds, run with -Z macro-backtrace for more info)
[INFO] [stdout] 
[INFO] [stdout] 
[INFO] [stdout] error: error communicating with database: Cannot assign requested address (os error 99)
[INFO] [stdout]   --> src/routes/rebase/query_all.rs:50:18
[INFO] [stdout]    |
[INFO] [stdout] 50 |       let result = query_as!(
[INFO] [stdout]    |  __________________^
[INFO] [stdout] 51 | |         ListAllItemsResponse,
[INFO] [stdout] 52 | |         "SELECT id, hash, author, episode, introduce, time, title, url, tag FROM new_rebase_daily ORDER BY time DESC",
[INFO] [stdout] 53 | |     )
[INFO] [stdout]    | |_____^
[INFO] [stdout]    |
[INFO] [stdout]    = note: this error originates in the macro `$crate::sqlx_macros::expand_query` which comes from the expansion of the macro `query_as` (in Nightly builds, run with -Z macro-backtrace for more info)
[INFO] [stdout] 
[INFO] [stdout] 
[INFO] [stdout] error: error communicating with database: Cannot assign requested address (os error 99)
[INFO] [stdout]   --> src/routes/rebase/query_all_author.rs:23:18
[INFO] [stdout]    |
[INFO] [stdout] 23 |       let result = query_as!(
[INFO] [stdout]    |  __________________^
[INFO] [stdout] 24 | |         ListAllItemsResponse,
[INFO] [stdout] 25 | |         "SELECT id, hash, author, episode, introduce, time, title, url, tag FROM new_rebase_daily",
[INFO] [stdout] 26 | |     )
[INFO] [stdout]    | |_____^
[INFO] [stdout]    |
[INFO] [stdout]    = note: this error originates in the macro `$crate::sqlx_macros::expand_query` which comes from the expansion of the macro `query_as` (in Nightly builds, run with -Z macro-backtrace for more info)
[INFO] [stdout] 
[INFO] [stdout] 
[INFO] [stdout] error: error communicating with database: Cannot assign requested address (os error 99)
[INFO] [stdout]   --> src/routes/rebase/query_all_author.rs:23:18
[INFO] [stdout]    |
[INFO] [stdout] 23 |       let result = query_as!(
[INFO] [stdout]    |  __________________^
[INFO] [stdout] 24 | |         ListAllItemsResponse,
[INFO] [stdout] 25 | |         "SELECT id, hash, author, episode, introduce, time, title, url, tag FROM new_rebase_daily",
[INFO] [stdout] 26 | |     )
[INFO] [stdout]    | |_____^
[INFO] [stdout]    |
[INFO] [stdout]    = note: this error originates in the macro `$crate::sqlx_macros::expand_query` which comes from the expansion of the macro `query_as` (in Nightly builds, run with -Z macro-backtrace for more info)
[INFO] [stdout] 
[INFO] [stdout] 
[INFO] [stdout] error: error communicating with database: Cannot assign requested address (os error 99)
[INFO] [stdout]   --> src/routes/rebase/query_by_id.rs:23:23
[INFO] [stdout]    |
[INFO] [stdout] 23 |       let tags_result = query_as!(
[INFO] [stdout]    |  _______________________^
[INFO] [stdout] 24 | |            ListAllItemsResponse,
[INFO] [stdout] 25 | |            "SELECT id, hash, author, episode, introduce, time, title, url, tag FROM new_rebase_daily WHERE id = $1",
[INFO] [stdout] 26 | |            query_params.id,
[INFO] [stdout] 27 | |        )
[INFO] [stdout]    | |________^
[INFO] [stdout]    |
[INFO] [stdout]    = note: this error originates in the macro `$crate::sqlx_macros::expand_query` which comes from the expansion of the macro `query_as` (in Nightly builds, run with -Z macro-backtrace for more info)
[INFO] [stdout] 
[INFO] [stdout] 
[INFO] [stdout] error: error communicating with database: Cannot assign requested address (os error 99)
[INFO] [stdout]   --> src/routes/rebase/query_by_id.rs:23:23
[INFO] [stdout]    |
[INFO] [stdout] 23 |       let tags_result = query_as!(
[INFO] [stdout]    |  _______________________^
[INFO] [stdout] 24 | |            ListAllItemsResponse,
[INFO] [stdout] 25 | |            "SELECT id, hash, author, episode, introduce, time, title, url, tag FROM new_rebase_daily WHERE id = $1",
[INFO] [stdout] 26 | |            query_params.id,
[INFO] [stdout] 27 | |        )
[INFO] [stdout]    | |________^
[INFO] [stdout]    |
[INFO] [stdout]    = note: this error originates in the macro `$crate::sqlx_macros::expand_query` which comes from the expansion of the macro `query_as` (in Nightly builds, run with -Z macro-backtrace for more info)
[INFO] [stdout] 
[INFO] [stdout] 
[INFO] [stdout] error: error communicating with database: Cannot assign requested address (os error 99)
[INFO] [stdout]   --> src/routes/rebase/query_by_tag.rs:23:23
[INFO] [stdout]    |
[INFO] [stdout] 23 |       let tags_result = query_as!(
[INFO] [stdout]    |  _______________________^
[INFO] [stdout] 24 | |             ListAllItemsResponse,
[INFO] [stdout] 25 | |             "SELECT id, hash, author, episode, introduce, time, title, url, tag FROM new_rebase_daily WHERE $1 = ANY(tag)",
[INFO] [stdout] 26 | |             &query_params.tag
[INFO] [stdout] 27 | |         )
[INFO] [stdout]    | |_________^
[INFO] [stdout]    |
[INFO] [stdout]    = note: this error originates in the macro `$crate::sqlx_macros::expand_query` which comes from the expansion of the macro `query_as` (in Nightly builds, run with -Z macro-backtrace for more info)
[INFO] [stdout] 
[INFO] [stdout] 
[INFO] [stdout] error: error communicating with database: Cannot assign requested address (os error 99)
[INFO] [stdout]   --> src/routes/rebase/query_by_tag.rs:23:23
[INFO] [stdout]    |
[INFO] [stdout] 23 |       let tags_result = query_as!(
[INFO] [stdout]    |  _______________________^
[INFO] [stdout] 24 | |             ListAllItemsResponse,
[INFO] [stdout] 25 | |             "SELECT id, hash, author, episode, introduce, time, title, url, tag FROM new_rebase_daily WHERE $1 = ANY(tag)",
[INFO] [stdout] 26 | |             &query_params.tag
[INFO] [stdout] 27 | |         )
[INFO] [stdout]    | |_________^
[INFO] [stdout]    |
[INFO] [stdout]    = note: this error originates in the macro `$crate::sqlx_macros::expand_query` which comes from the expansion of the macro `query_as` (in Nightly builds, run with -Z macro-backtrace for more info)
[INFO] [stdout] 
[INFO] [stdout] 
[INFO] [stdout] error: error communicating with database: Cannot assign requested address (os error 99)
[INFO] [stdout]   --> src/routes/rebase/query_by_time.rs:53:23
[INFO] [stdout]    |
[INFO] [stdout] 53 |       let tags_result = query_as!(
[INFO] [stdout]    |  _______________________^
[INFO] [stdout] 54 | |             ListAllItemsResponse,
[INFO] [stdout] 55 | |             "SELECT id, hash,  author, episode, introduce, time, title, url, tag FROM new_rebase_daily WHERE time = $1",
[INFO] [stdout] 56 | |             &query_params.time
[INFO] [stdout] 57 | |         )
[INFO] [stdout]    | |_________^
[INFO] [stdout]    |
[INFO] [stdout]    = note: this error originates in the macro `$crate::sqlx_macros::expand_query` which comes from the expansion of the macro `query_as` (in Nightly builds, run with -Z macro-backtrace for more info)
[INFO] [stdout] 
[INFO] [stdout] 
[INFO] [stdout] error: error communicating with database: Cannot assign requested address (os error 99)
[INFO] [stdout]   --> src/routes/rebase/query_by_time.rs:53:23
[INFO] [stdout]    |
[INFO] [stdout] 53 |       let tags_result = query_as!(
[INFO] [stdout]    |  _______________________^
[INFO] [stdout] 54 | |             ListAllItemsResponse,
[INFO] [stdout] 55 | |             "SELECT id, hash,  author, episode, introduce, time, title, url, tag FROM new_rebase_daily WHERE time = $1",
[INFO] [stdout] 56 | |             &query_params.time
[INFO] [stdout] 57 | |         )
[INFO] [stdout]    | |_________^
[INFO] [stdout]    |
[INFO] [stdout]    = note: this error originates in the macro `$crate::sqlx_macros::expand_query` which comes from the expansion of the macro `query_as` (in Nightly builds, run with -Z macro-backtrace for more info)
[INFO] [stdout] 
[INFO] [stdout] 
[INFO] [stdout] error: error communicating with database: Cannot assign requested address (os error 99)
[INFO] [stdout]   --> src/routes/rebase/query_latest_news.rs:16:23
[INFO] [stdout]    |
[INFO] [stdout] 16 |       let tags_result = query_as!(
[INFO] [stdout]    |  _______________________^
[INFO] [stdout] 17 | |            ListAllItemsResponse,
[INFO] [stdout] 18 | |            "SELECT id, hash, author, episode, introduce, time, title, url, tag FROM new_rebase_daily ORDER BY time DESC LIMIT 10",
[INFO] [stdout] 19 | |        )
[INFO] [stdout]    | |________^
[INFO] [stdout]    |
[INFO] [stdout]    = note: this error originates in the macro `$crate::sqlx_macros::expand_query` which comes from the expansion of the macro `query_as` (in Nightly builds, run with -Z macro-backtrace for more info)
[INFO] [stdout] 
[INFO] [stdout] 
[INFO] [stdout] error: error communicating with database: Cannot assign requested address (os error 99)
[INFO] [stdout]   --> src/routes/rebase/query_latest_news.rs:16:23
[INFO] [stdout]    |
[INFO] [stdout] 16 |       let tags_result = query_as!(
[INFO] [stdout]    |  _______________________^
[INFO] [stdout] 17 | |            ListAllItemsResponse,
[INFO] [stdout] 18 | |            "SELECT id, hash, author, episode, introduce, time, title, url, tag FROM new_rebase_daily ORDER BY time DESC LIMIT 10",
[INFO] [stdout] 19 | |        )
[INFO] [stdout]    | |________^
[INFO] [stdout]    |
[INFO] [stdout]    = note: this error originates in the macro `$crate::sqlx_macros::expand_query` which comes from the expansion of the macro `query_as` (in Nightly builds, run with -Z macro-backtrace for more info)
[INFO] [stdout] 
[INFO] [stdout] 
[INFO] [stdout] error: error communicating with database: Cannot assign requested address (os error 99)
[INFO] [stdout]   --> src/routes/rebase/query_latest_news_id.rs:16:18
[INFO] [stdout]    |
[INFO] [stdout] 16 |       let result = query_as!(
[INFO] [stdout]    |  __________________^
[INFO] [stdout] 17 | |         ListAllItemsResponse,
[INFO] [stdout] 18 | |         "SELECT id, hash, author, episode, introduce, time, title, url, tag FROM new_rebase_daily",
[INFO] [stdout] 19 | |     )
[INFO] [stdout]    | |_____^
[INFO] [stdout]    |
[INFO] [stdout]    = note: this error originates in the macro `$crate::sqlx_macros::expand_query` which comes from the expansion of the macro `query_as` (in Nightly builds, run with -Z macro-backtrace for more info)
[INFO] [stdout] 
[INFO] [stdout] 
[INFO] [stdout] error: error communicating with database: Cannot assign requested address (os error 99)
[INFO] [stdout]   --> src/routes/rebase/query_latest_news_id.rs:16:18
[INFO] [stdout]    |
[INFO] [stdout] 16 |       let result = query_as!(
[INFO] [stdout]    |  __________________^
[INFO] [stdout] 17 | |         ListAllItemsResponse,
[INFO] [stdout] 18 | |         "SELECT id, hash, author, episode, introduce, time, title, url, tag FROM new_rebase_daily",
[INFO] [stdout] 19 | |     )
[INFO] [stdout]    | |_____^
[INFO] [stdout]    |
[INFO] [stdout]    = note: this error originates in the macro `$crate::sqlx_macros::expand_query` which comes from the expansion of the macro `query_as` (in Nightly builds, run with -Z macro-backtrace for more info)
[INFO] [stdout] 
[INFO] [stdout] 
[INFO] [stdout] error: error communicating with database: Cannot assign requested address (os error 99)
[INFO] [stdout]   --> src/routes/rustcc/query_all.rs:28:18
[INFO] [stdout]    |
[INFO] [stdout] 28 |       let result = query_as!(
[INFO] [stdout]    |  __________________^
[INFO] [stdout] 29 | |         ListAllItemsResponse,
[INFO] [stdout] 30 | |         "SELECT id, hash, author, episode, introduce, time, title, url, tag FROM new_rustcc_daily OFFSET $1 LIMIT $2",
[INFO] [stdout] 31 | |         offset,
[INFO] [stdout] 32 | |         limit
[INFO] [stdout] 33 | |     )
[INFO] [stdout]    | |_____^
[INFO] [stdout]    |
[INFO] [stdout]    = note: this error originates in the macro `$crate::sqlx_macros::expand_query` which comes from the expansion of the macro `query_as` (in Nightly builds, run with -Z macro-backtrace for more info)
[INFO] [stdout] 
[INFO] [stdout] 
[INFO] [stdout] error: error communicating with database: Cannot assign requested address (os error 99)
[INFO] [stdout]   --> src/routes/rustcc/query_all.rs:50:18
[INFO] [stdout]    |
[INFO] [stdout] 50 |       let result = query_as!(
[INFO] [stdout]    |  __________________^
[INFO] [stdout] 51 | |         ListAllItemsResponse,
[INFO] [stdout] 52 | |         "SELECT id, hash, author, episode, introduce, time, title, url, tag FROM new_rustcc_daily ORDER BY time DESC",
[INFO] [stdout] 53 | |     )
[INFO] [stdout]    | |_____^
[INFO] [stdout]    |
[INFO] [stdout]    = note: this error originates in the macro `$crate::sqlx_macros::expand_query` which comes from the expansion of the macro `query_as` (in Nightly builds, run with -Z macro-backtrace for more info)
[INFO] [stdout] 
[INFO] [stdout] 
[INFO] [stdout] error: error communicating with database: Cannot assign requested address (os error 99)
[INFO] [stdout]   --> src/routes/rustcc/query_all.rs:28:18
[INFO] [stdout]    |
[INFO] [stdout] 28 |       let result = query_as!(
[INFO] [stdout]    |  __________________^
[INFO] [stdout] 29 | |         ListAllItemsResponse,
[INFO] [stdout] 30 | |         "SELECT id, hash, author, episode, introduce, time, title, url, tag FROM new_rustcc_daily OFFSET $1 LIMIT $2",
[INFO] [stdout] 31 | |         offset,
[INFO] [stdout] 32 | |         limit
[INFO] [stdout] 33 | |     )
[INFO] [stdout]    | |_____^
[INFO] [stdout]    |
[INFO] [stdout]    = note: this error originates in the macro `$crate::sqlx_macros::expand_query` which comes from the expansion of the macro `query_as` (in Nightly builds, run with -Z macro-backtrace for more info)
[INFO] [stdout] 
[INFO] [stdout] 
[INFO] [stdout] error: error communicating with database: Cannot assign requested address (os error 99)
[INFO] [stdout]   --> src/routes/rustcc/query_all.rs:50:18
[INFO] [stdout]    |
[INFO] [stdout] 50 |       let result = query_as!(
[INFO] [stdout]    |  __________________^
[INFO] [stdout] 51 | |         ListAllItemsResponse,
[INFO] [stdout] 52 | |         "SELECT id, hash, author, episode, introduce, time, title, url, tag FROM new_rustcc_daily ORDER BY time DESC",
[INFO] [stdout] 53 | |     )
[INFO] [stdout]    | |_____^
[INFO] [stdout]    |
[INFO] [stdout]    = note: this error originates in the macro `$crate::sqlx_macros::expand_query` which comes from the expansion of the macro `query_as` (in Nightly builds, run with -Z macro-backtrace for more info)
[INFO] [stdout] 
[INFO] [stdout] 
[INFO] [stdout] error: error communicating with database: Cannot assign requested address (os error 99)
[INFO] [stdout]   --> src/routes/rustcc/query_all_author.rs:23:18
[INFO] [stdout]    |
[INFO] [stdout] 23 |       let result = query_as!(
[INFO] [stdout]    |  __________________^
[INFO] [stdout] 24 | |         ListAllItemsResponse,
[INFO] [stdout] 25 | |         "SELECT id, hash, author, episode, introduce, time, title, url, tag FROM new_rustcc_daily",
[INFO] [stdout] 26 | |     )
[INFO] [stdout]    | |_____^
[INFO] [stdout]    |
[INFO] [stdout]    = note: this error originates in the macro `$crate::sqlx_macros::expand_query` which comes from the expansion of the macro `query_as` (in Nightly builds, run with -Z macro-backtrace for more info)
[INFO] [stdout] 
[INFO] [stdout] 
[INFO] [stdout] error: error communicating with database: Cannot assign requested address (os error 99)
[INFO] [stdout]   --> src/routes/rustcc/query_all_author.rs:23:18
[INFO] [stdout]    |
[INFO] [stdout] 23 |       let result = query_as!(
[INFO] [stdout]    |  __________________^
[INFO] [stdout] 24 | |         ListAllItemsResponse,
[INFO] [stdout] 25 | |         "SELECT id, hash, author, episode, introduce, time, title, url, tag FROM new_rustcc_daily",
[INFO] [stdout] 26 | |     )
[INFO] [stdout]    | |_____^
[INFO] [stdout]    |
[INFO] [stdout]    = note: this error originates in the macro `$crate::sqlx_macros::expand_query` which comes from the expansion of the macro `query_as` (in Nightly builds, run with -Z macro-backtrace for more info)
[INFO] [stdout] 
[INFO] [stdout] 
[INFO] [stdout] error: error communicating with database: Cannot assign requested address (os error 99)
[INFO] [stdout]   --> src/routes/rustcc/query_by_hash.rs:23:23
[INFO] [stdout]    |
[INFO] [stdout] 23 |       let tags_result = query_as!(
[INFO] [stdout]    |  _______________________^
[INFO] [stdout] 24 | |            ListAllItemsResponse,
[INFO] [stdout] 25 | |            "SELECT id, hash, author, episode, introduce, time, title, url, tag FROM new_rustcc_daily WHERE hash = $1",
[INFO] [stdout] 26 | |            query_params.hash,
[INFO] [stdout] 27 | |        )
[INFO] [stdout]    | |________^
[INFO] [stdout]    |
[INFO] [stdout]    = note: this error originates in the macro `$crate::sqlx_macros::expand_query` which comes from the expansion of the macro `query_as` (in Nightly builds, run with -Z macro-backtrace for more info)
[INFO] [stdout] 
[INFO] [stdout] 
[INFO] [stdout] error: error communicating with database: Cannot assign requested address (os error 99)
[INFO] [stdout]   --> src/routes/rustcc/query_by_hash.rs:23:23
[INFO] [stdout]    |
[INFO] [stdout] 23 |       let tags_result = query_as!(
[INFO] [stdout]    |  _______________________^
[INFO] [stdout] 24 | |            ListAllItemsResponse,
[INFO] [stdout] 25 | |            "SELECT id, hash, author, episode, introduce, time, title, url, tag FROM new_rustcc_daily WHERE hash = $1",
[INFO] [stdout] 26 | |            query_params.hash,
[INFO] [stdout] 27 | |        )
[INFO] [stdout]    | |________^
[INFO] [stdout]    |
[INFO] [stdout]    = note: this error originates in the macro `$crate::sqlx_macros::expand_query` which comes from the expansion of the macro `query_as` (in Nightly builds, run with -Z macro-backtrace for more info)
[INFO] [stdout] 
[INFO] [stdout] 
[INFO] [stdout] error: error communicating with database: Cannot assign requested address (os error 99)
[INFO] [stdout]   --> src/routes/rustcc/query_by_id.rs:23:23
[INFO] [stdout]    |
[INFO] [stdout] 23 |       let tags_result = query_as!(
[INFO] [stdout]    |  _______________________^
[INFO] [stdout] 24 | |            ListAllItemsResponse,
[INFO] [stdout] 25 | |            "SELECT id, hash, author, episode, introduce, time, title, url, tag FROM new_rustcc_daily WHERE id = $1",
[INFO] [stdout] 26 | |            query_params.id,
[INFO] [stdout] 27 | |        )
[INFO] [stdout]    | |________^
[INFO] [stdout]    |
[INFO] [stdout]    = note: this error originates in the macro `$crate::sqlx_macros::expand_query` which comes from the expansion of the macro `query_as` (in Nightly builds, run with -Z macro-backtrace for more info)
[INFO] [stdout] 
[INFO] [stdout] 
[INFO] [stdout] error: error communicating with database: Cannot assign requested address (os error 99)
[INFO] [stdout]   --> src/routes/rustcc/query_by_id.rs:23:23
[INFO] [stdout]    |
[INFO] [stdout] 23 |       let tags_result = query_as!(
[INFO] [stdout]    |  _______________________^
[INFO] [stdout] 24 | |            ListAllItemsResponse,
[INFO] [stdout] 25 | |            "SELECT id, hash, author, episode, introduce, time, title, url, tag FROM new_rustcc_daily WHERE id = $1",
[INFO] [stdout] 26 | |            query_params.id,
[INFO] [stdout] 27 | |        )
[INFO] [stdout]    | |________^
[INFO] [stdout]    |
[INFO] [stdout]    = note: this error originates in the macro `$crate::sqlx_macros::expand_query` which comes from the expansion of the macro `query_as` (in Nightly builds, run with -Z macro-backtrace for more info)
[INFO] [stdout] 
[INFO] [stdout] 
[INFO] [stdout] error: error communicating with database: Cannot assign requested address (os error 99)
[INFO] [stdout]   --> src/routes/rustcc/query_by_tag.rs:23:23
[INFO] [stdout]    |
[INFO] [stdout] 23 |       let tags_result = query_as!(
[INFO] [stdout]    |  _______________________^
[INFO] [stdout] 24 | |             ListAllItemsResponse,
[INFO] [stdout] 25 | |             "SELECT id, hash, author, episode, introduce, time, title, url, tag FROM new_rustcc_daily WHERE $1 = ANY(tag)",
[INFO] [stdout] 26 | |             &query_params.tag
[INFO] [stdout] 27 | |         )
[INFO] [stdout]    | |_________^
[INFO] [stdout]    |
[INFO] [stdout]    = note: this error originates in the macro `$crate::sqlx_macros::expand_query` which comes from the expansion of the macro `query_as` (in Nightly builds, run with -Z macro-backtrace for more info)
[INFO] [stdout] 
[INFO] [stdout] 
[INFO] [stdout] error: error communicating with database: Cannot assign requested address (os error 99)
[INFO] [stdout]   --> src/routes/rustcc/query_by_tag.rs:23:23
[INFO] [stdout]    |
[INFO] [stdout] 23 |       let tags_result = query_as!(
[INFO] [stdout]    |  _______________________^
[INFO] [stdout] 24 | |             ListAllItemsResponse,
[INFO] [stdout] 25 | |             "SELECT id, hash, author, episode, introduce, time, title, url, tag FROM new_rustcc_daily WHERE $1 = ANY(tag)",
[INFO] [stdout] 26 | |             &query_params.tag
[INFO] [stdout] 27 | |         )
[INFO] [stdout]    | |_________^
[INFO] [stdout]    |
[INFO] [stdout]    = note: this error originates in the macro `$crate::sqlx_macros::expand_query` which comes from the expansion of the macro `query_as` (in Nightly builds, run with -Z macro-backtrace for more info)
[INFO] [stdout] 
[INFO] [stdout] 
[INFO] [stdout] error: error communicating with database: Cannot assign requested address (os error 99)
[INFO] [stdout]   --> src/routes/rustcc/query_by_time.rs:53:23
[INFO] [stdout]    |
[INFO] [stdout] 53 |       let tags_result = query_as!(
[INFO] [stdout]    |  _______________________^
[INFO] [stdout] 54 | |             ListAllItemsResponse,
[INFO] [stdout] 55 | |             "SELECT id, hash, author, episode, introduce, time, title, url, tag FROM new_rustcc_daily WHERE time = $1",
[INFO] [stdout] 56 | |             &query_params.time
[INFO] [stdout] 57 | |         )
[INFO] [stdout]    | |_________^
[INFO] [stdout]    |
[INFO] [stdout]    = note: this error originates in the macro `$crate::sqlx_macros::expand_query` which comes from the expansion of the macro `query_as` (in Nightly builds, run with -Z macro-backtrace for more info)
[INFO] [stdout] 
[INFO] [stdout] 
[INFO] [stdout] error: error communicating with database: Cannot assign requested address (os error 99)
[INFO] [stdout]   --> src/routes/rustcc/query_latest_news.rs:16:23
[INFO] [stdout]    |
[INFO] [stdout] 16 |       let tags_result = query_as!(
[INFO] [stdout]    |  _______________________^
[INFO] [stdout] 17 | |            ListAllItemsResponse,
[INFO] [stdout] 18 | |            "SELECT id, hash, author, episode, introduce, time, title, url, tag FROM new_rustcc_daily ORDER BY time DESC LIMIT 10",
[INFO] [stdout] 19 | |        )
[INFO] [stdout]    | |________^
[INFO] [stdout]    |
[INFO] [stdout]    = note: this error originates in the macro `$crate::sqlx_macros::expand_query` which comes from the expansion of the macro `query_as` (in Nightly builds, run with -Z macro-backtrace for more info)
[INFO] [stdout] 
[INFO] [stdout] 
[INFO] [stdout] error: error communicating with database: Cannot assign requested address (os error 99)
[INFO] [stdout]   --> src/routes/rustcc/query_latest_news_id.rs:16:18
[INFO] [stdout]    |
[INFO] [stdout] 16 |       let result = query_as!(
[INFO] [stdout]    |  __________________^
[INFO] [stdout] 17 | |         ListAllItemsResponse,
[INFO] [stdout] 18 | |         "SELECT id, hash, author, episode, introduce, time, title, url, tag FROM new_rustcc_daily",
[INFO] [stdout] 19 | |     )
[INFO] [stdout]    | |_____^
[INFO] [stdout]    |
[INFO] [stdout]    = note: this error originates in the macro `$crate::sqlx_macros::expand_query` which comes from the expansion of the macro `query_as` (in Nightly builds, run with -Z macro-backtrace for more info)
[INFO] [stdout] 
[INFO] [stdout] 
[INFO] [stdout] error: error communicating with database: Cannot assign requested address (os error 99)
[INFO] [stdout]   --> src/routes/rustcc/query_by_time.rs:53:23
[INFO] [stdout]    |
[INFO] [stdout] 53 |       let tags_result = query_as!(
[INFO] [stdout]    |  _______________________^
[INFO] [stdout] 54 | |             ListAllItemsResponse,
[INFO] [stdout] 55 | |             "SELECT id, hash, author, episode, introduce, time, title, url, tag FROM new_rustcc_daily WHERE time = $1",
[INFO] [stdout] 56 | |             &query_params.time
[INFO] [stdout] 57 | |         )
[INFO] [stdout]    | |_________^
[INFO] [stdout]    |
[INFO] [stdout]    = note: this error originates in the macro `$crate::sqlx_macros::expand_query` which comes from the expansion of the macro `query_as` (in Nightly builds, run with -Z macro-backtrace for more info)
[INFO] [stdout] 
[INFO] [stdout] 
[INFO] [stdout] error: error communicating with database: Cannot assign requested address (os error 99)
[INFO] [stdout]   --> src/routes/rustcc/query_latest_news.rs:16:23
[INFO] [stdout]    |
[INFO] [stdout] 16 |       let tags_result = query_as!(
[INFO] [stdout]    |  _______________________^
[INFO] [stdout] 17 | |            ListAllItemsResponse,
[INFO] [stdout] 18 | |            "SELECT id, hash, author, episode, introduce, time, title, url, tag FROM new_rustcc_daily ORDER BY time DESC LIMIT 10",
[INFO] [stdout] 19 | |        )
[INFO] [stdout]    | |________^
[INFO] [stdout]    |
[INFO] [stdout]    = note: this error originates in the macro `$crate::sqlx_macros::expand_query` which comes from the expansion of the macro `query_as` (in Nightly builds, run with -Z macro-backtrace for more info)
[INFO] [stdout] 
[INFO] [stdout] 
[INFO] [stdout] error: error communicating with database: Cannot assign requested address (os error 99)
[INFO] [stdout]   --> src/routes/rustcc/query_latest_news_id.rs:16:18
[INFO] [stdout]    |
[INFO] [stdout] 16 |       let result = query_as!(
[INFO] [stdout]    |  __________________^
[INFO] [stdout] 17 | |         ListAllItemsResponse,
[INFO] [stdout] 18 | |         "SELECT id, hash, author, episode, introduce, time, title, url, tag FROM new_rustcc_daily",
[INFO] [stdout] 19 | |     )
[INFO] [stdout]    | |_____^
[INFO] [stdout]    |
[INFO] [stdout]    = note: this error originates in the macro `$crate::sqlx_macros::expand_query` which comes from the expansion of the macro `query_as` (in Nightly builds, run with -Z macro-backtrace for more info)
[INFO] [stdout] 
[INFO] [stdout] 
[INFO] [stdout] error: error communicating with database: Cannot assign requested address (os error 99)
[INFO] [stdout]    --> src/startup.rs:292:27
[INFO] [stdout]     |
[INFO] [stdout] 292 |       let existing_record = sqlx::query!(
[INFO] [stdout]     |  ___________________________^
[INFO] [stdout] 293 | |         "SELECT id FROM new_rebase_daily WHERE hash = $1",
[INFO] [stdout] 294 | |         rebase_daily.hash
[INFO] [stdout] 295 | |     )
[INFO] [stdout]     | |_____^
[INFO] [stdout]     |
[INFO] [stdout]     = note: this error originates in the macro `$crate::sqlx_macros::expand_query` which comes from the expansion of the macro `sqlx::query` (in Nightly builds, run with -Z macro-backtrace for more info)
[INFO] [stdout] 
[INFO] [stdout] 
[INFO] [stdout] error: error communicating with database: Cannot assign requested address (os error 99)
[INFO] [stdout]    --> src/startup.rs:312:26
[INFO] [stdout]     |
[INFO] [stdout] 312 |               let result = sqlx::query!(
[INFO] [stdout]     |  __________________________^
[INFO] [stdout] 313 | |                            r#"
[INFO] [stdout] 314 | |                            INSERT INTO new_rebase_daily (key_id, hash, id, author, episode, introduce, time, title, url, tag)
[INFO] [stdout] 315 | |                            VALUES ($1, $2, $3, $4, $5, $6, $7, $8, $9, $10)
[INFO] [stdout] ...   |
[INFO] [stdout] 326 | |                            &tags // 注意此处使用引用来插入 Vec<String>
[INFO] [stdout] 327 | |                        )
[INFO] [stdout]     | |________________________^
[INFO] [stdout]     |
[INFO] [stdout]     = note: this error originates in the macro `$crate::sqlx_macros::expand_query` which comes from the expansion of the macro `sqlx::query` (in Nightly builds, run with -Z macro-backtrace for more info)
[INFO] [stdout] 
[INFO] [stdout] 
[INFO] [stdout] error: error communicating with database: Cannot assign requested address (os error 99)
[INFO] [stdout]    --> src/startup.rs:362:27
[INFO] [stdout]     |
[INFO] [stdout] 362 |       let existing_record = sqlx::query!(
[INFO] [stdout]     |  ___________________________^
[INFO] [stdout] 363 | |         "SELECT id FROM new_rustcc_daily WHERE hash = $1",
[INFO] [stdout] 364 | |         rebase_daily.hash
[INFO] [stdout] 365 | |     )
[INFO] [stdout]     | |_____^
[INFO] [stdout]     |
[INFO] [stdout]     = note: this error originates in the macro `$crate::sqlx_macros::expand_query` which comes from the expansion of the macro `sqlx::query` (in Nightly builds, run with -Z macro-backtrace for more info)
[INFO] [stdout] 
[INFO] [stdout] 
[INFO] [stdout] error: error communicating with database: Cannot assign requested address (os error 99)
[INFO] [stdout]    --> src/startup.rs:292:27
[INFO] [stdout]     |
[INFO] [stdout] 292 |       let existing_record = sqlx::query!(
[INFO] [stdout]     |  ___________________________^
[INFO] [stdout] 293 | |         "SELECT id FROM new_rebase_daily WHERE hash = $1",
[INFO] [stdout] 294 | |         rebase_daily.hash
[INFO] [stdout] 295 | |     )
[INFO] [stdout]     | |_____^
[INFO] [stdout]     |
[INFO] [stdout]     = note: this error originates in the macro `$crate::sqlx_macros::expand_query` which comes from the expansion of the macro `sqlx::query` (in Nightly builds, run with -Z macro-backtrace for more info)
[INFO] [stdout] 
[INFO] [stdout] 
[INFO] [stdout] error: error communicating with database: Cannot assign requested address (os error 99)
[INFO] [stdout]    --> src/startup.rs:382:26
[INFO] [stdout]     |
[INFO] [stdout] 382 |               let result = sqlx::query!(
[INFO] [stdout]     |  __________________________^
[INFO] [stdout] 383 | |                            r#"
[INFO] [stdout] 384 | |                            INSERT INTO new_rustcc_daily (key_id, hash, id, author, episode, introduce, time, title, url, tag)
[INFO] [stdout] 385 | |                            VALUES ($1, $2, $3, $4, $5, $6, $7, $8, $9, $10)
[INFO] [stdout] ...   |
[INFO] [stdout] 396 | |                            &tags // 注意此处使用引用来插入 Vec<String>
[INFO] [stdout] 397 | |                        )
[INFO] [stdout]     | |________________________^
[INFO] [stdout]     |
[INFO] [stdout]     = note: this error originates in the macro `$crate::sqlx_macros::expand_query` which comes from the expansion of the macro `sqlx::query` (in Nightly builds, run with -Z macro-backtrace for more info)
[INFO] [stdout] 
[INFO] [stdout] 
[INFO] [stdout] error: error communicating with database: Cannot assign requested address (os error 99)
[INFO] [stdout]    --> src/startup.rs:312:26
[INFO] [stdout]     |
[INFO] [stdout] 312 |               let result = sqlx::query!(
[INFO] [stdout]     |  __________________________^
[INFO] [stdout] 313 | |                            r#"
[INFO] [stdout] 314 | |                            INSERT INTO new_rebase_daily (key_id, hash, id, author, episode, introduce, time, title, url, tag)
[INFO] [stdout] 315 | |                            VALUES ($1, $2, $3, $4, $5, $6, $7, $8, $9, $10)
[INFO] [stdout] ...   |
[INFO] [stdout] 326 | |                            &tags // 注意此处使用引用来插入 Vec<String>
[INFO] [stdout] 327 | |                        )
[INFO] [stdout]     | |________________________^
[INFO] [stdout]     |
[INFO] [stdout]     = note: this error originates in the macro `$crate::sqlx_macros::expand_query` which comes from the expansion of the macro `sqlx::query` (in Nightly builds, run with -Z macro-backtrace for more info)
[INFO] [stdout] 
[INFO] [stdout] 
[INFO] [stdout] error: error communicating with database: Cannot assign requested address (os error 99)
[INFO] [stdout]    --> src/startup.rs:362:27
[INFO] [stdout]     |
[INFO] [stdout] 362 |       let existing_record = sqlx::query!(
[INFO] [stdout]     |  ___________________________^
[INFO] [stdout] 363 | |         "SELECT id FROM new_rustcc_daily WHERE hash = $1",
[INFO] [stdout] 364 | |         rebase_daily.hash
[INFO] [stdout] 365 | |     )
[INFO] [stdout]     | |_____^
[INFO] [stdout]     |
[INFO] [stdout]     = note: this error originates in the macro `$crate::sqlx_macros::expand_query` which comes from the expansion of the macro `sqlx::query` (in Nightly builds, run with -Z macro-backtrace for more info)
[INFO] [stdout] 
[INFO] [stdout] 
[INFO] [stdout] error: error communicating with database: Cannot assign requested address (os error 99)
[INFO] [stdout]    --> src/startup.rs:382:26
[INFO] [stdout]     |
[INFO] [stdout] 382 |               let result = sqlx::query!(
[INFO] [stdout]     |  __________________________^
[INFO] [stdout] 383 | |                            r#"
[INFO] [stdout] 384 | |                            INSERT INTO new_rustcc_daily (key_id, hash, id, author, episode, introduce, time, title, url, tag)
[INFO] [stdout] 385 | |                            VALUES ($1, $2, $3, $4, $5, $6, $7, $8, $9, $10)
[INFO] [stdout] ...   |
[INFO] [stdout] 396 | |                            &tags // 注意此处使用引用来插入 Vec<String>
[INFO] [stdout] 397 | |                        )
[INFO] [stdout]     | |________________________^
[INFO] [stdout]     |
[INFO] [stdout]     = note: this error originates in the macro `$crate::sqlx_macros::expand_query` which comes from the expansion of the macro `sqlx::query` (in Nightly builds, run with -Z macro-backtrace for more info)
[INFO] [stdout] 
[INFO] [stdout] 
[INFO] [stdout] warning: unused import: `aion_types::rebase::response::ListAllItemsResponse`
[INFO] [stdout]  --> src/routes/rebase/query_all.rs:2:5
[INFO] [stdout]   |
[INFO] [stdout] 2 | use aion_types::rebase::response::ListAllItemsResponse;
[INFO] [stdout]   |     ^^^^^^^^^^^^^^^^^^^^^^^^^^^^^^^^^^^^^^^^^^^^^^^^^^
[INFO] [stdout]   |
[INFO] [stdout]   = note: `#[warn(unused_imports)]` on by default
[INFO] [stdout] 
[INFO] [stdout] 
[INFO] [stdout] warning: unused import: `aion_types::rebase::response::ListAllItemsResponse`
[INFO] [stdout]  --> src/routes/rebase/query_all_author.rs:2:5
[INFO] [stdout]   |
[INFO] [stdout] 2 | use aion_types::rebase::response::ListAllItemsResponse;
[INFO] [stdout]   |     ^^^^^^^^^^^^^^^^^^^^^^^^^^^^^^^^^^^^^^^^^^^^^^^^^^
[INFO] [stdout] 
[INFO] [stdout] 
[INFO] [stdout] warning: unused import: `aion_types::rebase::response::ListAllItemsResponse`
[INFO] [stdout]  --> src/routes/rebase/query_by_id.rs:2:5
[INFO] [stdout]   |
[INFO] [stdout] 2 | use aion_types::rebase::response::ListAllItemsResponse;
[INFO] [stdout]   |     ^^^^^^^^^^^^^^^^^^^^^^^^^^^^^^^^^^^^^^^^^^^^^^^^^^
[INFO] [stdout] 
[INFO] [stdout] 
[INFO] [stdout] warning: unused import: `aion_types::rebase::response::ListAllItemsResponse`
[INFO] [stdout]  --> src/routes/rebase/query_by_tag.rs:2:5
[INFO] [stdout]   |
[INFO] [stdout] 2 | use aion_types::rebase::response::ListAllItemsResponse;
[INFO] [stdout]   |     ^^^^^^^^^^^^^^^^^^^^^^^^^^^^^^^^^^^^^^^^^^^^^^^^^^
[INFO] [stdout] 
[INFO] [stdout] 
[INFO] [stdout] warning: unused import: `aion_types::rebase::response::ListAllItemsResponse`
[INFO] [stdout]  --> src/routes/rebase/query_by_time.rs:2:5
[INFO] [stdout]   |
[INFO] [stdout] 2 | use aion_types::rebase::response::ListAllItemsResponse;
[INFO] [stdout]   |     ^^^^^^^^^^^^^^^^^^^^^^^^^^^^^^^^^^^^^^^^^^^^^^^^^^
[INFO] [stdout] 
[INFO] [stdout] 
[INFO] [stdout] warning: unused import: `aion_types::rebase::response::ListAllItemsResponse`
[INFO] [stdout]  --> src/routes/rebase/query_latest_news.rs:2:5
[INFO] [stdout]   |
[INFO] [stdout] 2 | use aion_types::rebase::response::ListAllItemsResponse;
[INFO] [stdout]   |     ^^^^^^^^^^^^^^^^^^^^^^^^^^^^^^^^^^^^^^^^^^^^^^^^^^
[INFO] [stdout] 
[INFO] [stdout] 
[INFO] [stdout] warning: unused import: `aion_types::rebase::response::ListAllItemsResponse`
[INFO] [stdout]  --> src/routes/rebase/query_latest_news_id.rs:2:5
[INFO] [stdout]   |
[INFO] [stdout] 2 | use aion_types::rebase::response::ListAllItemsResponse;
[INFO] [stdout]   |     ^^^^^^^^^^^^^^^^^^^^^^^^^^^^^^^^^^^^^^^^^^^^^^^^^^
[INFO] [stdout] 
[INFO] [stdout] 
[INFO] [stdout] warning: unused import: `aion_types::rebase::response::ListAllItemsResponse`
[INFO] [stdout]  --> src/routes/rustcc/query_all.rs:2:5
[INFO] [stdout]   |
[INFO] [stdout] 2 | use aion_types::rebase::response::ListAllItemsResponse;
[INFO] [stdout]   |     ^^^^^^^^^^^^^^^^^^^^^^^^^^^^^^^^^^^^^^^^^^^^^^^^^^
[INFO] [stdout] 
[INFO] [stdout] 
[INFO] [stdout] warning: unused import: `aion_types::rebase::response::ListAllItemsResponse`
[INFO] [stdout]  --> src/routes/rustcc/query_all_author.rs:2:5
[INFO] [stdout]   |
[INFO] [stdout] 2 | use aion_types::rebase::response::ListAllItemsResponse;
[INFO] [stdout]   |     ^^^^^^^^^^^^^^^^^^^^^^^^^^^^^^^^^^^^^^^^^^^^^^^^^^
[INFO] [stdout] 
[INFO] [stdout] 
[INFO] [stdout] warning: unused import: `aion_types::rebase::response::ListAllItemsResponse`
[INFO] [stdout]  --> src/routes/rustcc/query_by_hash.rs:2:5
[INFO] [stdout]   |
[INFO] [stdout] 2 | use aion_types::rebase::response::ListAllItemsResponse;
[INFO] [stdout]   |     ^^^^^^^^^^^^^^^^^^^^^^^^^^^^^^^^^^^^^^^^^^^^^^^^^^
[INFO] [stdout] 
[INFO] [stdout] 
[INFO] [stdout] warning: unused import: `aion_types::rebase::response::ListAllItemsResponse`
[INFO] [stdout]  --> src/routes/rustcc/query_by_id.rs:2:5
[INFO] [stdout]   |
[INFO] [stdout] 2 | use aion_types::rebase::response::ListAllItemsResponse;
[INFO] [stdout]   |     ^^^^^^^^^^^^^^^^^^^^^^^^^^^^^^^^^^^^^^^^^^^^^^^^^^
[INFO] [stdout] 
[INFO] [stdout] 
[INFO] [stdout] warning: unused import: `aion_types::rebase::response::ListAllItemsResponse`
[INFO] [stdout]  --> src/routes/rustcc/query_by_tag.rs:2:5
[INFO] [stdout]   |
[INFO] [stdout] 2 | use aion_types::rebase::response::ListAllItemsResponse;
[INFO] [stdout]   |     ^^^^^^^^^^^^^^^^^^^^^^^^^^^^^^^^^^^^^^^^^^^^^^^^^^
[INFO] [stdout] 
[INFO] [stdout] 
[INFO] [stdout] warning: unused import: `aion_types::rebase::response::ListAllItemsResponse`
[INFO] [stdout]  --> src/routes/rustcc/query_by_time.rs:2:5
[INFO] [stdout]   |
[INFO] [stdout] 2 | use aion_types::rebase::response::ListAllItemsResponse;
[INFO] [stdout]   |     ^^^^^^^^^^^^^^^^^^^^^^^^^^^^^^^^^^^^^^^^^^^^^^^^^^
[INFO] [stdout] 
[INFO] [stdout] 
[INFO] [stdout] warning: unused import: `aion_types::rebase::response::ListAllItemsResponse`
[INFO] [stdout]  --> src/routes/rustcc/query_latest_news.rs:2:5
[INFO] [stdout]   |
[INFO] [stdout] 2 | use aion_types::rebase::response::ListAllItemsResponse;
[INFO] [stdout]   |     ^^^^^^^^^^^^^^^^^^^^^^^^^^^^^^^^^^^^^^^^^^^^^^^^^^
[INFO] [stdout] 
[INFO] [stdout] 
[INFO] [stdout] warning: unused import: `aion_types::rebase::response::ListAllItemsResponse`
[INFO] [stdout]  --> src/routes/rustcc/query_latest_news_id.rs:2:5
[INFO] [stdout]   |
[INFO] [stdout] 2 | use aion_types::rebase::response::ListAllItemsResponse;
[INFO] [stdout]   |     ^^^^^^^^^^^^^^^^^^^^^^^^^^^^^^^^^^^^^^^^^^^^^^^^^^
[INFO] [stdout] 
[INFO] [stdout] 
[INFO] [stdout] error: aborting due to 21 previous errors
[INFO] [stdout] 
[INFO] [stdout] 
[INFO] [stderr] error: could not document `all-in-one-news`
[INFO] [stderr] 
[INFO] [stderr] Caused by:
[INFO] [stderr]   process didn't exit successfully: `/opt/rustwide/rustup-home/toolchains/1.75.0-x86_64-unknown-linux-gnu/bin/rustdoc --edition=2021 --crate-type lib --crate-name all_in_one_news src/lib.rs -o /opt/rustwide/target/doc --error-format=json --json=diagnostic-rendered-ansi,artifacts,future-incompat --document-private-items -C metadata=2ed46d09a889fc9c -L dependency=/opt/rustwide/target/debug/deps --extern aion_parse=/opt/rustwide/target/debug/deps/libaion_parse-4333a6f6f73ceb3f.rmeta --extern aion_types=/opt/rustwide/target/debug/deps/libaion_types-313ae90dd4391f5a.rmeta --extern anyhow=/opt/rustwide/target/debug/deps/libanyhow-407784efe10f3351.rmeta --extern askama=/opt/rustwide/target/debug/deps/libaskama-c5bbd87822c6f129.rmeta --extern async_trait=/opt/rustwide/target/debug/deps/libasync_trait-d5cef857a4bd46df.so --extern axum=/opt/rustwide/target/debug/deps/libaxum-dfa4f723b8002967.rmeta --extern bytes=/opt/rustwide/target/debug/deps/libbytes-19782e77171d7466.rmeta --extern chrono=/opt/rustwide/target/debug/deps/libchrono-6cdf15fcbf9a647d.rmeta --extern config=/opt/rustwide/target/debug/deps/libconfig-ef1e41445e6d0477.rmeta --extern http=/opt/rustwide/target/debug/deps/libhttp-e44613714aeb5a6e.rmeta --extern hyper=/opt/rustwide/target/debug/deps/libhyper-436b033b6edf9bf5.rmeta --extern regex=/opt/rustwide/target/debug/deps/libregex-bf3a43f05f03b963.rmeta --extern reqwest=/opt/rustwide/target/debug/deps/libreqwest-5bdfd5fa39709de7.rmeta --extern secrecy=/opt/rustwide/target/debug/deps/libsecrecy-fa92b9671c94d0ba.rmeta --extern serde=/opt/rustwide/target/debug/deps/libserde-a850db404b593eca.rmeta --extern serde_aux=/opt/rustwide/target/debug/deps/libserde_aux-9c93dc6984be1471.rmeta --extern sqlx=/opt/rustwide/target/debug/deps/libsqlx-3052a8197bc0b0c4.rmeta --extern static_assertions=/opt/rustwide/target/debug/deps/libstatic_assertions-e6a2a0c27a403d56.rmeta --extern thiserror=/opt/rustwide/target/debug/deps/libthiserror-9655a318210ee049.rmeta --extern tokio=/opt/rustwide/target/debug/deps/libtokio-26da20d864040e51.rmeta --extern tower=/opt/rustwide/target/debug/deps/libtower-a3c56f62ec22fcc1.rmeta --extern tower_http=/opt/rustwide/target/debug/deps/libtower_http-faff8a852eea69a3.rmeta --extern tracing=/opt/rustwide/target/debug/deps/libtracing-c21b75b3fe2198fb.rmeta --extern tracing_bunyan_formatter=/opt/rustwide/target/debug/deps/libtracing_bunyan_formatter-bc392d4164af0f38.rmeta --extern tracing_log=/opt/rustwide/target/debug/deps/libtracing_log-552eea109b6bd0b7.rmeta --extern tracing_subscriber=/opt/rustwide/target/debug/deps/libtracing_subscriber-8632c94822a717db.rmeta --extern unicode_segmentation=/opt/rustwide/target/debug/deps/libunicode_segmentation-2dd8e02529dfdc3b.rmeta --extern utoipa_swagger_ui=/opt/rustwide/target/debug/deps/libutoipa_swagger_ui-a3923f7cbc3c8941.rmeta --extern uuid=/opt/rustwide/target/debug/deps/libuuid-6a65a5da1c4c8e5d.rmeta --extern validator=/opt/rustwide/target/debug/deps/libvalidator-b6d029ff0e7b15bd.rmeta --cap-lints=warn --crate-version 0.1.0` (exit status: 1)
[INFO] [stderr] warning: build failed, waiting for other jobs to finish...
[INFO] [stdout] error: aborting due to 21 previous errors; 15 warnings emitted
[INFO] [stdout] 
[INFO] [stdout] 
[INFO] [stderr] error: could not compile `all-in-one-news` (lib) due to 22 previous errors; 15 warnings emitted
[INFO] running `Command { std: "docker" "inspect" "584afc53e6120dc7f742e2da4c499c8edb08abe0c4e82c73e1fb80fde9269266", kill_on_drop: false }`
[INFO] running `Command { std: "docker" "rm" "-f" "584afc53e6120dc7f742e2da4c499c8edb08abe0c4e82c73e1fb80fde9269266", kill_on_drop: false }`
[INFO] [stdout] 584afc53e6120dc7f742e2da4c499c8edb08abe0c4e82c73e1fb80fde9269266
[INFO] documenting DaviRain-Su/all-in-one-news against beta-2023-12-22 for beta-1.76-rustdoc-1
[INFO] running `Command { std: "git" "clone" "/workspace/cache/git-repos/https%3A%2F%2Fgithub.com%2FDaviRain-Su%2Fall-in-one-news" "/workspace/builds/worker-7-tc2/source", kill_on_drop: false }`
[INFO] [stderr] Cloning into '/workspace/builds/worker-7-tc2/source'...
[INFO] [stderr] done.
[INFO] validating manifest of git repo https://github.com/DaviRain-Su/all-in-one-news on toolchain beta-2023-12-22
[INFO] running `Command { std: CARGO_HOME="/workspace/cargo-home" RUSTUP_HOME="/workspace/rustup-home" "/workspace/cargo-home/bin/cargo" "+beta-2023-12-22" "metadata" "--manifest-path" "Cargo.toml" "--no-deps", kill_on_drop: false }`
[INFO] started tweaking git repo https://github.com/DaviRain-Su/all-in-one-news
[INFO] finished tweaking git repo https://github.com/DaviRain-Su/all-in-one-news
[INFO] tweaked toml for git repo https://github.com/DaviRain-Su/all-in-one-news written to /workspace/builds/worker-7-tc2/source/Cargo.toml
[INFO] crate git repo https://github.com/DaviRain-Su/all-in-one-news already has a lockfile, it will not be regenerated
[INFO] running `Command { std: CARGO_HOME="/workspace/cargo-home" RUSTUP_HOME="/workspace/rustup-home" "/workspace/cargo-home/bin/cargo" "+beta-2023-12-22" "fetch" "--manifest-path" "Cargo.toml", kill_on_drop: false }`
[INFO] running `Command { std: "docker" "create" "-v" "/var/lib/crater-agent-workspace/builds/worker-7-tc2/target:/opt/rustwide/target:rw,Z" "-v" "/var/lib/crater-agent-workspace/builds/worker-7-tc2/source:/opt/rustwide/workdir:ro,Z" "-v" "/var/lib/crater-agent-workspace/cargo-home:/opt/rustwide/cargo-home:ro,Z" "-v" "/var/lib/crater-agent-workspace/rustup-home:/opt/rustwide/rustup-home:ro,Z" "-e" "SOURCE_DIR=/opt/rustwide/workdir" "-e" "CARGO_TARGET_DIR=/opt/rustwide/target" "-e" "CARGO_HOME=/opt/rustwide/cargo-home" "-e" "RUSTUP_HOME=/opt/rustwide/rustup-home" "-w" "/opt/rustwide/workdir" "-m" "1610612736" "--user" "0:0" "--network" "none" "ghcr.io/rust-lang/crates-build-env/linux@sha256:2788e3201cd34a07e3172128adcd8b3090168a8e3bcc40d7c032b9dda1df7d1c" "/opt/rustwide/cargo-home/bin/cargo" "+beta-2023-12-22" "metadata" "--no-deps" "--format-version=1", kill_on_drop: false }`
[INFO] [stdout] e8f7ed3563d89832ca7e2eb1231047c7f3fd03ac93813e7cdd05c5ef66378504
[INFO] running `Command { std: "docker" "start" "-a" "e8f7ed3563d89832ca7e2eb1231047c7f3fd03ac93813e7cdd05c5ef66378504", kill_on_drop: false }`
[INFO] running `Command { std: "docker" "inspect" "e8f7ed3563d89832ca7e2eb1231047c7f3fd03ac93813e7cdd05c5ef66378504", kill_on_drop: false }`
[INFO] running `Command { std: "docker" "rm" "-f" "e8f7ed3563d89832ca7e2eb1231047c7f3fd03ac93813e7cdd05c5ef66378504", kill_on_drop: false }`
[INFO] [stdout] e8f7ed3563d89832ca7e2eb1231047c7f3fd03ac93813e7cdd05c5ef66378504
[INFO] running `Command { std: "docker" "create" "-v" "/var/lib/crater-agent-workspace/builds/worker-7-tc2/target:/opt/rustwide/target:rw,Z" "-v" "/var/lib/crater-agent-workspace/builds/worker-7-tc2/source:/opt/rustwide/workdir:ro,Z" "-v" "/var/lib/crater-agent-workspace/cargo-home:/opt/rustwide/cargo-home:ro,Z" "-v" "/var/lib/crater-agent-workspace/rustup-home:/opt/rustwide/rustup-home:ro,Z" "-e" "SOURCE_DIR=/opt/rustwide/workdir" "-e" "CARGO_TARGET_DIR=/opt/rustwide/target" "-e" "CARGO_INCREMENTAL=0" "-e" "RUST_BACKTRACE=full" "-e" "RUSTFLAGS=--cap-lints=warn" "-e" "RUSTDOCFLAGS=--cap-lints=warn" "-e" "CARGO_HOME=/opt/rustwide/cargo-home" "-e" "RUSTUP_HOME=/opt/rustwide/rustup-home" "-w" "/opt/rustwide/workdir" "-m" "1610612736" "--user" "0:0" "--network" "none" "ghcr.io/rust-lang/crates-build-env/linux@sha256:2788e3201cd34a07e3172128adcd8b3090168a8e3bcc40d7c032b9dda1df7d1c" "/opt/rustwide/cargo-home/bin/cargo" "+beta-2023-12-22" "doc" "--frozen" "--no-deps" "--document-private-items" "--message-format=json", kill_on_drop: false }`
[INFO] [stdout] 7a817d8c3f15ef41529370e98aedb4c34e0bfc980dad73ebc82ceaf911aa967b
[INFO] running `Command { std: "docker" "start" "-a" "7a817d8c3f15ef41529370e98aedb4c34e0bfc980dad73ebc82ceaf911aa967b", kill_on_drop: false }`
[INFO] [stderr]    Compiling libc v0.2.148
[INFO] [stderr]    Compiling proc-macro2 v1.0.67
[INFO] [stderr]    Compiling serde v1.0.188
[INFO] [stderr]    Compiling syn v1.0.109
[INFO] [stderr]     Checking memchr v2.6.3
[INFO] [stderr]     Checking bytes v1.5.0
[INFO] [stderr]    Compiling ppv-lite86 v0.2.17
[INFO] [stderr]    Compiling once_cell v1.18.0
[INFO] [stderr]    Compiling futures-channel v0.3.28
[INFO] [stderr]    Compiling serde_json v1.0.107
[INFO] [stderr]     Checking tracing-core v0.1.31
[INFO] [stderr]    Compiling futures-util v0.3.28
[INFO] [stderr]     Checking futures-io v0.3.28
[INFO] [stderr]    Compiling unicase v2.7.0
[INFO] [stderr]    Compiling subtle v2.5.0
[INFO] [stderr]    Compiling quote v1.0.33
[INFO] [stderr]    Compiling digest v0.10.7
[INFO] [stderr]     Checking siphasher v0.3.11
[INFO] [stderr]     Checking http v0.2.9
[INFO] [stderr]    Compiling syn v2.0.36
[INFO] [stderr]     Checking bitflags v2.4.0
[INFO] [stderr]    Compiling jobserver v0.1.26
[INFO] [stderr]     Checking getrandom v0.2.10
[INFO] [stderr]     Checking parking_lot_core v0.9.8
[INFO] [stderr]     Checking socket2 v0.5.4
[INFO] [stderr]    Compiling cc v1.0.83
[INFO] [stderr]     Checking parking_lot v0.12.1
[INFO] [stderr]    Compiling rand_core v0.6.4
[INFO] [stderr]     Checking mio v0.8.8
[INFO] [stderr]     Checking num_cpus v1.16.0
[INFO] [stderr]     Checking signal-hook-registry v1.4.1
[INFO] [stderr]    Compiling rand_chacha v0.3.1
[INFO] [stderr]     Checking ahash v0.7.6
[INFO] [stderr]     Checking hashbrown v0.12.3
[INFO] [stderr]    Compiling crossbeam-utils v0.8.16
[INFO] [stderr]     Checking http-body v0.4.5
[INFO] [stderr]    Compiling rand v0.8.5
[INFO] [stderr]    Compiling mime_guess v2.0.4
[INFO] [stderr]     Checking ahash v0.8.3
[INFO] [stderr]    Compiling cpufeatures v0.2.9
[INFO] [stderr]     Checking unicode-bidi v0.3.13
[INFO] [stderr]     Checking new_debug_unreachable v1.0.4
[INFO] [stderr]    Compiling rustls v0.21.7
[INFO] [stderr]     Checking indexmap v1.9.3
[INFO] [stderr]     Checking phf_shared v0.10.0
[INFO] [stderr]    Compiling num-traits v0.2.16
[INFO] [stderr]    Compiling crossbeam-queue v0.3.8
[INFO] [stderr]    Compiling phf_generator v0.10.0
[INFO] [stderr]    Compiling spin v0.5.2
[INFO] [stderr]    Compiling untrusted v0.7.1
[INFO] [stderr]     Checking base64 v0.21.4
[INFO] [stderr]    Compiling phf_codegen v0.10.0
[INFO] [stderr]    Compiling tinyvec_macros v0.1.1
[INFO] [stderr]    Compiling string_cache_codegen v0.5.2
[INFO] [stderr]    Compiling tinyvec v1.6.0
[INFO] [stderr]     Checking idna v0.4.0
[INFO] [stderr]    Compiling ring v0.16.20
[INFO] [stderr]    Compiling openssl-sys v0.9.93
[INFO] [stderr]    Compiling sha2 v0.10.7
[INFO] [stderr]     Checking socket2 v0.4.9
[INFO] [stderr]    Compiling futures-core v0.3.28
[INFO] [stderr]     Checking mac v0.1.1
[INFO] [stderr]    Compiling minimal-lexical v0.2.1
[INFO] [stderr]    Compiling async-trait v0.1.73
[INFO] [stderr]    Compiling byteorder v1.4.3
[INFO] [stderr]     Checking precomputed-hash v0.1.1
[INFO] [stderr]    Compiling openssl v0.10.57
[INFO] [stderr]     Checking nom v7.1.3
[INFO] [stderr]    Compiling unicode-normalization v0.1.22
[INFO] [stderr]     Checking futf v0.1.5
[INFO] [stderr]     Checking url v2.4.1
[INFO] [stderr]    Compiling markup5ever v0.11.0
[INFO] [stderr]     Checking rustls-pemfile v1.0.3
[INFO] [stderr]     Checking phf v0.10.1
[INFO] [stderr]    Compiling rkyv v0.7.42
[INFO] [stderr]    Compiling smallvec v1.11.0
[INFO] [stderr]    Compiling allocator-api2 v0.2.16
[INFO] [stderr]    Compiling hashbrown v0.14.0
[INFO] [stderr]    Compiling lock_api v0.4.10
[INFO] [stderr]    Compiling native-tls v0.2.11
[INFO] [stderr]     Checking tendril v0.4.3
[INFO] [stderr]     Checking rustls-webpki v0.101.5
[INFO] [stderr]     Checking sct v0.7.0
[INFO] [stderr]    Compiling phf_shared v0.11.2
[INFO] [stderr]    Compiling futures-sink v0.3.28
[INFO] [stderr]    Compiling serde_derive v1.0.188
[INFO] [stderr]    Compiling tracing-attributes v0.1.26
[INFO] [stderr]    Compiling tokio-macros v2.1.0
[INFO] [stderr]    Compiling futures-macro v0.3.28
[INFO] [stderr]    Compiling thiserror-impl v1.0.50
[INFO] [stderr]    Compiling ptr_meta_derive v0.1.4
[INFO] [stderr]    Compiling openssl-macros v0.1.1
[INFO] [stderr]     Checking ptr_meta v0.1.4
[INFO] [stderr]    Compiling rkyv_derive v0.7.42
[INFO] [stderr]     Checking tokio v1.32.0
[INFO] [stderr]    Compiling thiserror v1.0.50
[INFO] [stderr]     Checking tracing v0.1.37
[INFO] [stderr]     Checking seahash v4.1.0
[INFO] [stderr]    Compiling percent-encoding v2.3.0
[INFO] [stderr]    Compiling form_urlencoded v1.2.0
[INFO] [stderr]    Compiling darling_core v0.14.4
[INFO] [stderr]    Compiling html5ever v0.26.0
[INFO] [stderr]    Compiling phf_generator v0.11.2
[INFO] [stderr]     Checking tokio-util v0.7.8
[INFO] [stderr]     Checking h2 v0.3.21
[INFO] [stderr]    Compiling zstd-sys v2.0.8+zstd.1.5.5
[INFO] [stderr]    Compiling futures-task v0.3.28
[INFO] [stderr]    Compiling slab v0.4.9
[INFO] [stderr]     Checking equivalent v1.0.1
[INFO] [stderr]     Checking iana-time-zone v0.1.57
[INFO] [stderr]    Compiling ryu v1.0.15
[INFO] [stderr]    Compiling rustix v0.38.13
[INFO] [stderr]    Compiling unicode_categories v0.1.1
[INFO] [stderr]    Compiling crc-catalog v2.2.0
[INFO] [stderr]    Compiling chrono v0.4.31
[INFO] [stderr]    Compiling crc v3.0.1
[INFO] [stderr]    Compiling indexmap v2.0.0
[INFO] [stderr]     Checking string_cache v0.8.7
[INFO] [stderr]     Checking serde_urlencoded v0.7.1
[INFO] [stderr]     Checking either v1.9.0
[INFO] [stderr]    Compiling itertools v0.11.0
[INFO] [stderr]    Compiling tokio-stream v0.1.14
[INFO] [stderr]    Compiling futures-intrusive v0.5.0
[INFO] [stderr]    Compiling darling_macro v0.14.4
[INFO] [stderr]     Checking hyper v0.14.27
[INFO] [stderr]     Checking tokio-rustls v0.24.1
[INFO] [stderr]     Checking tokio-native-tls v0.3.1
[INFO] [stderr]    Compiling phf_macros v0.11.2
[INFO] [stderr]    Compiling sqlformat v0.2.2
[INFO] [stderr]    Compiling atoi v2.0.0
[INFO] [stderr]    Compiling webpki-roots v0.24.0
[INFO] [stderr]    Compiling hashlink v0.8.4
[INFO] [stderr]    Compiling hmac v0.12.1
[INFO] [stderr]    Compiling finl_unicode v1.2.0
[INFO] [stderr]    Compiling linux-raw-sys v0.4.7
[INFO] [stderr]     Checking dtoa v1.0.9
[INFO] [stderr]    Compiling ucd-trie v0.1.6
[INFO] [stderr]    Compiling uuid v1.4.1
[INFO] [stderr]    Compiling dotenvy v0.15.7
[INFO] [stderr]    Compiling event-listener v2.5.3
[INFO] [stderr]    Compiling adler v1.0.2
[INFO] [stderr]    Compiling miniz_oxide v0.7.1
[INFO] [stderr]    Compiling pest v2.7.3
[INFO] [stderr]    Compiling stringprep v0.1.4
[INFO] [stderr]     Checking phf v0.11.2
[INFO] [stderr]     Checking dtoa-short v0.3.4
[INFO] [stderr]    Compiling hkdf v0.12.3
[INFO] [stderr]    Compiling darling v0.14.4
[INFO] [stderr]    Compiling cssparser-macros v0.6.1
[INFO] [stderr]    Compiling sqlx-core v0.7.2
[INFO] [stderr]    Compiling pin-project-internal v1.1.3
[INFO] [stderr]     Checking rustls-native-certs v0.6.3
[INFO] [stderr]    Compiling selectors v0.25.0
[INFO] [stderr]    Compiling sha1 v0.10.5
[INFO] [stderr]    Compiling dirs-sys v0.3.7
[INFO] [stderr]    Compiling md-5 v0.10.5
[INFO] [stderr]    Compiling aho-corasick v1.0.5
[INFO] [stderr]    Compiling home v0.5.5
[INFO] [stderr]     Checking tower-layer v0.3.2
[INFO] [stderr]     Checking webpki-roots v0.25.2
[INFO] [stderr]    Compiling same-file v1.0.6
[INFO] [stderr]     Checking stable_deref_trait v1.2.0
[INFO] [stderr]     Checking hyper-tls v0.5.0
[INFO] [stderr]     Checking hyper-rustls v0.24.1
[INFO] [stderr]    Compiling zstd-safe v6.0.6
[INFO] [stderr]    Compiling unicode-segmentation v1.10.1
[INFO] [stderr]    Compiling fastrand v2.0.0
[INFO] [stderr]    Compiling whoami v1.4.1
[INFO] [stderr]    Compiling tempfile v3.8.0
[INFO] [stderr]     Checking regex-automata v0.4.3
[INFO] [stderr]    Compiling heck v0.4.1
[INFO] [stderr]     Checking reqwest v0.11.20
[INFO] [stderr]     Checking pin-project v1.1.3
[INFO] [stderr]    Compiling walkdir v2.4.0
[INFO] [stderr]    Compiling sqlx-postgres v0.7.2
[INFO] [stderr]     Checking servo_arc v0.3.0
[INFO] [stderr]    Compiling dirs v4.0.0
[INFO] [stderr]    Compiling flate2 v1.0.27
[INFO] [stderr]     Checking cssparser v0.31.2
[INFO] [stderr]    Compiling pest_meta v2.7.3
[INFO] [stderr]    Compiling derive_builder_core v0.12.0
[INFO] [stderr]    Compiling proc-macro-error-attr v1.0.4
[INFO] [stderr]     Checking xml5ever v0.17.0
[INFO] [stderr]    Compiling axum-core v0.3.4
[INFO] [stderr]    Compiling derive_more v0.99.17
[INFO] [stderr]     Checking fxhash v0.2.1
[INFO] [stderr]    Compiling libm v0.2.7
[INFO] [stderr]     Checking bit-vec v0.6.3
[INFO] [stderr]     Checking regex-syntax v0.6.29
[INFO] [stderr]    Compiling derive_builder_macro v0.12.0
[INFO] [stderr]    Compiling regex v1.10.2
[INFO] [stderr]     Checking getopts v0.2.21
[INFO] [stderr]     Checking bit-set v0.5.3
[INFO] [stderr]    Compiling sqlx-macros-core v0.7.2
[INFO] [stderr]    Compiling proc-macro-error v1.0.4
[INFO] [stderr]    Compiling pest_generator v2.7.3
[INFO] [stderr]     Checking markup5ever_rcdom v0.2.0
[INFO] [stderr]    Compiling zip v0.6.6
[INFO] [stderr]    Compiling shellexpand v2.1.2
[INFO] [stderr]     Checking regex-automata v0.1.10
[INFO] [stderr]    Compiling rust-embed-utils v7.8.1
[INFO] [stderr]     Checking tower v0.4.13
[INFO] [stderr]    Compiling axum v0.6.20
[INFO] [stderr]     Checking futures-executor v0.3.28
[INFO] [stderr]     Checking eventsource-stream v0.2.3
[INFO] [stderr]     Checking ego-tree v0.6.2
[INFO] [stderr]    Compiling mime v0.3.17
[INFO] [stderr]     Checking futures-timer v3.0.2
[INFO] [stderr]     Checking dlv-list v0.3.0
[INFO] [stderr]     Checking overload v0.1.1
[INFO] [stderr]    Compiling pest_derive v2.7.3
[INFO] [stderr]     Checking nu-ansi-term v0.46.0
[INFO] [stderr]     Checking reqwest-eventsource v0.4.0
[INFO] [stderr]     Checking ordered-multimap v0.4.3
[INFO] [stderr]     Checking scraper v0.17.1
[INFO] [stderr]    Compiling utoipa-swagger-ui v3.1.5
[INFO] [stderr]     Checking backoff v0.4.0
[INFO] [stderr]     Checking matchers v0.1.0
[INFO] [stderr]     Checking futures v0.3.28
[INFO] [stderr]     Checking brotli v3.3.4
[INFO] [stderr]    Compiling rust-embed-impl v6.8.1
[INFO] [stderr]     Checking select v0.6.0
[INFO] [stderr]    Compiling utoipa-gen v3.5.0
[INFO] [stderr]     Checking derive_builder v0.12.0
[INFO] [stderr]     Checking tracing-log v0.1.3
[INFO] [stderr]    Compiling basic-toml v0.1.4
[INFO] [stderr]     Checking serde_path_to_error v0.1.14
[INFO] [stderr]     Checking retry v2.0.0
[INFO] [stderr]     Checking async-convert v1.0.0
[INFO] [stderr]     Checking thread_local v1.1.7
[INFO] [stderr]    Compiling sqlx-macros v0.7.2
[INFO] [stderr]     Checking sync_wrapper v0.1.2
[INFO] [stderr]     Checking matchit v0.7.2
[INFO] [stderr]     Checking ron v0.7.1
[INFO] [stderr]     Checking time v0.3.28
[INFO] [stderr]     Checking tracing-subscriber v0.3.17
[INFO] [stderr]    Compiling askama_derive v0.12.1
[INFO] [stderr]     Checking async-openai v0.14.3
[INFO] [stderr]     Checking aion-parse v0.1.0 (/opt/rustwide/workdir/crates/parse)
[INFO] [stderr]     Checking humansize v2.1.3
[INFO] [stderr]     Checking rust-embed v6.8.1
[INFO] [stderr]     Checking json5 v0.4.1
[INFO] [stderr]     Checking rust-ini v0.18.0
[INFO] [stderr]     Checking sha256 v1.4.0
[INFO] [stderr]     Checking toml v0.5.11
[INFO] [stderr]     Checking gethostname v0.2.3
[INFO] [stderr]     Checking pathdiff v0.2.1
[INFO] [stderr]     Checking askama_escape v0.10.3
[INFO] [stderr]     Checking zeroize v1.6.0
[INFO] [stderr]     Checking iri-string v0.7.0
[INFO] [stderr]     Checking http-range-header v0.3.1
[INFO] [stderr]     Checking secrecy v0.8.0
[INFO] [stderr]     Checking tracing-bunyan-formatter v0.3.9
[INFO] [stderr]     Checking validator v0.16.1
[INFO] [stderr]     Checking sqlx v0.7.2
[INFO] [stderr]     Checking serde-aux v4.2.0
[INFO] [stderr]     Checking config v0.13.3
[INFO] [stderr]     Checking aion-types v0.1.0 (/opt/rustwide/workdir/crates/aion-types)
[INFO] [stderr]     Checking utoipa v3.5.0
[INFO] [stderr]     Checking askama v0.12.1
[INFO] [stderr]     Checking zstd v0.12.4
[INFO] [stderr]     Checking async-compression v0.4.3
[INFO] [stderr]     Checking tower-http v0.4.4
[INFO] [stderr]     Checking all-in-one-news v0.1.0 (/opt/rustwide/workdir)
[INFO] [stderr]  Documenting all-in-one-news v0.1.0 (/opt/rustwide/workdir)
[INFO] [stdout] error: error communicating with database: Cannot assign requested address (os error 99)
[INFO] [stdout]   --> src/routes/rebase/query_all.rs:28:18
[INFO] [stdout]    |
[INFO] [stdout] 28 |       let result = query_as!(
[INFO] [stdout]    |  __________________^
[INFO] [stdout] 29 | |         ListAllItemsResponse,
[INFO] [stdout] 30 | |         "SELECT id, hash, author, episode, introduce, time, title, url, tag FROM new_rebase_daily ORDER BY time DESC OFFSET $1 LIMIT $2",
[INFO] [stdout] 31 | |         offset,
[INFO] [stdout] 32 | |         limit
[INFO] [stdout] 33 | |     )
[INFO] [stdout]    | |_____^
[INFO] [stdout]    |
[INFO] [stdout]    = note: this error originates in the macro `$crate::sqlx_macros::expand_query` which comes from the expansion of the macro `query_as` (in Nightly builds, run with -Z macro-backtrace for more info)
[INFO] [stdout] 
[INFO] [stdout] 
[INFO] [stdout] error: error communicating with database: Cannot assign requested address (os error 99)
[INFO] [stdout]   --> src/routes/rebase/query_all.rs:50:18
[INFO] [stdout]    |
[INFO] [stdout] 50 |       let result = query_as!(
[INFO] [stdout]    |  __________________^
[INFO] [stdout] 51 | |         ListAllItemsResponse,
[INFO] [stdout] 52 | |         "SELECT id, hash, author, episode, introduce, time, title, url, tag FROM new_rebase_daily ORDER BY time DESC",
[INFO] [stdout] 53 | |     )
[INFO] [stdout]    | |_____^
[INFO] [stdout]    |
[INFO] [stdout]    = note: this error originates in the macro `$crate::sqlx_macros::expand_query` which comes from the expansion of the macro `query_as` (in Nightly builds, run with -Z macro-backtrace for more info)
[INFO] [stdout] 
[INFO] [stdout] 
[INFO] [stdout] error: error communicating with database: Cannot assign requested address (os error 99)
[INFO] [stdout]   --> src/routes/rebase/query_all_author.rs:23:18
[INFO] [stdout]    |
[INFO] [stdout] 23 |       let result = query_as!(
[INFO] [stdout]    |  __________________^
[INFO] [stdout] 24 | |         ListAllItemsResponse,
[INFO] [stdout] 25 | |         "SELECT id, hash, author, episode, introduce, time, title, url, tag FROM new_rebase_daily",
[INFO] [stdout] 26 | |     )
[INFO] [stdout]    | |_____^
[INFO] [stdout]    |
[INFO] [stdout]    = note: this error originates in the macro `$crate::sqlx_macros::expand_query` which comes from the expansion of the macro `query_as` (in Nightly builds, run with -Z macro-backtrace for more info)
[INFO] [stdout] 
[INFO] [stdout] 
[INFO] [stdout] error: error communicating with database: Cannot assign requested address (os error 99)
[INFO] [stdout]   --> src/routes/rebase/query_all.rs:28:18
[INFO] [stdout]    |
[INFO] [stdout] 28 |       let result = query_as!(
[INFO] [stdout]    |  __________________^
[INFO] [stdout] 29 | |         ListAllItemsResponse,
[INFO] [stdout] 30 | |         "SELECT id, hash, author, episode, introduce, time, title, url, tag FROM new_rebase_daily ORDER BY time DESC OFFSET $1 LIMIT $2",
[INFO] [stdout] 31 | |         offset,
[INFO] [stdout] 32 | |         limit
[INFO] [stdout] 33 | |     )
[INFO] [stdout]    | |_____^
[INFO] [stdout]    |
[INFO] [stdout]    = note: this error originates in the macro `$crate::sqlx_macros::expand_query` which comes from the expansion of the macro `query_as` (in Nightly builds, run with -Z macro-backtrace for more info)
[INFO] [stdout] 
[INFO] [stdout] 
[INFO] [stdout] error: error communicating with database: Cannot assign requested address (os error 99)
[INFO] [stdout]   --> src/routes/rebase/query_by_id.rs:23:23
[INFO] [stdout]    |
[INFO] [stdout] 23 |       let tags_result = query_as!(
[INFO] [stdout]    |  _______________________^
[INFO] [stdout] 24 | |            ListAllItemsResponse,
[INFO] [stdout] 25 | |            "SELECT id, hash, author, episode, introduce, time, title, url, tag FROM new_rebase_daily WHERE id = $1",
[INFO] [stdout] 26 | |            query_params.id,
[INFO] [stdout] 27 | |        )
[INFO] [stdout]    | |________^
[INFO] [stdout]    |
[INFO] [stdout]    = note: this error originates in the macro `$crate::sqlx_macros::expand_query` which comes from the expansion of the macro `query_as` (in Nightly builds, run with -Z macro-backtrace for more info)
[INFO] [stdout] 
[INFO] [stdout] 
[INFO] [stdout] error: error communicating with database: Cannot assign requested address (os error 99)
[INFO] [stdout]   --> src/routes/rebase/query_all.rs:50:18
[INFO] [stdout]    |
[INFO] [stdout] 50 |       let result = query_as!(
[INFO] [stdout]    |  __________________^
[INFO] [stdout] 51 | |         ListAllItemsResponse,
[INFO] [stdout] 52 | |         "SELECT id, hash, author, episode, introduce, time, title, url, tag FROM new_rebase_daily ORDER BY time DESC",
[INFO] [stdout] 53 | |     )
[INFO] [stdout]    | |_____^
[INFO] [stdout]    |
[INFO] [stdout]    = note: this error originates in the macro `$crate::sqlx_macros::expand_query` which comes from the expansion of the macro `query_as` (in Nightly builds, run with -Z macro-backtrace for more info)
[INFO] [stdout] 
[INFO] [stdout] 
[INFO] [stdout] error: error communicating with database: Cannot assign requested address (os error 99)
[INFO] [stdout]   --> src/routes/rebase/query_all_author.rs:23:18
[INFO] [stdout]    |
[INFO] [stdout] 23 |       let result = query_as!(
[INFO] [stdout]    |  __________________^
[INFO] [stdout] 24 | |         ListAllItemsResponse,
[INFO] [stdout] 25 | |         "SELECT id, hash, author, episode, introduce, time, title, url, tag FROM new_rebase_daily",
[INFO] [stdout] 26 | |     )
[INFO] [stdout]    | |_____^
[INFO] [stdout]    |
[INFO] [stdout]    = note: this error originates in the macro `$crate::sqlx_macros::expand_query` which comes from the expansion of the macro `query_as` (in Nightly builds, run with -Z macro-backtrace for more info)
[INFO] [stdout] 
[INFO] [stdout] 
[INFO] [stdout] error: error communicating with database: Cannot assign requested address (os error 99)
[INFO] [stdout]   --> src/routes/rebase/query_by_tag.rs:23:23
[INFO] [stdout]    |
[INFO] [stdout] 23 |       let tags_result = query_as!(
[INFO] [stdout]    |  _______________________^
[INFO] [stdout] 24 | |             ListAllItemsResponse,
[INFO] [stdout] 25 | |             "SELECT id, hash, author, episode, introduce, time, title, url, tag FROM new_rebase_daily WHERE $1 = ANY(tag)",
[INFO] [stdout] 26 | |             &query_params.tag
[INFO] [stdout] 27 | |         )
[INFO] [stdout]    | |_________^
[INFO] [stdout]    |
[INFO] [stdout]    = note: this error originates in the macro `$crate::sqlx_macros::expand_query` which comes from the expansion of the macro `query_as` (in Nightly builds, run with -Z macro-backtrace for more info)
[INFO] [stdout] 
[INFO] [stdout] 
[INFO] [stdout] error: error communicating with database: Cannot assign requested address (os error 99)
[INFO] [stdout]   --> src/routes/rebase/query_by_id.rs:23:23
[INFO] [stdout]    |
[INFO] [stdout] 23 |       let tags_result = query_as!(
[INFO] [stdout]    |  _______________________^
[INFO] [stdout] 24 | |            ListAllItemsResponse,
[INFO] [stdout] 25 | |            "SELECT id, hash, author, episode, introduce, time, title, url, tag FROM new_rebase_daily WHERE id = $1",
[INFO] [stdout] 26 | |            query_params.id,
[INFO] [stdout] 27 | |        )
[INFO] [stdout]    | |________^
[INFO] [stdout]    |
[INFO] [stdout]    = note: this error originates in the macro `$crate::sqlx_macros::expand_query` which comes from the expansion of the macro `query_as` (in Nightly builds, run with -Z macro-backtrace for more info)
[INFO] [stdout] 
[INFO] [stdout] 
[INFO] [stdout] error: error communicating with database: Cannot assign requested address (os error 99)
[INFO] [stdout]   --> src/routes/rebase/query_by_time.rs:53:23
[INFO] [stdout]    |
[INFO] [stdout] 53 |       let tags_result = query_as!(
[INFO] [stdout]    |  _______________________^
[INFO] [stdout] 54 | |             ListAllItemsResponse,
[INFO] [stdout] 55 | |             "SELECT id, hash,  author, episode, introduce, time, title, url, tag FROM new_rebase_daily WHERE time = $1",
[INFO] [stdout] 56 | |             &query_params.time
[INFO] [stdout] 57 | |         )
[INFO] [stdout]    | |_________^
[INFO] [stdout]    |
[INFO] [stdout]    = note: this error originates in the macro `$crate::sqlx_macros::expand_query` which comes from the expansion of the macro `query_as` (in Nightly builds, run with -Z macro-backtrace for more info)
[INFO] [stdout] 
[INFO] [stdout] 
[INFO] [stdout] error: error communicating with database: Cannot assign requested address (os error 99)
[INFO] [stdout]   --> src/routes/rebase/query_by_tag.rs:23:23
[INFO] [stdout]    |
[INFO] [stdout] 23 |       let tags_result = query_as!(
[INFO] [stdout]    |  _______________________^
[INFO] [stdout] 24 | |             ListAllItemsResponse,
[INFO] [stdout] 25 | |             "SELECT id, hash, author, episode, introduce, time, title, url, tag FROM new_rebase_daily WHERE $1 = ANY(tag)",
[INFO] [stdout] 26 | |             &query_params.tag
[INFO] [stdout] 27 | |         )
[INFO] [stdout]    | |_________^
[INFO] [stdout]    |
[INFO] [stdout]    = note: this error originates in the macro `$crate::sqlx_macros::expand_query` which comes from the expansion of the macro `query_as` (in Nightly builds, run with -Z macro-backtrace for more info)
[INFO] [stdout] 
[INFO] [stdout] 
[INFO] [stdout] error: error communicating with database: Cannot assign requested address (os error 99)
[INFO] [stdout]   --> src/routes/rebase/query_latest_news.rs:16:23
[INFO] [stdout]    |
[INFO] [stdout] 16 |       let tags_result = query_as!(
[INFO] [stdout]    |  _______________________^
[INFO] [stdout] 17 | |            ListAllItemsResponse,
[INFO] [stdout] 18 | |            "SELECT id, hash, author, episode, introduce, time, title, url, tag FROM new_rebase_daily ORDER BY time DESC LIMIT 10",
[INFO] [stdout] 19 | |        )
[INFO] [stdout]    | |________^
[INFO] [stdout]    |
[INFO] [stdout]    = note: this error originates in the macro `$crate::sqlx_macros::expand_query` which comes from the expansion of the macro `query_as` (in Nightly builds, run with -Z macro-backtrace for more info)
[INFO] [stdout] 
[INFO] [stdout] 
[INFO] [stdout] error: error communicating with database: Cannot assign requested address (os error 99)
[INFO] [stdout]   --> src/routes/rebase/query_latest_news_id.rs:16:18
[INFO] [stdout]    |
[INFO] [stdout] 16 |       let result = query_as!(
[INFO] [stdout]    |  __________________^
[INFO] [stdout] 17 | |         ListAllItemsResponse,
[INFO] [stdout] 18 | |         "SELECT id, hash, author, episode, introduce, time, title, url, tag FROM new_rebase_daily",
[INFO] [stdout] 19 | |     )
[INFO] [stdout]    | |_____^
[INFO] [stdout]    |
[INFO] [stdout]    = note: this error originates in the macro `$crate::sqlx_macros::expand_query` which comes from the expansion of the macro `query_as` (in Nightly builds, run with -Z macro-backtrace for more info)
[INFO] [stdout] 
[INFO] [stdout] 
[INFO] [stdout] error: error communicating with database: Cannot assign requested address (os error 99)
[INFO] [stdout]   --> src/routes/rustcc/query_all.rs:28:18
[INFO] [stdout]    |
[INFO] [stdout] 28 |       let result = query_as!(
[INFO] [stdout]    |  __________________^
[INFO] [stdout] 29 | |         ListAllItemsResponse,
[INFO] [stdout] 30 | |         "SELECT id, hash, author, episode, introduce, time, title, url, tag FROM new_rustcc_daily OFFSET $1 LIMIT $2",
[INFO] [stdout] 31 | |         offset,
[INFO] [stdout] 32 | |         limit
[INFO] [stdout] 33 | |     )
[INFO] [stdout]    | |_____^
[INFO] [stdout]    |
[INFO] [stdout]    = note: this error originates in the macro `$crate::sqlx_macros::expand_query` which comes from the expansion of the macro `query_as` (in Nightly builds, run with -Z macro-backtrace for more info)
[INFO] [stdout] 
[INFO] [stdout] 
[INFO] [stdout] error: error communicating with database: Cannot assign requested address (os error 99)
[INFO] [stdout]   --> src/routes/rebase/query_by_time.rs:53:23
[INFO] [stdout]    |
[INFO] [stdout] 53 |       let tags_result = query_as!(
[INFO] [stdout]    |  _______________________^
[INFO] [stdout] 54 | |             ListAllItemsResponse,
[INFO] [stdout] 55 | |             "SELECT id, hash,  author, episode, introduce, time, title, url, tag FROM new_rebase_daily WHERE time = $1",
[INFO] [stdout] 56 | |             &query_params.time
[INFO] [stdout] 57 | |         )
[INFO] [stdout]    | |_________^
[INFO] [stdout]    |
[INFO] [stdout]    = note: this error originates in the macro `$crate::sqlx_macros::expand_query` which comes from the expansion of the macro `query_as` (in Nightly builds, run with -Z macro-backtrace for more info)
[INFO] [stdout] 
[INFO] [stdout] 
[INFO] [stdout] error: error communicating with database: Cannot assign requested address (os error 99)
[INFO] [stdout]   --> src/routes/rebase/query_latest_news.rs:16:23
[INFO] [stdout]    |
[INFO] [stdout] 16 |       let tags_result = query_as!(
[INFO] [stdout]    |  _______________________^
[INFO] [stdout] 17 | |            ListAllItemsResponse,
[INFO] [stdout] 18 | |            "SELECT id, hash, author, episode, introduce, time, title, url, tag FROM new_rebase_daily ORDER BY time DESC LIMIT 10",
[INFO] [stdout] 19 | |        )
[INFO] [stdout]    | |________^
[INFO] [stdout]    |
[INFO] [stdout]    = note: this error originates in the macro `$crate::sqlx_macros::expand_query` which comes from the expansion of the macro `query_as` (in Nightly builds, run with -Z macro-backtrace for more info)
[INFO] [stdout] 
[INFO] [stdout] 
[INFO] [stdout] error: error communicating with database: Cannot assign requested address (os error 99)
[INFO] [stdout]   --> src/routes/rustcc/query_all.rs:50:18
[INFO] [stdout]    |
[INFO] [stdout] 50 |       let result = query_as!(
[INFO] [stdout]    |  __________________^
[INFO] [stdout] 51 | |         ListAllItemsResponse,
[INFO] [stdout] 52 | |         "SELECT id, hash, author, episode, introduce, time, title, url, tag FROM new_rustcc_daily ORDER BY time DESC",
[INFO] [stdout] 53 | |     )
[INFO] [stdout]    | |_____^
[INFO] [stdout]    |
[INFO] [stdout]    = note: this error originates in the macro `$crate::sqlx_macros::expand_query` which comes from the expansion of the macro `query_as` (in Nightly builds, run with -Z macro-backtrace for more info)
[INFO] [stdout] 
[INFO] [stdout] 
[INFO] [stdout] error: error communicating with database: Cannot assign requested address (os error 99)
[INFO] [stdout]   --> src/routes/rebase/query_latest_news_id.rs:16:18
[INFO] [stdout]    |
[INFO] [stdout] 16 |       let result = query_as!(
[INFO] [stdout]    |  __________________^
[INFO] [stdout] 17 | |         ListAllItemsResponse,
[INFO] [stdout] 18 | |         "SELECT id, hash, author, episode, introduce, time, title, url, tag FROM new_rebase_daily",
[INFO] [stdout] 19 | |     )
[INFO] [stdout]    | |_____^
[INFO] [stdout]    |
[INFO] [stdout]    = note: this error originates in the macro `$crate::sqlx_macros::expand_query` which comes from the expansion of the macro `query_as` (in Nightly builds, run with -Z macro-backtrace for more info)
[INFO] [stdout] 
[INFO] [stdout] 
[INFO] [stdout] error: error communicating with database: Cannot assign requested address (os error 99)
[INFO] [stdout]   --> src/routes/rustcc/query_all_author.rs:23:18
[INFO] [stdout]    |
[INFO] [stdout] 23 |       let result = query_as!(
[INFO] [stdout]    |  __________________^
[INFO] [stdout] 24 | |         ListAllItemsResponse,
[INFO] [stdout] 25 | |         "SELECT id, hash, author, episode, introduce, time, title, url, tag FROM new_rustcc_daily",
[INFO] [stdout] 26 | |     )
[INFO] [stdout]    | |_____^
[INFO] [stdout]    |
[INFO] [stdout]    = note: this error originates in the macro `$crate::sqlx_macros::expand_query` which comes from the expansion of the macro `query_as` (in Nightly builds, run with -Z macro-backtrace for more info)
[INFO] [stdout] 
[INFO] [stdout] 
[INFO] [stdout] error: error communicating with database: Cannot assign requested address (os error 99)
[INFO] [stdout]   --> src/routes/rustcc/query_all.rs:28:18
[INFO] [stdout]    |
[INFO] [stdout] 28 |       let result = query_as!(
[INFO] [stdout]    |  __________________^
[INFO] [stdout] 29 | |         ListAllItemsResponse,
[INFO] [stdout] 30 | |         "SELECT id, hash, author, episode, introduce, time, title, url, tag FROM new_rustcc_daily OFFSET $1 LIMIT $2",
[INFO] [stdout] 31 | |         offset,
[INFO] [stdout] 32 | |         limit
[INFO] [stdout] 33 | |     )
[INFO] [stdout]    | |_____^
[INFO] [stdout]    |
[INFO] [stdout]    = note: this error originates in the macro `$crate::sqlx_macros::expand_query` which comes from the expansion of the macro `query_as` (in Nightly builds, run with -Z macro-backtrace for more info)
[INFO] [stdout] 
[INFO] [stdout] 
[INFO] [stdout] error: error communicating with database: Cannot assign requested address (os error 99)
[INFO] [stdout]   --> src/routes/rustcc/query_all.rs:50:18
[INFO] [stdout]    |
[INFO] [stdout] 50 |       let result = query_as!(
[INFO] [stdout]    |  __________________^
[INFO] [stdout] 51 | |         ListAllItemsResponse,
[INFO] [stdout] 52 | |         "SELECT id, hash, author, episode, introduce, time, title, url, tag FROM new_rustcc_daily ORDER BY time DESC",
[INFO] [stdout] 53 | |     )
[INFO] [stdout]    | |_____^
[INFO] [stdout]    |
[INFO] [stdout]    = note: this error originates in the macro `$crate::sqlx_macros::expand_query` which comes from the expansion of the macro `query_as` (in Nightly builds, run with -Z macro-backtrace for more info)
[INFO] [stdout] 
[INFO] [stdout] 
[INFO] [stdout] error: error communicating with database: Cannot assign requested address (os error 99)
[INFO] [stdout]   --> src/routes/rustcc/query_by_hash.rs:23:23
[INFO] [stdout]    |
[INFO] [stdout] 23 |       let tags_result = query_as!(
[INFO] [stdout]    |  _______________________^
[INFO] [stdout] 24 | |            ListAllItemsResponse,
[INFO] [stdout] 25 | |            "SELECT id, hash, author, episode, introduce, time, title, url, tag FROM new_rustcc_daily WHERE hash = $1",
[INFO] [stdout] 26 | |            query_params.hash,
[INFO] [stdout] 27 | |        )
[INFO] [stdout]    | |________^
[INFO] [stdout]    |
[INFO] [stdout]    = note: this error originates in the macro `$crate::sqlx_macros::expand_query` which comes from the expansion of the macro `query_as` (in Nightly builds, run with -Z macro-backtrace for more info)
[INFO] [stdout] 
[INFO] [stdout] 
[INFO] [stdout] error: error communicating with database: Cannot assign requested address (os error 99)
[INFO] [stdout]   --> src/routes/rustcc/query_all_author.rs:23:18
[INFO] [stdout]    |
[INFO] [stdout] 23 |       let result = query_as!(
[INFO] [stdout]    |  __________________^
[INFO] [stdout] 24 | |         ListAllItemsResponse,
[INFO] [stdout] 25 | |         "SELECT id, hash, author, episode, introduce, time, title, url, tag FROM new_rustcc_daily",
[INFO] [stdout] 26 | |     )
[INFO] [stdout]    | |_____^
[INFO] [stdout]    |
[INFO] [stdout]    = note: this error originates in the macro `$crate::sqlx_macros::expand_query` which comes from the expansion of the macro `query_as` (in Nightly builds, run with -Z macro-backtrace for more info)
[INFO] [stdout] 
[INFO] [stdout] 
[INFO] [stdout] error: error communicating with database: Cannot assign requested address (os error 99)
[INFO] [stdout]   --> src/routes/rustcc/query_by_id.rs:23:23
[INFO] [stdout]    |
[INFO] [stdout] 23 |       let tags_result = query_as!(
[INFO] [stdout]    |  _______________________^
[INFO] [stdout] 24 | |            ListAllItemsResponse,
[INFO] [stdout] 25 | |            "SELECT id, hash, author, episode, introduce, time, title, url, tag FROM new_rustcc_daily WHERE id = $1",
[INFO] [stdout] 26 | |            query_params.id,
[INFO] [stdout] 27 | |        )
[INFO] [stdout]    | |________^
[INFO] [stdout]    |
[INFO] [stdout]    = note: this error originates in the macro `$crate::sqlx_macros::expand_query` which comes from the expansion of the macro `query_as` (in Nightly builds, run with -Z macro-backtrace for more info)
[INFO] [stdout] 
[INFO] [stdout] 
[INFO] [stdout] error: error communicating with database: Cannot assign requested address (os error 99)
[INFO] [stdout]   --> src/routes/rustcc/query_by_hash.rs:23:23
[INFO] [stdout]    |
[INFO] [stdout] 23 |       let tags_result = query_as!(
[INFO] [stdout]    |  _______________________^
[INFO] [stdout] 24 | |            ListAllItemsResponse,
[INFO] [stdout] 25 | |            "SELECT id, hash, author, episode, introduce, time, title, url, tag FROM new_rustcc_daily WHERE hash = $1",
[INFO] [stdout] 26 | |            query_params.hash,
[INFO] [stdout] 27 | |        )
[INFO] [stdout]    | |________^
[INFO] [stdout]    |
[INFO] [stdout]    = note: this error originates in the macro `$crate::sqlx_macros::expand_query` which comes from the expansion of the macro `query_as` (in Nightly builds, run with -Z macro-backtrace for more info)
[INFO] [stdout] 
[INFO] [stdout] 
[INFO] [stdout] error: error communicating with database: Cannot assign requested address (os error 99)
[INFO] [stdout]   --> src/routes/rustcc/query_by_tag.rs:23:23
[INFO] [stdout]    |
[INFO] [stdout] 23 |       let tags_result = query_as!(
[INFO] [stdout]    |  _______________________^
[INFO] [stdout] 24 | |             ListAllItemsResponse,
[INFO] [stdout] 25 | |             "SELECT id, hash, author, episode, introduce, time, title, url, tag FROM new_rustcc_daily WHERE $1 = ANY(tag)",
[INFO] [stdout] 26 | |             &query_params.tag
[INFO] [stdout] 27 | |         )
[INFO] [stdout]    | |_________^
[INFO] [stdout]    |
[INFO] [stdout]    = note: this error originates in the macro `$crate::sqlx_macros::expand_query` which comes from the expansion of the macro `query_as` (in Nightly builds, run with -Z macro-backtrace for more info)
[INFO] [stdout] 
[INFO] [stdout] 
[INFO] [stdout] error: error communicating with database: Cannot assign requested address (os error 99)
[INFO] [stdout]   --> src/routes/rustcc/query_by_id.rs:23:23
[INFO] [stdout]    |
[INFO] [stdout] 23 |       let tags_result = query_as!(
[INFO] [stdout]    |  _______________________^
[INFO] [stdout] 24 | |            ListAllItemsResponse,
[INFO] [stdout] 25 | |            "SELECT id, hash, author, episode, introduce, time, title, url, tag FROM new_rustcc_daily WHERE id = $1",
[INFO] [stdout] 26 | |            query_params.id,
[INFO] [stdout] 27 | |        )
[INFO] [stdout]    | |________^
[INFO] [stdout]    |
[INFO] [stdout]    = note: this error originates in the macro `$crate::sqlx_macros::expand_query` which comes from the expansion of the macro `query_as` (in Nightly builds, run with -Z macro-backtrace for more info)
[INFO] [stdout] 
[INFO] [stdout] 
[INFO] [stdout] error: error communicating with database: Cannot assign requested address (os error 99)
[INFO] [stdout]   --> src/routes/rustcc/query_by_tag.rs:23:23
[INFO] [stdout]    |
[INFO] [stdout] 23 |       let tags_result = query_as!(
[INFO] [stdout]    |  _______________________^
[INFO] [stdout] 24 | |             ListAllItemsResponse,
[INFO] [stdout] 25 | |             "SELECT id, hash, author, episode, introduce, time, title, url, tag FROM new_rustcc_daily WHERE $1 = ANY(tag)",
[INFO] [stdout] 26 | |             &query_params.tag
[INFO] [stdout] 27 | |         )
[INFO] [stdout]    | |_________^
[INFO] [stdout]    |
[INFO] [stdout]    = note: this error originates in the macro `$crate::sqlx_macros::expand_query` which comes from the expansion of the macro `query_as` (in Nightly builds, run with -Z macro-backtrace for more info)
[INFO] [stdout] 
[INFO] [stdout] 
[INFO] [stdout] error: error communicating with database: Cannot assign requested address (os error 99)
[INFO] [stdout]   --> src/routes/rustcc/query_by_time.rs:53:23
[INFO] [stdout]    |
[INFO] [stdout] 53 |       let tags_result = query_as!(
[INFO] [stdout]    |  _______________________^
[INFO] [stdout] 54 | |             ListAllItemsResponse,
[INFO] [stdout] 55 | |             "SELECT id, hash, author, episode, introduce, time, title, url, tag FROM new_rustcc_daily WHERE time = $1",
[INFO] [stdout] 56 | |             &query_params.time
[INFO] [stdout] 57 | |         )
[INFO] [stdout]    | |_________^
[INFO] [stdout]    |
[INFO] [stdout]    = note: this error originates in the macro `$crate::sqlx_macros::expand_query` which comes from the expansion of the macro `query_as` (in Nightly builds, run with -Z macro-backtrace for more info)
[INFO] [stdout] 
[INFO] [stdout] 
[INFO] [stdout] error: error communicating with database: Cannot assign requested address (os error 99)
[INFO] [stdout]   --> src/routes/rustcc/query_latest_news.rs:16:23
[INFO] [stdout]    |
[INFO] [stdout] 16 |       let tags_result = query_as!(
[INFO] [stdout]    |  _______________________^
[INFO] [stdout] 17 | |            ListAllItemsResponse,
[INFO] [stdout] 18 | |            "SELECT id, hash, author, episode, introduce, time, title, url, tag FROM new_rustcc_daily ORDER BY time DESC LIMIT 10",
[INFO] [stdout] 19 | |        )
[INFO] [stdout]    | |________^
[INFO] [stdout]    |
[INFO] [stdout]    = note: this error originates in the macro `$crate::sqlx_macros::expand_query` which comes from the expansion of the macro `query_as` (in Nightly builds, run with -Z macro-backtrace for more info)
[INFO] [stdout] 
[INFO] [stdout] 
[INFO] [stdout] error: error communicating with database: Cannot assign requested address (os error 99)
[INFO] [stdout]   --> src/routes/rustcc/query_latest_news_id.rs:16:18
[INFO] [stdout]    |
[INFO] [stdout] 16 |       let result = query_as!(
[INFO] [stdout]    |  __________________^
[INFO] [stdout] 17 | |         ListAllItemsResponse,
[INFO] [stdout] 18 | |         "SELECT id, hash, author, episode, introduce, time, title, url, tag FROM new_rustcc_daily",
[INFO] [stdout] 19 | |     )
[INFO] [stdout]    | |_____^
[INFO] [stdout]    |
[INFO] [stdout]    = note: this error originates in the macro `$crate::sqlx_macros::expand_query` which comes from the expansion of the macro `query_as` (in Nightly builds, run with -Z macro-backtrace for more info)
[INFO] [stdout] 
[INFO] [stdout] 
[INFO] [stdout] error: error communicating with database: Cannot assign requested address (os error 99)
[INFO] [stdout]   --> src/routes/rustcc/query_by_time.rs:53:23
[INFO] [stdout]    |
[INFO] [stdout] 53 |       let tags_result = query_as!(
[INFO] [stdout]    |  _______________________^
[INFO] [stdout] 54 | |             ListAllItemsResponse,
[INFO] [stdout] 55 | |             "SELECT id, hash, author, episode, introduce, time, title, url, tag FROM new_rustcc_daily WHERE time = $1",
[INFO] [stdout] 56 | |             &query_params.time
[INFO] [stdout] 57 | |         )
[INFO] [stdout]    | |_________^
[INFO] [stdout]    |
[INFO] [stdout]    = note: this error originates in the macro `$crate::sqlx_macros::expand_query` which comes from the expansion of the macro `query_as` (in Nightly builds, run with -Z macro-backtrace for more info)
[INFO] [stdout] 
[INFO] [stdout] 
[INFO] [stdout] error: error communicating with database: Cannot assign requested address (os error 99)
[INFO] [stdout]   --> src/routes/rustcc/query_latest_news.rs:16:23
[INFO] [stdout]    |
[INFO] [stdout] 16 |       let tags_result = query_as!(
[INFO] [stdout]    |  _______________________^
[INFO] [stdout] 17 | |            ListAllItemsResponse,
[INFO] [stdout] 18 | |            "SELECT id, hash, author, episode, introduce, time, title, url, tag FROM new_rustcc_daily ORDER BY time DESC LIMIT 10",
[INFO] [stdout] 19 | |        )
[INFO] [stdout]    | |________^
[INFO] [stdout]    |
[INFO] [stdout]    = note: this error originates in the macro `$crate::sqlx_macros::expand_query` which comes from the expansion of the macro `query_as` (in Nightly builds, run with -Z macro-backtrace for more info)
[INFO] [stdout] 
[INFO] [stdout] 
[INFO] [stdout] error: error communicating with database: Cannot assign requested address (os error 99)
[INFO] [stdout]   --> src/routes/rustcc/query_latest_news_id.rs:16:18
[INFO] [stdout]    |
[INFO] [stdout] 16 |       let result = query_as!(
[INFO] [stdout]    |  __________________^
[INFO] [stdout] 17 | |         ListAllItemsResponse,
[INFO] [stdout] 18 | |         "SELECT id, hash, author, episode, introduce, time, title, url, tag FROM new_rustcc_daily",
[INFO] [stdout] 19 | |     )
[INFO] [stdout]    | |_____^
[INFO] [stdout]    |
[INFO] [stdout]    = note: this error originates in the macro `$crate::sqlx_macros::expand_query` which comes from the expansion of the macro `query_as` (in Nightly builds, run with -Z macro-backtrace for more info)
[INFO] [stdout] 
[INFO] [stdout] 
[INFO] [stdout] error: error communicating with database: Cannot assign requested address (os error 99)
[INFO] [stdout]    --> src/startup.rs:292:27
[INFO] [stdout]     |
[INFO] [stdout] 292 |       let existing_record = sqlx::query!(
[INFO] [stdout]     |  ___________________________^
[INFO] [stdout] 293 | |         "SELECT id FROM new_rebase_daily WHERE hash = $1",
[INFO] [stdout] 294 | |         rebase_daily.hash
[INFO] [stdout] 295 | |     )
[INFO] [stdout]     | |_____^
[INFO] [stdout]     |
[INFO] [stdout]     = note: this error originates in the macro `$crate::sqlx_macros::expand_query` which comes from the expansion of the macro `sqlx::query` (in Nightly builds, run with -Z macro-backtrace for more info)
[INFO] [stdout] 
[INFO] [stdout] 
[INFO] [stdout] error: error communicating with database: Cannot assign requested address (os error 99)
[INFO] [stdout]    --> src/startup.rs:312:26
[INFO] [stdout]     |
[INFO] [stdout] 312 |               let result = sqlx::query!(
[INFO] [stdout]     |  __________________________^
[INFO] [stdout] 313 | |                            r#"
[INFO] [stdout] 314 | |                            INSERT INTO new_rebase_daily (key_id, hash, id, author, episode, introduce, time, title, url, tag)
[INFO] [stdout] 315 | |                            VALUES ($1, $2, $3, $4, $5, $6, $7, $8, $9, $10)
[INFO] [stdout] ...   |
[INFO] [stdout] 326 | |                            &tags // 注意此处使用引用来插入 Vec<String>
[INFO] [stdout] 327 | |                        )
[INFO] [stdout]     | |________________________^
[INFO] [stdout]     |
[INFO] [stdout]     = note: this error originates in the macro `$crate::sqlx_macros::expand_query` which comes from the expansion of the macro `sqlx::query` (in Nightly builds, run with -Z macro-backtrace for more info)
[INFO] [stdout] 
[INFO] [stdout] 
[INFO] [stdout] error: error communicating with database: Cannot assign requested address (os error 99)
[INFO] [stdout]    --> src/startup.rs:292:27
[INFO] [stdout]     |
[INFO] [stdout] 292 |       let existing_record = sqlx::query!(
[INFO] [stdout]     |  ___________________________^
[INFO] [stdout] 293 | |         "SELECT id FROM new_rebase_daily WHERE hash = $1",
[INFO] [stdout] 294 | |         rebase_daily.hash
[INFO] [stdout] 295 | |     )
[INFO] [stdout]     | |_____^
[INFO] [stdout]     |
[INFO] [stdout]     = note: this error originates in the macro `$crate::sqlx_macros::expand_query` which comes from the expansion of the macro `sqlx::query` (in Nightly builds, run with -Z macro-backtrace for more info)
[INFO] [stdout] 
[INFO] [stdout] 
[INFO] [stdout] error: error communicating with database: Cannot assign requested address (os error 99)
[INFO] [stdout]    --> src/startup.rs:362:27
[INFO] [stdout]     |
[INFO] [stdout] 362 |       let existing_record = sqlx::query!(
[INFO] [stdout]     |  ___________________________^
[INFO] [stdout] 363 | |         "SELECT id FROM new_rustcc_daily WHERE hash = $1",
[INFO] [stdout] 364 | |         rebase_daily.hash
[INFO] [stdout] 365 | |     )
[INFO] [stdout]     | |_____^
[INFO] [stdout]     |
[INFO] [stdout]     = note: this error originates in the macro `$crate::sqlx_macros::expand_query` which comes from the expansion of the macro `sqlx::query` (in Nightly builds, run with -Z macro-backtrace for more info)
[INFO] [stdout] 
[INFO] [stdout] 
[INFO] [stdout] error: error communicating with database: Cannot assign requested address (os error 99)
[INFO] [stdout]    --> src/startup.rs:382:26
[INFO] [stdout]     |
[INFO] [stdout] 382 |               let result = sqlx::query!(
[INFO] [stdout]     |  __________________________^
[INFO] [stdout] 383 | |                            r#"
[INFO] [stdout] 384 | |                            INSERT INTO new_rustcc_daily (key_id, hash, id, author, episode, introduce, time, title, url, tag)
[INFO] [stdout] 385 | |                            VALUES ($1, $2, $3, $4, $5, $6, $7, $8, $9, $10)
[INFO] [stdout] ...   |
[INFO] [stdout] 396 | |                            &tags // 注意此处使用引用来插入 Vec<String>
[INFO] [stdout] 397 | |                        )
[INFO] [stdout]     | |________________________^
[INFO] [stdout]     |
[INFO] [stdout]     = note: this error originates in the macro `$crate::sqlx_macros::expand_query` which comes from the expansion of the macro `sqlx::query` (in Nightly builds, run with -Z macro-backtrace for more info)
[INFO] [stdout] 
[INFO] [stdout] 
[INFO] [stdout] error: error communicating with database: Cannot assign requested address (os error 99)
[INFO] [stdout]    --> src/startup.rs:312:26
[INFO] [stdout]     |
[INFO] [stdout] 312 |               let result = sqlx::query!(
[INFO] [stdout]     |  __________________________^
[INFO] [stdout] 313 | |                            r#"
[INFO] [stdout] 314 | |                            INSERT INTO new_rebase_daily (key_id, hash, id, author, episode, introduce, time, title, url, tag)
[INFO] [stdout] 315 | |                            VALUES ($1, $2, $3, $4, $5, $6, $7, $8, $9, $10)
[INFO] [stdout] ...   |
[INFO] [stdout] 326 | |                            &tags // 注意此处使用引用来插入 Vec<String>
[INFO] [stdout] 327 | |                        )
[INFO] [stdout]     | |________________________^
[INFO] [stdout]     |
[INFO] [stdout]     = note: this error originates in the macro `$crate::sqlx_macros::expand_query` which comes from the expansion of the macro `sqlx::query` (in Nightly builds, run with -Z macro-backtrace for more info)
[INFO] [stdout] 
[INFO] [stdout] 
[INFO] [stdout] error: error communicating with database: Cannot assign requested address (os error 99)
[INFO] [stdout]    --> src/startup.rs:362:27
[INFO] [stdout]     |
[INFO] [stdout] 362 |       let existing_record = sqlx::query!(
[INFO] [stdout]     |  ___________________________^
[INFO] [stdout] 363 | |         "SELECT id FROM new_rustcc_daily WHERE hash = $1",
[INFO] [stdout] 364 | |         rebase_daily.hash
[INFO] [stdout] 365 | |     )
[INFO] [stdout]     | |_____^
[INFO] [stdout]     |
[INFO] [stdout]     = note: this error originates in the macro `$crate::sqlx_macros::expand_query` which comes from the expansion of the macro `sqlx::query` (in Nightly builds, run with -Z macro-backtrace for more info)
[INFO] [stdout] 
[INFO] [stdout] 
[INFO] [stdout] error: error communicating with database: Cannot assign requested address (os error 99)
[INFO] [stdout]    --> src/startup.rs:382:26
[INFO] [stdout]     |
[INFO] [stdout] 382 |               let result = sqlx::query!(
[INFO] [stdout]     |  __________________________^
[INFO] [stdout] 383 | |                            r#"
[INFO] [stdout] 384 | |                            INSERT INTO new_rustcc_daily (key_id, hash, id, author, episode, introduce, time, title, url, tag)
[INFO] [stdout] 385 | |                            VALUES ($1, $2, $3, $4, $5, $6, $7, $8, $9, $10)
[INFO] [stdout] ...   |
[INFO] [stdout] 396 | |                            &tags // 注意此处使用引用来插入 Vec<String>
[INFO] [stdout] 397 | |                        )
[INFO] [stdout]     | |________________________^
[INFO] [stdout]     |
[INFO] [stdout]     = note: this error originates in the macro `$crate::sqlx_macros::expand_query` which comes from the expansion of the macro `sqlx::query` (in Nightly builds, run with -Z macro-backtrace for more info)
[INFO] [stdout] 
[INFO] [stdout] 
[INFO] [stdout] warning: unused import: `aion_types::rebase::response::ListAllItemsResponse`
[INFO] [stdout]  --> src/routes/rebase/query_all.rs:2:5
[INFO] [stdout]   |
[INFO] [stdout] 2 | use aion_types::rebase::response::ListAllItemsResponse;
[INFO] [stdout]   |     ^^^^^^^^^^^^^^^^^^^^^^^^^^^^^^^^^^^^^^^^^^^^^^^^^^
[INFO] [stdout]   |
[INFO] [stdout]   = note: `#[warn(unused_imports)]` on by default
[INFO] [stdout] 
[INFO] [stdout] 
[INFO] [stdout] warning: unused import: `aion_types::rebase::response::ListAllItemsResponse`
[INFO] [stdout]  --> src/routes/rebase/query_all_author.rs:2:5
[INFO] [stdout]   |
[INFO] [stdout] 2 | use aion_types::rebase::response::ListAllItemsResponse;
[INFO] [stdout]   |     ^^^^^^^^^^^^^^^^^^^^^^^^^^^^^^^^^^^^^^^^^^^^^^^^^^
[INFO] [stdout] 
[INFO] [stdout] 
[INFO] [stdout] warning: unused import: `aion_types::rebase::response::ListAllItemsResponse`
[INFO] [stdout]  --> src/routes/rebase/query_by_id.rs:2:5
[INFO] [stdout]   |
[INFO] [stdout] 2 | use aion_types::rebase::response::ListAllItemsResponse;
[INFO] [stdout]   |     ^^^^^^^^^^^^^^^^^^^^^^^^^^^^^^^^^^^^^^^^^^^^^^^^^^
[INFO] [stdout] 
[INFO] [stdout] 
[INFO] [stdout] warning: unused import: `aion_types::rebase::response::ListAllItemsResponse`
[INFO] [stdout]  --> src/routes/rebase/query_by_tag.rs:2:5
[INFO] [stdout]   |
[INFO] [stdout] 2 | use aion_types::rebase::response::ListAllItemsResponse;
[INFO] [stdout]   |     ^^^^^^^^^^^^^^^^^^^^^^^^^^^^^^^^^^^^^^^^^^^^^^^^^^
[INFO] [stdout] 
[INFO] [stdout] 
[INFO] [stdout] warning: unused import: `aion_types::rebase::response::ListAllItemsResponse`
[INFO] [stdout]  --> src/routes/rebase/query_by_time.rs:2:5
[INFO] [stdout]   |
[INFO] [stdout] 2 | use aion_types::rebase::response::ListAllItemsResponse;
[INFO] [stdout]   |     ^^^^^^^^^^^^^^^^^^^^^^^^^^^^^^^^^^^^^^^^^^^^^^^^^^
[INFO] [stdout] 
[INFO] [stdout] 
[INFO] [stdout] warning: unused import: `aion_types::rebase::response::ListAllItemsResponse`
[INFO] [stdout]  --> src/routes/rebase/query_latest_news.rs:2:5
[INFO] [stdout]   |
[INFO] [stdout] 2 | use aion_types::rebase::response::ListAllItemsResponse;
[INFO] [stdout]   |     ^^^^^^^^^^^^^^^^^^^^^^^^^^^^^^^^^^^^^^^^^^^^^^^^^^
[INFO] [stdout] 
[INFO] [stdout] 
[INFO] [stdout] warning: unused import: `aion_types::rebase::response::ListAllItemsResponse`
[INFO] [stdout]  --> src/routes/rebase/query_latest_news_id.rs:2:5
[INFO] [stdout]   |
[INFO] [stdout] 2 | use aion_types::rebase::response::ListAllItemsResponse;
[INFO] [stdout]   |     ^^^^^^^^^^^^^^^^^^^^^^^^^^^^^^^^^^^^^^^^^^^^^^^^^^
[INFO] [stdout] 
[INFO] [stdout] 
[INFO] [stdout] warning: unused import: `aion_types::rebase::response::ListAllItemsResponse`
[INFO] [stdout]  --> src/routes/rustcc/query_all.rs:2:5
[INFO] [stdout]   |
[INFO] [stdout] 2 | use aion_types::rebase::response::ListAllItemsResponse;
[INFO] [stdout]   |     ^^^^^^^^^^^^^^^^^^^^^^^^^^^^^^^^^^^^^^^^^^^^^^^^^^
[INFO] [stdout] 
[INFO] [stdout] 
[INFO] [stdout] warning: unused import: `aion_types::rebase::response::ListAllItemsResponse`
[INFO] [stdout]  --> src/routes/rustcc/query_all_author.rs:2:5
[INFO] [stdout]   |
[INFO] [stdout] 2 | use aion_types::rebase::response::ListAllItemsResponse;
[INFO] [stdout]   |     ^^^^^^^^^^^^^^^^^^^^^^^^^^^^^^^^^^^^^^^^^^^^^^^^^^
[INFO] [stdout] 
[INFO] [stdout] 
[INFO] [stdout] warning: unused import: `aion_types::rebase::response::ListAllItemsResponse`
[INFO] [stdout]  --> src/routes/rustcc/query_by_hash.rs:2:5
[INFO] [stdout]   |
[INFO] [stdout] 2 | use aion_types::rebase::response::ListAllItemsResponse;
[INFO] [stdout]   |     ^^^^^^^^^^^^^^^^^^^^^^^^^^^^^^^^^^^^^^^^^^^^^^^^^^
[INFO] [stdout] 
[INFO] [stdout] 
[INFO] [stdout] warning: unused import: `aion_types::rebase::response::ListAllItemsResponse`
[INFO] [stdout]  --> src/routes/rustcc/query_by_id.rs:2:5
[INFO] [stdout]   |
[INFO] [stdout] 2 | use aion_types::rebase::response::ListAllItemsResponse;
[INFO] [stdout]   |     ^^^^^^^^^^^^^^^^^^^^^^^^^^^^^^^^^^^^^^^^^^^^^^^^^^
[INFO] [stdout] 
[INFO] [stdout] 
[INFO] [stdout] warning: unused import: `aion_types::rebase::response::ListAllItemsResponse`
[INFO] [stdout]  --> src/routes/rustcc/query_by_tag.rs:2:5
[INFO] [stdout]   |
[INFO] [stdout] 2 | use aion_types::rebase::response::ListAllItemsResponse;
[INFO] [stdout]   |     ^^^^^^^^^^^^^^^^^^^^^^^^^^^^^^^^^^^^^^^^^^^^^^^^^^
[INFO] [stdout] 
[INFO] [stdout] 
[INFO] [stdout] warning: unused import: `aion_types::rebase::response::ListAllItemsResponse`
[INFO] [stdout]  --> src/routes/rustcc/query_by_time.rs:2:5
[INFO] [stdout]   |
[INFO] [stdout] 2 | use aion_types::rebase::response::ListAllItemsResponse;
[INFO] [stdout]   |     ^^^^^^^^^^^^^^^^^^^^^^^^^^^^^^^^^^^^^^^^^^^^^^^^^^
[INFO] [stdout] 
[INFO] [stdout] 
[INFO] [stdout] warning: unused import: `aion_types::rebase::response::ListAllItemsResponse`
[INFO] [stdout]  --> src/routes/rustcc/query_latest_news.rs:2:5
[INFO] [stdout]   |
[INFO] [stdout] 2 | use aion_types::rebase::response::ListAllItemsResponse;
[INFO] [stdout]   |     ^^^^^^^^^^^^^^^^^^^^^^^^^^^^^^^^^^^^^^^^^^^^^^^^^^
[INFO] [stdout] 
[INFO] [stdout] 
[INFO] [stdout] warning: unused import: `aion_types::rebase::response::ListAllItemsResponse`
[INFO] [stdout]  --> src/routes/rustcc/query_latest_news_id.rs:2:5
[INFO] [stdout]   |
[INFO] [stdout] 2 | use aion_types::rebase::response::ListAllItemsResponse;
[INFO] [stdout]   |     ^^^^^^^^^^^^^^^^^^^^^^^^^^^^^^^^^^^^^^^^^^^^^^^^^^
[INFO] [stdout] 
[INFO] [stdout] 
[INFO] [stdout] error: aborting due to 21 previous errors
[INFO] [stdout] 
[INFO] [stdout] 
[INFO] [stderr] error: could not document `all-in-one-news`
[INFO] [stderr] 
[INFO] [stderr] Caused by:
[INFO] [stderr]   process didn't exit successfully: `/opt/rustwide/rustup-home/toolchains/beta-2023-12-22-x86_64-unknown-linux-gnu/bin/rustdoc --edition=2021 --crate-type lib --crate-name all_in_one_news src/lib.rs -o /opt/rustwide/target/doc --error-format=json --json=diagnostic-rendered-ansi,artifacts,future-incompat --document-private-items -C metadata=e29c17bff3695ad9 -L dependency=/opt/rustwide/target/debug/deps --extern aion_parse=/opt/rustwide/target/debug/deps/libaion_parse-44346f050af8773f.rmeta --extern aion_types=/opt/rustwide/target/debug/deps/libaion_types-81d32ad2622ff1b3.rmeta --extern anyhow=/opt/rustwide/target/debug/deps/libanyhow-d175569fa4968c54.rmeta --extern askama=/opt/rustwide/target/debug/deps/libaskama-44a8b64368d56802.rmeta --extern async_trait=/opt/rustwide/target/debug/deps/libasync_trait-f4439f923c29007b.so --extern axum=/opt/rustwide/target/debug/deps/libaxum-014aad6cfa73d129.rmeta --extern bytes=/opt/rustwide/target/debug/deps/libbytes-c0a5d3e6d3fe5695.rmeta --extern chrono=/opt/rustwide/target/debug/deps/libchrono-40fc38c306da65d2.rmeta --extern config=/opt/rustwide/target/debug/deps/libconfig-aacf4c38c778452e.rmeta --extern http=/opt/rustwide/target/debug/deps/libhttp-fadf270250701bf0.rmeta --extern hyper=/opt/rustwide/target/debug/deps/libhyper-e412ff48dc939d44.rmeta --extern regex=/opt/rustwide/target/debug/deps/libregex-e928e4b612fec519.rmeta --extern reqwest=/opt/rustwide/target/debug/deps/libreqwest-098fc3ce315d13d0.rmeta --extern secrecy=/opt/rustwide/target/debug/deps/libsecrecy-30db435e31e59116.rmeta --extern serde=/opt/rustwide/target/debug/deps/libserde-e7b582d3d7fa5ed7.rmeta --extern serde_aux=/opt/rustwide/target/debug/deps/libserde_aux-f56ac2bf87925099.rmeta --extern sqlx=/opt/rustwide/target/debug/deps/libsqlx-979762d752074af8.rmeta --extern static_assertions=/opt/rustwide/target/debug/deps/libstatic_assertions-c434cabeec96ace4.rmeta --extern thiserror=/opt/rustwide/target/debug/deps/libthiserror-b83032c9172bb3ad.rmeta --extern tokio=/opt/rustwide/target/debug/deps/libtokio-95d3e66d53a545f2.rmeta --extern tower=/opt/rustwide/target/debug/deps/libtower-cdb45f987281ad42.rmeta --extern tower_http=/opt/rustwide/target/debug/deps/libtower_http-23a0f0d8b85228d8.rmeta --extern tracing=/opt/rustwide/target/debug/deps/libtracing-7448cfe3de0914d7.rmeta --extern tracing_bunyan_formatter=/opt/rustwide/target/debug/deps/libtracing_bunyan_formatter-d09375252eb978c4.rmeta --extern tracing_log=/opt/rustwide/target/debug/deps/libtracing_log-ce4400a5ab475f5e.rmeta --extern tracing_subscriber=/opt/rustwide/target/debug/deps/libtracing_subscriber-78329cb027ac2974.rmeta --extern unicode_segmentation=/opt/rustwide/target/debug/deps/libunicode_segmentation-dc03beaff9f70a7a.rmeta --extern utoipa_swagger_ui=/opt/rustwide/target/debug/deps/libutoipa_swagger_ui-1c6acfcdf8ad7a05.rmeta --extern uuid=/opt/rustwide/target/debug/deps/libuuid-57e084a81f45ff67.rmeta --extern validator=/opt/rustwide/target/debug/deps/libvalidator-321459cab5d7d1c7.rmeta --cap-lints=warn --crate-version 0.1.0` (exit status: 1)
[INFO] [stderr] warning: build failed, waiting for other jobs to finish...
[INFO] [stdout] error: aborting due to 21 previous errors; 15 warnings emitted
[INFO] [stdout] 
[INFO] [stdout] 
[INFO] [stderr] error: could not compile `all-in-one-news` (lib) due to 22 previous errors; 15 warnings emitted
[INFO] running `Command { std: "docker" "inspect" "7a817d8c3f15ef41529370e98aedb4c34e0bfc980dad73ebc82ceaf911aa967b", kill_on_drop: false }`
[INFO] running `Command { std: "docker" "rm" "-f" "7a817d8c3f15ef41529370e98aedb4c34e0bfc980dad73ebc82ceaf911aa967b", kill_on_drop: false }`
[INFO] [stdout] 7a817d8c3f15ef41529370e98aedb4c34e0bfc980dad73ebc82ceaf911aa967b
