[INFO] cloning repository https://github.com/DaRealFreak/bns-macros-rs
[INFO] running `Command { std: "git" "-c" "credential.helper=" "-c" "credential.helper=/workspace/cargo-home/bin/git-credential-null" "clone" "--bare" "https://github.com/DaRealFreak/bns-macros-rs" "/workspace/cache/git-repos/https%3A%2F%2Fgithub.com%2FDaRealFreak%2Fbns-macros-rs", kill_on_drop: false }`
[INFO] [stderr] Cloning into bare repository '/workspace/cache/git-repos/https%3A%2F%2Fgithub.com%2FDaRealFreak%2Fbns-macros-rs'...
[INFO] running `Command { std: "git" "rev-parse" "HEAD", kill_on_drop: false }`
[INFO] [stdout] d20093b96b06383bb197f4c269e25306100d807d
[INFO] documenting DaRealFreak/bns-macros-rs against 1.75.0 for beta-1.76-rustdoc-1
[INFO] running `Command { std: "git" "clone" "/workspace/cache/git-repos/https%3A%2F%2Fgithub.com%2FDaRealFreak%2Fbns-macros-rs" "/workspace/builds/worker-4-tc1/source", kill_on_drop: false }`
[INFO] [stderr] Cloning into '/workspace/builds/worker-4-tc1/source'...
[INFO] [stderr] done.
[INFO] validating manifest of git repo https://github.com/DaRealFreak/bns-macros-rs on toolchain 1.75.0
[INFO] running `Command { std: CARGO_HOME="/workspace/cargo-home" RUSTUP_HOME="/workspace/rustup-home" "/workspace/cargo-home/bin/cargo" "+1.75.0" "metadata" "--manifest-path" "Cargo.toml" "--no-deps", kill_on_drop: false }`
[INFO] started tweaking git repo https://github.com/DaRealFreak/bns-macros-rs
[INFO] finished tweaking git repo https://github.com/DaRealFreak/bns-macros-rs
[INFO] tweaked toml for git repo https://github.com/DaRealFreak/bns-macros-rs written to /workspace/builds/worker-4-tc1/source/Cargo.toml
[INFO] crate git repo https://github.com/DaRealFreak/bns-macros-rs already has a lockfile, it will not be regenerated
[INFO] running `Command { std: CARGO_HOME="/workspace/cargo-home" RUSTUP_HOME="/workspace/rustup-home" "/workspace/cargo-home/bin/cargo" "+1.75.0" "fetch" "--manifest-path" "Cargo.toml", kill_on_drop: false }`
[INFO] [stderr] warning: virtual workspace defaulting to `resolver = "1"` despite one or more workspace members being on edition 2021 which implies `resolver = "2"`
[INFO] [stderr] note: to keep the current resolver, specify `workspace.resolver = "1"` in the workspace root's manifest
[INFO] [stderr] note: to use the edition 2021 resolver, specify `workspace.resolver = "2"` in the workspace root's manifest
[INFO] [stderr] note: for more details see https://doc.rust-lang.org/cargo/reference/resolver.html#resolver-versions
[INFO] running `Command { std: "docker" "create" "-v" "/var/lib/crater-agent-workspace/builds/worker-4-tc1/target:/opt/rustwide/target:rw,Z" "-v" "/var/lib/crater-agent-workspace/builds/worker-4-tc1/source:/opt/rustwide/workdir:ro,Z" "-v" "/var/lib/crater-agent-workspace/cargo-home:/opt/rustwide/cargo-home:ro,Z" "-v" "/var/lib/crater-agent-workspace/rustup-home:/opt/rustwide/rustup-home:ro,Z" "-e" "SOURCE_DIR=/opt/rustwide/workdir" "-e" "CARGO_TARGET_DIR=/opt/rustwide/target" "-e" "CARGO_HOME=/opt/rustwide/cargo-home" "-e" "RUSTUP_HOME=/opt/rustwide/rustup-home" "-w" "/opt/rustwide/workdir" "-m" "1610612736" "--user" "0:0" "--network" "none" "ghcr.io/rust-lang/crates-build-env/linux@sha256:2788e3201cd34a07e3172128adcd8b3090168a8e3bcc40d7c032b9dda1df7d1c" "/opt/rustwide/cargo-home/bin/cargo" "+1.75.0" "metadata" "--no-deps" "--format-version=1", kill_on_drop: false }`
[INFO] [stdout] b486c8c6ca7ea5ca65e455f93bd4df4401f94bc11735bf168593f482e1f0438b
[INFO] running `Command { std: "docker" "start" "-a" "b486c8c6ca7ea5ca65e455f93bd4df4401f94bc11735bf168593f482e1f0438b", kill_on_drop: false }`
[INFO] running `Command { std: "docker" "inspect" "b486c8c6ca7ea5ca65e455f93bd4df4401f94bc11735bf168593f482e1f0438b", kill_on_drop: false }`
[INFO] running `Command { std: "docker" "rm" "-f" "b486c8c6ca7ea5ca65e455f93bd4df4401f94bc11735bf168593f482e1f0438b", kill_on_drop: false }`
[INFO] [stdout] b486c8c6ca7ea5ca65e455f93bd4df4401f94bc11735bf168593f482e1f0438b
[INFO] running `Command { std: "docker" "create" "-v" "/var/lib/crater-agent-workspace/builds/worker-4-tc1/target:/opt/rustwide/target:rw,Z" "-v" "/var/lib/crater-agent-workspace/builds/worker-4-tc1/source:/opt/rustwide/workdir:ro,Z" "-v" "/var/lib/crater-agent-workspace/cargo-home:/opt/rustwide/cargo-home:ro,Z" "-v" "/var/lib/crater-agent-workspace/rustup-home:/opt/rustwide/rustup-home:ro,Z" "-e" "SOURCE_DIR=/opt/rustwide/workdir" "-e" "CARGO_TARGET_DIR=/opt/rustwide/target" "-e" "CARGO_INCREMENTAL=0" "-e" "RUST_BACKTRACE=full" "-e" "RUSTFLAGS=--cap-lints=warn" "-e" "RUSTDOCFLAGS=--cap-lints=warn" "-e" "CARGO_HOME=/opt/rustwide/cargo-home" "-e" "RUSTUP_HOME=/opt/rustwide/rustup-home" "-w" "/opt/rustwide/workdir" "-m" "1610612736" "--user" "0:0" "--network" "none" "ghcr.io/rust-lang/crates-build-env/linux@sha256:2788e3201cd34a07e3172128adcd8b3090168a8e3bcc40d7c032b9dda1df7d1c" "/opt/rustwide/cargo-home/bin/cargo" "+1.75.0" "doc" "--frozen" "--no-deps" "--document-private-items" "--message-format=json", kill_on_drop: false }`
[INFO] [stdout] 83a3ddbefd9df323310a835ce75f86888d31365523ced95027062c0bc99d015d
[INFO] running `Command { std: "docker" "start" "-a" "83a3ddbefd9df323310a835ce75f86888d31365523ced95027062c0bc99d015d", kill_on_drop: false }`
[INFO] [stderr] warning: virtual workspace defaulting to `resolver = "1"` despite one or more workspace members being on edition 2021 which implies `resolver = "2"`
[INFO] [stderr] note: to keep the current resolver, specify `workspace.resolver = "1"` in the workspace root's manifest
[INFO] [stderr] note: to use the edition 2021 resolver, specify `workspace.resolver = "2"` in the workspace root's manifest
[INFO] [stderr] note: for more details see https://doc.rust-lang.org/cargo/reference/resolver.html#resolver-versions
[INFO] [stderr] warning: output filename collision.
[INFO] [stderr] The lib target `bns_macros` in package `bns-macros-dll v0.1.0 (/opt/rustwide/workdir/macros-dll)` has the same output filename as the bin target `bns-macros` in package `bns-macros v0.1.0 (/opt/rustwide/workdir/macros)`.
[INFO] [stderr] Colliding filename is: /opt/rustwide/target/doc/bns_macros/index.html
[INFO] [stderr] The output filenames should be unique.
[INFO] [stderr] This is a known bug where multiple crates with the same name use
[INFO] [stderr] the same path; see <https://github.com/rust-lang/cargo/issues/6313>.
[INFO] [stderr] If this looks unexpected, it may be a bug in Cargo. Please file a bug report at
[INFO] [stderr] https://github.com/rust-lang/cargo/issues/ with as much information as you
[INFO] [stderr] can provide.
[INFO] [stderr] cargo 1.75.0 (1d8b05cdd 2023-11-20) running on `x86_64-unknown-linux-gnu` target `x86_64-unknown-linux-gnu`
[INFO] [stderr] First unit: Unit { pkg: Package { id: PackageId { name: "bns-macros-dll", version: "0.1.0", source: "/opt/rustwide/workdir/macros-dll" }, ..: ".." }, target: TargetInner { ..: lib_target("bns_macros", ["dylib"], "/opt/rustwide/workdir/macros-dll/src/lib.rs", Edition2021) }, profile: Profile { incremental: false, ..: default_dev() }, kind: Host, mode: Doc { deps: false }, features: [], artifact: false, artifact_target_for_features: None, is_std: false, dep_hash: 15578413542909846877 }
[INFO] [stderr] Second unit: Unit { pkg: Package { id: PackageId { name: "bns-macros", version: "0.1.0", source: "/opt/rustwide/workdir/macros" }, ..: ".." }, target: TargetInner { name: "bns-macros", doc: true, ..: with_path("/opt/rustwide/workdir/macros/src/main.rs", Edition2021) }, profile: Profile { incremental: false, ..: default_dev() }, kind: Host, mode: Doc { deps: false }, features: [], artifact: false, artifact_target_for_features: None, is_std: false, dep_hash: 9727724726123519827 }
[INFO] [stderr]    Compiling libc v0.2.121
[INFO] [stderr]    Compiling num-traits v0.2.14
[INFO] [stderr]    Compiling num-integer v0.1.44
[INFO] [stderr]     Checking once_cell v1.10.0
[INFO] [stderr]     Checking windows v0.34.0
[INFO] [stderr]     Checking dlv-list v0.3.0
[INFO] [stderr]    Compiling log v0.4.16
[INFO] [stderr]    Compiling bns-macros v0.1.0 (/opt/rustwide/workdir/macros)
[INFO] [stderr]    Compiling bns-poharan v0.1.0 (/opt/rustwide/workdir/bots/poharan)
[INFO] [stderr]    Compiling ahash v0.7.6
[INFO] [stderr]     Checking time v0.1.44
[INFO] [stderr]     Checking getrandom v0.2.5
[INFO] [stderr]     Checking chrono v0.4.19
[INFO] [stderr]     Checking hashbrown v0.12.0
[INFO] [stdout] error[E0433]: failed to resolve: could not find `windows` in `os`
[INFO] [stdout]   --> /opt/rustwide/cargo-home/registry/src/index.crates.io-6f17d22bba15001f/windows-0.34.0/src/core/pcwstr.rs:59:24
[INFO] [stdout]    |
[INFO] [stdout] 59 |         use ::std::os::windows::ffi::OsStrExt;
[INFO] [stdout]    |                        ^^^^^^^ could not find `windows` in `os`
[INFO] [stdout] 
[INFO] [stdout] 
[INFO] [stderr]     Checking ordered-multimap v0.4.3
[INFO] [stderr]     Checking simplelog v0.11.2
[INFO] [stderr]     Checking rust-ini v0.18.0
[INFO] [stdout] error[E0599]: no method named `encode_wide` found for reference `&OsStr` in the current scope
[INFO] [stdout]   --> /opt/rustwide/cargo-home/registry/src/index.crates.io-6f17d22bba15001f/windows-0.34.0/src/core/pcwstr.rs:60:71
[INFO] [stdout]    |
[INFO] [stdout] 60 | ...   Param::Boxed(PCWSTR(alloc::boxed::Box::<[u16]>::into_raw(self.encode_wide().chain(::core::iter::once(0)).collect::<alloc::vec::Vec<...
[INFO] [stdout]    |                                                                     ^^^^^^^^^^^ method not found in `&OsStr`
[INFO] [stdout] 
[INFO] [stdout] 
[INFO] [stdout] error: aborting due to 2 previous errors
[INFO] [stdout] 
[INFO] [stdout] 
[INFO] [stdout] Some errors have detailed explanations: E0433, E0599.
[INFO] [stdout] 
[INFO] [stdout] For more information about an error, try `rustc --explain E0433`.
[INFO] [stdout] 
[INFO] [stderr] error: could not compile `windows` (lib) due to 3 previous errors
[INFO] running `Command { std: "docker" "inspect" "83a3ddbefd9df323310a835ce75f86888d31365523ced95027062c0bc99d015d", kill_on_drop: false }`
[INFO] running `Command { std: "docker" "rm" "-f" "83a3ddbefd9df323310a835ce75f86888d31365523ced95027062c0bc99d015d", kill_on_drop: false }`
[INFO] [stdout] 83a3ddbefd9df323310a835ce75f86888d31365523ced95027062c0bc99d015d
[INFO] documenting DaRealFreak/bns-macros-rs against beta-2023-12-22 for beta-1.76-rustdoc-1
[INFO] running `Command { std: "git" "clone" "/workspace/cache/git-repos/https%3A%2F%2Fgithub.com%2FDaRealFreak%2Fbns-macros-rs" "/workspace/builds/worker-4-tc2/source", kill_on_drop: false }`
[INFO] [stderr] Cloning into '/workspace/builds/worker-4-tc2/source'...
[INFO] [stderr] done.
[INFO] validating manifest of git repo https://github.com/DaRealFreak/bns-macros-rs on toolchain beta-2023-12-22
[INFO] running `Command { std: CARGO_HOME="/workspace/cargo-home" RUSTUP_HOME="/workspace/rustup-home" "/workspace/cargo-home/bin/cargo" "+beta-2023-12-22" "metadata" "--manifest-path" "Cargo.toml" "--no-deps", kill_on_drop: false }`
[INFO] started tweaking git repo https://github.com/DaRealFreak/bns-macros-rs
[INFO] finished tweaking git repo https://github.com/DaRealFreak/bns-macros-rs
[INFO] tweaked toml for git repo https://github.com/DaRealFreak/bns-macros-rs written to /workspace/builds/worker-4-tc2/source/Cargo.toml
[INFO] crate git repo https://github.com/DaRealFreak/bns-macros-rs already has a lockfile, it will not be regenerated
[INFO] running `Command { std: CARGO_HOME="/workspace/cargo-home" RUSTUP_HOME="/workspace/rustup-home" "/workspace/cargo-home/bin/cargo" "+beta-2023-12-22" "fetch" "--manifest-path" "Cargo.toml", kill_on_drop: false }`
[INFO] [stderr] warning: virtual workspace defaulting to `resolver = "1"` despite one or more workspace members being on edition 2021 which implies `resolver = "2"`
[INFO] [stderr] note: to keep the current resolver, specify `workspace.resolver = "1"` in the workspace root's manifest
[INFO] [stderr] note: to use the edition 2021 resolver, specify `workspace.resolver = "2"` in the workspace root's manifest
[INFO] [stderr] note: for more details see https://doc.rust-lang.org/cargo/reference/resolver.html#resolver-versions
[INFO] running `Command { std: "docker" "create" "-v" "/var/lib/crater-agent-workspace/builds/worker-4-tc2/target:/opt/rustwide/target:rw,Z" "-v" "/var/lib/crater-agent-workspace/builds/worker-4-tc2/source:/opt/rustwide/workdir:ro,Z" "-v" "/var/lib/crater-agent-workspace/cargo-home:/opt/rustwide/cargo-home:ro,Z" "-v" "/var/lib/crater-agent-workspace/rustup-home:/opt/rustwide/rustup-home:ro,Z" "-e" "SOURCE_DIR=/opt/rustwide/workdir" "-e" "CARGO_TARGET_DIR=/opt/rustwide/target" "-e" "CARGO_HOME=/opt/rustwide/cargo-home" "-e" "RUSTUP_HOME=/opt/rustwide/rustup-home" "-w" "/opt/rustwide/workdir" "-m" "1610612736" "--user" "0:0" "--network" "none" "ghcr.io/rust-lang/crates-build-env/linux@sha256:2788e3201cd34a07e3172128adcd8b3090168a8e3bcc40d7c032b9dda1df7d1c" "/opt/rustwide/cargo-home/bin/cargo" "+beta-2023-12-22" "metadata" "--no-deps" "--format-version=1", kill_on_drop: false }`
[INFO] [stdout] 892ade4ce5cd132e1f26e17dc1d4633a478b157f7e1d6d0f12720e99781e3afd
[INFO] running `Command { std: "docker" "start" "-a" "892ade4ce5cd132e1f26e17dc1d4633a478b157f7e1d6d0f12720e99781e3afd", kill_on_drop: false }`
[INFO] running `Command { std: "docker" "inspect" "892ade4ce5cd132e1f26e17dc1d4633a478b157f7e1d6d0f12720e99781e3afd", kill_on_drop: false }`
[INFO] running `Command { std: "docker" "rm" "-f" "892ade4ce5cd132e1f26e17dc1d4633a478b157f7e1d6d0f12720e99781e3afd", kill_on_drop: false }`
[INFO] [stdout] 892ade4ce5cd132e1f26e17dc1d4633a478b157f7e1d6d0f12720e99781e3afd
[INFO] running `Command { std: "docker" "create" "-v" "/var/lib/crater-agent-workspace/builds/worker-4-tc2/target:/opt/rustwide/target:rw,Z" "-v" "/var/lib/crater-agent-workspace/builds/worker-4-tc2/source:/opt/rustwide/workdir:ro,Z" "-v" "/var/lib/crater-agent-workspace/cargo-home:/opt/rustwide/cargo-home:ro,Z" "-v" "/var/lib/crater-agent-workspace/rustup-home:/opt/rustwide/rustup-home:ro,Z" "-e" "SOURCE_DIR=/opt/rustwide/workdir" "-e" "CARGO_TARGET_DIR=/opt/rustwide/target" "-e" "CARGO_INCREMENTAL=0" "-e" "RUST_BACKTRACE=full" "-e" "RUSTFLAGS=--cap-lints=warn" "-e" "RUSTDOCFLAGS=--cap-lints=warn" "-e" "CARGO_HOME=/opt/rustwide/cargo-home" "-e" "RUSTUP_HOME=/opt/rustwide/rustup-home" "-w" "/opt/rustwide/workdir" "-m" "1610612736" "--user" "0:0" "--network" "none" "ghcr.io/rust-lang/crates-build-env/linux@sha256:2788e3201cd34a07e3172128adcd8b3090168a8e3bcc40d7c032b9dda1df7d1c" "/opt/rustwide/cargo-home/bin/cargo" "+beta-2023-12-22" "doc" "--frozen" "--no-deps" "--document-private-items" "--message-format=json", kill_on_drop: false }`
[INFO] [stdout] d46e4b27d27178a7d98ec76c9031fbd2caac82f5a272baab05b1401341632a84
[INFO] running `Command { std: "docker" "start" "-a" "d46e4b27d27178a7d98ec76c9031fbd2caac82f5a272baab05b1401341632a84", kill_on_drop: false }`
[INFO] [stderr] warning: virtual workspace defaulting to `resolver = "1"` despite one or more workspace members being on edition 2021 which implies `resolver = "2"`
[INFO] [stderr] note: to keep the current resolver, specify `workspace.resolver = "1"` in the workspace root's manifest
[INFO] [stderr] note: to use the edition 2021 resolver, specify `workspace.resolver = "2"` in the workspace root's manifest
[INFO] [stderr] note: for more details see https://doc.rust-lang.org/cargo/reference/resolver.html#resolver-versions
[INFO] [stderr] warning: output filename collision.
[INFO] [stderr] The lib target `bns_macros` in package `bns-macros-dll v0.1.0 (/opt/rustwide/workdir/macros-dll)` has the same output filename as the bin target `bns-macros` in package `bns-macros v0.1.0 (/opt/rustwide/workdir/macros)`.
[INFO] [stderr] Colliding filename is: /opt/rustwide/target/doc/bns_macros/index.html
[INFO] [stderr] The output filenames should be unique.
[INFO] [stderr] This is a known bug where multiple crates with the same name use
[INFO] [stderr] the same path; see <https://github.com/rust-lang/cargo/issues/6313>.
[INFO] [stderr] If this looks unexpected, it may be a bug in Cargo. Please file a bug report at
[INFO] [stderr] https://github.com/rust-lang/cargo/issues/ with as much information as you
[INFO] [stderr] can provide.
[INFO] [stderr] cargo 1.76.0-beta.1 (1a2666ddd 2023-12-17) running on `x86_64-unknown-linux-gnu` target `x86_64-unknown-linux-gnu`
[INFO] [stderr] First unit: Unit { pkg: Package { id: PackageId { name: "bns-macros-dll", version: "0.1.0", source: "/opt/rustwide/workdir/macros-dll" }, ..: ".." }, target: TargetInner { ..: lib_target("bns_macros", ["dylib"], "/opt/rustwide/workdir/macros-dll/src/lib.rs", Edition2021) }, profile: Profile { incremental: false, ..: default_dev() }, kind: Host, mode: Doc { deps: false }, features: [], artifact: false, artifact_target_for_features: None, is_std: false, dep_hash: 3017907712332633321 }
[INFO] [stderr] Second unit: Unit { pkg: Package { id: PackageId { name: "bns-macros", version: "0.1.0", source: "/opt/rustwide/workdir/macros" }, ..: ".." }, target: TargetInner { name: "bns-macros", doc: true, ..: with_path("/opt/rustwide/workdir/macros/src/main.rs", Edition2021) }, profile: Profile { incremental: false, ..: default_dev() }, kind: Host, mode: Doc { deps: false }, features: [], artifact: false, artifact_target_for_features: None, is_std: false, dep_hash: 2616195250421360193 }
[INFO] [stderr]    Compiling libc v0.2.121
[INFO] [stderr]     Checking once_cell v1.10.0
[INFO] [stderr]     Checking windows v0.34.0
[INFO] [stderr]     Checking dlv-list v0.3.0
[INFO] [stderr]    Compiling log v0.4.16
[INFO] [stderr]    Compiling bns-poharan v0.1.0 (/opt/rustwide/workdir/bots/poharan)
[INFO] [stderr]    Compiling bns-macros v0.1.0 (/opt/rustwide/workdir/macros)
[INFO] [stderr]    Compiling num-traits v0.2.14
[INFO] [stderr]    Compiling num-integer v0.1.44
[INFO] [stderr]    Compiling ahash v0.7.6
[INFO] [stderr]     Checking time v0.1.44
[INFO] [stderr]     Checking getrandom v0.2.5
[INFO] [stdout] error[E0433]: failed to resolve: could not find `windows` in `os`
[INFO] [stdout]   --> /opt/rustwide/cargo-home/registry/src/index.crates.io-6f17d22bba15001f/windows-0.34.0/src/core/pcwstr.rs:59:24
[INFO] [stdout]    |
[INFO] [stdout] 59 |         use ::std::os::windows::ffi::OsStrExt;
[INFO] [stdout]    |                        ^^^^^^^ could not find `windows` in `os`
[INFO] [stdout] 
[INFO] [stdout] 
[INFO] [stderr]     Checking hashbrown v0.12.0
[INFO] [stderr]     Checking chrono v0.4.19
[INFO] [stderr]     Checking ordered-multimap v0.4.3
[INFO] [stderr]     Checking rust-ini v0.18.0
[INFO] [stderr]     Checking simplelog v0.11.2
[INFO] [stdout] error[E0599]: no method named `encode_wide` found for reference `&OsStr` in the current scope
[INFO] [stdout]   --> /opt/rustwide/cargo-home/registry/src/index.crates.io-6f17d22bba15001f/windows-0.34.0/src/core/pcwstr.rs:60:71
[INFO] [stdout]    |
[INFO] [stdout] 60 | ...   Param::Boxed(PCWSTR(alloc::boxed::Box::<[u16]>::into_raw(self.encode_wide().chain(::core::iter::once(0)).collect::<alloc::vec::Vec<...
[INFO] [stdout]    |                                                                     ^^^^^^^^^^^ method not found in `&OsStr`
[INFO] [stdout] 
[INFO] [stdout] 
[INFO] [stdout] error: aborting due to 2 previous errors
[INFO] [stdout] 
[INFO] [stdout] 
[INFO] [stdout] Some errors have detailed explanations: E0433, E0599.
[INFO] [stdout] 
[INFO] [stdout] For more information about an error, try `rustc --explain E0433`.
[INFO] [stdout] 
[INFO] [stderr] error: could not compile `windows` (lib) due to 3 previous errors
[INFO] running `Command { std: "docker" "inspect" "d46e4b27d27178a7d98ec76c9031fbd2caac82f5a272baab05b1401341632a84", kill_on_drop: false }`
[INFO] running `Command { std: "docker" "rm" "-f" "d46e4b27d27178a7d98ec76c9031fbd2caac82f5a272baab05b1401341632a84", kill_on_drop: false }`
[INFO] [stdout] d46e4b27d27178a7d98ec76c9031fbd2caac82f5a272baab05b1401341632a84
