[INFO] cloning repository https://github.com/DLC-link/dlc-stack
[INFO] running `Command { std: "git" "-c" "credential.helper=" "-c" "credential.helper=/workspace/cargo-home/bin/git-credential-null" "clone" "--bare" "https://github.com/DLC-link/dlc-stack" "/workspace/cache/git-repos/https%3A%2F%2Fgithub.com%2FDLC-link%2Fdlc-stack", kill_on_drop: false }`
[INFO] [stderr] Cloning into bare repository '/workspace/cache/git-repos/https%3A%2F%2Fgithub.com%2FDLC-link%2Fdlc-stack'...
[INFO] running `Command { std: "git" "rev-parse" "HEAD", kill_on_drop: false }`
[INFO] [stdout] 42396cde3cde3087221cb616fa605f4a511a359b
[INFO] documenting DLC-link/dlc-stack against 1.75.0 for beta-1.76-rustdoc-1
[INFO] running `Command { std: "git" "clone" "/workspace/cache/git-repos/https%3A%2F%2Fgithub.com%2FDLC-link%2Fdlc-stack" "/workspace/builds/worker-5-tc1/source", kill_on_drop: false }`
[INFO] [stderr] Cloning into '/workspace/builds/worker-5-tc1/source'...
[INFO] [stderr] done.
[INFO] validating manifest of git repo https://github.com/DLC-link/dlc-stack on toolchain 1.75.0
[INFO] running `Command { std: CARGO_HOME="/workspace/cargo-home" RUSTUP_HOME="/workspace/rustup-home" "/workspace/cargo-home/bin/cargo" "+1.75.0" "metadata" "--manifest-path" "Cargo.toml" "--no-deps", kill_on_drop: false }`
[INFO] started tweaking git repo https://github.com/DLC-link/dlc-stack
[INFO] finished tweaking git repo https://github.com/DLC-link/dlc-stack
[INFO] tweaked toml for git repo https://github.com/DLC-link/dlc-stack written to /workspace/builds/worker-5-tc1/source/Cargo.toml
[INFO] crate git repo https://github.com/DLC-link/dlc-stack already has a lockfile, it will not be regenerated
[INFO] running `Command { std: CARGO_HOME="/workspace/cargo-home" RUSTUP_HOME="/workspace/rustup-home" "/workspace/cargo-home/bin/cargo" "+1.75.0" "fetch" "--manifest-path" "Cargo.toml", kill_on_drop: false }`
[INFO] [stderr] warning: profiles for the non root package will be ignored, specify profiles at the workspace root:
[INFO] [stderr] package:   /workspace/builds/worker-5-tc1/source/wasm-wallet/Cargo.toml
[INFO] [stderr] workspace: /workspace/builds/worker-5-tc1/source/Cargo.toml
[INFO] [stderr] warning: virtual workspace defaulting to `resolver = "1"` despite one or more workspace members being on edition 2021 which implies `resolver = "2"`
[INFO] [stderr] note: to keep the current resolver, specify `workspace.resolver = "1"` in the workspace root's manifest
[INFO] [stderr] note: to use the edition 2021 resolver, specify `workspace.resolver = "2"` in the workspace root's manifest
[INFO] [stderr] note: for more details see https://doc.rust-lang.org/cargo/reference/resolver.html#resolver-versions
[INFO] [stderr]     Updating git repository `https://github.com/dlc-link/rust-dlc`
[INFO] [stderr]     Updating crates.io index
[INFO] [stderr]     Updating git repository `https://github.com/p2pderivatives/rust-bitcoin-coin-selection`
[INFO] [stderr]  Downloading crates ...
[INFO] [stderr]   Downloaded secp256k1 v0.28.0
[INFO] [stderr]   Downloaded bdk-macros v0.6.0
[INFO] [stderr]   Downloaded esplora-client v0.4.0
[INFO] [stderr]   Downloaded mockito v1.2.0
[INFO] [stderr]   Downloaded diesel_derives v2.1.1
[INFO] [stderr]   Downloaded bdk v0.28.2
[INFO] [stderr]   Downloaded diesel v2.1.1
[INFO] [stderr]   Downloaded secp256k1-sys v0.9.0
[INFO] [stderr]   Downloaded lightning v0.0.116
[INFO] [stderr]   Downloaded miniscript v10.0.0
[INFO] running `Command { std: "docker" "create" "-v" "/var/lib/crater-agent-workspace/builds/worker-5-tc1/target:/opt/rustwide/target:rw,Z" "-v" "/var/lib/crater-agent-workspace/builds/worker-5-tc1/source:/opt/rustwide/workdir:ro,Z" "-v" "/var/lib/crater-agent-workspace/cargo-home:/opt/rustwide/cargo-home:ro,Z" "-v" "/var/lib/crater-agent-workspace/rustup-home:/opt/rustwide/rustup-home:ro,Z" "-e" "SOURCE_DIR=/opt/rustwide/workdir" "-e" "CARGO_TARGET_DIR=/opt/rustwide/target" "-e" "CARGO_HOME=/opt/rustwide/cargo-home" "-e" "RUSTUP_HOME=/opt/rustwide/rustup-home" "-w" "/opt/rustwide/workdir" "-m" "1610612736" "--user" "0:0" "--network" "none" "ghcr.io/rust-lang/crates-build-env/linux@sha256:2788e3201cd34a07e3172128adcd8b3090168a8e3bcc40d7c032b9dda1df7d1c" "/opt/rustwide/cargo-home/bin/cargo" "+1.75.0" "metadata" "--no-deps" "--format-version=1", kill_on_drop: false }`
[INFO] [stdout] 25604ff8c0b2093546a0bb0756fd9c3691fbbfa26971fc7d940b2d3f795e5b35
[INFO] running `Command { std: "docker" "start" "-a" "25604ff8c0b2093546a0bb0756fd9c3691fbbfa26971fc7d940b2d3f795e5b35", kill_on_drop: false }`
[INFO] running `Command { std: "docker" "inspect" "25604ff8c0b2093546a0bb0756fd9c3691fbbfa26971fc7d940b2d3f795e5b35", kill_on_drop: false }`
[INFO] running `Command { std: "docker" "rm" "-f" "25604ff8c0b2093546a0bb0756fd9c3691fbbfa26971fc7d940b2d3f795e5b35", kill_on_drop: false }`
[INFO] [stdout] 25604ff8c0b2093546a0bb0756fd9c3691fbbfa26971fc7d940b2d3f795e5b35
[INFO] running `Command { std: "docker" "create" "-v" "/var/lib/crater-agent-workspace/builds/worker-5-tc1/target:/opt/rustwide/target:rw,Z" "-v" "/var/lib/crater-agent-workspace/builds/worker-5-tc1/source:/opt/rustwide/workdir:ro,Z" "-v" "/var/lib/crater-agent-workspace/cargo-home:/opt/rustwide/cargo-home:ro,Z" "-v" "/var/lib/crater-agent-workspace/rustup-home:/opt/rustwide/rustup-home:ro,Z" "-e" "SOURCE_DIR=/opt/rustwide/workdir" "-e" "CARGO_TARGET_DIR=/opt/rustwide/target" "-e" "CARGO_INCREMENTAL=0" "-e" "RUST_BACKTRACE=full" "-e" "RUSTFLAGS=--cap-lints=warn" "-e" "RUSTDOCFLAGS=--cap-lints=warn" "-e" "CARGO_HOME=/opt/rustwide/cargo-home" "-e" "RUSTUP_HOME=/opt/rustwide/rustup-home" "-w" "/opt/rustwide/workdir" "-m" "1610612736" "--user" "0:0" "--network" "none" "ghcr.io/rust-lang/crates-build-env/linux@sha256:2788e3201cd34a07e3172128adcd8b3090168a8e3bcc40d7c032b9dda1df7d1c" "/opt/rustwide/cargo-home/bin/cargo" "+1.75.0" "doc" "--frozen" "--no-deps" "--document-private-items" "--message-format=json", kill_on_drop: false }`
[INFO] [stdout] 5e0088d99aaa726d783ce027feba1f5e49ca28daef28913f3a9e7efb550c4d07
[INFO] running `Command { std: "docker" "start" "-a" "5e0088d99aaa726d783ce027feba1f5e49ca28daef28913f3a9e7efb550c4d07", kill_on_drop: false }`
[INFO] [stderr] warning: profiles for the non root package will be ignored, specify profiles at the workspace root:
[INFO] [stderr] package:   /opt/rustwide/workdir/wasm-wallet/Cargo.toml
[INFO] [stderr] workspace: /opt/rustwide/workdir/Cargo.toml
[INFO] [stderr] warning: virtual workspace defaulting to `resolver = "1"` despite one or more workspace members being on edition 2021 which implies `resolver = "2"`
[INFO] [stderr] note: to keep the current resolver, specify `workspace.resolver = "1"` in the workspace root's manifest
[INFO] [stderr] note: to use the edition 2021 resolver, specify `workspace.resolver = "2"` in the workspace root's manifest
[INFO] [stderr] note: for more details see https://doc.rust-lang.org/cargo/reference/resolver.html#resolver-versions
[INFO] [stderr]    Compiling libc v0.2.149
[INFO] [stderr]     Checking smallvec v1.11.0
[INFO] [stderr]    Compiling lock_api v0.4.10
[INFO] [stderr]    Compiling parking_lot_core v0.9.8
[INFO] [stderr]    Compiling quote v1.0.33
[INFO] [stderr]     Checking memchr v2.6.3
[INFO] [stderr]     Checking bytes v1.4.0
[INFO] [stderr]     Checking bitflags v2.4.0
[INFO] [stderr]     Checking tracing-core v0.1.31
[INFO] [stderr]    Compiling once_cell v1.18.0
[INFO] [stderr]    Compiling syn v2.0.31
[INFO] [stderr]    Compiling serde_json v1.0.108
[INFO] [stderr]    Compiling indexmap v1.9.3
[INFO] [stderr]     Checking http v0.2.9
[INFO] [stderr]     Checking bech32 v0.9.1
[INFO] [stderr]    Compiling log v0.4.20
[INFO] [stderr]     Checking hashbrown v0.12.3
[INFO] [stderr]    Compiling vcpkg v0.2.15
[INFO] [stderr]     Checking percent-encoding v2.3.0
[INFO] [stderr]     Checking base64 v0.13.1
[INFO] [stderr]    Compiling wasm-bindgen-shared v0.2.87
[INFO] [stderr]     Checking form_urlencoded v1.2.0
[INFO] [stderr]     Checking foreign-types-shared v0.1.1
[INFO] [stderr]     Checking untrusted v0.7.1
[INFO] [stderr]     Checking spin v0.5.2
[INFO] [stderr]     Checking base64 v0.21.3
[INFO] [stderr]    Compiling openssl v0.10.57
[INFO] [stderr]     Checking unicode-bidi v0.3.13
[INFO] [stderr]     Checking foreign-types v0.3.2
[INFO] [stderr]    Compiling native-tls v0.2.11
[INFO] [stderr]    Compiling bumpalo v3.13.0
[INFO] [stderr]     Checking idna v0.4.0
[INFO] [stderr]    Compiling rustls v0.21.8
[INFO] [stderr]     Checking http-body v0.4.5
[INFO] [stderr]    Compiling async-trait v0.1.73
[INFO] [stderr]    Compiling thiserror v1.0.48
[INFO] [stderr]    Compiling wasm-bindgen v0.2.87
[INFO] [stderr]     Checking getrandom v0.2.10
[INFO] [stderr]    Compiling jobserver v0.1.26
[INFO] [stderr]     Checking parking_lot v0.12.1
[INFO] [stderr]     Checking rand_core v0.6.4
[INFO] [stderr]     Checking num_cpus v1.16.0
[INFO] [stderr]     Checking signal-hook-registry v1.4.1
[INFO] [stderr]     Checking mio v0.8.8
[INFO] [stderr]     Checking socket2 v0.5.3
[INFO] [stderr]     Checking rand_chacha v0.3.1
[INFO] [stderr]    Compiling cc v1.0.83
[INFO] [stderr]     Checking url v2.4.1
[INFO] [stderr]     Checking socket2 v0.4.9
[INFO] [stderr]     Checking rand v0.8.5
[INFO] [stderr]     Checking byteorder v1.4.3
[INFO] [stderr]     Checking either v1.9.0
[INFO] [stderr]     Checking rustls-pemfile v1.0.3
[INFO] [stderr]     Checking ipnet v2.8.0
[INFO] [stderr]     Checking webpki-roots v0.25.2
[INFO] [stderr]    Compiling bitcoin-private v0.1.0
[INFO] [stderr]    Compiling syn v1.0.109
[INFO] [stderr]    Compiling crossbeam-utils v0.8.16
[INFO] [stderr]    Compiling parking_lot_core v0.8.6
[INFO] [stderr]     Checking instant v0.1.12
[INFO] [stderr]    Compiling crossbeam-epoch v0.9.15
[INFO] [stderr]    Compiling hex_lit v0.1.1
[INFO] [stderr]    Compiling bitcoin v0.30.1
[INFO] [stderr]     Checking parking_lot v0.11.2
[INFO] [stderr]     Checking fxhash v0.2.1
[INFO] [stderr]     Checking fs2 v0.4.3
[INFO] [stderr]     Checking aho-corasick v1.0.5
[INFO] [stderr]     Checking regex-syntax v0.7.5
[INFO] [stderr]    Compiling hashbrown v0.14.0
[INFO] [stderr]     Checking sled v0.34.7
[INFO] [stderr]    Compiling indexmap v2.0.0
[INFO] [stderr]    Compiling secp256k1-sys v0.6.1
[INFO] [stderr]    Compiling openssl-sys v0.9.92
[INFO] [stderr]    Compiling ring v0.17.5
[INFO] [stderr]    Compiling secp256k1-zkp-sys v0.7.0
[INFO] [stderr]    Compiling ring v0.16.20
[INFO] [stderr]    Compiling wasm-bindgen-backend v0.2.87
[INFO] [stderr]    Compiling secp256k1-sys v0.8.1
[INFO] [stderr]     Checking regex-automata v0.3.8
[INFO] [stderr]    Compiling darling_core v0.20.3
[INFO] [stderr]    Compiling wasm-bindgen-macro-support v0.2.87
[INFO] [stderr]    Compiling winnow v0.5.15
[INFO] [stderr]    Compiling serde_derive v1.0.193
[INFO] [stderr]    Compiling tokio-macros v2.1.0
[INFO] [stderr]    Compiling tracing-attributes v0.1.26
[INFO] [stderr]    Compiling futures-macro v0.3.29
[INFO] [stderr]     Checking tokio v1.33.0
[INFO] [stderr]    Compiling openssl-macros v0.1.1
[INFO] [stderr]    Compiling thiserror-impl v1.0.48
[INFO] [stderr]     Checking futures-util v0.3.29
[INFO] [stderr]    Compiling wasm-bindgen-macro v0.2.87
[INFO] [stderr]     Checking sct v0.7.0
[INFO] [stderr]     Checking tracing v0.1.37
[INFO] [stderr]    Compiling bdk-macros v0.6.0
[INFO] [stderr]    Compiling darling_macro v0.20.3
[INFO] [stderr]     Checking regex v1.9.5
[INFO] [stderr]     Checking rust-bitcoin-coin-selection v0.1.0 (https://github.com/p2pderivatives/rust-bitcoin-coin-selection?rev=4054519#40545192)
[INFO] [stderr]    Compiling typenum v1.16.0
[INFO] [stderr]    Compiling pq-sys v0.4.8
[INFO] [stderr]    Compiling darling v0.20.3
[INFO] [stderr]    Compiling diesel_table_macro_syntax v0.1.0
[INFO] [stderr]     Checking scheduled-thread-pool v0.2.7
[INFO] [stderr]    Compiling num-traits v0.2.16
[INFO] [stderr]     Checking r2d2 v0.8.10
[INFO] [stderr]    Compiling diesel_derives v2.1.1
[INFO] [stderr]    Compiling serde_with_macros v3.4.0
[INFO] [stderr]     Checking futures-executor v0.3.28
[INFO] [stderr]     Checking futures v0.3.28
[INFO] [stderr]    Compiling zstd-sys v2.0.8+zstd.1.5.5
[INFO] [stderr]     Checking generic-array v0.14.7
[INFO] [stderr]     Checking serde v1.0.193
[INFO] [stderr]     Checking tokio-util v0.7.8
[INFO] [stderr]     Checking tokio-socks v0.5.1
[INFO] [stderr]     Checking tokio-native-tls v0.3.1
[INFO] [stderr]     Checking atty v0.2.14
[INFO] [stderr]     Checking time v0.1.45
[INFO] [stderr]     Checking h2 v0.3.21
[INFO] [stderr]     Checking iana-time-zone v0.1.57
[INFO] [stderr]     Checking termcolor v1.2.0
[INFO] [stderr]    Compiling zstd-safe v6.0.6
[INFO] [stderr]     Checking local-waker v0.1.3
[INFO] [stderr]    Compiling time-core v0.1.1
[INFO] [stderr]     Checking quick-error v1.2.3
[INFO] [stderr]     Checking humantime v1.3.0
[INFO] [stderr]    Compiling time-macros v0.2.14
[INFO] [stderr]     Checking bitcoin_hashes v0.11.0
[INFO] [stderr]     Checking serde_urlencoded v0.7.1
[INFO] [stderr]     Checking bitcoin_hashes v0.12.0
[INFO] [stderr]     Checking bip39 v2.0.0
[INFO] [stderr]    Compiling toml_datetime v0.6.3
[INFO] [stderr]    Compiling serde_spanned v0.6.3
[INFO] [stderr]    Compiling toml_edit v0.19.14
[INFO] [stderr]     Checking hyper v0.14.27
[INFO] [stderr]     Checking serde_with v3.4.0
[INFO] [stderr]     Checking js-sys v0.3.64
[INFO] [stderr]     Checking chrono v0.4.28
[INFO] [stderr]    Compiling toml v0.7.6
[INFO] [stderr]    Compiling migrations_internals v2.1.0
[INFO] [stderr]     Checking deranged v0.3.8
[INFO] [stderr]     Checking crypto-common v0.1.6
[INFO] [stderr]     Checking block-buffer v0.10.4
[INFO] [stderr]    Compiling actix-macros v0.2.4
[INFO] [stderr]    Compiling ahash v0.8.3
[INFO] [stderr]     Checking web-sys v0.3.64
[INFO] [stderr]    Compiling pin-project-lite v0.2.13
[INFO] [stderr]     Checking overload v0.1.1
[INFO] [stderr]    Compiling itoa v1.0.9
[INFO] [stderr]     Checking diesel v2.1.1
[INFO] [stderr]     Checking nu-ansi-term v0.46.0
[INFO] [stderr]    Compiling migrations_macros v2.1.0
[INFO] [stderr]     Checking actix-rt v2.9.0
[INFO] [stderr]     Checking env_logger v0.9.3
[INFO] [stderr]     Checking time v0.3.28
[INFO] [stderr]     Checking digest v0.10.7
[INFO] [stderr]     Checking hyper-tls v0.5.0
[INFO] [stderr]     Checking actix-service v2.0.2
[INFO] [stderr]     Checking brotli-decompressor v2.3.4
[INFO] [stderr]     Checking env_logger v0.7.1
[INFO] [stderr]    Compiling bytestring v1.3.0
[INFO] [stderr]     Checking tracing-log v0.1.3
[INFO] [stderr]     Checking sharded-slab v0.1.4
[INFO] [stderr]     Checking actix-utils v3.0.1
[INFO] [stderr]     Checking thread_local v1.1.7
[INFO] [stderr]     Checking cpufeatures v0.2.9
[INFO] [stderr]    Compiling convert_case v0.4.0
[INFO] [stderr]     Checking actix-codec v0.5.1
[INFO] [stderr]     Checking sha1 v0.10.5
[INFO] [stderr]    Compiling actix-router v0.5.1
[INFO] [stderr]     Checking pretty_env_logger v0.4.0
[INFO] [stderr]    Compiling derive_more v0.99.17
[INFO] [stderr]     Checking tracing-subscriber v0.3.17
[INFO] [stderr]     Checking brotli v3.3.4
[INFO] [stderr]     Checking flate2 v1.0.27
[INFO] [stderr]     Checking local-channel v0.1.3
[INFO] [stderr]    Compiling secp256k1-sys v0.9.0
[INFO] [stderr]     Checking http-body v1.0.0-rc.2
[INFO] [stderr]     Checking language-tags v0.3.2
[INFO] [stderr]     Checking cookie v0.16.2
[INFO] [stderr]    Compiling actix-web-codegen v4.2.2
[INFO] [stderr]     Checking actix-server v2.3.0
[INFO] [stderr]     Checking serde-wasm-bindgen v0.4.5
[INFO] [stderr]     Checking wasm-bindgen-futures v0.4.37
[INFO] [stderr]     Checking console_error_panic_hook v0.1.7
[INFO] [stderr]    Compiling displaydoc v0.2.4
[INFO] [stderr]     Checking dotenv v0.15.0
[INFO] [stderr]     Checking secp256k1 v0.24.3
[INFO] [stderr]     Checking bitcoin v0.29.2
[INFO] [stderr]     Checking secp256k1 v0.27.0
[INFO] [stderr]     Checking secp256k1 v0.28.0
[INFO] [stderr]     Checking secp256k1-zkp v0.7.0
[INFO] [stderr]     Checking miniscript v9.0.2
[INFO] [stderr]     Checking lightning v0.0.116
[INFO] [stderr]     Checking rustls-webpki v0.101.7
[INFO] [stderr]     Checking zstd v0.12.4
[INFO] [stderr]     Checking actix-http v3.4.0
[INFO] [stderr]     Checking dlc v0.4.0 (https://github.com/dlc-link/rust-dlc?rev=c55e128#c55e128d)
[INFO] [stderr]     Checking dlc-trie v0.4.0 (https://github.com/dlc-link/rust-dlc?rev=c55e128#c55e128d)
[INFO] [stderr]     Checking miniscript v10.0.0
[INFO] [stderr]     Checking actix-web v4.4.0
[INFO] [stderr]     Checking tokio-rustls v0.24.1
[INFO] [stderr]     Checking hyper-rustls v0.24.1
[INFO] [stderr]     Checking reqwest v0.11.20
[INFO] [stderr]     Checking esplora-client v0.4.0
[INFO] [stderr]     Checking bdk v0.28.2
[INFO] [stderr]     Checking actix-cors v0.6.4
[INFO] [stderr]     Checking diesel_migrations v2.1.0
[INFO] [stderr]     Checking dlc-storage-common v0.1.0 (/opt/rustwide/workdir/storage/common)
[INFO] [stderr]  Documenting dlc-storage-common v0.1.0 (/opt/rustwide/workdir/storage/common)
[INFO] [stderr]     Checking dlc-storage-reader v0.1.0 (/opt/rustwide/workdir/storage/reader)
[INFO] [stderr]     Checking dlc-storage-writer v0.1.0 (/opt/rustwide/workdir/storage/writer)
[INFO] [stderr]  Documenting dlc-storage-reader v0.1.0 (/opt/rustwide/workdir/storage/reader)
[INFO] [stderr]  Documenting dlc-storage-writer v0.1.0 (/opt/rustwide/workdir/storage/writer)
[INFO] [stderr]  Documenting dlc-storage-api v0.1.0 (/opt/rustwide/workdir/storage/api)
[INFO] [stderr]     Checking dlc-messages v0.4.0 (https://github.com/dlc-link/rust-dlc?rev=c55e128#c55e128d)
[INFO] [stderr]     Checking dlc-manager v0.4.0 (https://github.com/dlc-link/rust-dlc?rev=c55e128#c55e128d)
[INFO] [stderr]     Checking dlc-link-manager v0.4.0 (/opt/rustwide/workdir/dlc-link-manager)
[INFO] [stderr]     Checking js-interface-wallet v0.1.0 (/opt/rustwide/workdir/js-interface-wallet)
[INFO] [stderr]     Checking dlc-wallet v0.1.0 (/opt/rustwide/workdir/dlc-wallet)
[INFO] [stderr]  Documenting dlc-wallet v0.1.0 (/opt/rustwide/workdir/dlc-wallet)
[INFO] [stderr]  Documenting js-interface-wallet v0.1.0 (/opt/rustwide/workdir/js-interface-wallet)
[INFO] [stderr]  Documenting dlc-link-manager v0.4.0 (/opt/rustwide/workdir/dlc-link-manager)
[INFO] [stdout] error[E0554]: `#![feature]` may not be used on the stable release channel
[INFO] [stdout]  --> dlc-link-manager/src/lib.rs:1:1
[INFO] [stdout]   |
[INFO] [stdout] 1 | #![feature(async_fn_in_trait)]
[INFO] [stdout]   | ^^^^^^^^^^^^^^^^^^^^^^^^^^^^^^ help: remove the attribute
[INFO] [stdout]   |
[INFO] [stdout]   = help: the feature `async_fn_in_trait` has been stable since `1.75.0` and no longer requires an attribute to enable
[INFO] [stdout] 
[INFO] [stdout] 
[INFO] [stdout] error[E0554]: `#![feature]` may not be used on the stable release channel
[INFO] [stdout]  --> dlc-link-manager/src/lib.rs:1:1
[INFO] [stdout]   |
[INFO] [stdout] 1 | #![feature(async_fn_in_trait)]
[INFO] [stdout]   | ^^^^^^^^^^^^^^^^^^^^^^^^^^^^^^ help: remove the attribute
[INFO] [stdout]   |
[INFO] [stdout]   = help: the feature `async_fn_in_trait` has been stable since `1.75.0` and no longer requires an attribute to enable
[INFO] [stdout] 
[INFO] [stdout] 
[INFO] [stdout] warning: the feature `async_fn_in_trait` has been stable since 1.75.0 and no longer requires an attribute to enable
[INFO] [stdout]  --> dlc-link-manager/src/lib.rs:1:12
[INFO] [stdout]   |
[INFO] [stdout] 1 | #![feature(async_fn_in_trait)]
[INFO] [stdout]   |            ^^^^^^^^^^^^^^^^^
[INFO] [stdout]   |
[INFO] [stdout]   = note: `#[warn(stable_features)]` on by default
[INFO] [stdout] 
[INFO] [stdout] 
[INFO] [stdout] error: aborting due to previous error
[INFO] [stdout] 
[INFO] [stdout] 
[INFO] [stdout] For more information about this error, try `rustc --explain E0554`.
[INFO] [stdout] 
[INFO] [stderr] error: could not document `dlc-link-manager`
[INFO] [stderr] 
[INFO] [stderr] Caused by:
[INFO] [stderr]   process didn't exit successfully: `/opt/rustwide/rustup-home/toolchains/1.75.0-x86_64-unknown-linux-gnu/bin/rustdoc --edition=2018 --crate-type lib --crate-name dlc_link_manager dlc-link-manager/src/lib.rs -o /opt/rustwide/target/doc --error-format=json --json=diagnostic-rendered-ansi,artifacts,future-incompat --document-private-items -C metadata=721488a07c0b5d70 -L dependency=/opt/rustwide/target/debug/deps --extern bitcoin=/opt/rustwide/target/debug/deps/libbitcoin-51d10071a771c2f7.rmeta --extern dlc=/opt/rustwide/target/debug/deps/libdlc-59bbe796ba9cf316.rmeta --extern dlc_manager=/opt/rustwide/target/debug/deps/libdlc_manager-985d4ace4f32df49.rmeta --extern dlc_messages=/opt/rustwide/target/debug/deps/libdlc_messages-db6b958cc36a3473.rmeta --extern futures=/opt/rustwide/target/debug/deps/libfutures-75d4341d5944ca93.rmeta --extern lightning=/opt/rustwide/target/debug/deps/liblightning-a89ecacf0a5e2342.rmeta --extern log=/opt/rustwide/target/debug/deps/liblog-adcbaf8a98132d5a.rmeta --extern reqwest=/opt/rustwide/target/debug/deps/libreqwest-5916d2307097a4ab.rmeta --extern secp256k1_zkp=/opt/rustwide/target/debug/deps/libsecp256k1_zkp-b46b70ce2abae786.rmeta --extern serde_json=/opt/rustwide/target/debug/deps/libserde_json-31b944f5ff3c5a6a.rmeta --extern web_sys=/opt/rustwide/target/debug/deps/libweb_sys-7762ec502e36a354.rmeta --cap-lints=warn --crate-version 0.4.0` (exit status: 1)
[INFO] [stderr] warning: build failed, waiting for other jobs to finish...
[INFO] [stdout] error: aborting due to previous error; 1 warning emitted
[INFO] [stdout] 
[INFO] [stdout] 
[INFO] [stdout] For more information about this error, try `rustc --explain E0554`.
[INFO] [stdout] 
[INFO] [stderr] error: could not compile `dlc-link-manager` (lib) due to 2 previous errors; 1 warning emitted
[INFO] running `Command { std: "docker" "inspect" "5e0088d99aaa726d783ce027feba1f5e49ca28daef28913f3a9e7efb550c4d07", kill_on_drop: false }`
[INFO] running `Command { std: "docker" "rm" "-f" "5e0088d99aaa726d783ce027feba1f5e49ca28daef28913f3a9e7efb550c4d07", kill_on_drop: false }`
[INFO] [stdout] 5e0088d99aaa726d783ce027feba1f5e49ca28daef28913f3a9e7efb550c4d07
[INFO] documenting DLC-link/dlc-stack against beta-2023-12-22 for beta-1.76-rustdoc-1
[INFO] running `Command { std: "git" "clone" "/workspace/cache/git-repos/https%3A%2F%2Fgithub.com%2FDLC-link%2Fdlc-stack" "/workspace/builds/worker-5-tc2/source", kill_on_drop: false }`
[INFO] [stderr] Cloning into '/workspace/builds/worker-5-tc2/source'...
[INFO] [stderr] done.
[INFO] validating manifest of git repo https://github.com/DLC-link/dlc-stack on toolchain beta-2023-12-22
[INFO] running `Command { std: CARGO_HOME="/workspace/cargo-home" RUSTUP_HOME="/workspace/rustup-home" "/workspace/cargo-home/bin/cargo" "+beta-2023-12-22" "metadata" "--manifest-path" "Cargo.toml" "--no-deps", kill_on_drop: false }`
[INFO] started tweaking git repo https://github.com/DLC-link/dlc-stack
[INFO] finished tweaking git repo https://github.com/DLC-link/dlc-stack
[INFO] tweaked toml for git repo https://github.com/DLC-link/dlc-stack written to /workspace/builds/worker-5-tc2/source/Cargo.toml
[INFO] crate git repo https://github.com/DLC-link/dlc-stack already has a lockfile, it will not be regenerated
[INFO] running `Command { std: CARGO_HOME="/workspace/cargo-home" RUSTUP_HOME="/workspace/rustup-home" "/workspace/cargo-home/bin/cargo" "+beta-2023-12-22" "fetch" "--manifest-path" "Cargo.toml", kill_on_drop: false }`
[INFO] [stderr] warning: profiles for the non root package will be ignored, specify profiles at the workspace root:
[INFO] [stderr] package:   /workspace/builds/worker-5-tc2/source/wasm-wallet/Cargo.toml
[INFO] [stderr] workspace: /workspace/builds/worker-5-tc2/source/Cargo.toml
[INFO] [stderr] warning: virtual workspace defaulting to `resolver = "1"` despite one or more workspace members being on edition 2021 which implies `resolver = "2"`
[INFO] [stderr] note: to keep the current resolver, specify `workspace.resolver = "1"` in the workspace root's manifest
[INFO] [stderr] note: to use the edition 2021 resolver, specify `workspace.resolver = "2"` in the workspace root's manifest
[INFO] [stderr] note: for more details see https://doc.rust-lang.org/cargo/reference/resolver.html#resolver-versions
[INFO] running `Command { std: "docker" "create" "-v" "/var/lib/crater-agent-workspace/builds/worker-5-tc2/target:/opt/rustwide/target:rw,Z" "-v" "/var/lib/crater-agent-workspace/builds/worker-5-tc2/source:/opt/rustwide/workdir:ro,Z" "-v" "/var/lib/crater-agent-workspace/cargo-home:/opt/rustwide/cargo-home:ro,Z" "-v" "/var/lib/crater-agent-workspace/rustup-home:/opt/rustwide/rustup-home:ro,Z" "-e" "SOURCE_DIR=/opt/rustwide/workdir" "-e" "CARGO_TARGET_DIR=/opt/rustwide/target" "-e" "CARGO_HOME=/opt/rustwide/cargo-home" "-e" "RUSTUP_HOME=/opt/rustwide/rustup-home" "-w" "/opt/rustwide/workdir" "-m" "1610612736" "--user" "0:0" "--network" "none" "ghcr.io/rust-lang/crates-build-env/linux@sha256:2788e3201cd34a07e3172128adcd8b3090168a8e3bcc40d7c032b9dda1df7d1c" "/opt/rustwide/cargo-home/bin/cargo" "+beta-2023-12-22" "metadata" "--no-deps" "--format-version=1", kill_on_drop: false }`
[INFO] [stdout] d61e461f49db33717d1a3630228f008ebc165729388310371e96c1ba4605e97c
[INFO] running `Command { std: "docker" "start" "-a" "d61e461f49db33717d1a3630228f008ebc165729388310371e96c1ba4605e97c", kill_on_drop: false }`
[INFO] running `Command { std: "docker" "inspect" "d61e461f49db33717d1a3630228f008ebc165729388310371e96c1ba4605e97c", kill_on_drop: false }`
[INFO] running `Command { std: "docker" "rm" "-f" "d61e461f49db33717d1a3630228f008ebc165729388310371e96c1ba4605e97c", kill_on_drop: false }`
[INFO] [stdout] d61e461f49db33717d1a3630228f008ebc165729388310371e96c1ba4605e97c
[INFO] running `Command { std: "docker" "create" "-v" "/var/lib/crater-agent-workspace/builds/worker-5-tc2/target:/opt/rustwide/target:rw,Z" "-v" "/var/lib/crater-agent-workspace/builds/worker-5-tc2/source:/opt/rustwide/workdir:ro,Z" "-v" "/var/lib/crater-agent-workspace/cargo-home:/opt/rustwide/cargo-home:ro,Z" "-v" "/var/lib/crater-agent-workspace/rustup-home:/opt/rustwide/rustup-home:ro,Z" "-e" "SOURCE_DIR=/opt/rustwide/workdir" "-e" "CARGO_TARGET_DIR=/opt/rustwide/target" "-e" "CARGO_INCREMENTAL=0" "-e" "RUST_BACKTRACE=full" "-e" "RUSTFLAGS=--cap-lints=warn" "-e" "RUSTDOCFLAGS=--cap-lints=warn" "-e" "CARGO_HOME=/opt/rustwide/cargo-home" "-e" "RUSTUP_HOME=/opt/rustwide/rustup-home" "-w" "/opt/rustwide/workdir" "-m" "1610612736" "--user" "0:0" "--network" "none" "ghcr.io/rust-lang/crates-build-env/linux@sha256:2788e3201cd34a07e3172128adcd8b3090168a8e3bcc40d7c032b9dda1df7d1c" "/opt/rustwide/cargo-home/bin/cargo" "+beta-2023-12-22" "doc" "--frozen" "--no-deps" "--document-private-items" "--message-format=json", kill_on_drop: false }`
[INFO] [stdout] a64c897b2183f0cd4b8969a9528cf5fa70d09f9ee0f4c2c92fec803c3b9c8b6f
[INFO] running `Command { std: "docker" "start" "-a" "a64c897b2183f0cd4b8969a9528cf5fa70d09f9ee0f4c2c92fec803c3b9c8b6f", kill_on_drop: false }`
[INFO] [stderr] warning: profiles for the non root package will be ignored, specify profiles at the workspace root:
[INFO] [stderr] package:   /opt/rustwide/workdir/wasm-wallet/Cargo.toml
[INFO] [stderr] workspace: /opt/rustwide/workdir/Cargo.toml
[INFO] [stderr] warning: virtual workspace defaulting to `resolver = "1"` despite one or more workspace members being on edition 2021 which implies `resolver = "2"`
[INFO] [stderr] note: to keep the current resolver, specify `workspace.resolver = "1"` in the workspace root's manifest
[INFO] [stderr] note: to use the edition 2021 resolver, specify `workspace.resolver = "2"` in the workspace root's manifest
[INFO] [stderr] note: for more details see https://doc.rust-lang.org/cargo/reference/resolver.html#resolver-versions
[INFO] [stderr]    Compiling libc v0.2.149
[INFO] [stderr]     Checking smallvec v1.11.0
[INFO] [stderr]    Compiling lock_api v0.4.10
[INFO] [stderr]    Compiling parking_lot_core v0.9.8
[INFO] [stderr]    Compiling quote v1.0.33
[INFO] [stderr]     Checking memchr v2.6.3
[INFO] [stderr]     Checking bytes v1.4.0
[INFO] [stderr]     Checking bitflags v2.4.0
[INFO] [stderr]     Checking tracing-core v0.1.31
[INFO] [stderr]    Compiling serde_json v1.0.108
[INFO] [stderr]    Compiling syn v2.0.31
[INFO] [stderr]    Compiling once_cell v1.18.0
[INFO] [stderr]     Checking http v0.2.9
[INFO] [stderr]    Compiling indexmap v1.9.3
[INFO] [stderr]    Compiling log v0.4.20
[INFO] [stderr]     Checking bech32 v0.9.1
[INFO] [stderr]     Checking hashbrown v0.12.3
[INFO] [stderr]    Compiling vcpkg v0.2.15
[INFO] [stderr]     Checking base64 v0.13.1
[INFO] [stderr]     Checking percent-encoding v2.3.0
[INFO] [stderr]    Compiling wasm-bindgen-shared v0.2.87
[INFO] [stderr]     Checking form_urlencoded v1.2.0
[INFO] [stderr]     Checking spin v0.5.2
[INFO] [stderr]     Checking untrusted v0.7.1
[INFO] [stderr]    Compiling openssl v0.10.57
[INFO] [stderr]     Checking base64 v0.21.3
[INFO] [stderr]     Checking unicode-bidi v0.3.13
[INFO] [stderr]     Checking foreign-types-shared v0.1.1
[INFO] [stderr]     Checking foreign-types v0.3.2
[INFO] [stderr]    Compiling bumpalo v3.13.0
[INFO] [stderr]     Checking idna v0.4.0
[INFO] [stderr]    Compiling native-tls v0.2.11
[INFO] [stderr]    Compiling rustls v0.21.8
[INFO] [stderr]     Checking http-body v0.4.5
[INFO] [stderr]     Checking getrandom v0.2.10
[INFO] [stderr]     Checking mio v0.8.8
[INFO] [stderr]     Checking signal-hook-registry v1.4.1
[INFO] [stderr]     Checking num_cpus v1.16.0
[INFO] [stderr]     Checking rand_core v0.6.4
[INFO] [stderr]    Compiling jobserver v0.1.26
[INFO] [stderr]     Checking parking_lot v0.12.1
[INFO] [stderr]     Checking socket2 v0.5.3
[INFO] [stderr]     Checking url v2.4.1
[INFO] [stderr]     Checking rand_chacha v0.3.1
[INFO] [stderr]     Checking socket2 v0.4.9
[INFO] [stderr]    Compiling cc v1.0.83
[INFO] [stderr]    Compiling async-trait v0.1.73
[INFO] [stderr]     Checking rand v0.8.5
[INFO] [stderr]    Compiling thiserror v1.0.48
[INFO] [stderr]    Compiling wasm-bindgen v0.2.87
[INFO] [stderr]     Checking byteorder v1.4.3
[INFO] [stderr]     Checking either v1.9.0
[INFO] [stderr]     Checking rustls-pemfile v1.0.3
[INFO] [stderr]     Checking ipnet v2.8.0
[INFO] [stderr]     Checking webpki-roots v0.25.2
[INFO] [stderr]    Compiling bitcoin-private v0.1.0
[INFO] [stderr]    Compiling syn v1.0.109
[INFO] [stderr]    Compiling crossbeam-utils v0.8.16
[INFO] [stderr]    Compiling parking_lot_core v0.8.6
[INFO] [stderr]    Compiling crossbeam-epoch v0.9.15
[INFO] [stderr]     Checking instant v0.1.12
[INFO] [stderr]    Compiling hex_lit v0.1.1
[INFO] [stderr]    Compiling bitcoin v0.30.1
[INFO] [stderr]     Checking fxhash v0.2.1
[INFO] [stderr]     Checking parking_lot v0.11.2
[INFO] [stderr]     Checking fs2 v0.4.3
[INFO] [stderr]     Checking aho-corasick v1.0.5
[INFO] [stderr]    Compiling hashbrown v0.14.0
[INFO] [stderr]     Checking regex-syntax v0.7.5
[INFO] [stderr]     Checking sled v0.34.7
[INFO] [stderr]    Compiling secp256k1-sys v0.6.1
[INFO] [stderr]    Compiling openssl-sys v0.9.92
[INFO] [stderr]    Compiling ring v0.17.5
[INFO] [stderr]    Compiling secp256k1-zkp-sys v0.7.0
[INFO] [stderr]    Compiling ring v0.16.20
[INFO] [stderr]    Compiling secp256k1-sys v0.8.1
[INFO] [stderr]    Compiling wasm-bindgen-backend v0.2.87
[INFO] [stderr]     Checking regex-automata v0.3.8
[INFO] [stderr]    Compiling darling_core v0.20.3
[INFO] [stderr]    Compiling indexmap v2.0.0
[INFO] [stderr]    Compiling wasm-bindgen-macro-support v0.2.87
[INFO] [stderr]    Compiling winnow v0.5.15
[INFO] [stderr]     Checking rust-bitcoin-coin-selection v0.1.0 (https://github.com/p2pderivatives/rust-bitcoin-coin-selection?rev=4054519#40545192)
[INFO] [stderr]    Compiling typenum v1.16.0
[INFO] [stderr]    Compiling pq-sys v0.4.8
[INFO] [stderr]     Checking regex v1.9.5
[INFO] [stderr]    Compiling diesel_table_macro_syntax v0.1.0
[INFO] [stderr]    Compiling serde_derive v1.0.193
[INFO] [stderr]    Compiling tokio-macros v2.1.0
[INFO] [stderr]    Compiling tracing-attributes v0.1.26
[INFO] [stderr]    Compiling futures-macro v0.3.29
[INFO] [stderr]    Compiling openssl-macros v0.1.1
[INFO] [stderr]     Checking sct v0.7.0
[INFO] [stderr]    Compiling thiserror-impl v1.0.48
[INFO] [stderr]     Checking tokio v1.33.0
[INFO] [stderr]    Compiling wasm-bindgen-macro v0.2.87
[INFO] [stderr]     Checking futures-util v0.3.29
[INFO] [stderr]    Compiling bdk-macros v0.6.0
[INFO] [stderr]     Checking tracing v0.1.37
[INFO] [stderr]    Compiling darling_macro v0.20.3
[INFO] [stderr]     Checking scheduled-thread-pool v0.2.7
[INFO] [stderr]    Compiling num-traits v0.2.16
[INFO] [stderr]     Checking r2d2 v0.8.10
[INFO] [stderr]    Compiling diesel_derives v2.1.1
[INFO] [stderr]    Compiling darling v0.20.3
[INFO] [stderr]    Compiling serde_with_macros v3.4.0
[INFO] [stderr]    Compiling zstd-sys v2.0.8+zstd.1.5.5
[INFO] [stderr]     Checking generic-array v0.14.7
[INFO] [stderr]     Checking futures-executor v0.3.28
[INFO] [stderr]     Checking time v0.1.45
[INFO] [stderr]     Checking futures v0.3.28
[INFO] [stderr]     Checking atty v0.2.14
[INFO] [stderr]     Checking iana-time-zone v0.1.57
[INFO] [stderr]     Checking termcolor v1.2.0
[INFO] [stderr]     Checking tokio-util v0.7.8
[INFO] [stderr]     Checking serde v1.0.193
[INFO] [stderr]     Checking tokio-native-tls v0.3.1
[INFO] [stderr]     Checking tokio-socks v0.5.1
[INFO] [stderr]     Checking quick-error v1.2.3
[INFO] [stderr]    Compiling time-core v0.1.1
[INFO] [stderr]     Checking h2 v0.3.21
[INFO] [stderr]    Compiling zstd-safe v6.0.6
[INFO] [stderr]     Checking local-waker v0.1.3
[INFO] [stderr]    Compiling time-macros v0.2.14
[INFO] [stderr]     Checking humantime v1.3.0
[INFO] [stderr]     Checking block-buffer v0.10.4
[INFO] [stderr]     Checking crypto-common v0.1.6
[INFO] [stderr]    Compiling actix-macros v0.2.4
[INFO] [stderr]    Compiling ahash v0.8.3
[INFO] [stderr]     Checking bitcoin_hashes v0.11.0
[INFO] [stderr]     Checking serde_urlencoded v0.7.1
[INFO] [stderr]     Checking bitcoin_hashes v0.12.0
[INFO] [stderr]    Compiling serde_spanned v0.6.3
[INFO] [stderr]    Compiling toml_datetime v0.6.3
[INFO] [stderr]    Compiling toml_edit v0.19.14
[INFO] [stderr]     Checking bip39 v2.0.0
[INFO] [stderr]     Checking serde_with v3.4.0
[INFO] [stderr]     Checking js-sys v0.3.64
[INFO] [stderr]     Checking chrono v0.4.28
[INFO] [stderr]     Checking hyper v0.14.27
[INFO] [stderr]     Checking deranged v0.3.8
[INFO] [stderr]     Checking toml v0.7.6
[INFO] [stderr]     Checking migrations_internals v2.1.0
[INFO] [stderr]     Checking web-sys v0.3.64
[INFO] [stderr]     Checking overload v0.1.1
[INFO] [stderr]    Compiling pin-project-lite v0.2.13
[INFO] [stderr]    Compiling itoa v1.0.9
[INFO] [stderr]     Checking env_logger v0.9.3
[INFO] [stderr]     Checking diesel v2.1.1
[INFO] [stderr]     Checking time v0.3.28
[INFO] [stderr]     Checking nu-ansi-term v0.46.0
[INFO] [stderr]    Compiling migrations_macros v2.1.0
[INFO] [stderr]     Checking actix-rt v2.9.0
[INFO] [stderr]     Checking digest v0.10.7
[INFO] [stderr]     Checking actix-service v2.0.2
[INFO] [stderr]     Checking env_logger v0.7.1
[INFO] [stderr]     Checking brotli-decompressor v2.3.4
[INFO] [stderr]     Checking actix-utils v3.0.1
[INFO] [stderr]    Compiling bytestring v1.3.0
[INFO] [stderr]     Checking hyper-tls v0.5.0
[INFO] [stderr]     Checking tracing-log v0.1.3
[INFO] [stderr]     Checking sharded-slab v0.1.4
[INFO] [stderr]     Checking thread_local v1.1.7
[INFO] [stderr]     Checking cpufeatures v0.2.9
[INFO] [stderr]    Compiling convert_case v0.4.0
[INFO] [stderr]     Checking sha1 v0.10.5
[INFO] [stderr]     Checking actix-codec v0.5.1
[INFO] [stderr]    Compiling actix-router v0.5.1
[INFO] [stderr]     Checking pretty_env_logger v0.4.0
[INFO] [stderr]     Checking flate2 v1.0.27
[INFO] [stderr]     Checking local-channel v0.1.3
[INFO] [stderr]     Checking tracing-subscriber v0.3.17
[INFO] [stderr]    Compiling secp256k1-sys v0.9.0
[INFO] [stderr]     Checking http-body v1.0.0-rc.2
[INFO] [stderr]    Compiling derive_more v0.99.17
[INFO] [stderr]     Checking brotli v3.3.4
[INFO] [stderr]     Checking language-tags v0.3.2
[INFO] [stderr]     Checking cookie v0.16.2
[INFO] [stderr]    Compiling actix-web-codegen v4.2.2
[INFO] [stderr]     Checking actix-server v2.3.0
[INFO] [stderr]     Checking serde-wasm-bindgen v0.4.5
[INFO] [stderr]     Checking wasm-bindgen-futures v0.4.37
[INFO] [stderr]     Checking console_error_panic_hook v0.1.7
[INFO] [stderr]    Compiling displaydoc v0.2.4
[INFO] [stderr]     Checking dotenv v0.15.0
[INFO] [stderr]     Checking secp256k1 v0.24.3
[INFO] [stderr]     Checking bitcoin v0.29.2
[INFO] [stderr]     Checking secp256k1 v0.27.0
[INFO] [stderr]     Checking secp256k1 v0.28.0
[INFO] [stderr]     Checking secp256k1-zkp v0.7.0
[INFO] [stderr]     Checking miniscript v9.0.2
[INFO] [stderr]     Checking lightning v0.0.116
[INFO] [stderr]     Checking rustls-webpki v0.101.7
[INFO] [stderr]     Checking zstd v0.12.4
[INFO] [stderr]     Checking actix-http v3.4.0
[INFO] [stderr]     Checking dlc v0.4.0 (https://github.com/dlc-link/rust-dlc?rev=c55e128#c55e128d)
[INFO] [stderr]     Checking miniscript v10.0.0
[INFO] [stderr]     Checking dlc-trie v0.4.0 (https://github.com/dlc-link/rust-dlc?rev=c55e128#c55e128d)
[INFO] [stderr]     Checking tokio-rustls v0.24.1
[INFO] [stderr]     Checking hyper-rustls v0.24.1
[INFO] [stderr]     Checking reqwest v0.11.20
[INFO] [stderr]     Checking actix-web v4.4.0
[INFO] [stderr]     Checking esplora-client v0.4.0
[INFO] [stderr]     Checking bdk v0.28.2
[INFO] [stderr]     Checking actix-cors v0.6.4
[INFO] [stderr]     Checking diesel_migrations v2.1.0
[INFO] [stderr]     Checking dlc-storage-common v0.1.0 (/opt/rustwide/workdir/storage/common)
[INFO] [stderr]  Documenting dlc-storage-common v0.1.0 (/opt/rustwide/workdir/storage/common)
[INFO] [stderr]     Checking dlc-storage-reader v0.1.0 (/opt/rustwide/workdir/storage/reader)
[INFO] [stderr]     Checking dlc-storage-writer v0.1.0 (/opt/rustwide/workdir/storage/writer)
[INFO] [stderr]  Documenting dlc-storage-reader v0.1.0 (/opt/rustwide/workdir/storage/reader)
[INFO] [stderr]  Documenting dlc-storage-writer v0.1.0 (/opt/rustwide/workdir/storage/writer)
[INFO] [stderr]  Documenting dlc-storage-api v0.1.0 (/opt/rustwide/workdir/storage/api)
[INFO] [stderr]     Checking dlc-messages v0.4.0 (https://github.com/dlc-link/rust-dlc?rev=c55e128#c55e128d)
[INFO] [stderr]     Checking dlc-manager v0.4.0 (https://github.com/dlc-link/rust-dlc?rev=c55e128#c55e128d)
[INFO] [stderr]     Checking dlc-link-manager v0.4.0 (/opt/rustwide/workdir/dlc-link-manager)
[INFO] [stderr]     Checking js-interface-wallet v0.1.0 (/opt/rustwide/workdir/js-interface-wallet)
[INFO] [stderr]     Checking dlc-wallet v0.1.0 (/opt/rustwide/workdir/dlc-wallet)
[INFO] [stderr]  Documenting dlc-link-manager v0.4.0 (/opt/rustwide/workdir/dlc-link-manager)
[INFO] [stderr]  Documenting dlc-wallet v0.1.0 (/opt/rustwide/workdir/dlc-wallet)
[INFO] [stderr]  Documenting js-interface-wallet v0.1.0 (/opt/rustwide/workdir/js-interface-wallet)
[INFO] [stdout] error[E0554]: `#![feature]` may not be used on the beta release channel
[INFO] [stdout]  --> dlc-link-manager/src/lib.rs:1:1
[INFO] [stdout]   |
[INFO] [stdout] 1 | #![feature(async_fn_in_trait)]
[INFO] [stdout]   | ^^^^^^^^^^^^^^^^^^^^^^^^^^^^^^ help: remove the attribute
[INFO] [stdout]   |
[INFO] [stdout]   = help: the feature `async_fn_in_trait` has been stable since `1.75.0` and no longer requires an attribute to enable
[INFO] [stdout] 
[INFO] [stdout] 
[INFO] [stdout] warning: the feature `async_fn_in_trait` has been stable since 1.75.0 and no longer requires an attribute to enable
[INFO] [stdout]  --> dlc-link-manager/src/lib.rs:1:12
[INFO] [stdout]   |
[INFO] [stdout] 1 | #![feature(async_fn_in_trait)]
[INFO] [stdout]   |            ^^^^^^^^^^^^^^^^^
[INFO] [stdout]   |
[INFO] [stdout]   = note: `#[warn(stable_features)]` on by default
[INFO] [stdout] 
[INFO] [stdout] 
[INFO] [stdout] error[E0554]: `#![feature]` may not be used on the beta release channel
[INFO] [stdout]  --> dlc-link-manager/src/lib.rs:1:1
[INFO] [stdout]   |
[INFO] [stdout] 1 | #![feature(async_fn_in_trait)]
[INFO] [stdout]   | ^^^^^^^^^^^^^^^^^^^^^^^^^^^^^^ help: remove the attribute
[INFO] [stdout]   |
[INFO] [stdout]   = help: the feature `async_fn_in_trait` has been stable since `1.75.0` and no longer requires an attribute to enable
[INFO] [stdout] 
[INFO] [stdout] 
[INFO] [stdout] error: aborting due to 1 previous error
[INFO] [stdout] 
[INFO] [stdout] 
[INFO] [stdout] For more information about this error, try `rustc --explain E0554`.
[INFO] [stdout] 
[INFO] [stderr] error: could not document `dlc-link-manager`
[INFO] [stderr] 
[INFO] [stderr] Caused by:
[INFO] [stderr]   process didn't exit successfully: `/opt/rustwide/rustup-home/toolchains/beta-2023-12-22-x86_64-unknown-linux-gnu/bin/rustdoc --edition=2018 --crate-type lib --crate-name dlc_link_manager dlc-link-manager/src/lib.rs -o /opt/rustwide/target/doc --error-format=json --json=diagnostic-rendered-ansi,artifacts,future-incompat --document-private-items -C metadata=c5231528aa637085 -L dependency=/opt/rustwide/target/debug/deps --extern bitcoin=/opt/rustwide/target/debug/deps/libbitcoin-d0748427fce1846b.rmeta --extern dlc=/opt/rustwide/target/debug/deps/libdlc-c8c7d9dfae5f61e3.rmeta --extern dlc_manager=/opt/rustwide/target/debug/deps/libdlc_manager-270ad6d5d0cc3854.rmeta --extern dlc_messages=/opt/rustwide/target/debug/deps/libdlc_messages-1bf83e29bfdfec8b.rmeta --extern futures=/opt/rustwide/target/debug/deps/libfutures-049447efcbf906de.rmeta --extern lightning=/opt/rustwide/target/debug/deps/liblightning-ee3ae2dbfdf15006.rmeta --extern log=/opt/rustwide/target/debug/deps/liblog-7502f808f5fce876.rmeta --extern reqwest=/opt/rustwide/target/debug/deps/libreqwest-55a41f5d5808c23a.rmeta --extern secp256k1_zkp=/opt/rustwide/target/debug/deps/libsecp256k1_zkp-9d0bba1b54a2d2c1.rmeta --extern serde_json=/opt/rustwide/target/debug/deps/libserde_json-a76589a051b5fff1.rmeta --extern web_sys=/opt/rustwide/target/debug/deps/libweb_sys-56a461e52f0c6fe4.rmeta --cap-lints=warn --crate-version 0.4.0` (exit status: 1)
[INFO] [stderr] warning: build failed, waiting for other jobs to finish...
[INFO] [stdout] error: aborting due to 1 previous error; 1 warning emitted
[INFO] [stdout] 
[INFO] [stdout] 
[INFO] [stdout] For more information about this error, try `rustc --explain E0554`.
[INFO] [stdout] 
[INFO] [stderr] error: could not compile `dlc-link-manager` (lib) due to 2 previous errors; 1 warning emitted
[INFO] running `Command { std: "docker" "inspect" "a64c897b2183f0cd4b8969a9528cf5fa70d09f9ee0f4c2c92fec803c3b9c8b6f", kill_on_drop: false }`
[INFO] running `Command { std: "docker" "rm" "-f" "a64c897b2183f0cd4b8969a9528cf5fa70d09f9ee0f4c2c92fec803c3b9c8b6f", kill_on_drop: false }`
[INFO] [stdout] a64c897b2183f0cd4b8969a9528cf5fa70d09f9ee0f4c2c92fec803c3b9c8b6f
