[INFO] cloning repository https://github.com/DCNick3/shari-bot
[INFO] running `Command { std: "git" "-c" "credential.helper=" "-c" "credential.helper=/workspace/cargo-home/bin/git-credential-null" "clone" "--bare" "https://github.com/DCNick3/shari-bot" "/workspace/cache/git-repos/https%3A%2F%2Fgithub.com%2FDCNick3%2Fshari-bot", kill_on_drop: false }`
[INFO] [stderr] Cloning into bare repository '/workspace/cache/git-repos/https%3A%2F%2Fgithub.com%2FDCNick3%2Fshari-bot'...
[INFO] running `Command { std: "git" "rev-parse" "HEAD", kill_on_drop: false }`
[INFO] [stdout] a2e02e0e33b53b20d9fa9478139f32a7c060e791
[INFO] documenting DCNick3/shari-bot against 1.75.0 for beta-1.76-rustdoc-1
[INFO] running `Command { std: "git" "clone" "/workspace/cache/git-repos/https%3A%2F%2Fgithub.com%2FDCNick3%2Fshari-bot" "/workspace/builds/worker-5-tc1/source", kill_on_drop: false }`
[INFO] [stderr] Cloning into '/workspace/builds/worker-5-tc1/source'...
[INFO] [stderr] done.
[INFO] validating manifest of git repo https://github.com/DCNick3/shari-bot on toolchain 1.75.0
[INFO] running `Command { std: CARGO_HOME="/workspace/cargo-home" RUSTUP_HOME="/workspace/rustup-home" "/workspace/cargo-home/bin/cargo" "+1.75.0" "metadata" "--manifest-path" "Cargo.toml" "--no-deps", kill_on_drop: false }`
[INFO] started tweaking git repo https://github.com/DCNick3/shari-bot
[INFO] finished tweaking git repo https://github.com/DCNick3/shari-bot
[INFO] tweaked toml for git repo https://github.com/DCNick3/shari-bot written to /workspace/builds/worker-5-tc1/source/Cargo.toml
[INFO] crate git repo https://github.com/DCNick3/shari-bot already has a lockfile, it will not be regenerated
[INFO] running `Command { std: CARGO_HOME="/workspace/cargo-home" RUSTUP_HOME="/workspace/rustup-home" "/workspace/cargo-home/bin/cargo" "+1.75.0" "fetch" "--manifest-path" "Cargo.toml", kill_on_drop: false }`
[INFO] [stderr]     Updating git repository `https://github.com/Lonami/grammers.git`
[INFO] [stderr]     Updating crates.io index
[INFO] [stderr]     Updating git repository `https://github.com/DCNick3/rusty_ytdl.git`
[INFO] [stderr]  Downloading crates ...
[INFO] [stderr]   Downloaded js-sandbox-macros v0.2.0-rc.2
[INFO] [stderr]   Downloaded opentelemetry-otlp v0.13.0
[INFO] [stderr]   Downloaded reqwest-middleware v0.2.3
[INFO] [stderr]   Downloaded hex-serde v0.1.0
[INFO] [stderr]   Downloaded locate-locale v0.2.0
[INFO] [stderr]   Downloaded opentelemetry_sdk v0.20.0
[INFO] [stderr]   Downloaded glass_pumpkin v1.6.0
[INFO] [stderr]   Downloaded scraper v0.16.0
[INFO] [stderr]   Downloaded xml_oxide v0.3.0
[INFO] [stderr]   Downloaded opentelemetry_api v0.20.0
[INFO] [stderr]   Downloaded selectors v0.24.0
[INFO] [stderr]   Downloaded tracing-opentelemetry v0.21.0
[INFO] [stderr]   Downloaded tonic v0.9.2
[INFO] [stderr]   Downloaded opentelemetry-proto v0.3.0
[INFO] [stderr]   Downloaded servo_arc v0.2.0
[INFO] [stderr]   Downloaded opentelemetry-semantic-conventions v0.12.0
[INFO] [stderr]   Downloaded cssparser v0.29.6
[INFO] [stderr]   Downloaded opentelemetry v0.20.0
[INFO] [stderr]   Downloaded js-sandbox v0.2.0-rc.2
[INFO] running `Command { std: "docker" "create" "-v" "/var/lib/crater-agent-workspace/builds/worker-5-tc1/target:/opt/rustwide/target:rw,Z" "-v" "/var/lib/crater-agent-workspace/builds/worker-5-tc1/source:/opt/rustwide/workdir:ro,Z" "-v" "/var/lib/crater-agent-workspace/cargo-home:/opt/rustwide/cargo-home:ro,Z" "-v" "/var/lib/crater-agent-workspace/rustup-home:/opt/rustwide/rustup-home:ro,Z" "-e" "SOURCE_DIR=/opt/rustwide/workdir" "-e" "CARGO_TARGET_DIR=/opt/rustwide/target" "-e" "CARGO_HOME=/opt/rustwide/cargo-home" "-e" "RUSTUP_HOME=/opt/rustwide/rustup-home" "-w" "/opt/rustwide/workdir" "-m" "1610612736" "--user" "0:0" "--network" "none" "ghcr.io/rust-lang/crates-build-env/linux@sha256:2788e3201cd34a07e3172128adcd8b3090168a8e3bcc40d7c032b9dda1df7d1c" "/opt/rustwide/cargo-home/bin/cargo" "+1.75.0" "metadata" "--no-deps" "--format-version=1", kill_on_drop: false }`
[INFO] [stdout] 04324aee219ef2c45b7439e4ffc4bd3491705a0ea6dec4d1679b46c3926ea2f6
[INFO] running `Command { std: "docker" "start" "-a" "04324aee219ef2c45b7439e4ffc4bd3491705a0ea6dec4d1679b46c3926ea2f6", kill_on_drop: false }`
[INFO] running `Command { std: "docker" "inspect" "04324aee219ef2c45b7439e4ffc4bd3491705a0ea6dec4d1679b46c3926ea2f6", kill_on_drop: false }`
[INFO] running `Command { std: "docker" "rm" "-f" "04324aee219ef2c45b7439e4ffc4bd3491705a0ea6dec4d1679b46c3926ea2f6", kill_on_drop: false }`
[INFO] [stdout] 04324aee219ef2c45b7439e4ffc4bd3491705a0ea6dec4d1679b46c3926ea2f6
[INFO] running `Command { std: "docker" "create" "-v" "/var/lib/crater-agent-workspace/builds/worker-5-tc1/target:/opt/rustwide/target:rw,Z" "-v" "/var/lib/crater-agent-workspace/builds/worker-5-tc1/source:/opt/rustwide/workdir:ro,Z" "-v" "/var/lib/crater-agent-workspace/cargo-home:/opt/rustwide/cargo-home:ro,Z" "-v" "/var/lib/crater-agent-workspace/rustup-home:/opt/rustwide/rustup-home:ro,Z" "-e" "SOURCE_DIR=/opt/rustwide/workdir" "-e" "CARGO_TARGET_DIR=/opt/rustwide/target" "-e" "CARGO_INCREMENTAL=0" "-e" "RUST_BACKTRACE=full" "-e" "RUSTFLAGS=--cap-lints=warn" "-e" "RUSTDOCFLAGS=--cap-lints=warn" "-e" "CARGO_HOME=/opt/rustwide/cargo-home" "-e" "RUSTUP_HOME=/opt/rustwide/rustup-home" "-w" "/opt/rustwide/workdir" "-m" "1610612736" "--user" "0:0" "--network" "none" "ghcr.io/rust-lang/crates-build-env/linux@sha256:2788e3201cd34a07e3172128adcd8b3090168a8e3bcc40d7c032b9dda1df7d1c" "/opt/rustwide/cargo-home/bin/cargo" "+1.75.0" "doc" "--frozen" "--no-deps" "--document-private-items" "--message-format=json", kill_on_drop: false }`
[INFO] [stdout] f69bb3b55c27829c2eca8b8613d849b92985be0129638af7b2baf9b48fc4bd2b
[INFO] running `Command { std: "docker" "start" "-a" "f69bb3b55c27829c2eca8b8613d849b92985be0129638af7b2baf9b48fc4bd2b", kill_on_drop: false }`
[INFO] [stderr]    Compiling proc-macro2 v1.0.69
[INFO] [stderr]    Compiling libc v0.2.149
[INFO] [stderr]     Checking smallvec v1.11.1
[INFO] [stderr]    Compiling serde v1.0.189
[INFO] [stderr]    Compiling futures-channel v0.3.28
[INFO] [stderr]     Checking futures-sink v0.3.28
[INFO] [stderr]    Compiling ahash v0.7.7
[INFO] [stderr]     Checking futures-io v0.3.28
[INFO] [stderr]    Compiling futures-util v0.3.28
[INFO] [stderr]    Compiling syn v1.0.109
[INFO] [stderr]    Compiling num-traits v0.2.17
[INFO] [stderr]    Compiling indexmap v1.9.3
[INFO] [stderr]     Checking percent-encoding v2.3.0
[INFO] [stderr]    Compiling ppv-lite86 v0.2.17
[INFO] [stderr]    Compiling typenum v1.17.0
[INFO] [stderr]    Compiling siphasher v0.3.11
[INFO] [stderr]     Checking tracing-core v0.1.32
[INFO] [stderr]    Compiling serde_json v1.0.107
[INFO] [stderr]    Compiling rustversion v1.0.14
[INFO] [stderr]     Checking hashbrown v0.14.1
[INFO] [stderr]    Compiling async-trait v0.1.74
[INFO] [stderr]     Checking tinyvec_macros v0.1.1
[INFO] [stderr]     Checking http v0.2.9
[INFO] [stderr]     Checking tinyvec v1.6.0
[INFO] [stderr]    Compiling phf_shared v0.10.0
[INFO] [stderr]     Checking unicode-bidi v0.3.13
[INFO] [stderr]    Compiling getrandom v0.1.16
[INFO] [stderr]    Compiling num-bigint v0.4.4
[INFO] [stderr]    Compiling unicase v2.7.0
[INFO] [stderr]     Checking want v0.3.1
[INFO] [stderr]    Compiling crc32fast v1.3.2
[INFO] [stderr]     Checking form_urlencoded v1.2.0
[INFO] [stderr]    Compiling grammers-tl-parser v1.1.0 (https://github.com/Lonami/grammers.git?rev=ff7432ebcd2ce5a38a63803880837de52c7bf363#ff7432eb)
[INFO] [stderr]     Checking aho-corasick v1.1.2
[INFO] [stderr]     Checking regex-syntax v0.8.2
[INFO] [stderr]     Checking indexmap v2.0.2
[INFO] [stderr]    Compiling rustix v0.38.20
[INFO] [stderr]    Compiling proc-macro-hack v0.5.20+deprecated
[INFO] [stderr]     Checking miniz_oxide v0.7.1
[INFO] [stderr]    Compiling quote v1.0.33
[INFO] [stderr]    Compiling syn v2.0.38
[INFO] [stderr]     Checking http-body v0.4.5
[INFO] [stderr]     Checking getrandom v0.2.10
[INFO] [stderr]     Checking parking_lot_core v0.9.9
[INFO] [stderr]     Checking num_cpus v1.16.0
[INFO] [stderr]     Checking socket2 v0.5.4
[INFO] [stderr]     Checking signal-hook-registry v1.4.1
[INFO] [stderr]     Checking mio v0.8.8
[INFO] [stderr]     Checking unicode-normalization v0.1.22
[INFO] [stderr]     Checking socket2 v0.4.9
[INFO] [stderr]     Checking parking_lot v0.12.1
[INFO] [stderr]     Checking rand_core v0.6.4
[INFO] [stderr]    Compiling cc v1.0.83
[INFO] [stderr]     Checking rand_chacha v0.3.1
[INFO] [stderr]     Checking hashbrown v0.12.3
[INFO] [stderr]     Checking generic-array v0.14.7
[INFO] [stderr]     Checking num-integer v0.1.45
[INFO] [stderr]    Compiling rand_core v0.5.1
[INFO] [stderr]    Compiling grammers-tl-gen v0.4.1 (https://github.com/Lonami/grammers.git?rev=ff7432ebcd2ce5a38a63803880837de52c7bf363#ff7432eb)
[INFO] [stderr]    Compiling linux-raw-sys v0.4.10
[INFO] [stderr]     Checking matches v0.1.10
[INFO] [stderr]     Checking cpufeatures v0.2.9
[INFO] [stderr]     Checking flate2 v1.0.28
[INFO] [stderr]     Checking rand v0.8.5
[INFO] [stderr]     Checking idna v0.4.0
[INFO] [stderr]    Compiling rand_chacha v0.2.2
[INFO] [stderr]    Compiling rand_pcg v0.2.1
[INFO] [stderr]     Checking crypto-common v0.1.6
[INFO] [stderr]     Checking block-padding v0.3.3
[INFO] [stderr]     Checking block-buffer v0.10.4
[INFO] [stderr]     Checking inout v0.1.3
[INFO] [stderr]    Compiling rustls v0.21.7
[INFO] [stderr]     Checking digest v0.10.7
[INFO] [stderr]     Checking base64 v0.21.4
[INFO] [stderr]     Checking cipher v0.4.4
[INFO] [stderr]     Checking urlencoding v2.1.3
[INFO] [stderr]     Checking regex-automata v0.4.3
[INFO] [stderr]    Compiling home v0.5.5
[INFO] [stderr]     Checking deranged v0.3.9
[INFO] [stderr]    Compiling time-macros v0.2.15
[INFO] [stderr]    Compiling rand v0.7.3
[INFO] [stderr]    Compiling mime_guess v2.0.4
[INFO] [stderr]    Compiling fslock v0.1.8
[INFO] [stderr]    Compiling phf_generator v0.10.0
[INFO] [stderr]    Compiling phf_shared v0.8.0
[INFO] [stderr]    Compiling cookie v0.16.2
[INFO] [stderr]    Compiling ring v0.16.20
[INFO] [stderr]    Compiling convert_case v0.4.0
[INFO] [stderr]     Checking new_debug_unreachable v1.0.4
[INFO] [stderr]    Compiling phf_codegen v0.10.0
[INFO] [stderr]    Compiling string_cache_codegen v0.5.2
[INFO] [stderr]     Checking aes v0.8.3
[INFO] [stderr]    Compiling grammers-tl-types v0.4.0 (https://github.com/Lonami/grammers.git?rev=ff7432ebcd2ce5a38a63803880837de52c7bf363#ff7432eb)
[INFO] [stderr]     Checking hmac v0.12.1
[INFO] [stderr]     Checking idna v0.3.0
[INFO] [stderr]    Compiling axum-core v0.3.4
[INFO] [stderr]     Checking ordered-float v3.9.2
[INFO] [stderr]     Checking core2 v0.4.0
[INFO] [stderr]    Compiling toml_datetime v0.6.3
[INFO] [stderr]    Compiling phf_generator v0.8.0
[INFO] [stderr]     Checking precomputed-hash v0.1.1
[INFO] [stderr]     Checking iana-time-zone v0.1.58
[INFO] [stderr]     Checking psl-types v2.0.11
[INFO] [stderr]    Compiling ucd-trie v0.1.6
[INFO] [stderr]     Checking mac v0.1.1
[INFO] [stderr]    Compiling winnow v0.5.17
[INFO] [stderr]     Checking chrono v0.4.31
[INFO] [stderr]    Compiling phf_codegen v0.8.0
[INFO] [stderr]     Checking futf v0.1.5
[INFO] [stderr]    Compiling which v4.4.2
[INFO] [stderr]     Checking publicsuffix v2.2.3
[INFO] [stderr]     Checking glass_pumpkin v1.6.0
[INFO] [stderr]     Checking pbkdf2 v0.12.2
[INFO] [stderr]    Compiling markup5ever v0.11.0
[INFO] [stderr]     Checking sha1 v0.10.6
[INFO] [stderr]     Checking sha2 v0.10.8
[INFO] [stderr]     Checking idna v0.2.3
[INFO] [stderr]    Compiling axum v0.6.20
[INFO] [stderr]    Compiling anyhow v1.0.75
[INFO] [stderr]    Compiling itertools v0.10.5
[INFO] [stderr]     Checking uuid v1.5.0
[INFO] [stderr]    Compiling v8 v0.75.1
[INFO] [stderr]     Checking dtoa v1.0.9
[INFO] [stderr]     Checking tendril v0.4.3
[INFO] [stderr]     Checking dtoa-short v0.3.4
[INFO] [stderr]     Checking nom v7.1.3
[INFO] [stderr]     Checking time v0.3.30
[INFO] [stderr]     Checking grammers-crypto v0.4.0 (https://github.com/Lonami/grammers.git?rev=ff7432ebcd2ce5a38a63803880837de52c7bf363#ff7432eb)
[INFO] [stderr]     Checking regex v1.10.2
[INFO] [stderr]    Compiling selectors v0.24.0
[INFO] [stderr]    Compiling pmutil v0.6.1
[INFO] [stderr]     Checking rustls-pemfile v1.0.3
[INFO] [stderr]    Compiling ahash v0.8.3
[INFO] [stderr]     Checking unicode-id v0.3.4
[INFO] [stderr]     Checking byteorder v1.5.0
[INFO] [stderr]     Checking if_chain v1.0.2
[INFO] [stderr]     Checking webpki-roots v0.25.2
[INFO] [stderr]     Checking nodrop v0.1.14
[INFO] [stderr]     Checking data-encoding v2.4.0
[INFO] [stderr]     Checking regex-syntax v0.6.29
[INFO] [stderr]     Checking ipnet v2.8.0
[INFO] [stderr]     Checking matchit v0.7.3
[INFO] [stderr]     Checking sync_wrapper v0.1.2
[INFO] [stderr]     Checking servo_arc v0.2.0
[INFO] [stderr]     Checking fxhash v0.2.1
[INFO] [stderr]     Checking phf v0.8.0
[INFO] [stderr]    Compiling grammers-session v0.4.1 (https://github.com/Lonami/grammers.git?rev=ff7432ebcd2ce5a38a63803880837de52c7bf363#ff7432eb)
[INFO] [stderr]     Checking task-local-extensions v0.1.4
[INFO] [stderr]     Checking dlv-list v0.3.0
[INFO] [stderr]     Checking overload v0.1.1
[INFO] [stderr]    Compiling toml_edit v0.19.15
[INFO] [stderr]    Compiling pulldown-cmark v0.9.3
[INFO] [stderr]     Checking nu-ansi-term v0.46.0
[INFO] [stderr]     Checking getopts v0.2.21
[INFO] [stderr]     Checking ordered-multimap v0.4.3
[INFO] [stderr]     Checking retry-policies v0.1.2
[INFO] [stderr]     Checking tracing-log v0.1.3
[INFO] [stderr]     Checking sharded-slab v0.1.7
[INFO] [stderr]     Checking thread_local v1.1.7
[INFO] [stderr]     Checking ego-tree v0.6.2
[INFO] [stderr]     Checking base64 v0.13.1
[INFO] [stderr]     Checking yaml-rust v0.4.5
[INFO] [stderr]     Checking rust-ini v0.18.0
[INFO] [stderr]     Checking cbc v0.1.2
[INFO] [stderr]     Checking os_info v3.7.0
[INFO] [stderr]     Checking hex v0.3.2
[INFO] [stderr]     Checking m3u8-rs v5.0.4
[INFO] [stderr]     Checking md5 v0.7.0
[INFO] [stderr]     Checking locate-locale v0.2.0
[INFO] [stderr]     Checking pathdiff v0.2.1
[INFO] [stderr]     Checking sct v0.7.0
[INFO] [stderr]     Checking rustls-webpki v0.101.6
[INFO] [stderr]     Checking regex-automata v0.1.10
[INFO] [stderr]    Compiling serde_derive v1.0.189
[INFO] [stderr]    Compiling tokio-macros v2.1.0
[INFO] [stderr]    Compiling futures-macro v0.3.28
[INFO] [stderr]    Compiling thiserror-impl v1.0.49
[INFO] [stderr]    Compiling tracing-attributes v0.1.27
[INFO] [stderr]    Compiling pin-project-internal v1.1.3
[INFO] [stderr]    Compiling deno-proc-macro-rules-macros v0.3.2
[INFO] [stderr]    Compiling strum_macros v0.25.3
[INFO] [stderr]    Compiling phf_macros v0.10.0
[INFO] [stderr]    Compiling derive_more v0.99.17
[INFO] [stderr]     Checking tokio v1.33.0
[INFO] [stderr]     Checking phf v0.10.1
[INFO] [stderr]    Compiling cssparser v0.29.6
[INFO] [stderr] error: could not compile `grammers-tl-types` (lib)
[INFO] [stderr] 
[INFO] [stderr] Caused by:
[INFO] [stderr]   process didn't exit successfully: `/opt/rustwide/rustup-home/toolchains/1.75.0-x86_64-unknown-linux-gnu/bin/rustc --crate-name grammers_tl_types --edition=2021 /opt/rustwide/cargo-home/git/checkouts/grammers-689e30b82f69dcd5/ff7432e/lib/grammers-tl-types/src/lib.rs --error-format=json --json=diagnostic-rendered-ansi,artifacts,future-incompat --crate-type lib --emit=dep-info,metadata -C embed-bitcode=no -C debuginfo=2 --cfg 'feature="default"' --cfg 'feature="impl-debug"' --cfg 'feature="impl-from-enum"' --cfg 'feature="impl-from-type"' --cfg 'feature="tl-api"' --cfg 'feature="tl-mtproto"' -C metadata=b71ead73ee520af7 -C extra-filename=-b71ead73ee520af7 --out-dir /opt/rustwide/target/debug/deps -L dependency=/opt/rustwide/target/debug/deps --cap-lints allow --cap-lints=warn` (signal: 9, SIGKILL: kill)
[INFO] [stderr] warning: build failed, waiting for other jobs to finish...
[INFO] [stderr] error: failed to run custom build command for `v8 v0.75.1`
[INFO] [stderr] note: To improve backtraces for build dependencies, set the CARGO_PROFILE_DEV_BUILD_OVERRIDE_DEBUG=true environment variable to enable debug information generation.
[INFO] [stderr] 
[INFO] [stderr] Caused by:
[INFO] [stderr]   process didn't exit successfully: `/opt/rustwide/target/debug/build/v8-bd9c40f62d1f77e8/build-script-build` (exit status: 101)
[INFO] [stderr]   --- stdout
[INFO] [stderr]   cargo:rerun-if-changed=.gn
[INFO] [stderr]   cargo:rerun-if-changed=BUILD.gn
[INFO] [stderr]   cargo:rerun-if-changed=src/binding.cc
[INFO] [stderr]   cargo:rerun-if-env-changed=CCACHE
[INFO] [stderr]   cargo:rerun-if-env-changed=CLANG_BASE_PATH
[INFO] [stderr]   cargo:rerun-if-env-changed=CXXSTDLIB
[INFO] [stderr]   cargo:rerun-if-env-changed=DENO_TRYBUILD
[INFO] [stderr]   cargo:rerun-if-env-changed=DOCS_RS
[INFO] [stderr]   cargo:rerun-if-env-changed=GN
[INFO] [stderr]   cargo:rerun-if-env-changed=GN_ARGS
[INFO] [stderr]   cargo:rerun-if-env-changed=HOST
[INFO] [stderr]   cargo:rerun-if-env-changed=NINJA
[INFO] [stderr]   cargo:rerun-if-env-changed=OUT_DIR
[INFO] [stderr]   cargo:rerun-if-env-changed=RUSTY_V8_ARCHIVE
[INFO] [stderr]   cargo:rerun-if-env-changed=RUSTY_V8_MIRROR
[INFO] [stderr]   cargo:rerun-if-env-changed=SCCACHE
[INFO] [stderr]   cargo:rerun-if-env-changed=V8_FORCE_DEBUG
[INFO] [stderr]   cargo:rerun-if-env-changed=V8_FROM_SOURCE
[INFO] [stderr]   cargo:rerun-if-env-changed=PYTHON
[INFO] [stderr]   cargo:rerun-if-env-changed=DISABLE_CLANG
[INFO] [stderr]   cargo:rerun-if-env-changed=EXTRA_GN_ARGS
[INFO] [stderr]   cargo:rerun-if-env-changed=NO_PRINT_GN_ARGS
[INFO] [stderr]   cargo:rustc-link-lib=static=rusty_v8
[INFO] [stderr]   download lockfile: "/opt/rustwide/target/debug/build/lib_download.fslock"
[INFO] [stderr]   static lib URL: https://github.com/denoland/rusty_v8/releases/download/v0.75.1/librusty_v8_release_x86_64-unknown-linux-gnu.a
[INFO] [stderr]   cargo:rustc-link-search=/opt/rustwide/target/debug/gn_out/obj
[INFO] [stderr]   Downloading https://github.com/denoland/rusty_v8/releases/download/v0.75.1/librusty_v8_release_x86_64-unknown-linux-gnu.a
[INFO] [stderr]   Downloading https://github.com/denoland/rusty_v8/releases/download/v0.75.1/librusty_v8_release_x86_64-unknown-linux-gnu.a...
[INFO] [stderr]   <urlopen error [Errno -3] Temporary failure in name resolution>
[INFO] [stderr]   Retrying in 5 s ...
[INFO] [stderr]   Downloading https://github.com/denoland/rusty_v8/releases/download/v0.75.1/librusty_v8_release_x86_64-unknown-linux-gnu.a...
[INFO] [stderr]   <urlopen error [Errno -3] Temporary failure in name resolution>
[INFO] [stderr]   Retrying in 10 s ...
[INFO] [stderr]   Downloading https://github.com/denoland/rusty_v8/releases/download/v0.75.1/librusty_v8_release_x86_64-unknown-linux-gnu.a...
[INFO] [stderr]   <urlopen error [Errno -3] Temporary failure in name resolution>
[INFO] [stderr]   Retrying in 20 s ...
[INFO] [stderr]   Downloading https://github.com/denoland/rusty_v8/releases/download/v0.75.1/librusty_v8_release_x86_64-unknown-linux-gnu.a...
[INFO] [stderr]   <urlopen error [Errno -3] Temporary failure in name resolution>
[INFO] [stderr]   Python downloader failed, trying with curl.
[INFO] [stderr] 
[INFO] [stderr]   --- stderr
[INFO] [stderr]   Traceback (most recent call last):
[INFO] [stderr]     File "/usr/lib/python3.10/urllib/request.py", line 1348, in do_open
[INFO] [stderr]       h.request(req.get_method(), req.selector, req.data, headers,
[INFO] [stderr]     File "/usr/lib/python3.10/http/client.py", line 1283, in request
[INFO] [stderr]       self._send_request(method, url, body, headers, encode_chunked)
[INFO] [stderr]     File "/usr/lib/python3.10/http/client.py", line 1329, in _send_request
[INFO] [stderr]       self.endheaders(body, encode_chunked=encode_chunked)
[INFO] [stderr]     File "/usr/lib/python3.10/http/client.py", line 1278, in endheaders
[INFO] [stderr]       self._send_output(message_body, encode_chunked=encode_chunked)
[INFO] [stderr]     File "/usr/lib/python3.10/http/client.py", line 1038, in _send_output
[INFO] [stderr]       self.send(msg)
[INFO] [stderr]     File "/usr/lib/python3.10/http/client.py", line 976, in send
[INFO] [stderr]       self.connect()
[INFO] [stderr]     File "/usr/lib/python3.10/http/client.py", line 1448, in connect
[INFO] [stderr]       super().connect()
[INFO] [stderr]     File "/usr/lib/python3.10/http/client.py", line 942, in connect
[INFO] [stderr]       self.sock = self._create_connection(
[INFO] [stderr]     File "/usr/lib/python3.10/socket.py", line 824, in create_connection
[INFO] [stderr]       for res in getaddrinfo(host, port, 0, SOCK_STREAM):
[INFO] [stderr]     File "/usr/lib/python3.10/socket.py", line 955, in getaddrinfo
[INFO] [stderr]       for res in _socket.getaddrinfo(host, port, family, type, proto, flags):
[INFO] [stderr]   socket.gaierror: [Errno -3] Temporary failure in name resolution
[INFO] [stderr] 
[INFO] [stderr]   During handling of the above exception, another exception occurred:
[INFO] [stderr] 
[INFO] [stderr]   Traceback (most recent call last):
[INFO] [stderr]     File "/opt/rustwide/cargo-home/registry/src/index.crates.io-6f17d22bba15001f/v8-0.75.1/./tools/download_file.py", line 64, in <module>
[INFO] [stderr]       sys.exit(main())
[INFO] [stderr]     File "/opt/rustwide/cargo-home/registry/src/index.crates.io-6f17d22bba15001f/v8-0.75.1/./tools/download_file.py", line 59, in main
[INFO] [stderr]       DownloadUrl(args.url, f)
[INFO] [stderr]     File "/opt/rustwide/cargo-home/registry/src/index.crates.io-6f17d22bba15001f/v8-0.75.1/./tools/download_file.py", line 45, in DownloadUrl
[INFO] [stderr]       raise e
[INFO] [stderr]     File "/opt/rustwide/cargo-home/registry/src/index.crates.io-6f17d22bba15001f/v8-0.75.1/./tools/download_file.py", line 29, in DownloadUrl
[INFO] [stderr]       response = urlopen(url)
[INFO] [stderr]     File "/usr/lib/python3.10/urllib/request.py", line 216, in urlopen
[INFO] [stderr]       return opener.open(url, data, timeout)
[INFO] [stderr]     File "/usr/lib/python3.10/urllib/request.py", line 519, in open
[INFO] [stderr]       response = self._open(req, data)
[INFO] [stderr]     File "/usr/lib/python3.10/urllib/request.py", line 536, in _open
[INFO] [stderr]       result = self._call_chain(self.handle_open, protocol, protocol +
[INFO] [stderr]     File "/usr/lib/python3.10/urllib/request.py", line 496, in _call_chain
[INFO] [stderr]       result = func(*args)
[INFO] [stderr]     File "/usr/lib/python3.10/urllib/request.py", line 1391, in https_open
[INFO] [stderr]       return self.do_open(http.client.HTTPSConnection, req,
[INFO] [stderr]     File "/usr/lib/python3.10/urllib/request.py", line 1351, in do_open
[INFO] [stderr]       raise URLError(err)
[INFO] [stderr]   urllib.error.URLError: <urlopen error [Errno -3] Temporary failure in name resolution>
[INFO] [stderr]   thread 'main' panicked at /opt/rustwide/cargo-home/registry/src/index.crates.io-6f17d22bba15001f/v8-0.75.1/build.rs:431:3:
[INFO] [stderr]   assertion failed: status.success()
[INFO] [stderr]   stack backtrace:
[INFO] [stderr]      0:     0x555e7ff1678c - std::backtrace_rs::backtrace::libunwind::trace::ha637c64ce894333a
[INFO] [stderr]                                  at /rustc/82e1608dfa6e0b5569232559e3d385fea5a93112/library/std/src/../../backtrace/src/backtrace/libunwind.rs:104:5
[INFO] [stderr]      1:     0x555e7ff1678c - std::backtrace_rs::backtrace::trace_unsynchronized::h47f62dea28e0c88d
[INFO] [stderr]                                  at /rustc/82e1608dfa6e0b5569232559e3d385fea5a93112/library/std/src/../../backtrace/src/backtrace/mod.rs:66:5
[INFO] [stderr]      2:     0x555e7ff1678c - std::sys_common::backtrace::_print_fmt::h9eef0abe20ede486
[INFO] [stderr]                                  at /rustc/82e1608dfa6e0b5569232559e3d385fea5a93112/library/std/src/sys_common/backtrace.rs:67:5
[INFO] [stderr]      3:     0x555e7ff1678c - <std::sys_common::backtrace::_print::DisplayBacktrace as core::fmt::Display>::fmt::hed7f999df88cc644
[INFO] [stderr]                                  at /rustc/82e1608dfa6e0b5569232559e3d385fea5a93112/library/std/src/sys_common/backtrace.rs:44:22
[INFO] [stderr]      4:     0x555e7ff3adc0 - core::fmt::rt::Argument::fmt::h1539a9308b8d058d
[INFO] [stderr]                                  at /rustc/82e1608dfa6e0b5569232559e3d385fea5a93112/library/core/src/fmt/rt.rs:142:9
[INFO] [stderr]      5:     0x555e7ff3adc0 - core::fmt::write::h3a39390d8560d9c9
[INFO] [stderr]                                  at /rustc/82e1608dfa6e0b5569232559e3d385fea5a93112/library/core/src/fmt/mod.rs:1120:17
[INFO] [stderr]      6:     0x555e7ff1410f - std::io::Write::write_fmt::h5fc9997dfe05f882
[INFO] [stderr]                                  at /rustc/82e1608dfa6e0b5569232559e3d385fea5a93112/library/std/src/io/mod.rs:1762:15
[INFO] [stderr]      7:     0x555e7ff16574 - std::sys_common::backtrace::_print::h894006fb5c6f3d45
[INFO] [stderr]                                  at /rustc/82e1608dfa6e0b5569232559e3d385fea5a93112/library/std/src/sys_common/backtrace.rs:47:5
[INFO] [stderr]      8:     0x555e7ff16574 - std::sys_common::backtrace::print::h23a2d212c6fff936
[INFO] [stderr]                                  at /rustc/82e1608dfa6e0b5569232559e3d385fea5a93112/library/std/src/sys_common/backtrace.rs:34:9
[INFO] [stderr]      9:     0x555e7ff17c17 - std::panicking::default_hook::{{closure}}::h8a1d2ee00185001a
[INFO] [stderr]     10:     0x555e7ff1797f - std::panicking::default_hook::h6038f2eba384e475
[INFO] [stderr]                                  at /rustc/82e1608dfa6e0b5569232559e3d385fea5a93112/library/std/src/panicking.rs:292:9
[INFO] [stderr]     11:     0x555e7ff18098 - std::panicking::rust_panic_with_hook::h2b5517d590cab22e
[INFO] [stderr]                                  at /rustc/82e1608dfa6e0b5569232559e3d385fea5a93112/library/std/src/panicking.rs:779:13
[INFO] [stderr]     12:     0x555e7ff17f49 - std::panicking::begin_panic_handler::{{closure}}::h233112c06e0ef43e
[INFO] [stderr]                                  at /rustc/82e1608dfa6e0b5569232559e3d385fea5a93112/library/std/src/panicking.rs:649:13
[INFO] [stderr]     13:     0x555e7ff16c56 - std::sys_common::backtrace::__rust_end_short_backtrace::h6e893f24d7ebbff8
[INFO] [stderr]                                  at /rustc/82e1608dfa6e0b5569232559e3d385fea5a93112/library/std/src/sys_common/backtrace.rs:170:18
[INFO] [stderr]     14:     0x555e7ff17ce2 - rust_begin_unwind
[INFO] [stderr]                                  at /rustc/82e1608dfa6e0b5569232559e3d385fea5a93112/library/std/src/panicking.rs:645:5
[INFO] [stderr]     15:     0x555e7fec68f5 - core::panicking::panic_fmt::hbf0e066aabfa482c
[INFO] [stderr]                                  at /rustc/82e1608dfa6e0b5569232559e3d385fea5a93112/library/core/src/panicking.rs:72:14
[INFO] [stderr]     16:     0x555e7fec6993 - core::panicking::panic::h195fc2a96298d4c3
[INFO] [stderr]                                  at /rustc/82e1608dfa6e0b5569232559e3d385fea5a93112/library/core/src/panicking.rs:127:5
[INFO] [stderr]     17:     0x555e7fed05e4 - build_script_build::download_file::he11abea4cab40ec5
[INFO] [stderr]     18:     0x555e7fed0d57 - build_script_build::download_static_lib_binaries::hdb3f1dedca45b87f
[INFO] [stderr]     19:     0x555e7fecc34d - build_script_build::main::hf890d8d088abd412
[INFO] [stderr]     20:     0x555e7fedacc3 - core::ops::function::FnOnce::call_once::he6c7be78214a82e7
[INFO] [stderr]     21:     0x555e7fee0f16 - std::sys_common::backtrace::__rust_begin_short_backtrace::h035cb6f73190c1fa
[INFO] [stderr]     22:     0x555e7fee7979 - std::rt::lang_start::{{closure}}::hab9ddfcaee7a05f7
[INFO] [stderr]     23:     0x555e7ff0f507 - core::ops::function::impls::<impl core::ops::function::FnOnce<A> for &F>::call_once::hd95060ecd5e1ca24
[INFO] [stderr]                                  at /rustc/82e1608dfa6e0b5569232559e3d385fea5a93112/library/core/src/ops/function.rs:284:13
[INFO] [stderr]     24:     0x555e7ff0f507 - std::panicking::try::do_call::h6e8cf51db32a6e4b
[INFO] [stderr]                                  at /rustc/82e1608dfa6e0b5569232559e3d385fea5a93112/library/std/src/panicking.rs:552:40
[INFO] [stderr]     25:     0x555e7ff0f507 - std::panicking::try::h3a52eefe24fe3c29
[INFO] [stderr]                                  at /rustc/82e1608dfa6e0b5569232559e3d385fea5a93112/library/std/src/panicking.rs:516:19
[INFO] [stderr]     26:     0x555e7ff0f507 - std::panic::catch_unwind::h24c28c23c02c3841
[INFO] [stderr]                                  at /rustc/82e1608dfa6e0b5569232559e3d385fea5a93112/library/std/src/panic.rs:142:14
[INFO] [stderr]     27:     0x555e7ff0f507 - std::rt::lang_start_internal::{{closure}}::h705d3c9cbc06ef47
[INFO] [stderr]                                  at /rustc/82e1608dfa6e0b5569232559e3d385fea5a93112/library/std/src/rt.rs:148:48
[INFO] [stderr]     28:     0x555e7ff0f507 - std::panicking::try::do_call::ha21f52ba13158470
[INFO] [stderr]                                  at /rustc/82e1608dfa6e0b5569232559e3d385fea5a93112/library/std/src/panicking.rs:552:40
[INFO] [stderr]     29:     0x555e7ff0f507 - std::panicking::try::h5581346bf6aeb1f8
[INFO] [stderr]                                  at /rustc/82e1608dfa6e0b5569232559e3d385fea5a93112/library/std/src/panicking.rs:516:19
[INFO] [stderr]     30:     0x555e7ff0f507 - std::panic::catch_unwind::h7919645a6b72e25b
[INFO] [stderr]                                  at /rustc/82e1608dfa6e0b5569232559e3d385fea5a93112/library/std/src/panic.rs:142:14
[INFO] [stderr]     31:     0x555e7ff0f507 - std::rt::lang_start_internal::h12de51168669836e
[INFO] [stderr]                                  at /rustc/82e1608dfa6e0b5569232559e3d385fea5a93112/library/std/src/rt.rs:148:20
[INFO] [stderr]     32:     0x555e7fee7957 - std::rt::lang_start::hd167ec0b0b0c3088
[INFO] [stderr]     33:     0x555e7fed4e75 - main
[INFO] [stderr]     34:     0x7ff155813d90 - <unknown>
[INFO] [stderr]     35:     0x7ff155813e40 - __libc_start_main
[INFO] [stderr]     36:     0x555e7fec7105 - _start
[INFO] [stderr]     37:                0x0 - <unknown>
[INFO] running `Command { std: "docker" "inspect" "f69bb3b55c27829c2eca8b8613d849b92985be0129638af7b2baf9b48fc4bd2b", kill_on_drop: false }`
[INFO] running `Command { std: "docker" "rm" "-f" "f69bb3b55c27829c2eca8b8613d849b92985be0129638af7b2baf9b48fc4bd2b", kill_on_drop: false }`
[INFO] [stdout] f69bb3b55c27829c2eca8b8613d849b92985be0129638af7b2baf9b48fc4bd2b
[INFO] documenting DCNick3/shari-bot against beta-2023-12-22 for beta-1.76-rustdoc-1
[INFO] running `Command { std: "git" "clone" "/workspace/cache/git-repos/https%3A%2F%2Fgithub.com%2FDCNick3%2Fshari-bot" "/workspace/builds/worker-5-tc2/source", kill_on_drop: false }`
[INFO] [stderr] Cloning into '/workspace/builds/worker-5-tc2/source'...
[INFO] [stderr] done.
[INFO] validating manifest of git repo https://github.com/DCNick3/shari-bot on toolchain beta-2023-12-22
[INFO] running `Command { std: CARGO_HOME="/workspace/cargo-home" RUSTUP_HOME="/workspace/rustup-home" "/workspace/cargo-home/bin/cargo" "+beta-2023-12-22" "metadata" "--manifest-path" "Cargo.toml" "--no-deps", kill_on_drop: false }`
[INFO] started tweaking git repo https://github.com/DCNick3/shari-bot
[INFO] finished tweaking git repo https://github.com/DCNick3/shari-bot
[INFO] tweaked toml for git repo https://github.com/DCNick3/shari-bot written to /workspace/builds/worker-5-tc2/source/Cargo.toml
[INFO] crate git repo https://github.com/DCNick3/shari-bot already has a lockfile, it will not be regenerated
[INFO] running `Command { std: CARGO_HOME="/workspace/cargo-home" RUSTUP_HOME="/workspace/rustup-home" "/workspace/cargo-home/bin/cargo" "+beta-2023-12-22" "fetch" "--manifest-path" "Cargo.toml", kill_on_drop: false }`
[INFO] running `Command { std: "docker" "create" "-v" "/var/lib/crater-agent-workspace/builds/worker-5-tc2/target:/opt/rustwide/target:rw,Z" "-v" "/var/lib/crater-agent-workspace/builds/worker-5-tc2/source:/opt/rustwide/workdir:ro,Z" "-v" "/var/lib/crater-agent-workspace/cargo-home:/opt/rustwide/cargo-home:ro,Z" "-v" "/var/lib/crater-agent-workspace/rustup-home:/opt/rustwide/rustup-home:ro,Z" "-e" "SOURCE_DIR=/opt/rustwide/workdir" "-e" "CARGO_TARGET_DIR=/opt/rustwide/target" "-e" "CARGO_HOME=/opt/rustwide/cargo-home" "-e" "RUSTUP_HOME=/opt/rustwide/rustup-home" "-w" "/opt/rustwide/workdir" "-m" "1610612736" "--user" "0:0" "--network" "none" "ghcr.io/rust-lang/crates-build-env/linux@sha256:2788e3201cd34a07e3172128adcd8b3090168a8e3bcc40d7c032b9dda1df7d1c" "/opt/rustwide/cargo-home/bin/cargo" "+beta-2023-12-22" "metadata" "--no-deps" "--format-version=1", kill_on_drop: false }`
[INFO] [stdout] a0370cf5126dff024b7770c42c1bcdfecce66a5a196f7289048cce5efa1c7ee1
[INFO] running `Command { std: "docker" "start" "-a" "a0370cf5126dff024b7770c42c1bcdfecce66a5a196f7289048cce5efa1c7ee1", kill_on_drop: false }`
[INFO] running `Command { std: "docker" "inspect" "a0370cf5126dff024b7770c42c1bcdfecce66a5a196f7289048cce5efa1c7ee1", kill_on_drop: false }`
[INFO] running `Command { std: "docker" "rm" "-f" "a0370cf5126dff024b7770c42c1bcdfecce66a5a196f7289048cce5efa1c7ee1", kill_on_drop: false }`
[INFO] [stdout] a0370cf5126dff024b7770c42c1bcdfecce66a5a196f7289048cce5efa1c7ee1
[INFO] running `Command { std: "docker" "create" "-v" "/var/lib/crater-agent-workspace/builds/worker-5-tc2/target:/opt/rustwide/target:rw,Z" "-v" "/var/lib/crater-agent-workspace/builds/worker-5-tc2/source:/opt/rustwide/workdir:ro,Z" "-v" "/var/lib/crater-agent-workspace/cargo-home:/opt/rustwide/cargo-home:ro,Z" "-v" "/var/lib/crater-agent-workspace/rustup-home:/opt/rustwide/rustup-home:ro,Z" "-e" "SOURCE_DIR=/opt/rustwide/workdir" "-e" "CARGO_TARGET_DIR=/opt/rustwide/target" "-e" "CARGO_INCREMENTAL=0" "-e" "RUST_BACKTRACE=full" "-e" "RUSTFLAGS=--cap-lints=warn" "-e" "RUSTDOCFLAGS=--cap-lints=warn" "-e" "CARGO_HOME=/opt/rustwide/cargo-home" "-e" "RUSTUP_HOME=/opt/rustwide/rustup-home" "-w" "/opt/rustwide/workdir" "-m" "1610612736" "--user" "0:0" "--network" "none" "ghcr.io/rust-lang/crates-build-env/linux@sha256:2788e3201cd34a07e3172128adcd8b3090168a8e3bcc40d7c032b9dda1df7d1c" "/opt/rustwide/cargo-home/bin/cargo" "+beta-2023-12-22" "doc" "--frozen" "--no-deps" "--document-private-items" "--message-format=json", kill_on_drop: false }`
[INFO] [stdout] f317a3924c88ce689fe21a8b23a238c92ec8d48d8a7dae05f2ba112c27030eda
[INFO] running `Command { std: "docker" "start" "-a" "f317a3924c88ce689fe21a8b23a238c92ec8d48d8a7dae05f2ba112c27030eda", kill_on_drop: false }`
[INFO] [stderr]    Compiling proc-macro2 v1.0.69
[INFO] [stderr]    Compiling libc v0.2.149
[INFO] [stderr]     Checking smallvec v1.11.1
[INFO] [stderr]    Compiling serde v1.0.189
[INFO] [stderr]    Compiling futures-channel v0.3.28
[INFO] [stderr]     Checking futures-sink v0.3.28
[INFO] [stderr]    Compiling ahash v0.7.7
[INFO] [stderr]    Compiling syn v1.0.109
[INFO] [stderr]     Checking futures-io v0.3.28
[INFO] [stderr]    Compiling futures-util v0.3.28
[INFO] [stderr]    Compiling num-traits v0.2.17
[INFO] [stderr]    Compiling ppv-lite86 v0.2.17
[INFO] [stderr]    Compiling indexmap v1.9.3
[INFO] [stderr]     Checking percent-encoding v2.3.0
[INFO] [stderr]    Compiling typenum v1.17.0
[INFO] [stderr]    Compiling siphasher v0.3.11
[INFO] [stderr]     Checking tracing-core v0.1.32
[INFO] [stderr]     Checking hashbrown v0.14.1
[INFO] [stderr]    Compiling rustversion v1.0.14
[INFO] [stderr]    Compiling serde_json v1.0.107
[INFO] [stderr]    Compiling async-trait v0.1.74
[INFO] [stderr]     Checking tinyvec_macros v0.1.1
[INFO] [stderr]     Checking http v0.2.9
[INFO] [stderr]    Compiling phf_shared v0.10.0
[INFO] [stderr]     Checking tinyvec v1.6.0
[INFO] [stderr]     Checking unicode-bidi v0.3.13
[INFO] [stderr]    Compiling getrandom v0.1.16
[INFO] [stderr]    Compiling unicase v2.7.0
[INFO] [stderr]    Compiling num-bigint v0.4.4
[INFO] [stderr]     Checking want v0.3.1
[INFO] [stderr]    Compiling crc32fast v1.3.2
[INFO] [stderr]     Checking form_urlencoded v1.2.0
[INFO] [stderr]    Compiling grammers-tl-parser v1.1.0 (https://github.com/Lonami/grammers.git?rev=ff7432ebcd2ce5a38a63803880837de52c7bf363#ff7432eb)
[INFO] [stderr]     Checking aho-corasick v1.1.2
[INFO] [stderr]     Checking indexmap v2.0.2
[INFO] [stderr]    Compiling proc-macro-hack v0.5.20+deprecated
[INFO] [stderr]     Checking regex-syntax v0.8.2
[INFO] [stderr]    Compiling rustix v0.38.20
[INFO] [stderr]     Checking miniz_oxide v0.7.1
[INFO] [stderr]    Compiling quote v1.0.33
[INFO] [stderr]    Compiling grammers-tl-gen v0.4.1 (https://github.com/Lonami/grammers.git?rev=ff7432ebcd2ce5a38a63803880837de52c7bf363#ff7432eb)
[INFO] [stderr]     Checking http-body v0.4.5
[INFO] [stderr]     Checking cpufeatures v0.2.9
[INFO] [stderr]     Checking matches v0.1.10
[INFO] [stderr]     Checking unicode-normalization v0.1.22
[INFO] [stderr]    Compiling syn v2.0.38
[INFO] [stderr]    Compiling linux-raw-sys v0.4.10
[INFO] [stderr]     Checking flate2 v1.0.28
[INFO] [stderr]     Checking getrandom v0.2.10
[INFO] [stderr]     Checking parking_lot_core v0.9.9
[INFO] [stderr]     Checking num_cpus v1.16.0
[INFO] [stderr]     Checking mio v0.8.8
[INFO] [stderr]     Checking signal-hook-registry v1.4.1
[INFO] [stderr]     Checking socket2 v0.5.4
[INFO] [stderr]     Checking rand_core v0.6.4
[INFO] [stderr]     Checking parking_lot v0.12.1
[INFO] [stderr]     Checking generic-array v0.14.7
[INFO] [stderr]    Compiling cc v1.0.83
[INFO] [stderr]     Checking num-integer v0.1.45
[INFO] [stderr]     Checking rand_chacha v0.3.1
[INFO] [stderr]     Checking socket2 v0.4.9
[INFO] [stderr]     Checking idna v0.4.0
[INFO] [stderr]     Checking hashbrown v0.12.3
[INFO] [stderr]    Compiling rustls v0.21.7
[INFO] [stderr]     Checking rand v0.8.5
[INFO] [stderr]    Compiling rand_core v0.5.1
[INFO] [stderr]     Checking base64 v0.21.4
[INFO] [stderr]    Compiling home v0.5.5
[INFO] [stderr]     Checking urlencoding v2.1.3
[INFO] [stderr]     Checking crypto-common v0.1.6
[INFO] [stderr]     Checking block-buffer v0.10.4
[INFO] [stderr]     Checking block-padding v0.3.3
[INFO] [stderr]    Compiling rand_chacha v0.2.2
[INFO] [stderr]     Checking digest v0.10.7
[INFO] [stderr]    Compiling rand_pcg v0.2.1
[INFO] [stderr]     Checking inout v0.1.3
[INFO] [stderr]     Checking deranged v0.3.9
[INFO] [stderr]    Compiling time-macros v0.2.15
[INFO] [stderr]    Compiling rand v0.7.3
[INFO] [stderr]    Compiling mime_guess v2.0.4
[INFO] [stderr]     Checking cipher v0.4.4
[INFO] [stderr]    Compiling fslock v0.1.8
[INFO] [stderr]     Checking regex-automata v0.4.3
[INFO] [stderr]    Compiling phf_shared v0.8.0
[INFO] [stderr]    Compiling cookie v0.16.2
[INFO] [stderr]    Compiling phf_generator v0.10.0
[INFO] [stderr]     Checking new_debug_unreachable v1.0.4
[INFO] [stderr]    Compiling convert_case v0.4.0
[INFO] [stderr]    Compiling phf_codegen v0.10.0
[INFO] [stderr]    Compiling ring v0.16.20
[INFO] [stderr]    Compiling string_cache_codegen v0.5.2
[INFO] [stderr]     Checking aes v0.8.3
[INFO] [stderr]     Checking hmac v0.12.1
[INFO] [stderr]     Checking idna v0.3.0
[INFO] [stderr]    Compiling grammers-tl-types v0.4.0 (https://github.com/Lonami/grammers.git?rev=ff7432ebcd2ce5a38a63803880837de52c7bf363#ff7432eb)
[INFO] [stderr]    Compiling phf_generator v0.8.0
[INFO] [stderr]    Compiling axum-core v0.3.4
[INFO] [stderr]     Checking ordered-float v3.9.2
[INFO] [stderr]     Checking core2 v0.4.0
[INFO] [stderr]     Checking iana-time-zone v0.1.58
[INFO] [stderr]    Compiling ucd-trie v0.1.6
[INFO] [stderr]    Compiling winnow v0.5.17
[INFO] [stderr]     Checking precomputed-hash v0.1.1
[INFO] [stderr]     Checking mac v0.1.1
[INFO] [stderr]     Checking psl-types v2.0.11
[INFO] [stderr]    Compiling toml_datetime v0.6.3
[INFO] [stderr]     Checking publicsuffix v2.2.3
[INFO] [stderr]     Checking futf v0.1.5
[INFO] [stderr]     Checking chrono v0.4.31
[INFO] [stderr]     Checking glass_pumpkin v1.6.0
[INFO] [stderr]    Compiling markup5ever v0.11.0
[INFO] [stderr]    Compiling phf_codegen v0.8.0
[INFO] [stderr]     Checking pbkdf2 v0.12.2
[INFO] [stderr]     Checking sha1 v0.10.6
[INFO] [stderr]     Checking sha2 v0.10.8
[INFO] [stderr]     Checking idna v0.2.3
[INFO] [stderr]    Compiling which v4.4.2
[INFO] [stderr]    Compiling axum v0.6.20
[INFO] [stderr]    Compiling anyhow v1.0.75
[INFO] [stderr]    Compiling itertools v0.10.5
[INFO] [stderr]     Checking uuid v1.5.0
[INFO] [stderr]     Checking dtoa v1.0.9
[INFO] [stderr]     Checking nom v7.1.3
[INFO] [stderr]    Compiling v8 v0.75.1
[INFO] [stderr]     Checking time v0.3.30
[INFO] [stderr]     Checking dtoa-short v0.3.4
[INFO] [stderr]     Checking tendril v0.4.3
[INFO] [stderr]     Checking grammers-crypto v0.4.0 (https://github.com/Lonami/grammers.git?rev=ff7432ebcd2ce5a38a63803880837de52c7bf363#ff7432eb)
[INFO] [stderr]    Compiling pmutil v0.6.1
[INFO] [stderr]    Compiling selectors v0.24.0
[INFO] [stderr]     Checking regex v1.10.2
[INFO] [stderr]     Checking rustls-pemfile v1.0.3
[INFO] [stderr]    Compiling ahash v0.8.3
[INFO] [stderr]     Checking matchit v0.7.3
[INFO] [stderr]     Checking nodrop v0.1.14
[INFO] [stderr]     Checking ipnet v2.8.0
[INFO] [stderr]     Checking sync_wrapper v0.1.2
[INFO] [stderr]     Checking byteorder v1.5.0
[INFO] [stderr]     Checking regex-syntax v0.6.29
[INFO] [stderr]     Checking unicode-id v0.3.4
[INFO] [stderr]     Checking data-encoding v2.4.0
[INFO] [stderr]     Checking if_chain v1.0.2
[INFO] [stderr]     Checking webpki-roots v0.25.2
[INFO] [stderr]     Checking servo_arc v0.2.0
[INFO] [stderr]     Checking phf v0.8.0
[INFO] [stderr]     Checking fxhash v0.2.1
[INFO] [stderr]    Compiling grammers-session v0.4.1 (https://github.com/Lonami/grammers.git?rev=ff7432ebcd2ce5a38a63803880837de52c7bf363#ff7432eb)
[INFO] [stderr]    Compiling toml_edit v0.19.15
[INFO] [stderr]     Checking task-local-extensions v0.1.4
[INFO] [stderr]     Checking dlv-list v0.3.0
[INFO] [stderr]    Compiling pulldown-cmark v0.9.3
[INFO] [stderr]     Checking overload v0.1.1
[INFO] [stderr]     Checking nu-ansi-term v0.46.0
[INFO] [stderr]     Checking getopts v0.2.21
[INFO] [stderr]     Checking ordered-multimap v0.4.3
[INFO] [stderr]     Checking retry-policies v0.1.2
[INFO] [stderr]     Checking tracing-log v0.1.3
[INFO] [stderr]     Checking sharded-slab v0.1.7
[INFO] [stderr]     Checking thread_local v1.1.7
[INFO] [stderr]     Checking base64 v0.13.1
[INFO] [stderr]     Checking ego-tree v0.6.2
[INFO] [stderr]     Checking yaml-rust v0.4.5
[INFO] [stderr]     Checking rust-ini v0.18.0
[INFO] [stderr]     Checking m3u8-rs v5.0.4
[INFO] [stderr]     Checking cbc v0.1.2
[INFO] [stderr]     Checking os_info v3.7.0
[INFO] [stderr]     Checking rustls-webpki v0.101.6
[INFO] [stderr]     Checking sct v0.7.0
[INFO] [stderr]     Checking pathdiff v0.2.1
[INFO] [stderr]     Checking hex v0.3.2
[INFO] [stderr]     Checking md5 v0.7.0
[INFO] [stderr]     Checking locate-locale v0.2.0
[INFO] [stderr]     Checking regex-automata v0.1.10
[INFO] [stderr]    Compiling proc-macro-crate v1.3.1
[INFO] [stderr]    Compiling serde_derive v1.0.189
[INFO] [stderr]    Compiling tokio-macros v2.1.0
[INFO] [stderr]    Compiling futures-macro v0.3.28
[INFO] [stderr]    Compiling thiserror-impl v1.0.49
[INFO] [stderr]    Compiling tracing-attributes v0.1.27
[INFO] [stderr]    Compiling pin-project-internal v1.1.3
[INFO] [stderr]    Compiling phf_macros v0.10.0
[INFO] [stderr]    Compiling derive_more v0.99.17
[INFO] [stderr]    Compiling lazy-regex-proc_macros v2.4.1
[INFO] [stderr]    Compiling cssparser v0.29.6
[INFO] [stderr]    Compiling deno-proc-macro-rules-macros v0.3.2
[INFO] [stderr]    Compiling strum_macros v0.25.3
[INFO] [stderr]     Checking tokio v1.33.0
[INFO] [stderr]    Compiling prost-derive v0.11.9
[INFO] [stderr]    Compiling deno-proc-macro-rules v0.3.2
[INFO] [stderr]     Checking thiserror v1.0.49
[INFO] [stderr]    Compiling pest v2.7.5
[INFO] [stderr]     Checking pin-project v1.1.3
[INFO] [stderr]    Compiling html5ever v0.26.0
[INFO] [stderr]    Compiling cssparser-macros v0.6.1
[INFO] [stderr]     Checking phf v0.10.1
[INFO] [stderr]     Checking tracing v0.1.40
[INFO] [stderr]     Checking matchers v0.1.0
[INFO] [stderr] error: could not compile `grammers-tl-types` (lib)
[INFO] [stderr] 
[INFO] [stderr] Caused by:
[INFO] [stderr]   process didn't exit successfully: `/opt/rustwide/rustup-home/toolchains/beta-2023-12-22-x86_64-unknown-linux-gnu/bin/rustc --crate-name grammers_tl_types --edition=2021 /opt/rustwide/cargo-home/git/checkouts/grammers-689e30b82f69dcd5/ff7432e/lib/grammers-tl-types/src/lib.rs --error-format=json --json=diagnostic-rendered-ansi,artifacts,future-incompat --crate-type lib --emit=dep-info,metadata -C embed-bitcode=no -C debuginfo=2 --cfg 'feature="default"' --cfg 'feature="impl-debug"' --cfg 'feature="impl-from-enum"' --cfg 'feature="impl-from-type"' --cfg 'feature="tl-api"' --cfg 'feature="tl-mtproto"' -C metadata=e101d78f49827f83 -C extra-filename=-e101d78f49827f83 --out-dir /opt/rustwide/target/debug/deps -L dependency=/opt/rustwide/target/debug/deps --cap-lints allow --cap-lints=warn` (signal: 9, SIGKILL: kill)
[INFO] [stderr] warning: build failed, waiting for other jobs to finish...
[INFO] [stderr] error: failed to run custom build command for `v8 v0.75.1`
[INFO] [stderr] note: To improve backtraces for build dependencies, set the CARGO_PROFILE_DEV_BUILD_OVERRIDE_DEBUG=true environment variable to enable debug information generation.
[INFO] [stderr] 
[INFO] [stderr] Caused by:
[INFO] [stderr]   process didn't exit successfully: `/opt/rustwide/target/debug/build/v8-41632fa0f4df1f82/build-script-build` (exit status: 101)
[INFO] [stderr]   --- stdout
[INFO] [stderr]   cargo:rerun-if-changed=.gn
[INFO] [stderr]   cargo:rerun-if-changed=BUILD.gn
[INFO] [stderr]   cargo:rerun-if-changed=src/binding.cc
[INFO] [stderr]   cargo:rerun-if-env-changed=CCACHE
[INFO] [stderr]   cargo:rerun-if-env-changed=CLANG_BASE_PATH
[INFO] [stderr]   cargo:rerun-if-env-changed=CXXSTDLIB
[INFO] [stderr]   cargo:rerun-if-env-changed=DENO_TRYBUILD
[INFO] [stderr]   cargo:rerun-if-env-changed=DOCS_RS
[INFO] [stderr]   cargo:rerun-if-env-changed=GN
[INFO] [stderr]   cargo:rerun-if-env-changed=GN_ARGS
[INFO] [stderr]   cargo:rerun-if-env-changed=HOST
[INFO] [stderr]   cargo:rerun-if-env-changed=NINJA
[INFO] [stderr]   cargo:rerun-if-env-changed=OUT_DIR
[INFO] [stderr]   cargo:rerun-if-env-changed=RUSTY_V8_ARCHIVE
[INFO] [stderr]   cargo:rerun-if-env-changed=RUSTY_V8_MIRROR
[INFO] [stderr]   cargo:rerun-if-env-changed=SCCACHE
[INFO] [stderr]   cargo:rerun-if-env-changed=V8_FORCE_DEBUG
[INFO] [stderr]   cargo:rerun-if-env-changed=V8_FROM_SOURCE
[INFO] [stderr]   cargo:rerun-if-env-changed=PYTHON
[INFO] [stderr]   cargo:rerun-if-env-changed=DISABLE_CLANG
[INFO] [stderr]   cargo:rerun-if-env-changed=EXTRA_GN_ARGS
[INFO] [stderr]   cargo:rerun-if-env-changed=NO_PRINT_GN_ARGS
[INFO] [stderr]   cargo:rustc-link-lib=static=rusty_v8
[INFO] [stderr]   download lockfile: "/opt/rustwide/target/debug/build/lib_download.fslock"
[INFO] [stderr]   static lib URL: https://github.com/denoland/rusty_v8/releases/download/v0.75.1/librusty_v8_release_x86_64-unknown-linux-gnu.a
[INFO] [stderr]   cargo:rustc-link-search=/opt/rustwide/target/debug/gn_out/obj
[INFO] [stderr]   Downloading https://github.com/denoland/rusty_v8/releases/download/v0.75.1/librusty_v8_release_x86_64-unknown-linux-gnu.a
[INFO] [stderr]   Downloading https://github.com/denoland/rusty_v8/releases/download/v0.75.1/librusty_v8_release_x86_64-unknown-linux-gnu.a...
[INFO] [stderr]   <urlopen error [Errno -3] Temporary failure in name resolution>
[INFO] [stderr]   Retrying in 5 s ...
[INFO] [stderr]   Downloading https://github.com/denoland/rusty_v8/releases/download/v0.75.1/librusty_v8_release_x86_64-unknown-linux-gnu.a...
[INFO] [stderr]   <urlopen error [Errno -3] Temporary failure in name resolution>
[INFO] [stderr]   Retrying in 10 s ...
[INFO] [stderr]   Downloading https://github.com/denoland/rusty_v8/releases/download/v0.75.1/librusty_v8_release_x86_64-unknown-linux-gnu.a...
[INFO] [stderr]   <urlopen error [Errno -3] Temporary failure in name resolution>
[INFO] [stderr]   Retrying in 20 s ...
[INFO] [stderr]   Downloading https://github.com/denoland/rusty_v8/releases/download/v0.75.1/librusty_v8_release_x86_64-unknown-linux-gnu.a...
[INFO] [stderr]   <urlopen error [Errno -3] Temporary failure in name resolution>
[INFO] [stderr]   Python downloader failed, trying with curl.
[INFO] [stderr] 
[INFO] [stderr]   --- stderr
[INFO] [stderr]   Traceback (most recent call last):
[INFO] [stderr]     File "/usr/lib/python3.10/urllib/request.py", line 1348, in do_open
[INFO] [stderr]       h.request(req.get_method(), req.selector, req.data, headers,
[INFO] [stderr]     File "/usr/lib/python3.10/http/client.py", line 1283, in request
[INFO] [stderr]       self._send_request(method, url, body, headers, encode_chunked)
[INFO] [stderr]     File "/usr/lib/python3.10/http/client.py", line 1329, in _send_request
[INFO] [stderr]       self.endheaders(body, encode_chunked=encode_chunked)
[INFO] [stderr]     File "/usr/lib/python3.10/http/client.py", line 1278, in endheaders
[INFO] [stderr]       self._send_output(message_body, encode_chunked=encode_chunked)
[INFO] [stderr]     File "/usr/lib/python3.10/http/client.py", line 1038, in _send_output
[INFO] [stderr]       self.send(msg)
[INFO] [stderr]     File "/usr/lib/python3.10/http/client.py", line 976, in send
[INFO] [stderr]       self.connect()
[INFO] [stderr]     File "/usr/lib/python3.10/http/client.py", line 1448, in connect
[INFO] [stderr]       super().connect()
[INFO] [stderr]     File "/usr/lib/python3.10/http/client.py", line 942, in connect
[INFO] [stderr]       self.sock = self._create_connection(
[INFO] [stderr]     File "/usr/lib/python3.10/socket.py", line 824, in create_connection
[INFO] [stderr]       for res in getaddrinfo(host, port, 0, SOCK_STREAM):
[INFO] [stderr]     File "/usr/lib/python3.10/socket.py", line 955, in getaddrinfo
[INFO] [stderr]       for res in _socket.getaddrinfo(host, port, family, type, proto, flags):
[INFO] [stderr]   socket.gaierror: [Errno -3] Temporary failure in name resolution
[INFO] [stderr] 
[INFO] [stderr]   During handling of the above exception, another exception occurred:
[INFO] [stderr] 
[INFO] [stderr]   Traceback (most recent call last):
[INFO] [stderr]     File "/opt/rustwide/cargo-home/registry/src/index.crates.io-6f17d22bba15001f/v8-0.75.1/./tools/download_file.py", line 64, in <module>
[INFO] [stderr]       sys.exit(main())
[INFO] [stderr]     File "/opt/rustwide/cargo-home/registry/src/index.crates.io-6f17d22bba15001f/v8-0.75.1/./tools/download_file.py", line 59, in main
[INFO] [stderr]       DownloadUrl(args.url, f)
[INFO] [stderr]     File "/opt/rustwide/cargo-home/registry/src/index.crates.io-6f17d22bba15001f/v8-0.75.1/./tools/download_file.py", line 45, in DownloadUrl
[INFO] [stderr]       raise e
[INFO] [stderr]     File "/opt/rustwide/cargo-home/registry/src/index.crates.io-6f17d22bba15001f/v8-0.75.1/./tools/download_file.py", line 29, in DownloadUrl
[INFO] [stderr]       response = urlopen(url)
[INFO] [stderr]     File "/usr/lib/python3.10/urllib/request.py", line 216, in urlopen
[INFO] [stderr]       return opener.open(url, data, timeout)
[INFO] [stderr]     File "/usr/lib/python3.10/urllib/request.py", line 519, in open
[INFO] [stderr]       response = self._open(req, data)
[INFO] [stderr]     File "/usr/lib/python3.10/urllib/request.py", line 536, in _open
[INFO] [stderr]       result = self._call_chain(self.handle_open, protocol, protocol +
[INFO] [stderr]     File "/usr/lib/python3.10/urllib/request.py", line 496, in _call_chain
[INFO] [stderr]       result = func(*args)
[INFO] [stderr]     File "/usr/lib/python3.10/urllib/request.py", line 1391, in https_open
[INFO] [stderr]       return self.do_open(http.client.HTTPSConnection, req,
[INFO] [stderr]     File "/usr/lib/python3.10/urllib/request.py", line 1351, in do_open
[INFO] [stderr]       raise URLError(err)
[INFO] [stderr]   urllib.error.URLError: <urlopen error [Errno -3] Temporary failure in name resolution>
[INFO] [stderr]   thread 'main' panicked at /opt/rustwide/cargo-home/registry/src/index.crates.io-6f17d22bba15001f/v8-0.75.1/build.rs:431:3:
[INFO] [stderr]   assertion failed: status.success()
[INFO] [stderr]   stack backtrace:
[INFO] [stderr]      0:     0x55c51b75d1f6 - std::backtrace_rs::backtrace::libunwind::trace::h261606ad26a499c1
[INFO] [stderr]                                  at /rustc/0e09125c6c3c2fd70d7de961bcf0e51575235fad/library/std/src/../../backtrace/src/backtrace/libunwind.rs:104:5
[INFO] [stderr]      1:     0x55c51b75d1f6 - std::backtrace_rs::backtrace::trace_unsynchronized::hd183f0625477fb28
[INFO] [stderr]                                  at /rustc/0e09125c6c3c2fd70d7de961bcf0e51575235fad/library/std/src/../../backtrace/src/backtrace/mod.rs:66:5
[INFO] [stderr]      2:     0x55c51b75d1f6 - std::sys_common::backtrace::_print_fmt::hd7f8fef21b4eda67
[INFO] [stderr]                                  at /rustc/0e09125c6c3c2fd70d7de961bcf0e51575235fad/library/std/src/sys_common/backtrace.rs:68:5
[INFO] [stderr]      3:     0x55c51b75d1f6 - <std::sys_common::backtrace::_print::DisplayBacktrace as core::fmt::Display>::fmt::h623d9b51f2f453f1
[INFO] [stderr]                                  at /rustc/0e09125c6c3c2fd70d7de961bcf0e51575235fad/library/std/src/sys_common/backtrace.rs:44:22
[INFO] [stderr]      4:     0x55c51b780b30 - core::fmt::rt::Argument::fmt::h9f417ac76a86f368
[INFO] [stderr]                                  at /rustc/0e09125c6c3c2fd70d7de961bcf0e51575235fad/library/core/src/fmt/rt.rs:142:9
[INFO] [stderr]      5:     0x55c51b780b30 - core::fmt::write::hc9b6faf4ac2aeff7
[INFO] [stderr]                                  at /rustc/0e09125c6c3c2fd70d7de961bcf0e51575235fad/library/core/src/fmt/mod.rs:1120:17
[INFO] [stderr]      6:     0x55c51b75acbf - std::io::Write::write_fmt::hfead1eee52c2e65e
[INFO] [stderr]                                  at /rustc/0e09125c6c3c2fd70d7de961bcf0e51575235fad/library/std/src/io/mod.rs:1810:15
[INFO] [stderr]      7:     0x55c51b75cfd4 - std::sys_common::backtrace::_print::hd5d66399c7df88a2
[INFO] [stderr]                                  at /rustc/0e09125c6c3c2fd70d7de961bcf0e51575235fad/library/std/src/sys_common/backtrace.rs:47:5
[INFO] [stderr]      8:     0x55c51b75cfd4 - std::sys_common::backtrace::print::he81ed2da642d37e5
[INFO] [stderr]                                  at /rustc/0e09125c6c3c2fd70d7de961bcf0e51575235fad/library/std/src/sys_common/backtrace.rs:34:9
[INFO] [stderr]      9:     0x55c51b75e6c7 - std::panicking::default_hook::{{closure}}::h85773f4fa117163d
[INFO] [stderr]     10:     0x55c51b75e429 - std::panicking::default_hook::h6a1694a91d09b278
[INFO] [stderr]                                  at /rustc/0e09125c6c3c2fd70d7de961bcf0e51575235fad/library/std/src/panicking.rs:292:9
[INFO] [stderr]     11:     0x55c51b75eb58 - std::panicking::rust_panic_with_hook::h0a7ad96e90f7145b
[INFO] [stderr]                                  at /rustc/0e09125c6c3c2fd70d7de961bcf0e51575235fad/library/std/src/panicking.rs:779:13
[INFO] [stderr]     12:     0x55c51b75e9f9 - std::panicking::begin_panic_handler::{{closure}}::h7919090525c6485e
[INFO] [stderr]                                  at /rustc/0e09125c6c3c2fd70d7de961bcf0e51575235fad/library/std/src/panicking.rs:649:13
[INFO] [stderr]     13:     0x55c51b75d6f6 - std::sys_common::backtrace::__rust_end_short_backtrace::hf3289479464f7dfe
[INFO] [stderr]                                  at /rustc/0e09125c6c3c2fd70d7de961bcf0e51575235fad/library/std/src/sys_common/backtrace.rs:171:18
[INFO] [stderr]     14:     0x55c51b75e790 - rust_begin_unwind
[INFO] [stderr]                                  at /rustc/0e09125c6c3c2fd70d7de961bcf0e51575235fad/library/std/src/panicking.rs:645:5
[INFO] [stderr]     15:     0x55c51b70c915 - core::panicking::panic_fmt::hcc9f77c5c132af55
[INFO] [stderr]                                  at /rustc/0e09125c6c3c2fd70d7de961bcf0e51575235fad/library/core/src/panicking.rs:72:14
[INFO] [stderr]     16:     0x55c51b70c9d3 - core::panicking::panic::h5a1259c1164bd480
[INFO] [stderr]                                  at /rustc/0e09125c6c3c2fd70d7de961bcf0e51575235fad/library/core/src/panicking.rs:144:5
[INFO] [stderr]     17:     0x55c51b7179c4 - build_script_build::download_file::hcee40ca6023e0c72
[INFO] [stderr]     18:     0x55c51b718137 - build_script_build::download_static_lib_binaries::hf39616941d6c477b
[INFO] [stderr]     19:     0x55c51b71370b - build_script_build::main::h9a75a740b93bf322
[INFO] [stderr]     20:     0x55c51b7114a3 - core::ops::function::FnOnce::call_once::h300918782c9f8693
[INFO] [stderr]     21:     0x55c51b72c906 - std::sys_common::backtrace::__rust_begin_short_backtrace::h51b3d60e7d401935
[INFO] [stderr]     22:     0x55c51b71ed39 - std::rt::lang_start::{{closure}}::h2cf8ebdcf24cae56
[INFO] [stderr]     23:     0x55c51b755cc1 - core::ops::function::impls::<impl core::ops::function::FnOnce<A> for &F>::call_once::h4eb4c5e1620f29b0
[INFO] [stderr]                                  at /rustc/0e09125c6c3c2fd70d7de961bcf0e51575235fad/library/core/src/ops/function.rs:284:13
[INFO] [stderr]     24:     0x55c51b755cc1 - std::panicking::try::do_call::h73fd26535faffcdf
[INFO] [stderr]                                  at /rustc/0e09125c6c3c2fd70d7de961bcf0e51575235fad/library/std/src/panicking.rs:552:40
[INFO] [stderr]     25:     0x55c51b755cc1 - std::panicking::try::h77ff1d98f0fb9f39
[INFO] [stderr]                                  at /rustc/0e09125c6c3c2fd70d7de961bcf0e51575235fad/library/std/src/panicking.rs:516:19
[INFO] [stderr]     26:     0x55c51b755cc1 - std::panic::catch_unwind::hab3caf2448b95e37
[INFO] [stderr]                                  at /rustc/0e09125c6c3c2fd70d7de961bcf0e51575235fad/library/std/src/panic.rs:142:14
[INFO] [stderr]     27:     0x55c51b755cc1 - std::rt::lang_start_internal::{{closure}}::h8086711f9c783f78
[INFO] [stderr]                                  at /rustc/0e09125c6c3c2fd70d7de961bcf0e51575235fad/library/std/src/rt.rs:148:48
[INFO] [stderr]     28:     0x55c51b755cc1 - std::panicking::try::do_call::hf920d4dc291cd6ca
[INFO] [stderr]                                  at /rustc/0e09125c6c3c2fd70d7de961bcf0e51575235fad/library/std/src/panicking.rs:552:40
[INFO] [stderr]     29:     0x55c51b755cc1 - std::panicking::try::h2b806ccc0a85db74
[INFO] [stderr]                                  at /rustc/0e09125c6c3c2fd70d7de961bcf0e51575235fad/library/std/src/panicking.rs:516:19
[INFO] [stderr]     30:     0x55c51b755cc1 - std::panic::catch_unwind::h038489539c507df2
[INFO] [stderr]                                  at /rustc/0e09125c6c3c2fd70d7de961bcf0e51575235fad/library/std/src/panic.rs:142:14
[INFO] [stderr]     31:     0x55c51b755cc1 - std::rt::lang_start_internal::h28503b88912e8a5c
[INFO] [stderr]                                  at /rustc/0e09125c6c3c2fd70d7de961bcf0e51575235fad/library/std/src/rt.rs:148:20
[INFO] [stderr]     32:     0x55c51b71ed17 - std::rt::lang_start::h6dc2df5b1deca504
[INFO] [stderr]     33:     0x55c51b71c275 - main
[INFO] [stderr]     34:     0x7f2f19e2dd90 - <unknown>
[INFO] [stderr]     35:     0x7f2f19e2de40 - __libc_start_main
[INFO] [stderr]     36:     0x55c51b70d135 - _start
[INFO] [stderr]     37:                0x0 - <unknown>
[INFO] running `Command { std: "docker" "inspect" "f317a3924c88ce689fe21a8b23a238c92ec8d48d8a7dae05f2ba112c27030eda", kill_on_drop: false }`
[INFO] running `Command { std: "docker" "rm" "-f" "f317a3924c88ce689fe21a8b23a238c92ec8d48d8a7dae05f2ba112c27030eda", kill_on_drop: false }`
[INFO] [stdout] f317a3924c88ce689fe21a8b23a238c92ec8d48d8a7dae05f2ba112c27030eda
