[INFO] cloning repository https://github.com/Cuarto-Online/cuarto-server
[INFO] running `Command { std: "git" "-c" "credential.helper=" "-c" "credential.helper=/workspace/cargo-home/bin/git-credential-null" "clone" "--bare" "https://github.com/Cuarto-Online/cuarto-server" "/workspace/cache/git-repos/https%3A%2F%2Fgithub.com%2FCuarto-Online%2Fcuarto-server", kill_on_drop: false }`
[INFO] [stderr] Cloning into bare repository '/workspace/cache/git-repos/https%3A%2F%2Fgithub.com%2FCuarto-Online%2Fcuarto-server'...
[INFO] running `Command { std: "git" "rev-parse" "HEAD", kill_on_drop: false }`
[INFO] [stdout] 195f300f8ed816864a96db9e9c85d1bbde114a58
[INFO] documenting Cuarto-Online/cuarto-server against 1.75.0 for beta-1.76-rustdoc-1
[INFO] running `Command { std: "git" "clone" "/workspace/cache/git-repos/https%3A%2F%2Fgithub.com%2FCuarto-Online%2Fcuarto-server" "/workspace/builds/worker-7-tc1/source", kill_on_drop: false }`
[INFO] [stderr] Cloning into '/workspace/builds/worker-7-tc1/source'...
[INFO] [stderr] done.
[INFO] validating manifest of git repo https://github.com/Cuarto-Online/cuarto-server on toolchain 1.75.0
[INFO] running `Command { std: CARGO_HOME="/workspace/cargo-home" RUSTUP_HOME="/workspace/rustup-home" "/workspace/cargo-home/bin/cargo" "+1.75.0" "metadata" "--manifest-path" "Cargo.toml" "--no-deps", kill_on_drop: false }`
[INFO] started tweaking git repo https://github.com/Cuarto-Online/cuarto-server
[INFO] finished tweaking git repo https://github.com/Cuarto-Online/cuarto-server
[INFO] tweaked toml for git repo https://github.com/Cuarto-Online/cuarto-server written to /workspace/builds/worker-7-tc1/source/Cargo.toml
[INFO] crate git repo https://github.com/Cuarto-Online/cuarto-server already has a lockfile, it will not be regenerated
[INFO] running `Command { std: CARGO_HOME="/workspace/cargo-home" RUSTUP_HOME="/workspace/rustup-home" "/workspace/cargo-home/bin/cargo" "+1.75.0" "fetch" "--manifest-path" "Cargo.toml", kill_on_drop: false }`
[INFO] [stderr]  Downloading crates ...
[INFO] [stderr]   Downloaded num-traits v0.1.37
[INFO] [stderr]   Downloaded num-iter v0.1.33
[INFO] [stderr]   Downloaded log v0.3.7
[INFO] [stderr]   Downloaded num_cpus v1.3.0
[INFO] [stderr]   Downloaded matches v0.1.4
[INFO] [stderr]   Downloaded bufstream v0.1.2
[INFO] [stderr]   Downloaded route-recognizer v0.1.11
[INFO] [stderr]   Downloaded unsafe-any v0.4.1
[INFO] [stderr]   Downloaded semver v0.5.1
[INFO] [stderr]   Downloaded unicase v1.4.0
[INFO] [stderr]   Downloaded semver-parser v0.6.2
[INFO] [stderr]   Downloaded idna v0.1.0
[INFO] [stderr]   Downloaded byteorder v0.3.13
[INFO] [stderr]   Downloaded libc v0.2.21
[INFO] [stderr]   Downloaded httparse v1.2.1
[INFO] [stderr]   Downloaded url v1.4.0
[INFO] [stderr]   Downloaded linked-hash-map v0.0.9
[INFO] [stderr]   Downloaded tempdir v0.3.5
[INFO] [stderr]   Downloaded time v0.1.36
[INFO] [stderr]   Downloaded itoa v0.3.1
[INFO] [stderr]   Downloaded dtoa v0.4.1
[INFO] [stderr]   Downloaded textnonce v0.4.1
[INFO] [stderr]   Downloaded redox_syscall v0.1.17
[INFO] [stderr]   Downloaded mime v0.2.3
[INFO] [stderr]   Downloaded mime_guess v1.8.1
[INFO] [stderr]   Downloaded scan_fmt v0.1.1
[INFO] [stderr]   Downloaded serde_codegen_internals v0.14.1
[INFO] [stderr]   Downloaded lazy_static v0.2.5
[INFO] [stderr]   Downloaded num-integer v0.1.33
[INFO] [stderr]   Downloaded num-complex v0.1.36
[INFO] [stderr]   Downloaded num-rational v0.1.36
[INFO] [stderr]   Downloaded unicode-bidi v0.2.5
[INFO] [stderr]   Downloaded serde_derive v0.9.11
[INFO] [stderr]   Downloaded rustc-serialize v0.3.23
[INFO] [stderr]   Downloaded num-bigint v0.1.37
[INFO] [stderr]   Downloaded gcc v0.3.45
[INFO] [stderr]   Downloaded num v0.1.37
[INFO] [stderr]   Downloaded serde v0.9.11
[INFO] [stderr]   Downloaded serde_json v0.9.9
[INFO] [stderr]   Downloaded rand v0.3.15
[INFO] [stderr]   Downloaded syn v0.11.9
[INFO] [stderr]   Downloaded bson v0.3.2
[INFO] [stderr]   Downloaded hyper v0.10.5
[INFO] [stderr]   Downloaded unicode-normalization v0.1.4
[INFO] [stderr]   Downloaded mongodb v0.1.8
[INFO] running `Command { std: "docker" "create" "-v" "/var/lib/crater-agent-workspace/builds/worker-7-tc1/target:/opt/rustwide/target:rw,Z" "-v" "/var/lib/crater-agent-workspace/builds/worker-7-tc1/source:/opt/rustwide/workdir:ro,Z" "-v" "/var/lib/crater-agent-workspace/cargo-home:/opt/rustwide/cargo-home:ro,Z" "-v" "/var/lib/crater-agent-workspace/rustup-home:/opt/rustwide/rustup-home:ro,Z" "-e" "SOURCE_DIR=/opt/rustwide/workdir" "-e" "CARGO_TARGET_DIR=/opt/rustwide/target" "-e" "CARGO_HOME=/opt/rustwide/cargo-home" "-e" "RUSTUP_HOME=/opt/rustwide/rustup-home" "-w" "/opt/rustwide/workdir" "-m" "1610612736" "--user" "0:0" "--network" "none" "ghcr.io/rust-lang/crates-build-env/linux@sha256:2788e3201cd34a07e3172128adcd8b3090168a8e3bcc40d7c032b9dda1df7d1c" "/opt/rustwide/cargo-home/bin/cargo" "+1.75.0" "metadata" "--no-deps" "--format-version=1", kill_on_drop: false }`
[INFO] [stdout] 64c985e96fec3de5294143b545a509631890778f0dcbeda758a2d4ae05a2fc77
[INFO] running `Command { std: "docker" "start" "-a" "64c985e96fec3de5294143b545a509631890778f0dcbeda758a2d4ae05a2fc77", kill_on_drop: false }`
[INFO] running `Command { std: "docker" "inspect" "64c985e96fec3de5294143b545a509631890778f0dcbeda758a2d4ae05a2fc77", kill_on_drop: false }`
[INFO] running `Command { std: "docker" "rm" "-f" "64c985e96fec3de5294143b545a509631890778f0dcbeda758a2d4ae05a2fc77", kill_on_drop: false }`
[INFO] [stdout] 64c985e96fec3de5294143b545a509631890778f0dcbeda758a2d4ae05a2fc77
[INFO] running `Command { std: "docker" "create" "-v" "/var/lib/crater-agent-workspace/builds/worker-7-tc1/target:/opt/rustwide/target:rw,Z" "-v" "/var/lib/crater-agent-workspace/builds/worker-7-tc1/source:/opt/rustwide/workdir:ro,Z" "-v" "/var/lib/crater-agent-workspace/cargo-home:/opt/rustwide/cargo-home:ro,Z" "-v" "/var/lib/crater-agent-workspace/rustup-home:/opt/rustwide/rustup-home:ro,Z" "-e" "SOURCE_DIR=/opt/rustwide/workdir" "-e" "CARGO_TARGET_DIR=/opt/rustwide/target" "-e" "CARGO_INCREMENTAL=0" "-e" "RUST_BACKTRACE=full" "-e" "RUSTFLAGS=--cap-lints=warn" "-e" "RUSTDOCFLAGS=--cap-lints=warn" "-e" "CARGO_HOME=/opt/rustwide/cargo-home" "-e" "RUSTUP_HOME=/opt/rustwide/rustup-home" "-w" "/opt/rustwide/workdir" "-m" "1610612736" "--user" "0:0" "--network" "none" "ghcr.io/rust-lang/crates-build-env/linux@sha256:2788e3201cd34a07e3172128adcd8b3090168a8e3bcc40d7c032b9dda1df7d1c" "/opt/rustwide/cargo-home/bin/cargo" "+1.75.0" "doc" "--frozen" "--no-deps" "--document-private-items" "--message-format=json", kill_on_drop: false }`
[INFO] [stdout] 7080a77bedf5644f4e677533f9ac027838a73d8ef43c67fd7be1ee15ea294f73
[INFO] running `Command { std: "docker" "start" "-a" "7080a77bedf5644f4e677533f9ac027838a73d8ef43c67fd7be1ee15ea294f73", kill_on_drop: false }`
[INFO] [stderr]     Checking libc v0.2.21
[INFO] [stderr]    Compiling semver v0.1.20
[INFO] [stderr]     Checking rustc-serialize v0.3.23
[INFO] [stderr]     Checking num-traits v0.1.37
[INFO] [stderr]     Checking traitobject v0.1.0
[INFO] [stderr]     Checking matches v0.1.4
[INFO] [stderr]     Checking log v0.3.7
[INFO] [stderr]     Checking unicode-normalization v0.1.4
[INFO] [stderr]    Compiling winapi-build v0.1.1
[INFO] [stderr]     Checking lazy_static v0.2.5
[INFO] [stderr]    Compiling siphasher v0.2.2
[INFO] [stderr]     Checking typeable v0.1.2
[INFO] [stderr]     Checking winapi v0.2.8
[INFO] [stderr]     Checking language-tags v0.2.2
[INFO] [stderr]     Checking httparse v1.2.1
[INFO] [stderr]     Checking unicode-bidi v0.2.5
[INFO] [stderr]     Checking modifier v0.1.0
[INFO] [stderr]     Checking serde v0.8.23
[INFO] [stderr]     Checking unsafe-any v0.4.1
[INFO] [stderr]     Checking error v0.1.9
[INFO] [stderr]     Checking mime v0.2.3
[INFO] [stderr]    Compiling gcc v0.3.45
[INFO] [stderr]     Checking typemap v0.3.3
[INFO] [stderr]     Checking itoa v0.1.1
[INFO] [stderr]     Checking utf8-ranges v0.1.3
[INFO] [stderr]    Compiling unicode-xid v0.0.4
[INFO] [stderr]    Compiling kernel32-sys v0.2.2
[INFO] [stderr]    Compiling rustc_version v0.1.7
[INFO] [stderr]     Checking plugin v0.2.6
[INFO] [stderr]     Checking regex-syntax v0.3.9
[INFO] [stderr]     Checking dtoa v0.2.2
[INFO] [stderr]    Compiling synom v0.11.3
[INFO] [stderr]    Compiling quote v0.3.15
[INFO] [stderr]     Checking linked-hash-map v0.0.9
[INFO] [stderr]     Checking byteorder v0.3.13
[INFO] [stderr]     Checking time v0.1.36
[INFO] [stderr]     Checking rand v0.3.15
[INFO] [stderr]     Checking num-integer v0.1.33
[INFO] [stderr]     Checking num_cpus v1.3.0
[INFO] [stderr]     Checking memchr v0.1.11
[INFO] [stderr]     Checking libc v0.1.12
[INFO] [stderr]    Compiling unicase v1.4.0
[INFO] [stderr]    Compiling hyper v0.10.5
[INFO] [stderr]     Checking aho-corasick v0.5.3
[INFO] [stderr]    Compiling syn v0.11.9
[INFO] [stderr]     Checking thread-id v2.0.0
[INFO] [stderr]     Checking num-iter v0.1.33
[INFO] [stderr]     Checking buf_redux v0.3.0
[INFO] [stderr]     Checking thread_local v0.2.7
[INFO] [stderr]     Checking itoa v0.3.1
[INFO] [stderr]     Checking byteorder v0.5.3
[INFO] [stderr]     Checking separator v0.3.1
[INFO] [stderr]     Checking bufstream v0.1.2
[INFO] [stderr]     Checking route-recognizer v0.1.11
[INFO] [stderr]     Checking idna v0.1.0
[INFO] [stderr]     Checking serde v0.9.11
[INFO] [stderr]     Checking scan_fmt v0.1.1
[INFO] [stderr]     Checking dtoa v0.4.1
[INFO] [stderr]    Compiling rust-crypto v0.2.36
[INFO] [stderr]     Checking tempdir v0.3.5
[INFO] [stderr]    Compiling phf_shared v0.7.21
[INFO] [stderr]    Compiling phf_generator v0.7.21
[INFO] [stderr]     Checking regex v0.1.80
[INFO] [stderr]     Checking phf v0.7.21
[INFO] [stderr]    Compiling phf_codegen v0.7.21
[INFO] [stderr]    Compiling mime_guess v1.8.1
[INFO] [stderr]     Checking url v1.4.0
[INFO] [stderr]    Compiling serde_codegen_internals v0.14.1
[INFO] [stdout] error[E0713]: borrow may still be in use when destructor runs
[INFO] [stdout]    --> /opt/rustwide/cargo-home/registry/src/index.crates.io-6f17d22bba15001f/url-1.4.0/src/form_urlencoded.rs:246:40
[INFO] [stdout]     |
[INFO] [stdout] 244 | impl<'a> Target for ::UrlQuery<'a> {
[INFO] [stdout]     |      -- lifetime `'a` defined here
[INFO] [stdout] 245 |     fn as_mut_string(&mut self) -> &mut String { &mut self.url.serialization }
[INFO] [stdout] 246 |     fn finish(self) -> &'a mut ::Url { self.url }
[INFO] [stdout]     |                                        ^^^^^^^^ - here, drop of `self` needs exclusive access to `*self.url`, because the type `UrlQuery<'_>` implements the `Drop` trait
[INFO] [stdout]     |                                        |
[INFO] [stdout]     |                                        returning this value requires that `*self.url` is borrowed for `'a`
[INFO] [stdout] 
[INFO] [stdout] 
[INFO] [stderr] error: failed to run custom build command for `mime_guess v1.8.1`
[INFO] [stderr] note: To improve backtraces for build dependencies, set the CARGO_PROFILE_DEV_BUILD_OVERRIDE_DEBUG=true environment variable to enable debug information generation.
[INFO] [stderr] 
[INFO] [stderr] Caused by:
[INFO] [stderr]   process didn't exit successfully: `/opt/rustwide/target/debug/build/mime_guess-f7e7448ce3ec1350/build-script-gen_mime_types` (exit status: 101)
[INFO] [stderr]   --- stderr
[INFO] [stderr]   thread 'main' panicked at /opt/rustwide/cargo-home/registry/src/index.crates.io-6f17d22bba15001f/mime_guess-1.8.1/src/gen_mime_types.rs:22:67:
[INFO] [stderr]   called `Result::unwrap()` on an `Err` value: Os { code: 30, kind: ReadOnlyFilesystem, message: "Read-only file system" }
[INFO] [stderr]   stack backtrace:
[INFO] [stderr]      0:     0x5560e732868c - std::backtrace_rs::backtrace::libunwind::trace::ha637c64ce894333a
[INFO] [stderr]                                  at /rustc/82e1608dfa6e0b5569232559e3d385fea5a93112/library/std/src/../../backtrace/src/backtrace/libunwind.rs:104:5
[INFO] [stderr]      1:     0x5560e732868c - std::backtrace_rs::backtrace::trace_unsynchronized::h47f62dea28e0c88d
[INFO] [stderr]                                  at /rustc/82e1608dfa6e0b5569232559e3d385fea5a93112/library/std/src/../../backtrace/src/backtrace/mod.rs:66:5
[INFO] [stderr]      2:     0x5560e732868c - std::sys_common::backtrace::_print_fmt::h9eef0abe20ede486
[INFO] [stderr]                                  at /rustc/82e1608dfa6e0b5569232559e3d385fea5a93112/library/std/src/sys_common/backtrace.rs:67:5
[INFO] [stderr]      3:     0x5560e732868c - <std::sys_common::backtrace::_print::DisplayBacktrace as core::fmt::Display>::fmt::hed7f999df88cc644
[INFO] [stderr]                                  at /rustc/82e1608dfa6e0b5569232559e3d385fea5a93112/library/std/src/sys_common/backtrace.rs:44:22
[INFO] [stderr]      4:     0x5560e73487c0 - core::fmt::rt::Argument::fmt::h1539a9308b8d058d
[INFO] [stderr]                                  at /rustc/82e1608dfa6e0b5569232559e3d385fea5a93112/library/core/src/fmt/rt.rs:142:9
[INFO] [stderr]      5:     0x5560e73487c0 - core::fmt::write::h3a39390d8560d9c9
[INFO] [stderr]                                  at /rustc/82e1608dfa6e0b5569232559e3d385fea5a93112/library/core/src/fmt/mod.rs:1120:17
[INFO] [stderr]      6:     0x5560e7326b3f - std::io::Write::write_fmt::h5fc9997dfe05f882
[INFO] [stderr]                                  at /rustc/82e1608dfa6e0b5569232559e3d385fea5a93112/library/std/src/io/mod.rs:1762:15
[INFO] [stderr]      7:     0x5560e7328474 - std::sys_common::backtrace::_print::h894006fb5c6f3d45
[INFO] [stderr]                                  at /rustc/82e1608dfa6e0b5569232559e3d385fea5a93112/library/std/src/sys_common/backtrace.rs:47:5
[INFO] [stderr]      8:     0x5560e7328474 - std::sys_common::backtrace::print::h23a2d212c6fff936
[INFO] [stderr]                                  at /rustc/82e1608dfa6e0b5569232559e3d385fea5a93112/library/std/src/sys_common/backtrace.rs:34:9
[INFO] [stderr]      9:     0x5560e7329987 - std::panicking::default_hook::{{closure}}::h8a1d2ee00185001a
[INFO] [stderr]     10:     0x5560e73296ef - std::panicking::default_hook::h6038f2eba384e475
[INFO] [stderr]                                  at /rustc/82e1608dfa6e0b5569232559e3d385fea5a93112/library/std/src/panicking.rs:292:9
[INFO] [stderr]     11:     0x5560e7329e08 - std::panicking::rust_panic_with_hook::h2b5517d590cab22e
[INFO] [stderr]                                  at /rustc/82e1608dfa6e0b5569232559e3d385fea5a93112/library/std/src/panicking.rs:779:13
[INFO] [stderr]     12:     0x5560e7329cee - std::panicking::begin_panic_handler::{{closure}}::h233112c06e0ef43e
[INFO] [stderr]                                  at /rustc/82e1608dfa6e0b5569232559e3d385fea5a93112/library/std/src/panicking.rs:657:13
[INFO] [stderr]     13:     0x5560e7328b56 - std::sys_common::backtrace::__rust_end_short_backtrace::h6e893f24d7ebbff8
[INFO] [stderr]                                  at /rustc/82e1608dfa6e0b5569232559e3d385fea5a93112/library/std/src/sys_common/backtrace.rs:170:18
[INFO] [stderr]     14:     0x5560e7329a52 - rust_begin_unwind
[INFO] [stderr]                                  at /rustc/82e1608dfa6e0b5569232559e3d385fea5a93112/library/std/src/panicking.rs:645:5
[INFO] [stderr]     15:     0x5560e72e3e55 - core::panicking::panic_fmt::hbf0e066aabfa482c
[INFO] [stderr]                                  at /rustc/82e1608dfa6e0b5569232559e3d385fea5a93112/library/core/src/panicking.rs:72:14
[INFO] [stderr]     16:     0x5560e72e42b3 - core::result::unwrap_failed::hddb4fea594200c52
[INFO] [stderr]                                  at /rustc/82e1608dfa6e0b5569232559e3d385fea5a93112/library/core/src/result.rs:1653:5
[INFO] [stderr]     17:     0x5560e72ff374 - core::result::Result<T,E>::unwrap::h762e2a2d0cd1dfcf
[INFO] [stderr]     18:     0x5560e730a380 - build_script_gen_mime_types::main::h1786a4b7d3f87f10
[INFO] [stderr]     19:     0x5560e72fe0c3 - core::ops::function::FnOnce::call_once::heda5f9ae987944e7
[INFO] [stderr]     20:     0x5560e7303fe6 - std::sys_common::backtrace::__rust_begin_short_backtrace::h17819d62d76fd707
[INFO] [stderr]     21:     0x5560e72fdc19 - std::rt::lang_start::{{closure}}::ha62e7c0dbc482f8b
[INFO] [stderr]     22:     0x5560e73245e7 - core::ops::function::impls::<impl core::ops::function::FnOnce<A> for &F>::call_once::hd95060ecd5e1ca24
[INFO] [stderr]                                  at /rustc/82e1608dfa6e0b5569232559e3d385fea5a93112/library/core/src/ops/function.rs:284:13
[INFO] [stderr]     23:     0x5560e73245e7 - std::panicking::try::do_call::h6e8cf51db32a6e4b
[INFO] [stderr]                                  at /rustc/82e1608dfa6e0b5569232559e3d385fea5a93112/library/std/src/panicking.rs:552:40
[INFO] [stderr]     24:     0x5560e73245e7 - std::panicking::try::h3a52eefe24fe3c29
[INFO] [stderr]                                  at /rustc/82e1608dfa6e0b5569232559e3d385fea5a93112/library/std/src/panicking.rs:516:19
[INFO] [stderr]     25:     0x5560e73245e7 - std::panic::catch_unwind::h24c28c23c02c3841
[INFO] [stderr]                                  at /rustc/82e1608dfa6e0b5569232559e3d385fea5a93112/library/std/src/panic.rs:142:14
[INFO] [stderr]     26:     0x5560e73245e7 - std::rt::lang_start_internal::{{closure}}::h705d3c9cbc06ef47
[INFO] [stderr]                                  at /rustc/82e1608dfa6e0b5569232559e3d385fea5a93112/library/std/src/rt.rs:148:48
[INFO] [stderr]     27:     0x5560e73245e7 - std::panicking::try::do_call::ha21f52ba13158470
[INFO] [stderr]                                  at /rustc/82e1608dfa6e0b5569232559e3d385fea5a93112/library/std/src/panicking.rs:552:40
[INFO] [stderr]     28:     0x5560e73245e7 - std::panicking::try::h5581346bf6aeb1f8
[INFO] [stderr]                                  at /rustc/82e1608dfa6e0b5569232559e3d385fea5a93112/library/std/src/panicking.rs:516:19
[INFO] [stderr]     29:     0x5560e73245e7 - std::panic::catch_unwind::h7919645a6b72e25b
[INFO] [stderr]                                  at /rustc/82e1608dfa6e0b5569232559e3d385fea5a93112/library/std/src/panic.rs:142:14
[INFO] [stderr]     30:     0x5560e73245e7 - std::rt::lang_start_internal::h12de51168669836e
[INFO] [stderr]                                  at /rustc/82e1608dfa6e0b5569232559e3d385fea5a93112/library/std/src/rt.rs:148:20
[INFO] [stderr]     31:     0x5560e72fdbf7 - std::rt::lang_start::hf84311b245fd163a
[INFO] [stderr]     32:     0x5560e730b535 - main
[INFO] [stderr]     33:     0x7f627f9d7d90 - <unknown>
[INFO] [stderr]     34:     0x7f627f9d7e40 - __libc_start_main
[INFO] [stderr]     35:     0x5560e72e4575 - _start
[INFO] [stderr]     36:                0x0 - <unknown>
[INFO] [stderr] warning: build failed, waiting for other jobs to finish...
[INFO] [stdout] error: aborting due to previous error
[INFO] [stdout] 
[INFO] [stdout] 
[INFO] [stdout] For more information about this error, try `rustc --explain E0713`.
[INFO] [stdout] 
[INFO] [stderr] error: could not compile `url` (lib) due to 2 previous errors
[INFO] running `Command { std: "docker" "inspect" "7080a77bedf5644f4e677533f9ac027838a73d8ef43c67fd7be1ee15ea294f73", kill_on_drop: false }`
[INFO] running `Command { std: "docker" "rm" "-f" "7080a77bedf5644f4e677533f9ac027838a73d8ef43c67fd7be1ee15ea294f73", kill_on_drop: false }`
[INFO] [stdout] 7080a77bedf5644f4e677533f9ac027838a73d8ef43c67fd7be1ee15ea294f73
[INFO] documenting Cuarto-Online/cuarto-server against beta-2023-12-22 for beta-1.76-rustdoc-1
[INFO] running `Command { std: "git" "clone" "/workspace/cache/git-repos/https%3A%2F%2Fgithub.com%2FCuarto-Online%2Fcuarto-server" "/workspace/builds/worker-7-tc2/source", kill_on_drop: false }`
[INFO] [stderr] Cloning into '/workspace/builds/worker-7-tc2/source'...
[INFO] [stderr] done.
[INFO] validating manifest of git repo https://github.com/Cuarto-Online/cuarto-server on toolchain beta-2023-12-22
[INFO] running `Command { std: CARGO_HOME="/workspace/cargo-home" RUSTUP_HOME="/workspace/rustup-home" "/workspace/cargo-home/bin/cargo" "+beta-2023-12-22" "metadata" "--manifest-path" "Cargo.toml" "--no-deps", kill_on_drop: false }`
[INFO] started tweaking git repo https://github.com/Cuarto-Online/cuarto-server
[INFO] finished tweaking git repo https://github.com/Cuarto-Online/cuarto-server
[INFO] tweaked toml for git repo https://github.com/Cuarto-Online/cuarto-server written to /workspace/builds/worker-7-tc2/source/Cargo.toml
[INFO] crate git repo https://github.com/Cuarto-Online/cuarto-server already has a lockfile, it will not be regenerated
[INFO] running `Command { std: CARGO_HOME="/workspace/cargo-home" RUSTUP_HOME="/workspace/rustup-home" "/workspace/cargo-home/bin/cargo" "+beta-2023-12-22" "fetch" "--manifest-path" "Cargo.toml", kill_on_drop: false }`
[INFO] running `Command { std: "docker" "create" "-v" "/var/lib/crater-agent-workspace/builds/worker-7-tc2/target:/opt/rustwide/target:rw,Z" "-v" "/var/lib/crater-agent-workspace/builds/worker-7-tc2/source:/opt/rustwide/workdir:ro,Z" "-v" "/var/lib/crater-agent-workspace/cargo-home:/opt/rustwide/cargo-home:ro,Z" "-v" "/var/lib/crater-agent-workspace/rustup-home:/opt/rustwide/rustup-home:ro,Z" "-e" "SOURCE_DIR=/opt/rustwide/workdir" "-e" "CARGO_TARGET_DIR=/opt/rustwide/target" "-e" "CARGO_HOME=/opt/rustwide/cargo-home" "-e" "RUSTUP_HOME=/opt/rustwide/rustup-home" "-w" "/opt/rustwide/workdir" "-m" "1610612736" "--user" "0:0" "--network" "none" "ghcr.io/rust-lang/crates-build-env/linux@sha256:2788e3201cd34a07e3172128adcd8b3090168a8e3bcc40d7c032b9dda1df7d1c" "/opt/rustwide/cargo-home/bin/cargo" "+beta-2023-12-22" "metadata" "--no-deps" "--format-version=1", kill_on_drop: false }`
[INFO] [stdout] efb12388bfc3fcf823b87a9eaae7bb1d959a97a82e429729528a77b24641f07b
[INFO] running `Command { std: "docker" "start" "-a" "efb12388bfc3fcf823b87a9eaae7bb1d959a97a82e429729528a77b24641f07b", kill_on_drop: false }`
[INFO] running `Command { std: "docker" "inspect" "efb12388bfc3fcf823b87a9eaae7bb1d959a97a82e429729528a77b24641f07b", kill_on_drop: false }`
[INFO] running `Command { std: "docker" "rm" "-f" "efb12388bfc3fcf823b87a9eaae7bb1d959a97a82e429729528a77b24641f07b", kill_on_drop: false }`
[INFO] [stdout] efb12388bfc3fcf823b87a9eaae7bb1d959a97a82e429729528a77b24641f07b
[INFO] running `Command { std: "docker" "create" "-v" "/var/lib/crater-agent-workspace/builds/worker-7-tc2/target:/opt/rustwide/target:rw,Z" "-v" "/var/lib/crater-agent-workspace/builds/worker-7-tc2/source:/opt/rustwide/workdir:ro,Z" "-v" "/var/lib/crater-agent-workspace/cargo-home:/opt/rustwide/cargo-home:ro,Z" "-v" "/var/lib/crater-agent-workspace/rustup-home:/opt/rustwide/rustup-home:ro,Z" "-e" "SOURCE_DIR=/opt/rustwide/workdir" "-e" "CARGO_TARGET_DIR=/opt/rustwide/target" "-e" "CARGO_INCREMENTAL=0" "-e" "RUST_BACKTRACE=full" "-e" "RUSTFLAGS=--cap-lints=warn" "-e" "RUSTDOCFLAGS=--cap-lints=warn" "-e" "CARGO_HOME=/opt/rustwide/cargo-home" "-e" "RUSTUP_HOME=/opt/rustwide/rustup-home" "-w" "/opt/rustwide/workdir" "-m" "1610612736" "--user" "0:0" "--network" "none" "ghcr.io/rust-lang/crates-build-env/linux@sha256:2788e3201cd34a07e3172128adcd8b3090168a8e3bcc40d7c032b9dda1df7d1c" "/opt/rustwide/cargo-home/bin/cargo" "+beta-2023-12-22" "doc" "--frozen" "--no-deps" "--document-private-items" "--message-format=json", kill_on_drop: false }`
[INFO] [stdout] 176993d6a7ca39e2c8abbed1e76d2a7d152ef7b4c814a3dc3e374b9385a12dd6
[INFO] running `Command { std: "docker" "start" "-a" "176993d6a7ca39e2c8abbed1e76d2a7d152ef7b4c814a3dc3e374b9385a12dd6", kill_on_drop: false }`
[INFO] [stderr]     Checking libc v0.2.21
[INFO] [stderr]    Compiling semver v0.1.20
[INFO] [stderr]     Checking rustc-serialize v0.3.23
[INFO] [stderr]     Checking num-traits v0.1.37
[INFO] [stderr]     Checking traitobject v0.1.0
[INFO] [stderr]     Checking log v0.3.7
[INFO] [stderr]     Checking matches v0.1.4
[INFO] [stderr]     Checking lazy_static v0.2.5
[INFO] [stderr]     Checking unicode-normalization v0.1.4
[INFO] [stderr]    Compiling winapi-build v0.1.1
[INFO] [stderr]    Compiling siphasher v0.2.2
[INFO] [stderr]     Checking typeable v0.1.2
[INFO] [stderr]     Checking httparse v1.2.1
[INFO] [stderr]     Checking winapi v0.2.8
[INFO] [stderr]     Checking language-tags v0.2.2
[INFO] [stderr]     Checking unicode-bidi v0.2.5
[INFO] [stderr]     Checking modifier v0.1.0
[INFO] [stderr]     Checking serde v0.8.23
[INFO] [stderr]    Compiling gcc v0.3.45
[INFO] [stderr]     Checking unsafe-any v0.4.1
[INFO] [stderr]     Checking error v0.1.9
[INFO] [stderr]     Checking typemap v0.3.3
[INFO] [stderr]     Checking mime v0.2.3
[INFO] [stderr]    Compiling kernel32-sys v0.2.2
[INFO] [stderr]     Checking dtoa v0.2.2
[INFO] [stderr]    Compiling unicode-xid v0.0.4
[INFO] [stderr]     Checking utf8-ranges v0.1.3
[INFO] [stderr]    Compiling rustc_version v0.1.7
[INFO] [stderr]     Checking plugin v0.2.6
[INFO] [stderr]     Checking regex-syntax v0.3.9
[INFO] [stderr]     Checking itoa v0.1.1
[INFO] [stderr]    Compiling synom v0.11.3
[INFO] [stderr]    Compiling quote v0.3.15
[INFO] [stdout] error[E0310]: the parameter type `T` may not live long enough
[INFO] [stdout]     --> /opt/rustwide/cargo-home/registry/src/index.crates.io-6f17d22bba15001f/rustc-serialize-0.3.23/src/serialize.rs:1155:5
[INFO] [stdout]      |
[INFO] [stdout] 1155 |     fn decode<D: Decoder>(d: &mut D) -> Result<Cow<'static, T>, D::Error> {
[INFO] [stdout]      |     ^^^^^^^^^^^^^^^^^^^^^^^^^^^^^^^^^^^^^^^^^^^^^^^^^^^^^^^^^^^^^^^^^^^^^
[INFO] [stdout]      |     |
[INFO] [stdout]      |     the parameter type `T` must be valid for the static lifetime...
[INFO] [stdout]      |     ...so that the type `T` will meet its required lifetime bounds...
[INFO] [stdout]      |
[INFO] [stdout] note: ...that is required by this bound
[INFO] [stdout]     --> /rustc/0e09125c6c3c2fd70d7de961bcf0e51575235fad/library/alloc/src/borrow.rs:180:30
[INFO] [stdout] help: consider adding an explicit lifetime bound
[INFO] [stdout]      |
[INFO] [stdout] 1151 | impl<'a, T: ?Sized + 'static> Decodable for Cow<'a, T>
[INFO] [stdout]      |                    +++++++++
[INFO] [stdout] 
[INFO] [stdout] 
[INFO] [stderr]    Compiling rand v0.3.15
[INFO] [stderr]     Checking libc v0.1.12
[INFO] [stderr]     Checking linked-hash-map v0.0.9
[INFO] [stderr]     Checking time v0.1.36
[INFO] [stderr]     Checking num-integer v0.1.33
[INFO] [stderr]     Checking memchr v0.1.11
[INFO] [stderr]     Checking num_cpus v1.3.0
[INFO] [stderr]    Compiling unicase v1.4.0
[INFO] [stderr]    Compiling hyper v0.10.5
[INFO] [stderr]     Checking buf_redux v0.3.0
[INFO] [stderr]     Checking aho-corasick v0.5.3
[INFO] [stderr]     Checking num-iter v0.1.33
[INFO] [stderr]     Checking thread-id v2.0.0
[INFO] [stderr]     Checking byteorder v0.3.13
[INFO] [stderr]     Checking thread_local v0.2.7
[INFO] [stderr]    Compiling syn v0.11.9
[INFO] [stderr]     Checking scan_fmt v0.1.1
[INFO] [stderr]     Checking byteorder v0.5.3
[INFO] [stderr]     Checking itoa v0.3.1
[INFO] [stderr]     Checking dtoa v0.4.1
[INFO] [stderr]     Checking idna v0.1.0
[INFO] [stderr]     Checking route-recognizer v0.1.11
[INFO] [stderr]     Checking separator v0.3.1
[INFO] [stderr]     Checking serde v0.9.11
[INFO] [stderr]     Checking bufstream v0.1.2
[INFO] [stderr]    Compiling rust-crypto v0.2.36
[INFO] [stderr]    Compiling phf_shared v0.7.21
[INFO] [stderr]     Checking tempdir v0.3.5
[INFO] [stderr]    Compiling phf_generator v0.7.21
[INFO] [stderr]     Checking phf v0.7.21
[INFO] [stderr]    Compiling phf_codegen v0.7.21
[INFO] [stderr]     Checking regex v0.1.80
[INFO] [stdout] error: aborting due to 1 previous error
[INFO] [stdout] 
[INFO] [stdout] 
[INFO] [stdout] For more information about this error, try `rustc --explain E0310`.
[INFO] [stdout] 
[INFO] [stderr] error: could not compile `rustc-serialize` (lib) due to 2 previous errors
[INFO] [stderr] warning: build failed, waiting for other jobs to finish...
[INFO] running `Command { std: "docker" "inspect" "176993d6a7ca39e2c8abbed1e76d2a7d152ef7b4c814a3dc3e374b9385a12dd6", kill_on_drop: false }`
[INFO] running `Command { std: "docker" "rm" "-f" "176993d6a7ca39e2c8abbed1e76d2a7d152ef7b4c814a3dc3e374b9385a12dd6", kill_on_drop: false }`
[INFO] [stdout] 176993d6a7ca39e2c8abbed1e76d2a7d152ef7b4c814a3dc3e374b9385a12dd6
