[INFO] cloning repository https://github.com/Crypec/zuse
[INFO] running `Command { std: "git" "-c" "credential.helper=" "-c" "credential.helper=/workspace/cargo-home/bin/git-credential-null" "clone" "--bare" "https://github.com/Crypec/zuse" "/workspace/cache/git-repos/https%3A%2F%2Fgithub.com%2FCrypec%2Fzuse", kill_on_drop: false }`
[INFO] [stderr] Cloning into bare repository '/workspace/cache/git-repos/https%3A%2F%2Fgithub.com%2FCrypec%2Fzuse'...
[INFO] running `Command { std: "git" "rev-parse" "HEAD", kill_on_drop: false }`
[INFO] [stdout] 69e799033bd122fe369cfd7f1982b7a5039e6d52
[INFO] documenting Crypec/zuse against 1.75.0 for beta-1.76-rustdoc-1
[INFO] running `Command { std: "git" "clone" "/workspace/cache/git-repos/https%3A%2F%2Fgithub.com%2FCrypec%2Fzuse" "/workspace/builds/worker-3-tc1/source", kill_on_drop: false }`
[INFO] [stderr] Cloning into '/workspace/builds/worker-3-tc1/source'...
[INFO] [stderr] done.
[INFO] validating manifest of git repo https://github.com/Crypec/zuse on toolchain 1.75.0
[INFO] running `Command { std: CARGO_HOME="/workspace/cargo-home" RUSTUP_HOME="/workspace/rustup-home" "/workspace/cargo-home/bin/cargo" "+1.75.0" "metadata" "--manifest-path" "Cargo.toml" "--no-deps", kill_on_drop: false }`
[INFO] started tweaking git repo https://github.com/Crypec/zuse
[INFO] finished tweaking git repo https://github.com/Crypec/zuse
[INFO] tweaked toml for git repo https://github.com/Crypec/zuse written to /workspace/builds/worker-3-tc1/source/Cargo.toml
[INFO] crate git repo https://github.com/Crypec/zuse already has a lockfile, it will not be regenerated
[INFO] running `Command { std: CARGO_HOME="/workspace/cargo-home" RUSTUP_HOME="/workspace/rustup-home" "/workspace/cargo-home/bin/cargo" "+1.75.0" "fetch" "--manifest-path" "Cargo.toml", kill_on_drop: false }`
[INFO] running `Command { std: "docker" "create" "-v" "/var/lib/crater-agent-workspace/builds/worker-3-tc1/target:/opt/rustwide/target:rw,Z" "-v" "/var/lib/crater-agent-workspace/builds/worker-3-tc1/source:/opt/rustwide/workdir:ro,Z" "-v" "/var/lib/crater-agent-workspace/cargo-home:/opt/rustwide/cargo-home:ro,Z" "-v" "/var/lib/crater-agent-workspace/rustup-home:/opt/rustwide/rustup-home:ro,Z" "-e" "SOURCE_DIR=/opt/rustwide/workdir" "-e" "CARGO_TARGET_DIR=/opt/rustwide/target" "-e" "CARGO_HOME=/opt/rustwide/cargo-home" "-e" "RUSTUP_HOME=/opt/rustwide/rustup-home" "-w" "/opt/rustwide/workdir" "-m" "1610612736" "--user" "0:0" "--network" "none" "ghcr.io/rust-lang/crates-build-env/linux@sha256:2788e3201cd34a07e3172128adcd8b3090168a8e3bcc40d7c032b9dda1df7d1c" "/opt/rustwide/cargo-home/bin/cargo" "+1.75.0" "metadata" "--no-deps" "--format-version=1", kill_on_drop: false }`
[INFO] [stdout] f899abada13b9946ac4d9301dbec6256f0c5503c8a304521b7f05cbb6658fb83
[INFO] running `Command { std: "docker" "start" "-a" "f899abada13b9946ac4d9301dbec6256f0c5503c8a304521b7f05cbb6658fb83", kill_on_drop: false }`
[INFO] running `Command { std: "docker" "inspect" "f899abada13b9946ac4d9301dbec6256f0c5503c8a304521b7f05cbb6658fb83", kill_on_drop: false }`
[INFO] running `Command { std: "docker" "rm" "-f" "f899abada13b9946ac4d9301dbec6256f0c5503c8a304521b7f05cbb6658fb83", kill_on_drop: false }`
[INFO] [stdout] f899abada13b9946ac4d9301dbec6256f0c5503c8a304521b7f05cbb6658fb83
[INFO] running `Command { std: "docker" "create" "-v" "/var/lib/crater-agent-workspace/builds/worker-3-tc1/target:/opt/rustwide/target:rw,Z" "-v" "/var/lib/crater-agent-workspace/builds/worker-3-tc1/source:/opt/rustwide/workdir:ro,Z" "-v" "/var/lib/crater-agent-workspace/cargo-home:/opt/rustwide/cargo-home:ro,Z" "-v" "/var/lib/crater-agent-workspace/rustup-home:/opt/rustwide/rustup-home:ro,Z" "-e" "SOURCE_DIR=/opt/rustwide/workdir" "-e" "CARGO_TARGET_DIR=/opt/rustwide/target" "-e" "CARGO_INCREMENTAL=0" "-e" "RUST_BACKTRACE=full" "-e" "RUSTFLAGS=--cap-lints=warn" "-e" "RUSTDOCFLAGS=--cap-lints=warn" "-e" "CARGO_HOME=/opt/rustwide/cargo-home" "-e" "RUSTUP_HOME=/opt/rustwide/rustup-home" "-w" "/opt/rustwide/workdir" "-m" "1610612736" "--user" "0:0" "--network" "none" "ghcr.io/rust-lang/crates-build-env/linux@sha256:2788e3201cd34a07e3172128adcd8b3090168a8e3bcc40d7c032b9dda1df7d1c" "/opt/rustwide/cargo-home/bin/cargo" "+1.75.0" "doc" "--frozen" "--no-deps" "--document-private-items" "--message-format=json", kill_on_drop: false }`
[INFO] [stdout] 7d7ca42de66529cc3600e297778fa3f747b3f583151a1b49060dd6c500d781b6
[INFO] running `Command { std: "docker" "start" "-a" "7d7ca42de66529cc3600e297778fa3f747b3f583151a1b49060dd6c500d781b6", kill_on_drop: false }`
[INFO] [stderr]    Compiling proc-macro2 v1.0.26
[INFO] [stderr]    Compiling syn v1.0.70
[INFO] [stderr]    Compiling libc v0.2.94
[INFO] [stderr]     Checking konrad_span v0.1.0 (/opt/rustwide/workdir/compiler/konrad_span)
[INFO] [stderr]    Compiling regex-syntax v0.6.23
[INFO] [stderr]    Compiling once_cell v1.7.2
[INFO] [stderr]     Checking glob v0.3.0
[INFO] [stderr]  Documenting konrad_span v0.1.0 (/opt/rustwide/workdir/compiler/konrad_span)
[INFO] [stderr]    Compiling num-traits v0.2.14
[INFO] [stderr]    Compiling memchr v2.3.4
[INFO] [stderr]     Checking konrad_typer v0.1.0 (/opt/rustwide/workdir/compiler/konrad_typer)
[INFO] [stderr]  Documenting konrad_typer v0.1.0 (/opt/rustwide/workdir/compiler/konrad_typer)
[INFO] [stderr]    Compiling aho-corasick v0.7.15
[INFO] [stderr]    Compiling quote v1.0.9
[INFO] [stderr]     Checking atty v0.2.14
[INFO] [stderr]     Checking float-cmp v0.8.0
[INFO] [stderr]     Checking colored v2.0.0
[INFO] [stderr]     Checking regex v1.4.6
[INFO] [stderr]    Compiling typed-builder v0.9.0
[INFO] [stderr]    Compiling parse-display-derive v0.4.1
[INFO] [stderr]    Compiling derivative v2.2.0
[INFO] [stderr]     Checking konrad_err v0.1.0 (/opt/rustwide/workdir/compiler/konrad_err)
[INFO] [stderr]  Documenting konrad_err v0.1.0 (/opt/rustwide/workdir/compiler/konrad_err)
[INFO] [stdout] error[E0554]: `#![feature]` may not be used on the stable release channel
[INFO] [stdout]  --> compiler/konrad_err/src/lib.rs:4:12
[INFO] [stdout]   |
[INFO] [stdout] 4 | #![feature(iter_intersperse)]
[INFO] [stdout]   |            ^^^^^^^^^^^^^^^^
[INFO] [stdout] 
[INFO] [stdout] 
[INFO] [stdout] error[E0554]: `#![feature]` may not be used on the stable release channel
[INFO] [stdout]  --> compiler/konrad_err/src/lib.rs:4:12
[INFO] [stdout]   |
[INFO] [stdout] 4 | #![feature(iter_intersperse)]
[INFO] [stdout]   |            ^^^^^^^^^^^^^^^^
[INFO] [stdout] 
[INFO] [stdout] 
[INFO] [stdout] error: aborting due to previous error
[INFO] [stdout] 
[INFO] [stdout] 
[INFO] [stdout] For more information about this error, try `rustc --explain E0554`.
[INFO] [stdout] 
[INFO] [stderr] error: could not compile `konrad_err` (lib) due to 2 previous errors
[INFO] [stderr] warning: build failed, waiting for other jobs to finish...
[INFO] [stdout] error: aborting due to previous error
[INFO] [stdout] 
[INFO] [stdout] 
[INFO] [stdout] For more information about this error, try `rustc --explain E0554`.
[INFO] [stdout] 
[INFO] [stderr] error: could not document `konrad_err`
[INFO] [stderr] 
[INFO] [stderr] Caused by:
[INFO] [stderr]   process didn't exit successfully: `/opt/rustwide/rustup-home/toolchains/1.75.0-x86_64-unknown-linux-gnu/bin/rustdoc --edition=2018 --crate-type lib --crate-name konrad_err compiler/konrad_err/src/lib.rs -o /opt/rustwide/target/doc --error-format=json --json=diagnostic-rendered-ansi,artifacts,future-incompat --document-private-items -C metadata=653c9b388b23e591 -L dependency=/opt/rustwide/target/debug/deps --extern colored=/opt/rustwide/target/debug/deps/libcolored-9fff865d96f1831d.rmeta --extern konrad_span=/opt/rustwide/target/debug/deps/libkonrad_span-571f532767e8d861.rmeta --extern typed_builder=/opt/rustwide/target/debug/deps/libtyped_builder-4d9d134390ba4641.so --cap-lints=warn --crate-version 0.1.0` (exit status: 1)
[INFO] running `Command { std: "docker" "inspect" "7d7ca42de66529cc3600e297778fa3f747b3f583151a1b49060dd6c500d781b6", kill_on_drop: false }`
[INFO] running `Command { std: "docker" "rm" "-f" "7d7ca42de66529cc3600e297778fa3f747b3f583151a1b49060dd6c500d781b6", kill_on_drop: false }`
[INFO] [stdout] 7d7ca42de66529cc3600e297778fa3f747b3f583151a1b49060dd6c500d781b6
[INFO] documenting Crypec/zuse against beta-2023-12-22 for beta-1.76-rustdoc-1
[INFO] running `Command { std: "git" "clone" "/workspace/cache/git-repos/https%3A%2F%2Fgithub.com%2FCrypec%2Fzuse" "/workspace/builds/worker-3-tc2/source", kill_on_drop: false }`
[INFO] [stderr] Cloning into '/workspace/builds/worker-3-tc2/source'...
[INFO] [stderr] done.
[INFO] validating manifest of git repo https://github.com/Crypec/zuse on toolchain beta-2023-12-22
[INFO] running `Command { std: CARGO_HOME="/workspace/cargo-home" RUSTUP_HOME="/workspace/rustup-home" "/workspace/cargo-home/bin/cargo" "+beta-2023-12-22" "metadata" "--manifest-path" "Cargo.toml" "--no-deps", kill_on_drop: false }`
[INFO] started tweaking git repo https://github.com/Crypec/zuse
[INFO] finished tweaking git repo https://github.com/Crypec/zuse
[INFO] tweaked toml for git repo https://github.com/Crypec/zuse written to /workspace/builds/worker-3-tc2/source/Cargo.toml
[INFO] crate git repo https://github.com/Crypec/zuse already has a lockfile, it will not be regenerated
[INFO] running `Command { std: CARGO_HOME="/workspace/cargo-home" RUSTUP_HOME="/workspace/rustup-home" "/workspace/cargo-home/bin/cargo" "+beta-2023-12-22" "fetch" "--manifest-path" "Cargo.toml", kill_on_drop: false }`
[INFO] running `Command { std: "docker" "create" "-v" "/var/lib/crater-agent-workspace/builds/worker-3-tc2/target:/opt/rustwide/target:rw,Z" "-v" "/var/lib/crater-agent-workspace/builds/worker-3-tc2/source:/opt/rustwide/workdir:ro,Z" "-v" "/var/lib/crater-agent-workspace/cargo-home:/opt/rustwide/cargo-home:ro,Z" "-v" "/var/lib/crater-agent-workspace/rustup-home:/opt/rustwide/rustup-home:ro,Z" "-e" "SOURCE_DIR=/opt/rustwide/workdir" "-e" "CARGO_TARGET_DIR=/opt/rustwide/target" "-e" "CARGO_HOME=/opt/rustwide/cargo-home" "-e" "RUSTUP_HOME=/opt/rustwide/rustup-home" "-w" "/opt/rustwide/workdir" "-m" "1610612736" "--user" "0:0" "--network" "none" "ghcr.io/rust-lang/crates-build-env/linux@sha256:2788e3201cd34a07e3172128adcd8b3090168a8e3bcc40d7c032b9dda1df7d1c" "/opt/rustwide/cargo-home/bin/cargo" "+beta-2023-12-22" "metadata" "--no-deps" "--format-version=1", kill_on_drop: false }`
[INFO] [stdout] 82b4a1c8afc8ea253af82fad15793cb468d4586a8b9b3972ba8e1f7f1aecabfb
[INFO] running `Command { std: "docker" "start" "-a" "82b4a1c8afc8ea253af82fad15793cb468d4586a8b9b3972ba8e1f7f1aecabfb", kill_on_drop: false }`
[INFO] running `Command { std: "docker" "inspect" "82b4a1c8afc8ea253af82fad15793cb468d4586a8b9b3972ba8e1f7f1aecabfb", kill_on_drop: false }`
[INFO] running `Command { std: "docker" "rm" "-f" "82b4a1c8afc8ea253af82fad15793cb468d4586a8b9b3972ba8e1f7f1aecabfb", kill_on_drop: false }`
[INFO] [stdout] 82b4a1c8afc8ea253af82fad15793cb468d4586a8b9b3972ba8e1f7f1aecabfb
[INFO] running `Command { std: "docker" "create" "-v" "/var/lib/crater-agent-workspace/builds/worker-3-tc2/target:/opt/rustwide/target:rw,Z" "-v" "/var/lib/crater-agent-workspace/builds/worker-3-tc2/source:/opt/rustwide/workdir:ro,Z" "-v" "/var/lib/crater-agent-workspace/cargo-home:/opt/rustwide/cargo-home:ro,Z" "-v" "/var/lib/crater-agent-workspace/rustup-home:/opt/rustwide/rustup-home:ro,Z" "-e" "SOURCE_DIR=/opt/rustwide/workdir" "-e" "CARGO_TARGET_DIR=/opt/rustwide/target" "-e" "CARGO_INCREMENTAL=0" "-e" "RUST_BACKTRACE=full" "-e" "RUSTFLAGS=--cap-lints=warn" "-e" "RUSTDOCFLAGS=--cap-lints=warn" "-e" "CARGO_HOME=/opt/rustwide/cargo-home" "-e" "RUSTUP_HOME=/opt/rustwide/rustup-home" "-w" "/opt/rustwide/workdir" "-m" "1610612736" "--user" "0:0" "--network" "none" "ghcr.io/rust-lang/crates-build-env/linux@sha256:2788e3201cd34a07e3172128adcd8b3090168a8e3bcc40d7c032b9dda1df7d1c" "/opt/rustwide/cargo-home/bin/cargo" "+beta-2023-12-22" "doc" "--frozen" "--no-deps" "--document-private-items" "--message-format=json", kill_on_drop: false }`
[INFO] [stdout] 034b4fa18757a0b6cd2cc6facb9880f02c5ad7cef4926f5937a490c269b0049d
[INFO] running `Command { std: "docker" "start" "-a" "034b4fa18757a0b6cd2cc6facb9880f02c5ad7cef4926f5937a490c269b0049d", kill_on_drop: false }`
[INFO] [stderr]    Compiling proc-macro2 v1.0.26
[INFO] [stderr]    Compiling syn v1.0.70
[INFO] [stderr]    Compiling libc v0.2.94
[INFO] [stderr]     Checking konrad_span v0.1.0 (/opt/rustwide/workdir/compiler/konrad_span)
[INFO] [stderr]    Compiling regex-syntax v0.6.23
[INFO] [stderr]    Compiling once_cell v1.7.2
[INFO] [stderr]     Checking glob v0.3.0
[INFO] [stderr]  Documenting konrad_span v0.1.0 (/opt/rustwide/workdir/compiler/konrad_span)
[INFO] [stderr]    Compiling num-traits v0.2.14
[INFO] [stderr]    Compiling memchr v2.3.4
[INFO] [stderr]     Checking konrad_typer v0.1.0 (/opt/rustwide/workdir/compiler/konrad_typer)
[INFO] [stderr]  Documenting konrad_typer v0.1.0 (/opt/rustwide/workdir/compiler/konrad_typer)
[INFO] [stderr]    Compiling aho-corasick v0.7.15
[INFO] [stderr]    Compiling quote v1.0.9
[INFO] [stderr]     Checking atty v0.2.14
[INFO] [stderr]     Checking colored v2.0.0
[INFO] [stderr]     Checking float-cmp v0.8.0
[INFO] [stderr]     Checking regex v1.4.6
[INFO] [stderr]    Compiling typed-builder v0.9.0
[INFO] [stderr]    Compiling parse-display-derive v0.4.1
[INFO] [stderr]    Compiling derivative v2.2.0
[INFO] [stderr]     Checking konrad_err v0.1.0 (/opt/rustwide/workdir/compiler/konrad_err)
[INFO] [stderr]  Documenting konrad_err v0.1.0 (/opt/rustwide/workdir/compiler/konrad_err)
[INFO] [stdout] error[E0554]: `#![feature]` may not be used on the beta release channel
[INFO] [stdout]  --> compiler/konrad_err/src/lib.rs:4:12
[INFO] [stdout]   |
[INFO] [stdout] 4 | #![feature(iter_intersperse)]
[INFO] [stdout]   |            ^^^^^^^^^^^^^^^^
[INFO] [stdout] 
[INFO] [stdout] 
[INFO] [stdout] error[E0554]: `#![feature]` may not be used on the beta release channel
[INFO] [stdout]  --> compiler/konrad_err/src/lib.rs:4:12
[INFO] [stdout]   |
[INFO] [stdout] 4 | #![feature(iter_intersperse)]
[INFO] [stdout]   |            ^^^^^^^^^^^^^^^^
[INFO] [stdout] 
[INFO] [stdout] 
[INFO] [stdout] error: aborting due to 1 previous error
[INFO] [stdout] 
[INFO] [stdout] 
[INFO] [stdout] For more information about this error, try `rustc --explain E0554`.
[INFO] [stdout] 
[INFO] [stderr] error: could not compile `konrad_err` (lib) due to 2 previous errors
[INFO] [stderr] warning: build failed, waiting for other jobs to finish...
[INFO] [stdout] error: aborting due to 1 previous error
[INFO] [stdout] 
[INFO] [stdout] 
[INFO] [stdout] For more information about this error, try `rustc --explain E0554`.
[INFO] [stdout] 
[INFO] [stderr] error: could not document `konrad_err`
[INFO] [stderr] 
[INFO] [stderr] Caused by:
[INFO] [stderr]   process didn't exit successfully: `/opt/rustwide/rustup-home/toolchains/beta-2023-12-22-x86_64-unknown-linux-gnu/bin/rustdoc --edition=2018 --crate-type lib --crate-name konrad_err compiler/konrad_err/src/lib.rs -o /opt/rustwide/target/doc --error-format=json --json=diagnostic-rendered-ansi,artifacts,future-incompat --document-private-items -C metadata=5e7be8e54d37aef7 -L dependency=/opt/rustwide/target/debug/deps --extern colored=/opt/rustwide/target/debug/deps/libcolored-66907884ec4025c9.rmeta --extern konrad_span=/opt/rustwide/target/debug/deps/libkonrad_span-1f6f1451352c6fc3.rmeta --extern typed_builder=/opt/rustwide/target/debug/deps/libtyped_builder-6504b62a38eadd7a.so --cap-lints=warn --crate-version 0.1.0` (exit status: 1)
[INFO] running `Command { std: "docker" "inspect" "034b4fa18757a0b6cd2cc6facb9880f02c5ad7cef4926f5937a490c269b0049d", kill_on_drop: false }`
[INFO] running `Command { std: "docker" "rm" "-f" "034b4fa18757a0b6cd2cc6facb9880f02c5ad7cef4926f5937a490c269b0049d", kill_on_drop: false }`
[INFO] [stdout] 034b4fa18757a0b6cd2cc6facb9880f02c5ad7cef4926f5937a490c269b0049d
